[INFO] fetching crate polyoxide-data 0.39.0...
[INFO] testing polyoxide-data-0.39.0 against 1.100.0-beta.1+cargoflags=--release for beta-release-1.100-2
[INFO] extracting crate polyoxide-data 0.39.0 into /workspace/builds/worker-7-tc2/source
[INFO] started tweaking crates.io crate polyoxide-data 0.39.0
[INFO] removed 0 missing examples
[INFO] removed 0 missing tests
[INFO] finished tweaking crates.io crate polyoxide-data 0.39.0
[INFO] tweaked toml for crates.io crate polyoxide-data 0.39.0 written to /workspace/builds/worker-7-tc2/source/Cargo.toml
[INFO] validating manifest of crates.io crate polyoxide-data 0.39.0 on toolchain 1.100.0-beta.1
[INFO] running `Command { std: CARGO_HOME="/workspace/cargo-home" RUSTUP_HOME="/workspace/rustup-home" "/workspace/cargo-home/bin/cargo" "+1.100.0-beta.1" "metadata" "--manifest-path" "Cargo.toml" "--no-deps", kill_on_drop: false }`
[INFO] crate crates.io crate polyoxide-data 0.39.0 already has a lockfile, it will not be regenerated
[INFO] running `Command { std: CARGO_HOME="/workspace/cargo-home" RUSTUP_HOME="/workspace/rustup-home" "/workspace/cargo-home/bin/cargo" "+1.100.0-beta.1" "fetch" "--manifest-path" "Cargo.toml", kill_on_drop: false }`
[INFO] running `Command { std: "docker" "create" "-v" "/var/lib/crater-agent-workspace/builds/worker-7-tc2/source:/opt/rustwide/workdir:ro,Z" "-v" "/var/lib/crater-agent-workspace/builds/worker-7-tc2/target:/opt/rustwide/target:rw,Z" "-v" "/var/lib/crater-agent-workspace/cargo-home:/opt/rustwide/cargo-home:ro,Z" "-v" "/var/lib/crater-agent-workspace/rustup-home:/opt/rustwide/rustup-home:ro,Z" "-m" "1610612736" "--network" "none" "ghcr.io/rust-lang/crates-build-env/linux@sha256:77db811e55d90add9212f6832c23229e3de5f1c1f9905e8cb07319ea15df73ac" "sleep" "infinity", kill_on_drop: false }`
[INFO] [stdout] 34f8c9ef9a7464b9766d47b47b352fbc91922cd41c68f9ff92f60ecf414aa3ed
[INFO] running `Command { std: "docker" "start" "34f8c9ef9a7464b9766d47b47b352fbc91922cd41c68f9ff92f60ecf414aa3ed", kill_on_drop: false }`
[INFO] running `Command { std: "docker" "inspect" "34f8c9ef9a7464b9766d47b47b352fbc91922cd41c68f9ff92f60ecf414aa3ed", kill_on_drop: false }`
[INFO] running `Command { std: "docker" "exec" "-e" "SOURCE_DIR=/opt/rustwide/workdir" "-e" "CARGO_HOME=/opt/rustwide/cargo-home" "-e" "RUSTUP_HOME=/opt/rustwide/rustup-home" "-e" "CARGO_TARGET_DIR=/opt/rustwide/target" "-w" "/opt/rustwide/workdir" "--user" "0:0" "34f8c9ef9a7464b9766d47b47b352fbc91922cd41c68f9ff92f60ecf414aa3ed" "/opt/rustwide/cargo-home/bin/cargo" "+1.100.0-beta.1" "metadata" "--no-deps" "--format-version=1", kill_on_drop: false }`
[INFO] running `Command { std: "docker" "inspect" "34f8c9ef9a7464b9766d47b47b352fbc91922cd41c68f9ff92f60ecf414aa3ed", kill_on_drop: false }`
[INFO] running `Command { std: "docker" "exec" "-e" "SOURCE_DIR=/opt/rustwide/workdir" "-e" "CARGO_HOME=/opt/rustwide/cargo-home" "-e" "RUSTUP_HOME=/opt/rustwide/rustup-home" "-e" "CARGO_TARGET_DIR=/opt/rustwide/target" "-e" "CARGO_INCREMENTAL=0" "-e" "RUST_BACKTRACE=full" "-e" "RUSTFLAGS=--cap-lints=warn" "-e" "RUSTDOCFLAGS=--cap-lints=warn" "-w" "/opt/rustwide/workdir" "--user" "0:0" "34f8c9ef9a7464b9766d47b47b352fbc91922cd41c68f9ff92f60ecf414aa3ed" "/opt/rustwide/cargo-home/bin/cargo" "+1.100.0-beta.1" "build" "--frozen" "--message-format=json" "--release", kill_on_drop: false }`
[INFO] [stderr]    Compiling libc v0.2.185
[INFO] [stderr]    Compiling cc v1.2.60
[INFO] [stderr]    Compiling typenum v1.19.0
[INFO] [stderr]    Compiling zerofrom v0.1.7
[INFO] [stderr]    Compiling futures-util v0.3.32
[INFO] [stderr]    Compiling getrandom v0.3.4
[INFO] [stderr]    Compiling rustls v0.23.38
[INFO] [stderr]    Compiling compression-codecs v0.4.45
[INFO] [stderr]    Compiling yoke v0.8.2
[INFO] [stderr]    Compiling portable-atomic v1.13.1
[INFO] [stderr]    Compiling raw-cpuid v11.6.0
[INFO] [stderr]    Compiling zerovec v0.11.6
[INFO] [stderr]    Compiling zerotrie v0.2.4
[INFO] [stderr]    Compiling webpki-roots v1.0.7
[INFO] [stderr]    Compiling hashbrown v0.14.5
[INFO] [stderr]    Compiling generic-array v0.14.7
[INFO] [stderr]    Compiling tinystr v0.8.3
[INFO] [stderr]    Compiling icu_locale_core v2.2.0
[INFO] [stderr]    Compiling potential_utf v0.1.5
[INFO] [stderr]    Compiling icu_collections v2.2.0
[INFO] [stderr]    Compiling mio v1.2.0
[INFO] [stderr]    Compiling socket2 v0.6.3
[INFO] [stderr]    Compiling getrandom v0.2.17
[INFO] [stderr]    Compiling ring v0.17.14
[INFO] [stderr]    Compiling tokio v1.52.0
[INFO] [stderr]    Compiling icu_provider v2.2.0
[INFO] [stderr]    Compiling rand_core v0.9.5
[INFO] [stderr]    Compiling block-buffer v0.10.4
[INFO] [stderr]    Compiling crypto-common v0.1.7
[INFO] [stderr]    Compiling parking_lot_core v0.9.12
[INFO] [stderr]    Compiling icu_properties v2.2.0
[INFO] [stderr]    Compiling icu_normalizer v2.2.0
[INFO] [stderr]    Compiling digest v0.10.7
[INFO] [stderr]    Compiling rand_chacha v0.9.0
[INFO] [stderr]    Compiling rand v0.9.4
[INFO] [stderr]    Compiling parking_lot v0.12.5
[INFO] [stderr]    Compiling dashmap v6.1.0
[INFO] [stderr]    Compiling idna_adapter v1.2.1
[INFO] [stderr]    Compiling idna v1.1.0
[INFO] [stderr]    Compiling quanta v0.12.6
[INFO] [stderr]    Compiling serde_json v1.0.149
[INFO] [stderr]    Compiling spinning_top v0.3.0
[INFO] [stderr]    Compiling dynosaur_derive v0.3.1
[INFO] [stderr]    Compiling no-std-compat v0.4.1
[INFO] [stderr]    Compiling url v2.5.8
[INFO] [stderr]    Compiling rust_decimal v1.41.0
[INFO] [stderr]    Compiling nonzero_ext v0.3.0
[INFO] [stderr]    Compiling governor v0.8.1
[INFO] [stderr]    Compiling sha2 v0.10.9
[INFO] [stderr]    Compiling hmac v0.12.1
[INFO] [stderr]    Compiling polyoxide-venue v0.39.0
[INFO] [stderr]    Compiling dynosaur v0.3.1
[INFO] [stderr]    Compiling hyper v1.9.0
[INFO] [stderr]    Compiling tokio-util v0.7.18
[INFO] [stderr]    Compiling tower v0.5.3
[INFO] [stderr]    Compiling async-compression v0.4.50
[INFO] [stderr]    Compiling tower-http v0.6.8
[INFO] [stderr]    Compiling hyper-util v0.1.20
[INFO] [stderr]    Compiling rustls-webpki v0.103.12
[INFO] [stderr]    Compiling tokio-rustls v0.26.4
[INFO] [stderr]    Compiling hyper-rustls v0.27.9
[INFO] [stderr]    Compiling reqwest v0.12.28
[INFO] [stderr]    Compiling polyoxide-core v0.39.0
[INFO] [stderr]    Compiling polyoxide-data v0.39.0 (/opt/rustwide/workdir)
[INFO] [stderr]     Finished `release` profile [optimized] target(s) in 2m 18s
[INFO] running `Command { std: "docker" "inspect" "34f8c9ef9a7464b9766d47b47b352fbc91922cd41c68f9ff92f60ecf414aa3ed", kill_on_drop: false }`
[INFO] running `Command { std: "docker" "exec" "-e" "SOURCE_DIR=/opt/rustwide/workdir" "-e" "CARGO_HOME=/opt/rustwide/cargo-home" "-e" "RUSTUP_HOME=/opt/rustwide/rustup-home" "-e" "CARGO_TARGET_DIR=/opt/rustwide/target" "-e" "CARGO_INCREMENTAL=0" "-e" "RUST_BACKTRACE=full" "-e" "RUSTFLAGS=--cap-lints=warn" "-e" "RUSTDOCFLAGS=--cap-lints=warn" "-w" "/opt/rustwide/workdir" "--user" "0:0" "34f8c9ef9a7464b9766d47b47b352fbc91922cd41c68f9ff92f60ecf414aa3ed" "/opt/rustwide/cargo-home/bin/cargo" "+1.100.0-beta.1" "test" "--frozen" "--no-run" "--message-format=json" "--release", kill_on_drop: false }`
[INFO] [stderr]    Compiling tokio v1.52.0
[INFO] [stderr]    Compiling futures-util v0.3.32
[INFO] [stderr]    Compiling regex-automata v0.4.14
[INFO] [stderr]    Compiling assert-json-diff v2.0.2
[INFO] [stderr]    Compiling governor v0.8.1
[INFO] [stderr]    Compiling regex v1.12.3
[INFO] [stderr]    Compiling tokio-util v0.7.18
[INFO] [stderr]    Compiling tokio-rustls v0.26.4
[INFO] [stderr]    Compiling tower v0.5.3
[INFO] [stderr]    Compiling async-compression v0.4.50
[INFO] [stderr]    Compiling h2 v0.4.13
[INFO] [stderr]    Compiling tower-http v0.6.8
[INFO] [stderr]    Compiling hyper v1.9.0
[INFO] [stderr]    Compiling hyper-util v0.1.20
[INFO] [stderr]    Compiling hyper-rustls v0.27.9
[INFO] [stderr]    Compiling mockito v1.7.2
[INFO] [stderr]    Compiling reqwest v0.12.28
[INFO] [stderr]    Compiling polyoxide-core v0.39.0
[INFO] [stderr]    Compiling polyoxide-data v0.39.0 (/opt/rustwide/workdir)
[INFO] [stdout] error[E0433]: cannot find module or crate `polyoxide_test_support` in this scope
[INFO] [stdout]   --> tests/query_setters.rs:13:5
[INFO] [stdout]    |
[INFO] [stdout] 13 | use polyoxide_test_support::query::{assert_cases, Case};
[INFO] [stdout]    |     ^^^^^^^^^^^^^^^^^^^^^^ use of unresolved module or unlinked crate `polyoxide_test_support`
[INFO] [stdout]    |
[INFO] [stdout]    = help: if you wanted to use a crate named `polyoxide_test_support`, use `cargo add polyoxide_test_support` to add it to your `Cargo.toml`
[INFO] [stdout] 
[INFO] [stdout] 
[INFO] [stdout] error[E0433]: cannot find module or crate `polyoxide_test_support` in this scope
[INFO] [stdout]   --> examples/v2_soak/main.rs:58:5
[INFO] [stdout]    |
[INFO] [stdout] 58 | use polyoxide_test_support::soak::{self, verdict::tolerant as verdict, Pacer};
[INFO] [stdout]    |     ^^^^^^^^^^^^^^^^^^^^^^ use of unresolved module or unlinked crate `polyoxide_test_support`
[INFO] [stdout]    |
[INFO] [stdout]    = help: if you wanted to use a crate named `polyoxide_test_support`, use `cargo add polyoxide_test_support` to add it to your `Cargo.toml`
[INFO] [stdout] 
[INFO] [stdout] 
[INFO] [stdout] error[E0432]: unresolved imports `verdict::classify`, `verdict::judge`, `verdict::pin`, `verdict::Abort`, `verdict::Layer`, `verdict::Pin`, `verdict::Reply`, `verdict::Sample`, `verdict::Stage`, `verdict::Verdict`
[INFO] [stdout]   --> examples/v2_soak/main.rs:63:15
[INFO] [stdout]    |
[INFO] [stdout] 63 | use verdict::{classify, judge, pin, Abort, Layer, Pin, Reply, Sample, Stage, Verdict};
[INFO] [stdout]    |               ^^^^^^^^  ^^^^^  ^^^  ^^^^^  ^^^^^  ^^^  ^^^^^  ^^^^^^  ^^^^^  ^^^^^^^
[INFO] [stdout] 
[INFO] [stdout] 
[INFO] [stdout] error[E0432]: unresolved import `polyoxide_test_support`
[INFO] [stdout]   --> tests/live_api.rs:16:5
[INFO] [stdout]    |
[INFO] [stdout] 16 | use polyoxide_test_support::{environmental, ResultExt};
[INFO] [stdout]    |     ^^^^^^^^^^^^^^^^^^^^^^ use of unresolved module or unlinked crate `polyoxide_test_support`
[INFO] [stdout]    |
[INFO] [stdout]    = help: if you wanted to use a crate named `polyoxide_test_support`, use `cargo add polyoxide_test_support` to add it to your `Cargo.toml`
[INFO] [stdout] 
[INFO] [stdout] 
[INFO] [stdout] error[E0432]: unresolved import `polyoxide_test_support`
[INFO] [stdout]    --> tests/live_api.rs:553:9
[INFO] [stdout]     |
[INFO] [stdout] 553 |     use polyoxide_test_support::{fail, ResultExt};
[INFO] [stdout]     |         ^^^^^^^^^^^^^^^^^^^^^^ use of unresolved module or unlinked crate `polyoxide_test_support`
[INFO] [stdout]     |
[INFO] [stdout]     = help: if you wanted to use a crate named `polyoxide_test_support`, use `cargo add polyoxide_test_support` to add it to your `Cargo.toml`
[INFO] [stdout] 
[INFO] [stdout] 
[INFO] [stdout] error[E0433]: cannot find module or crate `polyoxide_test_support` in this scope
[INFO] [stdout]   --> tests/v2_wire_agreement.rs:22:5
[INFO] [stdout]    |
[INFO] [stdout] 22 | use polyoxide_test_support::{agreement, agreement::Ledger, fixtures};
[INFO] [stdout]    |     ^^^^^^^^^^^^^^^^^^^^^^ use of unresolved module or unlinked crate `polyoxide_test_support`
[INFO] [stdout]    |
[INFO] [stdout]    = help: if you wanted to use a crate named `polyoxide_test_support`, use `cargo add polyoxide_test_support` to add it to your `Cargo.toml`
[INFO] [stdout] 
[INFO] [stdout] 
[INFO] [stdout] error[E0432]: unresolved import `polyoxide_test_support`
[INFO] [stdout]   --> tests/v2_wire_agreement.rs:22:5
[INFO] [stdout]    |
[INFO] [stdout] 22 | use polyoxide_test_support::{agreement, agreement::Ledger, fixtures};
[INFO] [stdout]    |     ^^^^^^^^^^^^^^^^^^^^^^ use of unresolved module or unlinked crate `polyoxide_test_support`
[INFO] [stdout]    |
[INFO] [stdout]    = help: if you wanted to use a crate named `polyoxide_test_support`, use `cargo add polyoxide_test_support` to add it to your `Cargo.toml`
[INFO] [stdout] 
[INFO] [stdout] 
[INFO] [stdout] error[E0433]: cannot find module or crate `polyoxide_test_support` in this scope
[INFO] [stdout]   --> examples/v2_soak/probes.rs:95:5
[INFO] [stdout]    |
[INFO] [stdout] 95 |     polyoxide_test_support::soak::parse_routes(raw, &Route::ALL, Route::name)
[INFO] [stdout]    |     ^^^^^^^^^^^^^^^^^^^^^^ use of unresolved module or unlinked crate `polyoxide_test_support`
[INFO] [stdout]    |
[INFO] [stdout]    = help: if you wanted to use a crate named `polyoxide_test_support`, use `cargo add polyoxide_test_support` to add it to your `Cargo.toml`
[INFO] [stdout] 
[INFO] [stdout] 
[INFO] [stdout] error[E0433]: cannot find module or crate `polyoxide_test_support` in this scope
[INFO] [stdout]    --> tests/query_setters.rs:881:17
[INFO] [stdout]     |
[INFO] [stdout] 881 |     let pairs = polyoxide_test_support::query::pairs_sent("/trades", |base| async move {
[INFO] [stdout]     |                 ^^^^^^^^^^^^^^^^^^^^^^ use of unresolved module or unlinked crate `polyoxide_test_support`
[INFO] [stdout]     |
[INFO] [stdout]     = help: if you wanted to use a crate named `polyoxide_test_support`, use `cargo add polyoxide_test_support` to add it to your `Cargo.toml`
[INFO] [stdout] 
[INFO] [stdout] 
[INFO] [stdout] error[E0277]: the size for values of type `str` cannot be known at compilation time
[INFO] [stdout]   --> tests/query_setters.rs:28:16
[INFO] [stdout]    |
[INFO] [stdout] 28 |         fire: |base| {
[INFO] [stdout]    |                ^^^^ doesn't have a size known at compile-time
[INFO] [stdout]    |
[INFO] [stdout]    = help: the trait `Sized` is not implemented for `str`
[INFO] [stdout]    = note: all function arguments must have a statically known size
[INFO] [stdout] 
[INFO] [stdout] 
[INFO] [stdout] error[E0277]: the size for values of type `str` cannot be known at compilation time
[INFO] [stdout]   --> tests/query_setters.rs:45:16
[INFO] [stdout]    |
[INFO] [stdout] 45 |         fire: |base| {
[INFO] [stdout]    |                ^^^^ doesn't have a size known at compile-time
[INFO] [stdout]    |
[INFO] [stdout]    = help: the trait `Sized` is not implemented for `str`
[INFO] [stdout]    = note: all function arguments must have a statically known size
[INFO] [stdout] 
[INFO] [stdout] 
[INFO] [stdout] error[E0277]: the size for values of type `str` cannot be known at compilation time
[INFO] [stdout]   --> tests/query_setters.rs:60:16
[INFO] [stdout]    |
[INFO] [stdout] 60 |         fire: |base| {
[INFO] [stdout]    |                ^^^^ doesn't have a size known at compile-time
[INFO] [stdout]    |
[INFO] [stdout]    = help: the trait `Sized` is not implemented for `str`
[INFO] [stdout]    = note: all function arguments must have a statically known size
[INFO] [stdout] 
[INFO] [stdout] 
[INFO] [stdout] error[E0277]: the size for values of type `str` cannot be known at compilation time
[INFO] [stdout]   --> tests/query_setters.rs:96:16
[INFO] [stdout]    |
[INFO] [stdout] 96 |         fire: |base| {
[INFO] [stdout]    |                ^^^^ doesn't have a size known at compile-time
[INFO] [stdout]    |
[INFO] [stdout]    = help: the trait `Sized` is not implemented for `str`
[INFO] [stdout]    = note: all function arguments must have a statically known size
[INFO] [stdout] 
[INFO] [stdout] 
[INFO] [stdout] error[E0277]: the size for values of type `str` cannot be known at compilation time
[INFO] [stdout]    --> tests/query_setters.rs:120:16
[INFO] [stdout]     |
[INFO] [stdout] 120 |         fire: |base| {
[INFO] [stdout]     |                ^^^^ doesn't have a size known at compile-time
[INFO] [stdout]     |
[INFO] [stdout]     = help: the trait `Sized` is not implemented for `str`
[INFO] [stdout]     = note: all function arguments must have a statically known size
[INFO] [stdout] 
[INFO] [stdout] 
[INFO] [stdout] error[E0277]: the size for values of type `str` cannot be known at compilation time
[INFO] [stdout]    --> tests/query_setters.rs:136:16
[INFO] [stdout]     |
[INFO] [stdout] 136 |         fire: |base| {
[INFO] [stdout]     |                ^^^^ doesn't have a size known at compile-time
[INFO] [stdout]     |
[INFO] [stdout]     = help: the trait `Sized` is not implemented for `str`
[INFO] [stdout]     = note: all function arguments must have a statically known size
[INFO] [stdout] 
[INFO] [stdout] 
[INFO] [stdout] error[E0277]: the size for values of type `str` cannot be known at compilation time
[INFO] [stdout]    --> tests/query_setters.rs:165:16
[INFO] [stdout]     |
[INFO] [stdout] 165 |         fire: |base| {
[INFO] [stdout]     |                ^^^^ doesn't have a size known at compile-time
[INFO] [stdout]     |
[INFO] [stdout]     = help: the trait `Sized` is not implemented for `str`
[INFO] [stdout]     = note: all function arguments must have a statically known size
[INFO] [stdout] 
[INFO] [stdout] 
[INFO] [stdout] error[E0277]: the size for values of type `str` cannot be known at compilation time
[INFO] [stdout]    --> tests/query_setters.rs:193:16
[INFO] [stdout]     |
[INFO] [stdout] 193 |         fire: |base| {
[INFO] [stdout]     |                ^^^^ doesn't have a size known at compile-time
[INFO] [stdout]     |
[INFO] [stdout]     = help: the trait `Sized` is not implemented for `str`
[INFO] [stdout]     = note: all function arguments must have a statically known size
[INFO] [stdout] 
[INFO] [stdout] 
[INFO] [stdout] error[E0277]: the size for values of type `str` cannot be known at compilation time
[INFO] [stdout]    --> tests/query_setters.rs:208:16
[INFO] [stdout]     |
[INFO] [stdout] 208 |         fire: |base| {
[INFO] [stdout]     |                ^^^^ doesn't have a size known at compile-time
[INFO] [stdout]     |
[INFO] [stdout]     = help: the trait `Sized` is not implemented for `str`
[INFO] [stdout]     = note: all function arguments must have a statically known size
[INFO] [stdout] 
[INFO] [stdout] 
[INFO] [stdout] error[E0277]: the size for values of type `str` cannot be known at compilation time
[INFO] [stdout]    --> tests/query_setters.rs:223:16
[INFO] [stdout]     |
[INFO] [stdout] 223 |         fire: |base| {
[INFO] [stdout]     |                ^^^^ doesn't have a size known at compile-time
[INFO] [stdout]     |
[INFO] [stdout]     = help: the trait `Sized` is not implemented for `str`
[INFO] [stdout]     = note: all function arguments must have a statically known size
[INFO] [stdout] 
[INFO] [stdout] 
[INFO] [stdout] error[E0277]: the size for values of type `str` cannot be known at compilation time
[INFO] [stdout]    --> tests/query_setters.rs:243:16
[INFO] [stdout]     |
[INFO] [stdout] 243 |         fire: |base| {
[INFO] [stdout]     |                ^^^^ doesn't have a size known at compile-time
[INFO] [stdout]     |
[INFO] [stdout]     = help: the trait `Sized` is not implemented for `str`
[INFO] [stdout]     = note: all function arguments must have a statically known size
[INFO] [stdout] 
[INFO] [stdout] 
[INFO] [stdout] error[E0277]: the size for values of type `str` cannot be known at compilation time
[INFO] [stdout]    --> tests/query_setters.rs:259:16
[INFO] [stdout]     |
[INFO] [stdout] 259 |         fire: |base| {
[INFO] [stdout]     |                ^^^^ doesn't have a size known at compile-time
[INFO] [stdout]     |
[INFO] [stdout]     = help: the trait `Sized` is not implemented for `str`
[INFO] [stdout]     = note: all function arguments must have a statically known size
[INFO] [stdout] 
[INFO] [stdout] 
[INFO] [stdout] error[E0277]: the size for values of type `str` cannot be known at compilation time
[INFO] [stdout]    --> tests/query_setters.rs:296:16
[INFO] [stdout]     |
[INFO] [stdout] 296 |         fire: |base| {
[INFO] [stdout]     |                ^^^^ doesn't have a size known at compile-time
[INFO] [stdout]     |
[INFO] [stdout]     = help: the trait `Sized` is not implemented for `str`
[INFO] [stdout]     = note: all function arguments must have a statically known size
[INFO] [stdout] 
[INFO] [stdout] 
[INFO] [stdout] error[E0277]: the size for values of type `str` cannot be known at compilation time
[INFO] [stdout]    --> tests/query_setters.rs:332:16
[INFO] [stdout]     |
[INFO] [stdout] 332 |         fire: |base| {
[INFO] [stdout]     |                ^^^^ doesn't have a size known at compile-time
[INFO] [stdout]     |
[INFO] [stdout]     = help: the trait `Sized` is not implemented for `str`
[INFO] [stdout]     = note: all function arguments must have a statically known size
[INFO] [stdout] 
[INFO] [stdout] 
[INFO] [stdout] error[E0277]: the size for values of type `str` cannot be known at compilation time
[INFO] [stdout]    --> tests/query_setters.rs:347:16
[INFO] [stdout]     |
[INFO] [stdout] 347 |         fire: |base| {
[INFO] [stdout]     |                ^^^^ doesn't have a size known at compile-time
[INFO] [stdout]     |
[INFO] [stdout]     = help: the trait `Sized` is not implemented for `str`
[INFO] [stdout]     = note: all function arguments must have a statically known size
[INFO] [stdout] 
[INFO] [stdout] 
[INFO] [stdout] error[E0277]: the size for values of type `str` cannot be known at compilation time
[INFO] [stdout]    --> tests/query_setters.rs:377:16
[INFO] [stdout]     |
[INFO] [stdout] 377 |         fire: |base| {
[INFO] [stdout]     |                ^^^^ doesn't have a size known at compile-time
[INFO] [stdout]     |
[INFO] [stdout]     = help: the trait `Sized` is not implemented for `str`
[INFO] [stdout]     = note: all function arguments must have a statically known size
[INFO] [stdout] 
[INFO] [stdout] 
[INFO] [stdout] error[E0277]: the size for values of type `str` cannot be known at compilation time
[INFO] [stdout]    --> tests/query_setters.rs:409:16
[INFO] [stdout]     |
[INFO] [stdout] 409 |         fire: |base| {
[INFO] [stdout]     |                ^^^^ doesn't have a size known at compile-time
[INFO] [stdout]     |
[INFO] [stdout]     = help: the trait `Sized` is not implemented for `str`
[INFO] [stdout]     = note: all function arguments must have a statically known size
[INFO] [stdout] 
[INFO] [stdout] 
[INFO] [stdout] error[E0277]: the size for values of type `str` cannot be known at compilation time
[INFO] [stdout]    --> tests/query_setters.rs:451:16
[INFO] [stdout]     |
[INFO] [stdout] 451 |         fire: |base| {
[INFO] [stdout]     |                ^^^^ doesn't have a size known at compile-time
[INFO] [stdout]     |
[INFO] [stdout]     = help: the trait `Sized` is not implemented for `str`
[INFO] [stdout]     = note: all function arguments must have a statically known size
[INFO] [stdout] 
[INFO] [stdout] 
[INFO] [stdout] error[E0277]: the size for values of type `str` cannot be known at compilation time
[INFO] [stdout]    --> tests/query_setters.rs:472:16
[INFO] [stdout]     |
[INFO] [stdout] 472 |         fire: |base| {
[INFO] [stdout]     |                ^^^^ doesn't have a size known at compile-time
[INFO] [stdout]     |
[INFO] [stdout]     = help: the trait `Sized` is not implemented for `str`
[INFO] [stdout]     = note: all function arguments must have a statically known size
[INFO] [stdout] 
[INFO] [stdout] 
[INFO] [stdout] error[E0277]: the size for values of type `str` cannot be known at compilation time
[INFO] [stdout]    --> tests/query_setters.rs:488:16
[INFO] [stdout]     |
[INFO] [stdout] 488 |         fire: |base| {
[INFO] [stdout]     |                ^^^^ doesn't have a size known at compile-time
[INFO] [stdout]     |
[INFO] [stdout]     = help: the trait `Sized` is not implemented for `str`
[INFO] [stdout]     = note: all function arguments must have a statically known size
[INFO] [stdout] 
[INFO] [stdout] 
[INFO] [stdout] error[E0277]: the size for values of type `str` cannot be known at compilation time
[INFO] [stdout]    --> tests/query_setters.rs:504:16
[INFO] [stdout]     |
[INFO] [stdout] 504 |         fire: |base| {
[INFO] [stdout]     |                ^^^^ doesn't have a size known at compile-time
[INFO] [stdout]     |
[INFO] [stdout]     = help: the trait `Sized` is not implemented for `str`
[INFO] [stdout]     = note: all function arguments must have a statically known size
[INFO] [stdout] 
[INFO] [stdout] 
[INFO] [stdout] error[E0277]: the size for values of type `str` cannot be known at compilation time
[INFO] [stdout]    --> tests/query_setters.rs:527:16
[INFO] [stdout]     |
[INFO] [stdout] 527 |         fire: |base| {
[INFO] [stdout]     |                ^^^^ doesn't have a size known at compile-time
[INFO] [stdout]     |
[INFO] [stdout]     = help: the trait `Sized` is not implemented for `str`
[INFO] [stdout]     = note: all function arguments must have a statically known size
[INFO] [stdout] 
[INFO] [stdout] 
[INFO] [stdout] error[E0277]: the size for values of type `str` cannot be known at compilation time
[INFO] [stdout]    --> tests/query_setters.rs:547:16
[INFO] [stdout]     |
[INFO] [stdout] 547 |         fire: |base| {
[INFO] [stdout]     |                ^^^^ doesn't have a size known at compile-time
[INFO] [stdout]     |
[INFO] [stdout]     = help: the trait `Sized` is not implemented for `str`
[INFO] [stdout]     = note: all function arguments must have a statically known size
[INFO] [stdout] 
[INFO] [stdout] 
[INFO] [stdout] error[E0277]: the size for values of type `str` cannot be known at compilation time
[INFO] [stdout]    --> tests/query_setters.rs:582:16
[INFO] [stdout]     |
[INFO] [stdout] 582 |         fire: |base| {
[INFO] [stdout]     |                ^^^^ doesn't have a size known at compile-time
[INFO] [stdout]     |
[INFO] [stdout]     = help: the trait `Sized` is not implemented for `str`
[INFO] [stdout]     = note: all function arguments must have a statically known size
[INFO] [stdout] 
[INFO] [stdout] 
[INFO] [stdout] error[E0277]: the size for values of type `str` cannot be known at compilation time
[INFO] [stdout]    --> tests/query_setters.rs:618:16
[INFO] [stdout]     |
[INFO] [stdout] 618 |         fire: |base| {
[INFO] [stdout]     |                ^^^^ doesn't have a size known at compile-time
[INFO] [stdout]     |
[INFO] [stdout]     = help: the trait `Sized` is not implemented for `str`
[INFO] [stdout]     = note: all function arguments must have a statically known size
[INFO] [stdout] 
[INFO] [stdout] 
[INFO] [stdout] error[E0277]: the size for values of type `str` cannot be known at compilation time
[INFO] [stdout]    --> tests/query_setters.rs:638:16
[INFO] [stdout]     |
[INFO] [stdout] 638 |         fire: |base| {
[INFO] [stdout]     |                ^^^^ doesn't have a size known at compile-time
[INFO] [stdout]     |
[INFO] [stdout]     = help: the trait `Sized` is not implemented for `str`
[INFO] [stdout]     = note: all function arguments must have a statically known size
[INFO] [stdout] 
[INFO] [stdout] 
[INFO] [stdout] error[E0277]: the size for values of type `str` cannot be known at compilation time
[INFO] [stdout]    --> tests/query_setters.rs:660:16
[INFO] [stdout]     |
[INFO] [stdout] 660 |         fire: |base| {
[INFO] [stdout]     |                ^^^^ doesn't have a size known at compile-time
[INFO] [stdout]     |
[INFO] [stdout]     = help: the trait `Sized` is not implemented for `str`
[INFO] [stdout]     = note: all function arguments must have a statically known size
[INFO] [stdout] 
[INFO] [stdout] 
[INFO] [stdout] error[E0277]: the size for values of type `str` cannot be known at compilation time
[INFO] [stdout]    --> tests/query_setters.rs:675:16
[INFO] [stdout]     |
[INFO] [stdout] 675 |         fire: |base| {
[INFO] [stdout]     |                ^^^^ doesn't have a size known at compile-time
[INFO] [stdout]     |
[INFO] [stdout]     = help: the trait `Sized` is not implemented for `str`
[INFO] [stdout]     = note: all function arguments must have a statically known size
[INFO] [stdout] 
[INFO] [stdout] 
[INFO] [stdout] error[E0277]: the size for values of type `str` cannot be known at compilation time
[INFO] [stdout]    --> tests/query_setters.rs:703:16
[INFO] [stdout]     |
[INFO] [stdout] 703 |         fire: |base| {
[INFO] [stdout]     |                ^^^^ doesn't have a size known at compile-time
[INFO] [stdout]     |
[INFO] [stdout]     = help: the trait `Sized` is not implemented for `str`
[INFO] [stdout]     = note: all function arguments must have a statically known size
[INFO] [stdout] 
[INFO] [stdout] 
[INFO] [stdout] error[E0277]: the size for values of type `str` cannot be known at compilation time
[INFO] [stdout]    --> tests/query_setters.rs:741:16
[INFO] [stdout]     |
[INFO] [stdout] 741 |         fire: |base| {
[INFO] [stdout]     |                ^^^^ doesn't have a size known at compile-time
[INFO] [stdout]     |
[INFO] [stdout]     = help: the trait `Sized` is not implemented for `str`
[INFO] [stdout]     = note: all function arguments must have a statically known size
[INFO] [stdout] 
[INFO] [stdout] 
[INFO] [stdout] error[E0277]: the size for values of type `str` cannot be known at compilation time
[INFO] [stdout]    --> tests/query_setters.rs:774:16
[INFO] [stdout]     |
[INFO] [stdout] 774 |         fire: |base| {
[INFO] [stdout]     |                ^^^^ doesn't have a size known at compile-time
[INFO] [stdout]     |
[INFO] [stdout]     = help: the trait `Sized` is not implemented for `str`
[INFO] [stdout]     = note: all function arguments must have a statically known size
[INFO] [stdout] 
[INFO] [stdout] 
[INFO] [stdout] error[E0277]: the size for values of type `str` cannot be known at compilation time
[INFO] [stdout]    --> tests/query_setters.rs:790:16
[INFO] [stdout]     |
[INFO] [stdout] 790 |         fire: |base| {
[INFO] [stdout]     |                ^^^^ doesn't have a size known at compile-time
[INFO] [stdout]     |
[INFO] [stdout]     = help: the trait `Sized` is not implemented for `str`
[INFO] [stdout]     = note: all function arguments must have a statically known size
[INFO] [stdout] 
[INFO] [stdout] 
[INFO] [stdout] error[E0277]: the size for values of type `str` cannot be known at compilation time
[INFO] [stdout]    --> tests/query_setters.rs:806:16
[INFO] [stdout]     |
[INFO] [stdout] 806 |         fire: |base| {
[INFO] [stdout]     |                ^^^^ doesn't have a size known at compile-time
[INFO] [stdout]     |
[INFO] [stdout]     = help: the trait `Sized` is not implemented for `str`
[INFO] [stdout]     = note: all function arguments must have a statically known size
[INFO] [stdout] 
[INFO] [stdout] 
[INFO] [stdout] error[E0277]: the size for values of type `str` cannot be known at compilation time
[INFO] [stdout]    --> tests/query_setters.rs:825:16
[INFO] [stdout]     |
[INFO] [stdout] 825 |         fire: |base| {
[INFO] [stdout]     |                ^^^^ doesn't have a size known at compile-time
[INFO] [stdout]     |
[INFO] [stdout]     = help: the trait `Sized` is not implemented for `str`
[INFO] [stdout]     = note: all function arguments must have a statically known size
[INFO] [stdout] 
[INFO] [stdout] 
[INFO] [stdout] error[E0277]: the size for values of type `str` cannot be known at compilation time
[INFO] [stdout]    --> tests/query_setters.rs:841:16
[INFO] [stdout]     |
[INFO] [stdout] 841 |         fire: |base| {
[INFO] [stdout]     |                ^^^^ doesn't have a size known at compile-time
[INFO] [stdout]     |
[INFO] [stdout]     = help: the trait `Sized` is not implemented for `str`
[INFO] [stdout]     = note: all function arguments must have a statically known size
[INFO] [stdout] 
[INFO] [stdout] 
[INFO] [stdout] error[E0277]: the size for values of type `str` cannot be known at compilation time
[INFO] [stdout]    --> tests/query_setters.rs:857:16
[INFO] [stdout]     |
[INFO] [stdout] 857 |         fire: |base| {
[INFO] [stdout]     |                ^^^^ doesn't have a size known at compile-time
[INFO] [stdout]     |
[INFO] [stdout]     = help: the trait `Sized` is not implemented for `str`
[INFO] [stdout]     = note: all function arguments must have a statically known size
[INFO] [stdout] 
[INFO] [stdout] 
[INFO] [stdout] error[E0277]: the size for values of type `str` cannot be known at compilation time
[INFO] [stdout]    --> tests/query_setters.rs:881:71
[INFO] [stdout]     |
[INFO] [stdout] 881 |     let pairs = polyoxide_test_support::query::pairs_sent("/trades", |base| async move {
[INFO] [stdout]     |                                                                       ^^^^ doesn't have a size known at compile-time
[INFO] [stdout]     |
[INFO] [stdout]     = help: the trait `Sized` is not implemented for `str`
[INFO] [stdout]     = note: all function arguments must have a statically known size
[INFO] [stdout] 
[INFO] [stdout] 
[INFO] [stdout] Some errors have detailed explanations: E0277, E0433.
[INFO] [stdout] 
[INFO] [stdout] For more information about an error, try `rustc --explain E0277`.
[INFO] [stdout] 
[INFO] [stderr] error: could not compile `polyoxide-data` (test "query_setters") due to 39 previous errors
[INFO] [stderr] warning: build failed, waiting for other jobs to finish...
[INFO] [stdout] Some errors have detailed explanations: E0432, E0433.
[INFO] [stdout] 
[INFO] [stdout] For more information about an error, try `rustc --explain E0432`.
[INFO] [stdout] 
[INFO] [stderr] error: could not compile `polyoxide-data` (test "v2_wire_agreement") due to 2 previous errors
[INFO] [stdout] error[E0599]: no method named `or_fail` found for enum `Result<T, E>` in the current scope
[INFO] [stdout]    --> tests/live_api.rs:219:10
[INFO] [stdout]     |
[INFO] [stdout] 213 |     let trades = client
[INFO] [stdout] 214 |         .trades()
[INFO] [stdout] 215 |         .list()
[INFO] [stdout] 216 |         .limit(100)
[INFO] [stdout] 217 |         .send()
[INFO] [stdout] 218 |         .await
[INFO] [stdout] 219 |         .or_fail("trades for holders test");
[INFO] [stdout]     |          ^^^^^^^ method not found in `Result<Vec<polyoxide_data::types::Trade>, DataApiError>`
[INFO] [stdout] 
[INFO] [stdout] 
[INFO] [stdout] error: couldn't read `tests/../../docs/specs/data-v2/openapi.json`: No such file or directory (os error 2)
[INFO] [stdout]   --> tests/v2_spec_agreement.rs:44:20
[INFO] [stdout]    |
[INFO] [stdout] 44 | const SPEC: &str = include_str!("../../docs/specs/data-v2/openapi.json");
[INFO] [stdout]    |                    ^^^^^^^^^^^^^^^^^^^^^^^^^^^^^^^^^^^^^^^^^^^^^^^^^^^^^
[INFO] [stdout] 
[INFO] [stdout] 
[INFO] [stdout] error[E0599]: no method named `or_fail` found for enum `Result<T, E>` in the current scope
[INFO] [stdout]    --> tests/live_api.rs:242:14
[INFO] [stdout]     |
[INFO] [stdout] 236 |         let holders = client
[INFO] [stdout] 237 |             .holders()
[INFO] [stdout] 238 |             .list(vec![condition_id])
[INFO] [stdout] 239 |             .limit(HOLDERS_PROBE_LIMIT)
[INFO] [stdout] 240 |             .send()
[INFO] [stdout] 241 |             .await
[INFO] [stdout] 242 |             .or_fail("holders should deserialize");
[INFO] [stdout]     |              ^^^^^^^ method not found in `Result<Vec<MarketHolders>, DataApiError>`
[INFO] [stdout] 
[INFO] [stdout] 
[INFO] [stdout] error[E0308]: mismatched types
[INFO] [stdout]    --> tests/live_api.rs:210:75
[INFO] [stdout]     |
[INFO] [stdout] 210 |   async fn holders_market(client: &DataApi) -> (String, Vec<MarketHolders>) {
[INFO] [stdout]     |  ___________________________________________________________________________^
[INFO] [stdout] 211 | |     const MAX_PROBES: usize = 10;
[INFO] [stdout] 212 | |
[INFO] [stdout] 213 | |     let trades = client
[INFO] [stdout] ...   |
[INFO] [stdout] 258 | |     ));
[INFO] [stdout] 259 | | }
[INFO] [stdout]     | |_^ expected `(String, Vec<MarketHolders>)`, found `()`
[INFO] [stdout]     |
[INFO] [stdout]     = note:  expected tuple `(String, Vec<MarketHolders>)`
[INFO] [stdout]             found unit type `()`
[INFO] [stdout] 
[INFO] [stdout] 
[INFO] [stdout] error[E0432]: unresolved import `polyoxide_test_support`
[INFO] [stdout]   --> tests/v2_spec_agreement.rs:40:5
[INFO] [stdout]    |
[INFO] [stdout] 40 | use polyoxide_test_support::{fixtures, openapi, query};
[INFO] [stdout]    |     ^^^^^^^^^^^^^^^^^^^^^^ use of unresolved module or unlinked crate `polyoxide_test_support`
[INFO] [stdout]    |
[INFO] [stdout]    = help: if you wanted to use a crate named `polyoxide_test_support`, use `cargo add polyoxide_test_support` to add it to your `Cargo.toml`
[INFO] [stdout] 
[INFO] [stdout] 
[INFO] [stdout] error[E0599]: no method named `or_fail` found for enum `Result<T, E>` in the current scope
[INFO] [stdout]    --> tests/live_api.rs:566:14
[INFO] [stdout]     |
[INFO] [stdout] 560 |         let page = data
[INFO] [stdout] 561 |             .v2()
[INFO] [stdout] 562 |             .trades()
[INFO] [stdout] 563 |             .limit(1)
[INFO] [stdout] 564 |             .send()
[INFO] [stdout] 565 |             .await
[INFO] [stdout] 566 |             .or_fail("v2 trades");
[INFO] [stdout]     |              ^^^^^^^ method not found in `Result<Page<polyoxide_data::v2::types::Trade>, DataApiError>`
[INFO] [stdout] 
[INFO] [stdout] 
[INFO] [stdout] error[E0599]: no method named `or_fail` found for enum `Result<T, E>` in the current scope
[INFO] [stdout]   --> tests/live_api.rs:20:20
[INFO] [stdout]    |
[INFO] [stdout] 20 |     DataApi::new().or_fail("data api client")
[INFO] [stdout]    |                    ^^^^^^^ method not found in `Result<DataApi, DataApiError>`
[INFO] [stdout] 
[INFO] [stdout] 
[INFO] [stdout] error[E0599]: no method named `or_fail` found for enum `Result<T, E>` in the current scope
[INFO] [stdout]   --> tests/live_api.rs:32:48
[INFO] [stdout]    |
[INFO] [stdout] 32 |     let health = client.health().check().await.or_fail("health check");
[INFO] [stdout]    |                                                ^^^^^^^ method not found in `Result<HealthResponse, DataApiError>`
[INFO] [stdout] 
[INFO] [stdout] 
[INFO] [stdout] error[E0599]: no method named `or_fail` found for enum `Result<T, E>` in the current scope
[INFO] [stdout]   --> tests/live_api.rs:40:48
[INFO] [stdout]    |
[INFO] [stdout] 40 |     let latency = client.health().ping().await.or_fail("ping");
[INFO] [stdout]    |                                                ^^^^^^^ method not found in `Result<Duration, DataApiError>`
[INFO] [stdout] 
[INFO] [stdout] 
[INFO] [stdout] error[E0599]: no method named `or_fail` found for enum `Result<T, E>` in the current scope
[INFO] [stdout]   --> tests/live_api.rs:59:10
[INFO] [stdout]    |
[INFO] [stdout] 54 |     let oi = client
[INFO] [stdout] 55 |         .open_interest()
[INFO] [stdout] 56 |         .get()
[INFO] [stdout] 57 |         .send()
[INFO] [stdout] 58 |         .await
[INFO] [stdout] 59 |         .or_fail("open interest");
[INFO] [stdout]    |          ^^^^^^^ method not found in `Result<Vec<polyoxide_data::types::OpenInterest>, DataApiError>`
[INFO] [stdout] 
[INFO] [stdout] 
[INFO] [stdout] error[E0599]: no method named `or_fail` found for enum `Result<T, E>` in the current scope
[INFO] [stdout]   --> tests/live_api.rs:75:10
[INFO] [stdout]    |
[INFO] [stdout] 69 |     let trades = client
[INFO] [stdout] 70 |         .trades()
[INFO] [stdout] 71 |         .list()
[INFO] [stdout] 72 |         .limit(5)
[INFO] [stdout] 73 |         .send()
[INFO] [stdout] 74 |         .await
[INFO] [stdout] 75 |         .or_fail("list trades");
[INFO] [stdout]    |          ^^^^^^^ method not found in `Result<Vec<polyoxide_data::types::Trade>, DataApiError>`
[INFO] [stdout] 
[INFO] [stdout] 
[INFO] [stdout] error[E0599]: no method named `or_fail` found for enum `Result<T, E>` in the current scope
[INFO] [stdout]   --> tests/live_api.rs:90:10
[INFO] [stdout]    |
[INFO] [stdout] 86 |     let traded = client
[INFO] [stdout] 87 |         .user(TEST_USER)
[INFO] [stdout] 88 |         .traded()
[INFO] [stdout] 89 |         .await
[INFO] [stdout] 90 |         .or_fail("user traded should deserialize");
[INFO] [stdout]    |          ^^^^^^^ method not found in `Result<UserTraded, DataApiError>`
[INFO] [stdout] 
[INFO] [stdout] 
[INFO] [stdout] Some errors have detailed explanations: E0432, E0433.
[INFO] [stdout] 
[INFO] [stdout] For more information about an error, try `rustc --explain E0432`.
[INFO] [stdout] 
[INFO] [stderr] error: could not compile `polyoxide-data` (example "v2_soak" test) due to 3 previous errors
[INFO] [stdout] error[E0599]: no method named `or_fail` found for enum `Result<T, E>` in the current scope
[INFO] [stdout]    --> tests/live_api.rs:105:10
[INFO] [stdout]     |
[INFO] [stdout]  99 |     let _positions = client
[INFO] [stdout] 100 |         .user(TEST_USER)
[INFO] [stdout] 101 |         .list_positions()
[INFO] [stdout] 102 |         .limit(5)
[INFO] [stdout] 103 |         .send()
[INFO] [stdout] 104 |         .await
[INFO] [stdout] 105 |         .or_fail("list positions should succeed");
[INFO] [stdout]     |          ^^^^^^^ method not found in `Result<Vec<polyoxide_data::types::Position>, DataApiError>`
[INFO] [stdout] 
[INFO] [stdout] 
[INFO] [stdout] error[E0599]: no method named `or_fail` found for enum `Result<T, E>` in the current scope
[INFO] [stdout]    --> tests/live_api.rs:120:10
[INFO] [stdout]     |
[INFO] [stdout] 114 |     let leaderboard = client
[INFO] [stdout] 115 |         .builders()
[INFO] [stdout] 116 |         .leaderboard()
[INFO] [stdout] 117 |         .limit(5)
[INFO] [stdout] 118 |         .send()
[INFO] [stdout] 119 |         .await
[INFO] [stdout] 120 |         .or_fail("builder leaderboard");
[INFO] [stdout]     |          ^^^^^^^ method not found in `Result<Vec<BuilderRanking>, DataApiError>`
[INFO] [stdout] 
[INFO] [stdout] 
[INFO] [stdout] error[E0599]: no method named `or_fail` found for enum `Result<T, E>` in the current scope
[INFO] [stdout]    --> tests/live_api.rs:139:10
[INFO] [stdout]     |
[INFO] [stdout] 134 |     let _value = client
[INFO] [stdout] 135 |         .user(TEST_USER)
[INFO] [stdout] 136 |         .positions_value()
[INFO] [stdout] 137 |         .send()
[INFO] [stdout] 138 |         .await
[INFO] [stdout] 139 |         .or_fail("positions value should deserialize");
[INFO] [stdout]     |          ^^^^^^^ method not found in `Result<Vec<UserValue>, DataApiError>`
[INFO] [stdout] 
[INFO] [stdout] 
[INFO] [stdout] error[E0599]: no method named `or_fail` found for enum `Result<T, E>` in the current scope
[INFO] [stdout]    --> tests/live_api.rs:154:10
[INFO] [stdout]     |
[INFO] [stdout] 148 |     let _closed = client
[INFO] [stdout] 149 |         .user(TEST_USER)
[INFO] [stdout] 150 |         .closed_positions()
[INFO] [stdout] 151 |         .limit(5)
[INFO] [stdout] 152 |         .send()
[INFO] [stdout] 153 |         .await
[INFO] [stdout] 154 |         .or_fail("closed positions should deserialize");
[INFO] [stdout]     |          ^^^^^^^ method not found in `Result<Vec<ClosedPosition>, DataApiError>`
[INFO] [stdout] 
[INFO] [stdout] 
[INFO] [stdout] error[E0599]: no method named `or_fail` found for enum `Result<T, E>` in the current scope
[INFO] [stdout]    --> tests/live_api.rs:169:10
[INFO] [stdout]     |
[INFO] [stdout] 163 |     let _trades = client
[INFO] [stdout] 164 |         .user(TEST_USER)
[INFO] [stdout] 165 |         .trades()
[INFO] [stdout] 166 |         .limit(5)
[INFO] [stdout] 167 |         .send()
[INFO] [stdout] 168 |         .await
[INFO] [stdout] 169 |         .or_fail("user trades should deserialize");
[INFO] [stdout]     |          ^^^^^^^ method not found in `Result<Vec<polyoxide_data::types::Trade>, DataApiError>`
[INFO] [stdout] 
[INFO] [stdout] 
[INFO] [stdout] For more information about this error, try `rustc --explain E0432`.
[INFO] [stdout] 
[INFO] [stderr] error: could not compile `polyoxide-data` (test "v2_spec_agreement") due to 2 previous errors
[INFO] [stdout] error[E0599]: no method named `or_fail` found for enum `Result<T, E>` in the current scope
[INFO] [stdout]    --> tests/live_api.rs:184:10
[INFO] [stdout]     |
[INFO] [stdout] 178 |     let _activity = client
[INFO] [stdout] 179 |         .user(TEST_USER)
[INFO] [stdout] 180 |         .activity()
[INFO] [stdout] 181 |         .limit(5)
[INFO] [stdout] 182 |         .send()
[INFO] [stdout] 183 |         .await
[INFO] [stdout] 184 |         .or_fail("user activity should deserialize");
[INFO] [stdout]     |          ^^^^^^^ method not found in `Result<Vec<polyoxide_data::types::Activity>, DataApiError>`
[INFO] [stdout] 
[INFO] [stdout] 
[INFO] [stdout] error[E0599]: no method named `or_fail` found for enum `Result<T, E>` in the current scope
[INFO] [stdout]    --> tests/live_api.rs:301:10
[INFO] [stdout]     |
[INFO] [stdout] 296 |     let defaulted = client
[INFO] [stdout] 297 |         .holders()
[INFO] [stdout] 298 |         .list(vec![condition_id.as_str()])
[INFO] [stdout] 299 |         .send()
[INFO] [stdout] 300 |         .await
[INFO] [stdout] 301 |         .or_fail("holders with default limit");
[INFO] [stdout]     |          ^^^^^^^ method not found in `Result<Vec<MarketHolders>, DataApiError>`
[INFO] [stdout] 
[INFO] [stdout] 
[INFO] [stdout] error[E0599]: no method named `or_fail` found for enum `Result<T, E>` in the current scope
[INFO] [stdout]    --> tests/live_api.rs:317:10
[INFO] [stdout]     |
[INFO] [stdout] 311 |     client
[INFO] [stdout] 312 |         .holders()
[INFO] [stdout] 313 |         .list(vec![condition_id.as_str()])
[INFO] [stdout] 314 |         .limit(100)
[INFO] [stdout] 315 |         .send()
[INFO] [stdout] 316 |         .await
[INFO] [stdout] 317 |         .or_fail("limit=100 must be accepted");
[INFO] [stdout]     |          ^^^^^^^ method not found in `Result<Vec<MarketHolders>, DataApiError>`
[INFO] [stdout] 
[INFO] [stdout] 
[INFO] [stdout] error[E0599]: no method named `or_fail` found for enum `Result<T, E>` in the current scope
[INFO] [stdout]    --> tests/live_api.rs:326:10
[INFO] [stdout]     |
[INFO] [stdout] 320 |     client
[INFO] [stdout] 321 |         .holders()
[INFO] [stdout] 322 |         .list(vec![condition_id.as_str()])
[INFO] [stdout] 323 |         .limit(500)
[INFO] [stdout] 324 |         .send()
[INFO] [stdout] 325 |         .await
[INFO] [stdout] 326 |         .or_fail("limit=500 must be accepted");
[INFO] [stdout]     |          ^^^^^^^ method not found in `Result<Vec<MarketHolders>, DataApiError>`
[INFO] [stdout] 
[INFO] [stdout] 
[INFO] [stdout] error[E0599]: no method named `or_fail` found for enum `Result<T, E>` in the current scope
[INFO] [stdout]    --> tests/live_api.rs:343:10
[INFO] [stdout]     |
[INFO] [stdout] 337 |     let over = client
[INFO] [stdout] 338 |         .holders()
[INFO] [stdout] 339 |         .list(vec![condition_id.as_str()])
[INFO] [stdout] 340 |         .limit(5000)
[INFO] [stdout] 341 |         .send()
[INFO] [stdout] 342 |         .await
[INFO] [stdout] 343 |         .or_fail("limit above the ceiling is clamped, not rejected");
[INFO] [stdout]     |          ^^^^^^^ method not found in `Result<Vec<MarketHolders>, DataApiError>`
[INFO] [stdout] 
[INFO] [stdout] 
[INFO] [stdout] error[E0599]: no method named `or_fail` found for enum `Result<T, E>` in the current scope
[INFO] [stdout]    --> tests/live_api.rs:363:10
[INFO] [stdout]     |
[INFO] [stdout] 357 |     let zero = client
[INFO] [stdout] 358 |         .holders()
[INFO] [stdout] 359 |         .list(vec![condition_id.as_str()])
[INFO] [stdout] 360 |         .limit(0)
[INFO] [stdout] 361 |         .send()
[INFO] [stdout] 362 |         .await
[INFO] [stdout] 363 |         .or_fail("limit=0 must read as an empty list, not an error");
[INFO] [stdout]     |          ^^^^^^^ method not found in `Result<Vec<MarketHolders>, DataApiError>`
[INFO] [stdout] 
[INFO] [stdout] 
[INFO] [stdout] error[E0599]: no method named `or_fail` found for enum `Result<T, E>` in the current scope
[INFO] [stdout]    --> tests/live_api.rs:384:10
[INFO] [stdout]     |
[INFO] [stdout] 380 |     let _volume = client
[INFO] [stdout] 381 |         .live_volume()
[INFO] [stdout] 382 |         .get(1)
[INFO] [stdout] 383 |         .await
[INFO] [stdout] 384 |         .or_fail("live volume should deserialize");
[INFO] [stdout]     |          ^^^^^^^ method not found in `Result<Vec<polyoxide_data::api::live_volume::LiveVolume>, DataApiError>`
[INFO] [stdout] 
[INFO] [stdout] 
[INFO] [stdout] error[E0599]: no method named `or_fail` found for enum `Result<T, E>` in the current scope
[INFO] [stdout]    --> tests/live_api.rs:399:10
[INFO] [stdout]     |
[INFO] [stdout] 393 |     let leaderboard = client
[INFO] [stdout] 394 |         .leaderboard()
[INFO] [stdout] 395 |         .get()
[INFO] [stdout] 396 |         .limit(5)
[INFO] [stdout] 397 |         .send()
[INFO] [stdout] 398 |         .await
[INFO] [stdout] 399 |         .or_fail("trader leaderboard");
[INFO] [stdout]     |          ^^^^^^^ method not found in `Result<Vec<TraderRanking>, DataApiError>`
[INFO] [stdout] 
[INFO] [stdout] 
[INFO] [stdout] error[E0599]: no method named `or_fail` found for enum `Result<T, E>` in the current scope
[INFO] [stdout]    --> tests/live_api.rs:414:10
[INFO] [stdout]     |
[INFO] [stdout] 409 |     let volume = client
[INFO] [stdout] 410 |         .builders()
[INFO] [stdout] 411 |         .volume()
[INFO] [stdout] 412 |         .send()
[INFO] [stdout] 413 |         .await
[INFO] [stdout] 414 |         .or_fail("builder volume");
[INFO] [stdout]     |          ^^^^^^^ method not found in `Result<Vec<BuilderVolume>, DataApiError>`
[INFO] [stdout] 
[INFO] [stdout] 
[INFO] [stdout] error[E0599]: no method named `or_fail` found for enum `Result<T, E>` in the current scope
[INFO] [stdout]    --> tests/live_api.rs:435:10
[INFO] [stdout]     |
[INFO] [stdout] 429 |     let trades = client
[INFO] [stdout] 430 |         .trades()
[INFO] [stdout] 431 |         .list()
[INFO] [stdout] 432 |         .limit(1)
[INFO] [stdout] 433 |         .send()
[INFO] [stdout] 434 |         .await
[INFO] [stdout] 435 |         .or_fail("trades for market_positions test");
[INFO] [stdout]     |          ^^^^^^^ method not found in `Result<Vec<polyoxide_data::types::Trade>, DataApiError>`
[INFO] [stdout] 
[INFO] [stdout] 
[INFO] [stdout] error[E0599]: no method named `or_fail` found for enum `Result<T, E>` in the current scope
[INFO] [stdout]    --> tests/live_api.rs:449:10
[INFO] [stdout]     |
[INFO] [stdout] 443 |     let _positions = client
[INFO] [stdout] 444 |         .market_positions()
[INFO] [stdout] 445 |         .list(condition_id)
[INFO] [stdout] 446 |         .limit(5)
[INFO] [stdout] 447 |         .send()
[INFO] [stdout] 448 |         .await
[INFO] [stdout] 449 |         .or_fail("market positions should deserialize");
[INFO] [stdout]     |          ^^^^^^^ method not found in `Result<Vec<MetaMarketPositionV1>, DataApiError>`
[INFO] [stdout] 
[INFO] [stdout] 
[INFO] [stdout] error[E0599]: no method named `or_fail` found for enum `Result<T, E>` in the current scope
[INFO] [stdout]    --> tests/live_api.rs:462:10
[INFO] [stdout]     |
[INFO] [stdout] 458 |     let bytes = client
[INFO] [stdout] 459 |         .accounting()
[INFO] [stdout] 460 |         .snapshot(TEST_USER)
[INFO] [stdout] 461 |         .await
[INFO] [stdout] 462 |         .or_fail("accounting snapshot should succeed");
[INFO] [stdout]     |          ^^^^^^^ method not found in `Result<Vec<u8>, DataApiError>`
[INFO] [stdout] 
[INFO] [stdout] 
[INFO] [stdout] error[E0599]: no method named `or_fail` found for enum `Result<T, E>` in the current scope
[INFO] [stdout]    --> tests/live_api.rs:496:10
[INFO] [stdout]     |
[INFO] [stdout] 489 |     let points = client
[INFO] [stdout] 490 |         .pnl()
[INFO] [stdout] 491 |         .history("0xcd30f4698c6f5f3829893e68e183a8e5ea18f316")
[INFO] [stdout] 492 |         .interval("1d")
[INFO] [stdout] 493 |         .fidelity(polyoxide_data::types::PnlFidelity::OneHour)
[INFO] [stdout] 494 |         .send()
[INFO] [stdout] 495 |         .await
[INFO] [stdout] 496 |         .or_fail("user-pnl should succeed");
[INFO] [stdout]     |          ^^^^^^^ method not found in `Result<Vec<PnlPoint>, DataApiError>`
[INFO] [stdout] 
[INFO] [stdout] 
[INFO] [stdout] error[E0599]: no method named `or_fail` found for enum `Result<T, E>` in the current scope
[INFO] [stdout]    --> tests/live_api.rs:518:10
[INFO] [stdout]     |
[INFO] [stdout] 511 |     let volume = client
[INFO] [stdout] 512 |         .rankings()
[INFO] [stdout] 513 |         .volume()
[INFO] [stdout] 514 |         .window(polyoxide_data::types::RankingWindow::All)
[INFO] [stdout] 515 |         .limit(3)
[INFO] [stdout] 516 |         .send()
[INFO] [stdout] 517 |         .await
[INFO] [stdout] 518 |         .or_fail("rankings volume should succeed");
[INFO] [stdout]     |          ^^^^^^^ method not found in `Result<Vec<RankingEntry>, DataApiError>`
[INFO] [stdout] 
[INFO] [stdout] 
[INFO] [stdout] error[E0599]: no method named `or_fail` found for enum `Result<T, E>` in the current scope
[INFO] [stdout]    --> tests/live_api.rs:536:10
[INFO] [stdout]     |
[INFO] [stdout] 529 |     let profit = client
[INFO] [stdout] 530 |         .rankings()
[INFO] [stdout] 531 |         .profit()
[INFO] [stdout] 532 |         .window(polyoxide_data::types::RankingWindow::SevenDays)
[INFO] [stdout] 533 |         .limit(3)
[INFO] [stdout] 534 |         .send()
[INFO] [stdout] 535 |         .await
[INFO] [stdout] 536 |         .or_fail("rankings profit should succeed");
[INFO] [stdout]     |          ^^^^^^^ method not found in `Result<Vec<RankingEntry>, DataApiError>`
[INFO] [stdout] 
[INFO] [stdout] 
[INFO] [stdout] error[E0599]: no method named `or_fail` found for enum `Result<T, E>` in the current scope
[INFO] [stdout]    --> tests/live_api.rs:623:14
[INFO] [stdout]     |
[INFO] [stdout] 619 |         v2.activity(&wallet)
[INFO] [stdout] 620 |             .limit(2)
[INFO] [stdout] 621 |             .send()
[INFO] [stdout] 622 |             .await
[INFO] [stdout] 623 |             .or_fail("activity");
[INFO] [stdout]     |              ^^^^^^^ method not found in `Result<Page<polyoxide_data::v2::types::Activity>, DataApiError>`
[INFO] [stdout] 
[INFO] [stdout] 
[INFO] [stdout] error[E0599]: no method named `or_fail` found for enum `Result<T, E>` in the current scope
[INFO] [stdout]    --> tests/live_api.rs:628:14
[INFO] [stdout]     |
[INFO] [stdout] 624 |         v2.combo_activity(&wallet)
[INFO] [stdout] 625 |             .limit(2)
[INFO] [stdout] 626 |             .send()
[INFO] [stdout] 627 |             .await
[INFO] [stdout] 628 |             .or_fail("combo activity");
[INFO] [stdout]     |              ^^^^^^^ method not found in `Result<Page<polyoxide_data::v2::types::ComboActivity>, DataApiError>`
[INFO] [stdout] 
[INFO] [stdout] 
[INFO] [stdout] error[E0599]: no method named `or_fail` found for enum `Result<T, E>` in the current scope
[INFO] [stdout]    --> tests/live_api.rs:633:14
[INFO] [stdout]     |
[INFO] [stdout] 629 |         v2.positions(wallet.as_str())
[INFO] [stdout] 630 |             .limit(2)
[INFO] [stdout] 631 |             .send()
[INFO] [stdout] 632 |             .await
[INFO] [stdout] 633 |             .or_fail("positions");
[INFO] [stdout]     |              ^^^^^^^ method not found in `Result<Page<polyoxide_data::v2::types::Position>, DataApiError>`
[INFO] [stdout] 
[INFO] [stdout] 
[INFO] [stdout] error[E0599]: no method named `or_fail` found for enum `Result<T, E>` in the current scope
[INFO] [stdout]    --> tests/live_api.rs:639:14
[INFO] [stdout]     |
[INFO] [stdout] 634 |         v2.positions(wallet.as_str())
[INFO] [stdout] 635 |             .status(PositionStatus::Closed)
[INFO] [stdout] 636 |             .limit(2)
[INFO] [stdout] 637 |             .send()
[INFO] [stdout] 638 |             .await
[INFO] [stdout] 639 |             .or_fail("closed positions");
[INFO] [stdout]     |              ^^^^^^^ method not found in `Result<Page<polyoxide_data::v2::types::Position>, DataApiError>`
[INFO] [stdout] 
[INFO] [stdout] 
[INFO] [stdout] error[E0599]: no method named `or_fail` found for enum `Result<T, E>` in the current scope
[INFO] [stdout]    --> tests/live_api.rs:644:14
[INFO] [stdout]     |
[INFO] [stdout] 640 |         v2.combo_positions(&wallet)
[INFO] [stdout] 641 |             .limit(2)
[INFO] [stdout] 642 |             .send()
[INFO] [stdout] 643 |             .await
[INFO] [stdout] 644 |             .or_fail("combo positions");
[INFO] [stdout]     |              ^^^^^^^ method not found in `Result<Page<polyoxide_data::v2::types::ComboPosition>, DataApiError>`
[INFO] [stdout] 
[INFO] [stdout] 
[INFO] [stdout] error[E0599]: no method named `or_fail` found for enum `Result<T, E>` in the current scope
[INFO] [stdout]    --> tests/live_api.rs:645:44
[INFO] [stdout]     |
[INFO] [stdout] 645 |         v2.approvals(&wallet).send().await.or_fail("approvals");
[INFO] [stdout]     |                                            ^^^^^^^ method not found in `Result<Approvals, DataApiError>`
[INFO] [stdout] 
[INFO] [stdout] 
[INFO] [stdout] error[E0599]: no method named `or_fail` found for enum `Result<T, E>` in the current scope
[INFO] [stdout]    --> tests/live_api.rs:652:14
[INFO] [stdout]     |
[INFO] [stdout] 646 |         let pnl = v2
[INFO] [stdout] 647 |             .user_pnl(&wallet)
[INFO] [stdout] 648 |             .interval(PnlInterval::OneWeek)
[INFO] [stdout] 649 |             .fidelity(PnlFidelity::OneDay)
[INFO] [stdout] 650 |             .send()
[INFO] [stdout] 651 |             .await
[INFO] [stdout] 652 |             .or_fail("user pnl");
[INFO] [stdout]     |              ^^^^^^^ method not found in `Result<UserPnlSeries, DataApiError>`
[INFO] [stdout] 
[INFO] [stdout] 
[INFO] [stdout] error[E0599]: no method named `or_fail` found for enum `Result<T, E>` in the current scope
[INFO] [stdout]    --> tests/live_api.rs:654:57
[INFO] [stdout]     |
[INFO] [stdout] 654 |         let stats = v2.user_stats(&wallet).send().await.or_fail("user stats");
[INFO] [stdout]     |                                                         ^^^^^^^ method not found in `Result<Option<UserStats>, DataApiError>`
[INFO] [stdout] 
[INFO] [stdout] 
[INFO] [stdout] error[E0599]: no method named `or_fail` found for enum `Result<T, E>` in the current scope
[INFO] [stdout]    --> tests/live_api.rs:656:46
[INFO] [stdout]     |
[INFO] [stdout] 656 |         v2.user_volume(&wallet).send().await.or_fail("user volume");
[INFO] [stdout]     |                                              ^^^^^^^ method not found in `Result<UserVolume, DataApiError>`
[INFO] [stdout] 
[INFO] [stdout] 
[INFO] [stdout] error[E0599]: no method named `or_fail` found for enum `Result<T, E>` in the current scope
[INFO] [stdout]    --> tests/live_api.rs:657:40
[INFO] [stdout]     |
[INFO] [stdout] 657 |         v2.value(&wallet).send().await.or_fail("value");
[INFO] [stdout]     |                                        ^^^^^^^ method not found in `Result<PortfolioValue, DataApiError>`
[INFO] [stdout] 
[INFO] [stdout] 
[INFO] [stdout] error[E0599]: no method named `or_fail` found for enum `Result<T, E>` in the current scope
[INFO] [stdout]    --> tests/live_api.rs:671:14
[INFO] [stdout]     |
[INFO] [stdout] 666 |         assert!(data
[INFO] [stdout] 667 |             .v2()
[INFO] [stdout] 668 |             .user_stats(&wallet)
[INFO] [stdout] 669 |             .send()
[INFO] [stdout] 670 |             .await
[INFO] [stdout] 671 |             .or_fail("user stats")
[INFO] [stdout]     |              ^^^^^^^ method not found in `Result<Option<UserStats>, DataApiError>`
[INFO] [stdout] 
[INFO] [stdout] 
[INFO] [stdout] error[E0599]: no method named `or_fail` found for enum `Result<T, E>` in the current scope
[INFO] [stdout]    --> tests/live_api.rs:678:14
[INFO] [stdout]     |
[INFO] [stdout] 673 |         assert!(data
[INFO] [stdout] 674 |             .v2()
[INFO] [stdout] 675 |             .leaderboard_user(&wallet)
[INFO] [stdout] 676 |             .send()
[INFO] [stdout] 677 |             .await
[INFO] [stdout] 678 |             .or_fail("leaderboard user")
[INFO] [stdout]     |              ^^^^^^^ method not found in `Result<Option<LeaderboardUserEntry>, DataApiError>`
[INFO] [stdout] 
[INFO] [stdout] 
[INFO] [stdout] error[E0599]: no method named `or_fail` found for enum `Result<T, E>` in the current scope
[INFO] [stdout]    --> tests/live_api.rs:693:14
[INFO] [stdout]     |
[INFO] [stdout] 689 |         v2.holders([condition.as_str()])
[INFO] [stdout] 690 |             .limit(2)
[INFO] [stdout] 691 |             .send()
[INFO] [stdout] 692 |             .await
[INFO] [stdout] 693 |             .or_fail("holders");
[INFO] [stdout]     |              ^^^^^^^ method not found in `Result<Page<MetaHolder>, DataApiError>`
[INFO] [stdout] 
[INFO] [stdout] 
[INFO] [stdout] error[E0599]: no method named `or_fail` found for enum `Result<T, E>` in the current scope
[INFO] [stdout]    --> tests/live_api.rs:698:14
[INFO] [stdout]     |
[INFO] [stdout] 694 |         v2.positions(PositionAnchor::Condition(condition.clone()))
[INFO] [stdout] 695 |             .limit(2)
[INFO] [stdout] 696 |             .send()
[INFO] [stdout] 697 |             .await
[INFO] [stdout] 698 |             .or_fail("market positions");
[INFO] [stdout]     |              ^^^^^^^ method not found in `Result<Page<polyoxide_data::v2::types::Position>, DataApiError>`
[INFO] [stdout] 
[INFO] [stdout] 
[INFO] [stdout] error[E0599]: no method named `or_fail` found for enum `Result<T, E>` in the current scope
[INFO] [stdout]    --> tests/live_api.rs:703:14
[INFO] [stdout]     |
[INFO] [stdout] 699 |         v2.open_interest()
[INFO] [stdout] 700 |             .conditions([condition.as_str()])
[INFO] [stdout] 701 |             .send()
[INFO] [stdout] 702 |             .await
[INFO] [stdout] 703 |             .or_fail("open interest");
[INFO] [stdout]     |              ^^^^^^^ method not found in `Result<Vec<polyoxide_data::v2::types::OpenInterest>, DataApiError>`
[INFO] [stdout] 
[INFO] [stdout] 
[INFO] [stdout] error[E0599]: no method named `or_fail` found for enum `Result<T, E>` in the current scope
[INFO] [stdout]    --> tests/live_api.rs:708:14
[INFO] [stdout]     |
[INFO] [stdout] 704 |         let global = v2
[INFO] [stdout] 705 |             .open_interest()
[INFO] [stdout] 706 |             .send()
[INFO] [stdout] 707 |             .await
[INFO] [stdout] 708 |             .or_fail("global open interest");
[INFO] [stdout]     |              ^^^^^^^ method not found in `Result<Vec<polyoxide_data::v2::types::OpenInterest>, DataApiError>`
[INFO] [stdout] 
[INFO] [stdout] 
[INFO] [stdout] error[E0599]: no method named `or_fail` found for enum `Result<T, E>` in the current scope
[INFO] [stdout]    --> tests/live_api.rs:716:14
[INFO] [stdout]     |
[INFO] [stdout] 711 |         v2.prices_history(&token_id)
[INFO] [stdout] 712 |             .interval(PricesInterval::OneDay)
[INFO] [stdout] 713 |             .limit(10)
[INFO] [stdout] 714 |             .send()
[INFO] [stdout] 715 |             .await
[INFO] [stdout] 716 |             .or_fail("prices history");
[INFO] [stdout]     |              ^^^^^^^ method not found in `Result<Page<PricePoint>, DataApiError>`
[INFO] [stdout] 
[INFO] [stdout] 
[INFO] [stdout] error[E0599]: no method named `or_fail` found for enum `Result<T, E>` in the current scope
[INFO] [stdout]    --> tests/live_api.rs:724:14
[INFO] [stdout]     |
[INFO] [stdout] 718 |         let winners = v2
[INFO] [stdout] 719 |             .biggest_winners()
[INFO] [stdout] 720 |             .time_period(TimePeriod::Week)
[INFO] [stdout] 721 |             .limit(5)
[INFO] [stdout] 722 |             .send()
[INFO] [stdout] 723 |             .await
[INFO] [stdout] 724 |             .or_fail("winners");
[INFO] [stdout]     |              ^^^^^^^ method not found in `Result<Page<BiggestWinner>, DataApiError>`
[INFO] [stdout] 
[INFO] [stdout] 
[INFO] [stdout] error[E0599]: no method named `or_fail` found for enum `Result<T, E>` in the current scope
[INFO] [stdout]    --> tests/live_api.rs:736:14
[INFO] [stdout]     |
[INFO] [stdout] 730 |         let rows = v2
[INFO] [stdout] 731 |             .resolutions(ResolutionKey::Conditions(vec![resolved
[INFO] [stdout] 732 |                 .condition_id
[INFO] [stdout] 733 |                 .clone()]))
[INFO] [stdout] 734 |             .send()
[INFO] [stdout] 735 |             .await
[INFO] [stdout] 736 |             .or_fail("resolutions");
[INFO] [stdout]     |              ^^^^^^^ method not found in `Result<Vec<Resolution>, DataApiError>`
[INFO] [stdout] 
[INFO] [stdout] 
[INFO] [stdout] error[E0599]: no method named `or_fail` found for enum `Result<T, E>` in the current scope
[INFO] [stdout]    --> tests/live_api.rs:744:14
[INFO] [stdout]     |
[INFO] [stdout] 741 |         v2.live_volume([resolved.event_id])
[INFO] [stdout] 742 |             .send()
[INFO] [stdout] 743 |             .await
[INFO] [stdout] 744 |             .or_fail("live volume");
[INFO] [stdout]     |              ^^^^^^^ method not found in `Result<polyoxide_data::v2::types::LiveVolume, DataApiError>`
[INFO] [stdout] 
[INFO] [stdout] 
[INFO] [stdout] error[E0599]: no method named `or_fail` found for enum `Result<T, E>` in the current scope
[INFO] [stdout]    --> tests/live_api.rs:759:14
[INFO] [stdout]     |
[INFO] [stdout] 753 |         let board = v2
[INFO] [stdout] 754 |             .leaderboard()
[INFO] [stdout] 755 |             .time_period(TimePeriod::Week)
[INFO] [stdout] 756 |             .limit(2)
[INFO] [stdout] 757 |             .send()
[INFO] [stdout] 758 |             .await
[INFO] [stdout] 759 |             .or_fail("leaderboard");
[INFO] [stdout]     |              ^^^^^^^ method not found in `Result<Page<LeaderboardEntry>, DataApiError>`
[INFO] [stdout] 
[INFO] [stdout] 
[INFO] [stdout] error[E0599]: no method named `or_fail` found for enum `Result<T, E>` in the current scope
[INFO] [stdout]    --> tests/live_api.rs:770:14
[INFO] [stdout]     |
[INFO] [stdout] 765 |         let standing = v2
[INFO] [stdout] 766 |             .leaderboard_user(leader)
[INFO] [stdout] 767 |             .time_period(TimePeriod::Week)
[INFO] [stdout] 768 |             .send()
[INFO] [stdout] 769 |             .await
[INFO] [stdout] 770 |             .or_fail("leaderboard user")
[INFO] [stdout]     |              ^^^^^^^ method not found in `Result<Option<LeaderboardUserEntry>, DataApiError>`
[INFO] [stdout] 
[INFO] [stdout] 
[INFO] [stdout] error[E0599]: no method named `or_fail` found for enum `Result<T, E>` in the current scope
[INFO] [stdout]    --> tests/live_api.rs:777:14
[INFO] [stdout]     |
[INFO] [stdout] 773 |         v2.builders_leaderboard()
[INFO] [stdout] 774 |             .limit(2)
[INFO] [stdout] 775 |             .send()
[INFO] [stdout] 776 |             .await
[INFO] [stdout] 777 |             .or_fail("builders leaderboard");
[INFO] [stdout]     |              ^^^^^^^ method not found in `Result<Page<BuilderStanding>, DataApiError>`
[INFO] [stdout] 
[INFO] [stdout] 
[INFO] [stdout] error[E0599]: no method named `or_fail` found for enum `Result<T, E>` in the current scope
[INFO] [stdout]    --> tests/live_api.rs:782:14
[INFO] [stdout]     |
[INFO] [stdout] 778 |         v2.builder_volume()
[INFO] [stdout] 779 |             .limit(2)
[INFO] [stdout] 780 |             .send()
[INFO] [stdout] 781 |             .await
[INFO] [stdout] 782 |             .or_fail("builder volume");
[INFO] [stdout]     |              ^^^^^^^ method not found in `Result<Vec<BuilderVolumePoint>, DataApiError>`
[INFO] [stdout] 
[INFO] [stdout] 
[INFO] [stdout] error[E0599]: no method named `or_fail` found for enum `Result<T, E>` in the current scope
[INFO] [stdout]    --> tests/live_api.rs:783:34
[INFO] [stdout]     |
[INFO] [stdout] 783 |         v2.status().send().await.or_fail("status");
[INFO] [stdout]     |                                  ^^^^^^^ method not found in `Result<ServiceStatus, DataApiError>`
[INFO] [stdout] 
[INFO] [stdout] 
[INFO] [stdout] error[E0308]: `else` clause of `let...else` does not diverge
[INFO] [stdout]    --> tests/live_api.rs:800:46
[INFO] [stdout]     |
[INFO] [stdout] 800 |           let DataApiError::V2(v2) = &err else {
[INFO] [stdout]     |  ______________________________________________^
[INFO] [stdout] 801 | |             fail("expected a structured v2 error", &err);
[INFO] [stdout] 802 | |         };
[INFO] [stdout]     | |_________^ expected `!`, found `()`
[INFO] [stdout]     |
[INFO] [stdout]     = note:   expected type `!`
[INFO] [stdout]             found unit type `()`
[INFO] [stdout]     = help: try adding a diverging expression, such as `return` or `panic!(..)`
[INFO] [stdout]     = help: ...or use `match` instead of `let...else`
[INFO] [stdout] 
[INFO] [stdout] 
[INFO] [stdout] Some errors have detailed explanations: E0308, E0432, E0599.
[INFO] [stdout] 
[INFO] [stdout] For more information about an error, try `rustc --explain E0308`.
[INFO] [stdout] 
[INFO] [stderr] error: could not compile `polyoxide-data` (test "live_api") due to 58 previous errors
[INFO] running `Command { std: "docker" "inspect" "34f8c9ef9a7464b9766d47b47b352fbc91922cd41c68f9ff92f60ecf414aa3ed", kill_on_drop: false }`
[INFO] running `Command { std: "docker" "rm" "-f" "34f8c9ef9a7464b9766d47b47b352fbc91922cd41c68f9ff92f60ecf414aa3ed", kill_on_drop: false }`
[INFO] [stdout] 34f8c9ef9a7464b9766d47b47b352fbc91922cd41c68f9ff92f60ecf414aa3ed
