[INFO] fetching crate polyhal-trap 0.4.0...
[INFO] testing polyhal-trap-0.4.0 against 1.99.0-beta.8+cargoflags=--release for beta-release-1.100-2
[INFO] extracting crate polyhal-trap 0.4.0 into /workspace/builds/worker-2-tc1/source
[INFO] started tweaking crates.io crate polyhal-trap 0.4.0
[INFO] finished tweaking crates.io crate polyhal-trap 0.4.0
[INFO] tweaked toml for crates.io crate polyhal-trap 0.4.0 written to /workspace/builds/worker-2-tc1/source/Cargo.toml
[INFO] validating manifest of crates.io crate polyhal-trap 0.4.0 on toolchain 1.99.0-beta.8
[INFO] running `Command { std: CARGO_HOME="/workspace/cargo-home" RUSTUP_HOME="/workspace/rustup-home" "/workspace/cargo-home/bin/cargo" "+1.99.0-beta.8" "metadata" "--manifest-path" "Cargo.toml" "--no-deps", kill_on_drop: false }`
[INFO] crate crates.io crate polyhal-trap 0.4.0 already has a lockfile, it will not be regenerated
[INFO] running `Command { std: CARGO_HOME="/workspace/cargo-home" RUSTUP_HOME="/workspace/rustup-home" "/workspace/cargo-home/bin/cargo" "+1.99.0-beta.8" "fetch" "--manifest-path" "Cargo.toml", kill_on_drop: false }`
[INFO] [stderr]     Updating crates.io index
[INFO] [stderr]  Downloading crates ...
[INFO] [stderr]   Downloaded riscv-macros v0.2.0
[INFO] [stderr]   Downloaded riscv v0.13.0
[INFO] [stderr]   Downloaded lazyinit v0.2.1
[INFO] [stderr]   Downloaded arm_gicv2 v0.1.0
[INFO] [stderr]   Downloaded polyhal-macro v0.4.0
[INFO] [stderr]   Downloaded uart_16550 v0.3.2
[INFO] [stderr]   Downloaded fdt-parser v0.4.10
[INFO] [stderr]   Downloaded sbi-spec v0.0.4
[INFO] [stderr]   Downloaded raw-cpuid v11.5.0
[INFO] [stderr]   Downloaded sbi-rt v0.0.2
[INFO] [stderr]   Downloaded ns16550a v0.5.0
[INFO] [stderr]   Downloaded loongArch64 v0.2.4
[INFO] [stderr]   Downloaded acpi v5.2.0
[INFO] [stderr]   Downloaded polyhal v0.4.0
[INFO] [stderr]   Downloaded aarch64-cpu v9.4.0
[INFO] [stderr]   Downloaded x86_64 v0.15.2
[INFO] [stderr]   Downloaded winnow v0.7.9
[INFO] running `Command { std: "docker" "create" "-v" "/var/lib/crater-agent-workspace/builds/worker-2-tc1/source:/opt/rustwide/workdir:ro,Z" "-v" "/var/lib/crater-agent-workspace/builds/worker-2-tc1/target:/opt/rustwide/target:rw,Z" "-v" "/var/lib/crater-agent-workspace/cargo-home:/opt/rustwide/cargo-home:ro,Z" "-v" "/var/lib/crater-agent-workspace/rustup-home:/opt/rustwide/rustup-home:ro,Z" "-m" "1610612736" "--network" "none" "ghcr.io/rust-lang/crates-build-env/linux@sha256:77db811e55d90add9212f6832c23229e3de5f1c1f9905e8cb07319ea15df73ac" "sleep" "infinity", kill_on_drop: false }`
[INFO] [stdout] 21d072090f9498ff2b721be9df83ca0fe69f461305fcd1da8734be1a4ac26207
[INFO] running `Command { std: "docker" "start" "21d072090f9498ff2b721be9df83ca0fe69f461305fcd1da8734be1a4ac26207", kill_on_drop: false }`
[INFO] running `Command { std: "docker" "inspect" "21d072090f9498ff2b721be9df83ca0fe69f461305fcd1da8734be1a4ac26207", kill_on_drop: false }`
[INFO] running `Command { std: "docker" "exec" "-e" "SOURCE_DIR=/opt/rustwide/workdir" "-e" "CARGO_HOME=/opt/rustwide/cargo-home" "-e" "RUSTUP_HOME=/opt/rustwide/rustup-home" "-e" "CARGO_TARGET_DIR=/opt/rustwide/target" "-w" "/opt/rustwide/workdir" "--user" "0:0" "21d072090f9498ff2b721be9df83ca0fe69f461305fcd1da8734be1a4ac26207" "/opt/rustwide/cargo-home/bin/cargo" "+1.99.0-beta.8" "metadata" "--no-deps" "--format-version=1", kill_on_drop: false }`
[INFO] running `Command { std: "docker" "inspect" "21d072090f9498ff2b721be9df83ca0fe69f461305fcd1da8734be1a4ac26207", kill_on_drop: false }`
[INFO] running `Command { std: "docker" "exec" "-e" "SOURCE_DIR=/opt/rustwide/workdir" "-e" "CARGO_HOME=/opt/rustwide/cargo-home" "-e" "RUSTUP_HOME=/opt/rustwide/rustup-home" "-e" "CARGO_TARGET_DIR=/opt/rustwide/target" "-e" "CARGO_INCREMENTAL=0" "-e" "RUST_BACKTRACE=full" "-e" "RUSTFLAGS=--cap-lints=warn" "-e" "RUSTDOCFLAGS=--cap-lints=warn" "-w" "/opt/rustwide/workdir" "--user" "0:0" "21d072090f9498ff2b721be9df83ca0fe69f461305fcd1da8734be1a4ac26207" "/opt/rustwide/cargo-home/bin/cargo" "+1.99.0-beta.8" "build" "--frozen" "--message-format=json" "--release", kill_on_drop: false }`
[INFO] [stderr]    Compiling rustversion v1.0.20
[INFO] [stderr]    Compiling bit_field v0.10.2
[INFO] [stderr]    Compiling proc-macro2 v1.0.94
[INFO] [stderr]    Compiling bitflags v2.9.0
[INFO] [stderr]    Compiling raw-cpuid v10.7.0
[INFO] [stderr]    Compiling lock_api v0.4.12
[INFO] [stderr]    Compiling x86 v0.52.0
[INFO] [stderr]    Compiling winnow v0.7.9
[INFO] [stderr]    Compiling toml_datetime v0.6.9
[INFO] [stderr]    Compiling volatile v0.4.6
[INFO] [stderr]    Compiling polyhal v0.4.0
[INFO] [stderr]    Compiling bit v0.1.1
[INFO] [stderr]    Compiling log v0.4.26
[INFO] [stderr]    Compiling raw-cpuid v11.5.0
[INFO] [stderr]    Compiling multiboot v0.8.0
[INFO] [stderr]    Compiling spin v0.10.0
[INFO] [stderr]    Compiling acpi v5.2.0
[INFO] [stderr]    Compiling quote v1.0.40
[INFO] [stderr]    Compiling lazyinit v0.2.1
[INFO] [stderr]    Compiling x86_64 v0.15.2
[INFO] [stderr]    Compiling fdt-parser v0.4.10
[INFO] [stderr]    Compiling syn v2.0.100
[INFO] [stdout] error[E0554]: `#![feature]` may not be used on the beta release channel
[INFO] [stdout]  --> /opt/rustwide/cargo-home/registry/src/index.crates.io-1949cf8c6b5b557f/x86_64-0.15.2/src/lib.rs:5:44
[INFO] [stdout]   |
[INFO] [stdout] 5 | #![cfg_attr(feature = "abi_x86_interrupt", feature(abi_x86_interrupt))]
[INFO] [stdout]   |                                            ^^^^^^^^^^^^^^^^^^^^^^^^^^
[INFO] [stdout] 
[INFO] [stdout] 
[INFO] [stdout] error[E0046]: not all trait items implemented, missing: `forward_overflowing`, `backward_overflowing`
[INFO] [stdout]    --> /opt/rustwide/cargo-home/registry/src/index.crates.io-1949cf8c6b5b557f/x86_64-0.15.2/src/addr.rs:404:1
[INFO] [stdout]     |
[INFO] [stdout] 404 | impl Step for VirtAddr {
[INFO] [stdout]     | ^^^^^^^^^^^^^^^^^^^^^^ missing `forward_overflowing`, `backward_overflowing` in implementation
[INFO] [stdout]     |
[INFO] [stdout]     = help: implement the missing item: `fn forward_overflowing(_: Self, _: usize) -> (Self, bool) { todo!() }`
[INFO] [stdout]     = help: implement the missing item: `fn backward_overflowing(_: Self, _: usize) -> (Self, bool) { todo!() }`
[INFO] [stdout] 
[INFO] [stdout] 
[INFO] [stdout] error[E0046]: not all trait items implemented, missing: `forward_overflowing`, `backward_overflowing`
[INFO] [stdout]    --> /opt/rustwide/cargo-home/registry/src/index.crates.io-1949cf8c6b5b557f/x86_64-0.15.2/src/structures/paging/page.rs:306:1
[INFO] [stdout]     |
[INFO] [stdout] 306 | impl<S: PageSize> Step for Page<S> {
[INFO] [stdout]     | ^^^^^^^^^^^^^^^^^^^^^^^^^^^^^^^^^^ missing `forward_overflowing`, `backward_overflowing` in implementation
[INFO] [stdout]     |
[INFO] [stdout]     = help: implement the missing item: `fn forward_overflowing(_: Self, _: usize) -> (Self, bool) { todo!() }`
[INFO] [stdout]     = help: implement the missing item: `fn backward_overflowing(_: Self, _: usize) -> (Self, bool) { todo!() }`
[INFO] [stdout] 
[INFO] [stdout] 
[INFO] [stdout] error[E0046]: not all trait items implemented, missing: `forward_overflowing`, `backward_overflowing`
[INFO] [stdout]    --> /opt/rustwide/cargo-home/registry/src/index.crates.io-1949cf8c6b5b557f/x86_64-0.15.2/src/structures/paging/page_table.rs:354:1
[INFO] [stdout]     |
[INFO] [stdout] 354 | impl Step for PageTableIndex {
[INFO] [stdout]     | ^^^^^^^^^^^^^^^^^^^^^^^^^^^^ missing `forward_overflowing`, `backward_overflowing` in implementation
[INFO] [stdout]     |
[INFO] [stdout]     = help: implement the missing item: `fn forward_overflowing(_: Self, _: usize) -> (Self, bool) { todo!() }`
[INFO] [stdout]     = help: implement the missing item: `fn backward_overflowing(_: Self, _: usize) -> (Self, bool) { todo!() }`
[INFO] [stdout] 
[INFO] [stdout] 
[INFO] [stderr]    Compiling toml_edit v0.22.26
[INFO] [stdout] Some errors have detailed explanations: E0046, E0554.
[INFO] [stdout] 
[INFO] [stdout] For more information about an error, try `rustc --explain E0046`.
[INFO] [stdout] 
[INFO] [stderr] error: could not compile `x86_64` (lib) due to 4 previous errors
[INFO] [stderr] warning: build failed, waiting for other jobs to finish...
[INFO] running `Command { std: "docker" "inspect" "21d072090f9498ff2b721be9df83ca0fe69f461305fcd1da8734be1a4ac26207", kill_on_drop: false }`
[INFO] running `Command { std: "docker" "rm" "-f" "21d072090f9498ff2b721be9df83ca0fe69f461305fcd1da8734be1a4ac26207", kill_on_drop: false }`
[INFO] [stdout] 21d072090f9498ff2b721be9df83ca0fe69f461305fcd1da8734be1a4ac26207
