[INFO] fetching crate polaris_shell 0.6.0...
[INFO] testing polaris_shell-0.6.0 against 1.100.0-beta.1+cargoflags=--release for beta-release-1.100-2
[INFO] extracting crate polaris_shell 0.6.0 into /workspace/builds/worker-2-tc2/source
[INFO] started tweaking crates.io crate polaris_shell 0.6.0
[INFO] removed 0 missing tests
[INFO] finished tweaking crates.io crate polaris_shell 0.6.0
[INFO] tweaked toml for crates.io crate polaris_shell 0.6.0 written to /workspace/builds/worker-2-tc2/source/Cargo.toml
[INFO] validating manifest of crates.io crate polaris_shell 0.6.0 on toolchain 1.100.0-beta.1
[INFO] running `Command { std: CARGO_HOME="/workspace/cargo-home" RUSTUP_HOME="/workspace/rustup-home" "/workspace/cargo-home/bin/cargo" "+1.100.0-beta.1" "metadata" "--manifest-path" "Cargo.toml" "--no-deps", kill_on_drop: false }`
[INFO] crate crates.io crate polaris_shell 0.6.0 already has a lockfile, it will not be regenerated
[INFO] running `Command { std: CARGO_HOME="/workspace/cargo-home" RUSTUP_HOME="/workspace/rustup-home" "/workspace/cargo-home/bin/cargo" "+1.100.0-beta.1" "fetch" "--manifest-path" "Cargo.toml", kill_on_drop: false }`
[INFO] [stderr] warning: Cargo.toml: `lints.clippy.uninlined-format-args` is deprecated in favor of `lints.clippy.uninlined_format_args` and will not work in a future edition
[INFO] [stderr] warning: `polaris_shell` (manifest) generated 1 warning
[INFO] running `Command { std: "docker" "create" "-v" "/var/lib/crater-agent-workspace/builds/worker-2-tc2/source:/opt/rustwide/workdir:ro,Z" "-v" "/var/lib/crater-agent-workspace/builds/worker-2-tc2/target:/opt/rustwide/target:rw,Z" "-v" "/var/lib/crater-agent-workspace/cargo-home:/opt/rustwide/cargo-home:ro,Z" "-v" "/var/lib/crater-agent-workspace/rustup-home:/opt/rustwide/rustup-home:ro,Z" "-m" "1610612736" "--network" "none" "ghcr.io/rust-lang/crates-build-env/linux@sha256:77db811e55d90add9212f6832c23229e3de5f1c1f9905e8cb07319ea15df73ac" "sleep" "infinity", kill_on_drop: false }`
[INFO] [stdout] d7541eb54e3d5186be30e7613fa4a30f020583a69ba615a1e5f5dd57278b56e2
[INFO] running `Command { std: "docker" "start" "d7541eb54e3d5186be30e7613fa4a30f020583a69ba615a1e5f5dd57278b56e2", kill_on_drop: false }`
[INFO] running `Command { std: "docker" "inspect" "d7541eb54e3d5186be30e7613fa4a30f020583a69ba615a1e5f5dd57278b56e2", kill_on_drop: false }`
[INFO] running `Command { std: "docker" "exec" "-e" "SOURCE_DIR=/opt/rustwide/workdir" "-e" "CARGO_HOME=/opt/rustwide/cargo-home" "-e" "RUSTUP_HOME=/opt/rustwide/rustup-home" "-e" "CARGO_TARGET_DIR=/opt/rustwide/target" "-w" "/opt/rustwide/workdir" "--user" "0:0" "d7541eb54e3d5186be30e7613fa4a30f020583a69ba615a1e5f5dd57278b56e2" "/opt/rustwide/cargo-home/bin/cargo" "+1.100.0-beta.1" "metadata" "--no-deps" "--format-version=1", kill_on_drop: false }`
[INFO] running `Command { std: "docker" "inspect" "d7541eb54e3d5186be30e7613fa4a30f020583a69ba615a1e5f5dd57278b56e2", kill_on_drop: false }`
[INFO] running `Command { std: "docker" "exec" "-e" "SOURCE_DIR=/opt/rustwide/workdir" "-e" "CARGO_HOME=/opt/rustwide/cargo-home" "-e" "RUSTUP_HOME=/opt/rustwide/rustup-home" "-e" "CARGO_TARGET_DIR=/opt/rustwide/target" "-e" "CARGO_INCREMENTAL=0" "-e" "RUST_BACKTRACE=full" "-e" "RUSTFLAGS=--cap-lints=warn" "-e" "RUSTDOCFLAGS=--cap-lints=warn" "-w" "/opt/rustwide/workdir" "--user" "0:0" "d7541eb54e3d5186be30e7613fa4a30f020583a69ba615a1e5f5dd57278b56e2" "/opt/rustwide/cargo-home/bin/cargo" "+1.100.0-beta.1" "build" "--frozen" "--message-format=json" "--release", kill_on_drop: false }`
[INFO] [stderr] warning: Cargo.toml: `lints.clippy.uninlined-format-args` is deprecated in favor of `lints.clippy.uninlined_format_args` and will not work in a future edition
[INFO] [stderr] warning: `polaris_shell` (manifest) generated 1 warning
[INFO] [stderr]    Compiling quote v1.0.46
[INFO] [stderr]    Compiling toml_parser v1.1.2+spec-1.1.0
[INFO] [stderr]    Compiling zerocopy v0.8.54
[INFO] [stderr]    Compiling ref-cast v1.0.25
[INFO] [stderr]    Compiling serde_json v1.0.150
[INFO] [stderr]    Compiling parking_lot_core v0.9.12
[INFO] [stderr]    Compiling indexmap v2.14.0
[INFO] [stderr]    Compiling downcast-rs v2.0.2
[INFO] [stderr]    Compiling names v0.14.0
[INFO] [stderr]    Compiling dirs-sys v0.5.0
[INFO] [stderr]    Compiling tokio v1.52.3
[INFO] [stderr]    Compiling parking_lot v0.12.5
[INFO] [stderr]    Compiling syn v2.0.118
[INFO] [stderr]    Compiling dirs v6.0.0
[INFO] [stderr]    Compiling toml_edit v0.25.12+spec-1.1.0
[INFO] [stderr]    Compiling proc-macro-crate v3.5.0
[INFO] [stderr]    Compiling polaris_macro_utils v0.6.0
[INFO] [stderr]    Compiling serde_derive_internals v0.29.1
[INFO] [stderr]    Compiling serde_derive v1.0.228
[INFO] [stderr]    Compiling thiserror-impl v2.0.18
[INFO] [stderr]    Compiling ref-cast-impl v1.0.25
[INFO] [stderr]    Compiling tracing-attributes v0.1.31
[INFO] [stderr]    Compiling polaris_system_macros v0.6.0
[INFO] [stderr]    Compiling variadics_please v1.1.0
[INFO] [stderr]    Compiling tool_macros v0.6.0
[INFO] [stderr]    Compiling schemars_derive v1.2.1
[INFO] [stderr]    Compiling ppv-lite86 v0.2.21
[INFO] [stderr]    Compiling rand_chacha v0.3.1
[INFO] [stderr]    Compiling tracing v0.1.44
[INFO] [stderr]    Compiling thiserror v2.0.18
[INFO] [stderr]    Compiling polaris_system v0.6.0
[INFO] [stderr]    Compiling rand v0.8.7
[INFO] [stderr]    Compiling serde v1.0.228
[INFO] [stderr]    Compiling schemars v1.2.1
[INFO] [stderr]    Compiling polaris_models v0.6.0
[INFO] [stderr]    Compiling polaris_tools v0.6.0
[INFO] [stderr]    Compiling polaris_shell v0.6.0 (/opt/rustwide/workdir)
[INFO] [stderr]     Finished `release` profile [optimized] target(s) in 53.96s
[INFO] running `Command { std: "docker" "inspect" "d7541eb54e3d5186be30e7613fa4a30f020583a69ba615a1e5f5dd57278b56e2", kill_on_drop: false }`
[INFO] running `Command { std: "docker" "exec" "-e" "SOURCE_DIR=/opt/rustwide/workdir" "-e" "CARGO_HOME=/opt/rustwide/cargo-home" "-e" "RUSTUP_HOME=/opt/rustwide/rustup-home" "-e" "CARGO_TARGET_DIR=/opt/rustwide/target" "-e" "CARGO_INCREMENTAL=0" "-e" "RUST_BACKTRACE=full" "-e" "RUSTFLAGS=--cap-lints=warn" "-e" "RUSTDOCFLAGS=--cap-lints=warn" "-w" "/opt/rustwide/workdir" "--user" "0:0" "d7541eb54e3d5186be30e7613fa4a30f020583a69ba615a1e5f5dd57278b56e2" "/opt/rustwide/cargo-home/bin/cargo" "+1.100.0-beta.1" "test" "--frozen" "--no-run" "--message-format=json" "--release", kill_on_drop: false }`
[INFO] [stderr] warning: Cargo.toml: `lints.clippy.uninlined-format-args` is deprecated in favor of `lints.clippy.uninlined_format_args` and will not work in a future edition
[INFO] [stderr] warning: `polaris_shell` (manifest) generated 1 warning
[INFO] [stderr]    Compiling tokio-macros v2.7.0
[INFO] [stderr]    Compiling bitflags v2.13.0
[INFO] [stderr]    Compiling getrandom v0.4.3
[INFO] [stderr]    Compiling rustix v1.1.4
[INFO] [stderr]    Compiling tokio v1.52.3
[INFO] [stderr]    Compiling tempfile v3.27.0
[INFO] [stderr]    Compiling polaris_shell v0.6.0 (/opt/rustwide/workdir)
[INFO] [stdout] error[E0433]: cannot find module or crate `polaris_app` in this scope
[INFO] [stdout]   --> tests/integration.rs:16:24
[INFO] [stdout]    |
[INFO] [stdout] 16 |     server.add_plugins(polaris_app::AppPlugin::new(
[INFO] [stdout]    |                        ^^^^^^^^^^^ use of unresolved module or unlinked crate `polaris_app`
[INFO] [stdout]    |
[INFO] [stdout]    = help: if you wanted to use a crate named `polaris_app`, use `cargo add polaris_app` to add it to your `Cargo.toml`
[INFO] [stdout] 
[INFO] [stdout] 
[INFO] [stdout] error[E0433]: cannot find module or crate `polaris_app` in this scope
[INFO] [stdout]   --> tests/integration.rs:17:9
[INFO] [stdout]    |
[INFO] [stdout] 17 |         polaris_app::AppConfig::new().with_host("127.0.0.1"),
[INFO] [stdout]    |         ^^^^^^^^^^^ use of unresolved module or unlinked crate `polaris_app`
[INFO] [stdout]    |
[INFO] [stdout]    = help: if you wanted to use a crate named `polaris_app`, use `cargo add polaris_app` to add it to your `Cargo.toml`
[INFO] [stdout] 
[INFO] [stdout] 
[INFO] [stdout] error[E0433]: cannot find module or crate `polaris_app` in this scope
[INFO] [stdout]   --> tests/integration.rs:40:24
[INFO] [stdout]    |
[INFO] [stdout] 40 |     server.add_plugins(polaris_app::AppPlugin::new(
[INFO] [stdout]    |                        ^^^^^^^^^^^ use of unresolved module or unlinked crate `polaris_app`
[INFO] [stdout]    |
[INFO] [stdout]    = help: if you wanted to use a crate named `polaris_app`, use `cargo add polaris_app` to add it to your `Cargo.toml`
[INFO] [stdout] 
[INFO] [stdout] 
[INFO] [stdout] error[E0433]: cannot find module or crate `polaris_app` in this scope
[INFO] [stdout]   --> tests/integration.rs:41:9
[INFO] [stdout]    |
[INFO] [stdout] 41 |         polaris_app::AppConfig::new().with_host("127.0.0.1"),
[INFO] [stdout]    |         ^^^^^^^^^^^ use of unresolved module or unlinked crate `polaris_app`
[INFO] [stdout]    |
[INFO] [stdout]    = help: if you wanted to use a crate named `polaris_app`, use `cargo add polaris_app` to add it to your `Cargo.toml`
[INFO] [stdout] 
[INFO] [stdout] 
[INFO] [stdout] error[E0433]: cannot find module or crate `polaris_app` in this scope
[INFO] [stdout]    --> tests/integration.rs:103:24
[INFO] [stdout]     |
[INFO] [stdout] 103 |     server.add_plugins(polaris_app::AppPlugin::new(
[INFO] [stdout]     |                        ^^^^^^^^^^^ use of unresolved module or unlinked crate `polaris_app`
[INFO] [stdout]     |
[INFO] [stdout]     = help: if you wanted to use a crate named `polaris_app`, use `cargo add polaris_app` to add it to your `Cargo.toml`
[INFO] [stdout] 
[INFO] [stdout] 
[INFO] [stdout] error[E0433]: cannot find module or crate `polaris_app` in this scope
[INFO] [stdout]    --> tests/integration.rs:104:9
[INFO] [stdout]     |
[INFO] [stdout] 104 |         polaris_app::AppConfig::new().with_host("127.0.0.1"),
[INFO] [stdout]     |         ^^^^^^^^^^^ use of unresolved module or unlinked crate `polaris_app`
[INFO] [stdout]     |
[INFO] [stdout]     = help: if you wanted to use a crate named `polaris_app`, use `cargo add polaris_app` to add it to your `Cargo.toml`
[INFO] [stdout] 
[INFO] [stdout] 
[INFO] [stdout] error[E0433]: cannot find module or crate `polaris_app` in this scope
[INFO] [stdout]    --> tests/integration.rs:139:24
[INFO] [stdout]     |
[INFO] [stdout] 139 |     server.add_plugins(polaris_app::AppPlugin::new(
[INFO] [stdout]     |                        ^^^^^^^^^^^ use of unresolved module or unlinked crate `polaris_app`
[INFO] [stdout]     |
[INFO] [stdout]     = help: if you wanted to use a crate named `polaris_app`, use `cargo add polaris_app` to add it to your `Cargo.toml`
[INFO] [stdout] 
[INFO] [stdout] 
[INFO] [stdout] error[E0433]: cannot find module or crate `polaris_app` in this scope
[INFO] [stdout]    --> tests/integration.rs:140:9
[INFO] [stdout]     |
[INFO] [stdout] 140 |         polaris_app::AppConfig::new().with_host("127.0.0.1"),
[INFO] [stdout]     |         ^^^^^^^^^^^ use of unresolved module or unlinked crate `polaris_app`
[INFO] [stdout]     |
[INFO] [stdout]     = help: if you wanted to use a crate named `polaris_app`, use `cargo add polaris_app` to add it to your `Cargo.toml`
[INFO] [stdout] 
[INFO] [stdout] 
[INFO] [stdout] error[E0433]: cannot find module or crate `polaris_app` in this scope
[INFO] [stdout]    --> tests/integration.rs:166:24
[INFO] [stdout]     |
[INFO] [stdout] 166 |     server.add_plugins(polaris_app::AppPlugin::new(
[INFO] [stdout]     |                        ^^^^^^^^^^^ use of unresolved module or unlinked crate `polaris_app`
[INFO] [stdout]     |
[INFO] [stdout]     = help: if you wanted to use a crate named `polaris_app`, use `cargo add polaris_app` to add it to your `Cargo.toml`
[INFO] [stdout] 
[INFO] [stdout] 
[INFO] [stdout] error[E0433]: cannot find module or crate `polaris_app` in this scope
[INFO] [stdout]    --> tests/integration.rs:167:9
[INFO] [stdout]     |
[INFO] [stdout] 167 |         polaris_app::AppConfig::new().with_host("127.0.0.1"),
[INFO] [stdout]     |         ^^^^^^^^^^^ use of unresolved module or unlinked crate `polaris_app`
[INFO] [stdout]     |
[INFO] [stdout]     = help: if you wanted to use a crate named `polaris_app`, use `cargo add polaris_app` to add it to your `Cargo.toml`
[INFO] [stdout] 
[INFO] [stdout] 
[INFO] [stdout] error[E0433]: cannot find module or crate `polaris_app` in this scope
[INFO] [stdout]    --> tests/integration.rs:198:24
[INFO] [stdout]     |
[INFO] [stdout] 198 |     server.add_plugins(polaris_app::AppPlugin::new(
[INFO] [stdout]     |                        ^^^^^^^^^^^ use of unresolved module or unlinked crate `polaris_app`
[INFO] [stdout]     |
[INFO] [stdout]     = help: if you wanted to use a crate named `polaris_app`, use `cargo add polaris_app` to add it to your `Cargo.toml`
[INFO] [stdout] 
[INFO] [stdout] 
[INFO] [stdout] error[E0433]: cannot find module or crate `polaris_app` in this scope
[INFO] [stdout]    --> tests/integration.rs:199:9
[INFO] [stdout]     |
[INFO] [stdout] 199 |         polaris_app::AppConfig::new().with_host("127.0.0.1"),
[INFO] [stdout]     |         ^^^^^^^^^^^ use of unresolved module or unlinked crate `polaris_app`
[INFO] [stdout]     |
[INFO] [stdout]     = help: if you wanted to use a crate named `polaris_app`, use `cargo add polaris_app` to add it to your `Cargo.toml`
[INFO] [stdout] 
[INFO] [stdout] 
[INFO] [stdout] For more information about this error, try `rustc --explain E0433`.
[INFO] [stdout] 
[INFO] [stderr] error: could not compile `polaris_shell` (test "integration") due to 12 previous errors
[INFO] [stderr] warning: build failed, waiting for other jobs to finish...
[INFO] running `Command { std: "docker" "inspect" "d7541eb54e3d5186be30e7613fa4a30f020583a69ba615a1e5f5dd57278b56e2", kill_on_drop: false }`
[INFO] running `Command { std: "docker" "rm" "-f" "d7541eb54e3d5186be30e7613fa4a30f020583a69ba615a1e5f5dd57278b56e2", kill_on_drop: false }`
[INFO] [stdout] d7541eb54e3d5186be30e7613fa4a30f020583a69ba615a1e5f5dd57278b56e2
