[INFO] fetching crate pmpx-plugin 0.3.2...
[INFO] testing pmpx-plugin-0.3.2 against 1.100.0-beta.1+cargoflags=--release for beta-release-1.100-2
[INFO] extracting crate pmpx-plugin 0.3.2 into /workspace/builds/worker-6-tc2/source
[INFO] started tweaking crates.io crate pmpx-plugin 0.3.2
[INFO] removed 0 missing tests
[INFO] finished tweaking crates.io crate pmpx-plugin 0.3.2
[INFO] tweaked toml for crates.io crate pmpx-plugin 0.3.2 written to /workspace/builds/worker-6-tc2/source/Cargo.toml
[INFO] validating manifest of crates.io crate pmpx-plugin 0.3.2 on toolchain 1.100.0-beta.1
[INFO] running `Command { std: CARGO_HOME="/workspace/cargo-home" RUSTUP_HOME="/workspace/rustup-home" "/workspace/cargo-home/bin/cargo" "+1.100.0-beta.1" "metadata" "--manifest-path" "Cargo.toml" "--no-deps", kill_on_drop: false }`
[INFO] crate crates.io crate pmpx-plugin 0.3.2 already has a lockfile, it will not be regenerated
[INFO] running `Command { std: CARGO_HOME="/workspace/cargo-home" RUSTUP_HOME="/workspace/rustup-home" "/workspace/cargo-home/bin/cargo" "+1.100.0-beta.1" "fetch" "--manifest-path" "Cargo.toml", kill_on_drop: false }`
[INFO] running `Command { std: "docker" "create" "-v" "/var/lib/crater-agent-workspace/builds/worker-6-tc2/source:/opt/rustwide/workdir:ro,Z" "-v" "/var/lib/crater-agent-workspace/builds/worker-6-tc2/target:/opt/rustwide/target:rw,Z" "-v" "/var/lib/crater-agent-workspace/cargo-home:/opt/rustwide/cargo-home:ro,Z" "-v" "/var/lib/crater-agent-workspace/rustup-home:/opt/rustwide/rustup-home:ro,Z" "-m" "1610612736" "--network" "none" "ghcr.io/rust-lang/crates-build-env/linux@sha256:77db811e55d90add9212f6832c23229e3de5f1c1f9905e8cb07319ea15df73ac" "sleep" "infinity", kill_on_drop: false }`
[INFO] [stdout] 5cf7d14350def536b115776b837bbef0f5d689833542dcf0f25c24ec8107aa53
[INFO] running `Command { std: "docker" "start" "5cf7d14350def536b115776b837bbef0f5d689833542dcf0f25c24ec8107aa53", kill_on_drop: false }`
[INFO] running `Command { std: "docker" "inspect" "5cf7d14350def536b115776b837bbef0f5d689833542dcf0f25c24ec8107aa53", kill_on_drop: false }`
[INFO] running `Command { std: "docker" "exec" "-e" "SOURCE_DIR=/opt/rustwide/workdir" "-e" "CARGO_HOME=/opt/rustwide/cargo-home" "-e" "RUSTUP_HOME=/opt/rustwide/rustup-home" "-e" "CARGO_TARGET_DIR=/opt/rustwide/target" "-w" "/opt/rustwide/workdir" "--user" "0:0" "5cf7d14350def536b115776b837bbef0f5d689833542dcf0f25c24ec8107aa53" "/opt/rustwide/cargo-home/bin/cargo" "+1.100.0-beta.1" "metadata" "--no-deps" "--format-version=1", kill_on_drop: false }`
[INFO] running `Command { std: "docker" "inspect" "5cf7d14350def536b115776b837bbef0f5d689833542dcf0f25c24ec8107aa53", kill_on_drop: false }`
[INFO] running `Command { std: "docker" "exec" "-e" "SOURCE_DIR=/opt/rustwide/workdir" "-e" "CARGO_HOME=/opt/rustwide/cargo-home" "-e" "RUSTUP_HOME=/opt/rustwide/rustup-home" "-e" "CARGO_TARGET_DIR=/opt/rustwide/target" "-e" "CARGO_INCREMENTAL=0" "-e" "RUST_BACKTRACE=full" "-e" "RUSTFLAGS=--cap-lints=warn" "-e" "RUSTDOCFLAGS=--cap-lints=warn" "-w" "/opt/rustwide/workdir" "--user" "0:0" "5cf7d14350def536b115776b837bbef0f5d689833542dcf0f25c24ec8107aa53" "/opt/rustwide/cargo-home/bin/cargo" "+1.100.0-beta.1" "build" "--frozen" "--message-format=json" "--release", kill_on_drop: false }`
[INFO] [stderr]    Compiling pmpx-plugin v0.3.2 (/opt/rustwide/workdir)
[INFO] [stderr]    Compiling pmpx-plugin-abi v0.3.2
[INFO] [stderr]     Finished `release` profile [optimized] target(s) in 1.32s
[INFO] running `Command { std: "docker" "inspect" "5cf7d14350def536b115776b837bbef0f5d689833542dcf0f25c24ec8107aa53", kill_on_drop: false }`
[INFO] running `Command { std: "docker" "exec" "-e" "SOURCE_DIR=/opt/rustwide/workdir" "-e" "CARGO_HOME=/opt/rustwide/cargo-home" "-e" "RUSTUP_HOME=/opt/rustwide/rustup-home" "-e" "CARGO_TARGET_DIR=/opt/rustwide/target" "-e" "CARGO_INCREMENTAL=0" "-e" "RUST_BACKTRACE=full" "-e" "RUSTFLAGS=--cap-lints=warn" "-e" "RUSTDOCFLAGS=--cap-lints=warn" "-w" "/opt/rustwide/workdir" "--user" "0:0" "5cf7d14350def536b115776b837bbef0f5d689833542dcf0f25c24ec8107aa53" "/opt/rustwide/cargo-home/bin/cargo" "+1.100.0-beta.1" "test" "--frozen" "--no-run" "--message-format=json" "--release", kill_on_drop: false }`
[INFO] [stderr]    Compiling libc v0.2.190
[INFO] [stderr]    Compiling rustix v1.1.5
[INFO] [stderr]    Compiling once_cell v1.21.4
[INFO] [stderr]    Compiling getrandom v0.4.3
[INFO] [stderr]    Compiling tempfile v3.27.0
[INFO] [stderr]    Compiling pmpx-plugin v0.3.2 (/opt/rustwide/workdir)
[INFO] [stdout] error[E0432]: unresolved import `pmpx_loader`
[INFO] [stdout]  --> tests/short_log_table.rs:8:5
[INFO] [stdout]   |
[INFO] [stdout] 8 | use pmpx_loader::{ContextSource, NoFiles, Tables};
[INFO] [stdout]   |     ^^^^^^^^^^^ use of unresolved module or unlinked crate `pmpx_loader`
[INFO] [stdout]   |
[INFO] [stdout]   = help: if you wanted to use a crate named `pmpx_loader`, use `cargo add pmpx_loader` to add it to your `Cargo.toml`
[INFO] [stdout] 
[INFO] [stdout] 
[INFO] [stdout] error[E0432]: unresolved import `pmpx_loader`
[INFO] [stdout]   --> tests/dlopen.rs:13:5
[INFO] [stdout]    |
[INFO] [stdout] 13 | use pmpx_loader::{CallError, ContextSource, Files, Plugin};
[INFO] [stdout]    |     ^^^^^^^^^^^ use of unresolved module or unlinked crate `pmpx_loader`
[INFO] [stdout]    |
[INFO] [stdout]    = help: if you wanted to use a crate named `pmpx_loader`, use `cargo add pmpx_loader` to add it to your `Cargo.toml`
[INFO] [stdout] 
[INFO] [stdout] 
[INFO] [stdout] error[E0432]: unresolved import `pmpx_loader`
[INFO] [stdout]   --> tests/in_process.rs:14:5
[INFO] [stdout]    |
[INFO] [stdout] 14 | use pmpx_loader::{CallError, ContextSource, NoFiles, Tables};
[INFO] [stdout]    |     ^^^^^^^^^^^ use of unresolved module or unlinked crate `pmpx_loader`
[INFO] [stdout]    |
[INFO] [stdout]    = help: if you wanted to use a crate named `pmpx_loader`, use `cargo add pmpx_loader` to add it to your `Cargo.toml`
[INFO] [stdout] 
[INFO] [stdout] 
[INFO] [stdout] For more information about this error, try `rustc --explain E0432`.
[INFO] [stdout] 
[INFO] [stderr] error: could not compile `pmpx-plugin` (test "short_log_table") due to 1 previous error
[INFO] [stderr] warning: build failed, waiting for other jobs to finish...
[INFO] [stdout] error[E0433]: cannot find module or crate `pmpx_loader` in this scope
[INFO] [stdout]    --> tests/dlopen.rs:139:17
[INFO] [stdout]     |
[INFO] [stdout] 139 |         files: &pmpx_loader::NoFiles,
[INFO] [stdout]     |                 ^^^^^^^^^^^ use of unresolved module or unlinked crate `pmpx_loader`
[INFO] [stdout]     |
[INFO] [stdout]     = help: if you wanted to use a crate named `pmpx_loader`, use `cargo add pmpx_loader` to add it to your `Cargo.toml`
[INFO] [stdout] 
[INFO] [stdout] 
[INFO] [stdout] error[E0433]: cannot find module or crate `pmpx_loader` in this scope
[INFO] [stdout]    --> tests/dlopen.rs:191:37
[INFO] [stdout]     |
[INFO] [stdout] 191 |         call(Verb::Exec, &[], &[], &pmpx_loader::NoFiles),
[INFO] [stdout]     |                                     ^^^^^^^^^^^ use of unresolved module or unlinked crate `pmpx_loader`
[INFO] [stdout]     |
[INFO] [stdout]     = help: if you wanted to use a crate named `pmpx_loader`, use `cargo add pmpx_loader` to add it to your `Cargo.toml`
[INFO] [stdout] 
[INFO] [stdout] 
[INFO] [stdout] error[E0433]: cannot find module or crate `pmpx_loader` in this scope
[INFO] [stdout]    --> tests/dlopen.rs:195:37
[INFO] [stdout]     |
[INFO] [stdout] 195 |         call(Verb::Test, &[], &[], &pmpx_loader::NoFiles),
[INFO] [stdout]     |                                     ^^^^^^^^^^^ use of unresolved module or unlinked crate `pmpx_loader`
[INFO] [stdout]     |
[INFO] [stdout]     = help: if you wanted to use a crate named `pmpx_loader`, use `cargo add pmpx_loader` to add it to your `Cargo.toml`
[INFO] [stdout] 
[INFO] [stdout] 
[INFO] [stdout] Some errors have detailed explanations: E0432, E0433.
[INFO] [stdout] 
[INFO] [stdout] For more information about an error, try `rustc --explain E0432`.
[INFO] [stdout] 
[INFO] [stdout] error[E0433]: cannot find module or crate `pmpx_loader` in this scope
[INFO] [stdout]   --> tests/in_process.rs:97:46
[INFO] [stdout]    |
[INFO] [stdout] 97 | fn call(verb: Verb, args: &[&str]) -> Result<pmpx_loader::Command, CallError> {
[INFO] [stdout]    |                                              ^^^^^^^^^^^ use of unresolved module or unlinked crate `pmpx_loader`
[INFO] [stdout]    |
[INFO] [stdout]    = help: if you wanted to use a crate named `pmpx_loader`, use `cargo add pmpx_loader` to add it to your `Cargo.toml`
[INFO] [stdout] 
[INFO] [stdout] 
[INFO] [stdout] error[E0433]: cannot find module or crate `pmpx_loader` in this scope
[INFO] [stdout]    --> tests/in_process.rs:120:22
[INFO] [stdout]     |
[INFO] [stdout] 120 | fn args_of(command: &pmpx_loader::Command) -> Vec<String> {
[INFO] [stdout]     |                      ^^^^^^^^^^^ use of unresolved module or unlinked crate `pmpx_loader`
[INFO] [stdout]     |
[INFO] [stdout]     = help: if you wanted to use a crate named `pmpx_loader`, use `cargo add pmpx_loader` to add it to your `Cargo.toml`
[INFO] [stdout] 
[INFO] [stdout] 
[INFO] [stdout] error[E0433]: cannot find module or crate `pmpx_loader` in this scope
[INFO] [stdout]    --> tests/in_process.rs:204:10
[INFO] [stdout]     |
[INFO] [stdout] 204 |     impl pmpx_loader::Files for One {
[INFO] [stdout]     |          ^^^^^^^^^^^ use of unresolved module or unlinked crate `pmpx_loader`
[INFO] [stdout]     |
[INFO] [stdout]     = help: if you wanted to use a crate named `pmpx_loader`, use `cargo add pmpx_loader` to add it to your `Cargo.toml`
[INFO] [stdout] 
[INFO] [stdout] 
[INFO] [stdout] Some errors have detailed explanations: E0432, E0433.
[INFO] [stdout] 
[INFO] [stdout] For more information about an error, try `rustc --explain E0432`.
[INFO] [stdout] 
[INFO] [stderr] error: could not compile `pmpx-plugin` (test "in_process") due to 4 previous errors
[INFO] [stderr] error: could not compile `pmpx-plugin` (test "dlopen") due to 4 previous errors
[INFO] running `Command { std: "docker" "inspect" "5cf7d14350def536b115776b837bbef0f5d689833542dcf0f25c24ec8107aa53", kill_on_drop: false }`
[INFO] running `Command { std: "docker" "rm" "-f" "5cf7d14350def536b115776b837bbef0f5d689833542dcf0f25c24ec8107aa53", kill_on_drop: false }`
[INFO] [stdout] 5cf7d14350def536b115776b837bbef0f5d689833542dcf0f25c24ec8107aa53
