[INFO] fetching crate pmetal-mlx-rs 0.25.8...
[INFO] testing pmetal-mlx-rs-0.25.8 against 1.99.0-beta.8+cargoflags=--release for beta-release-1.100-2
[INFO] extracting crate pmetal-mlx-rs 0.25.8 into /workspace/builds/worker-5-tc1/source
[INFO] started tweaking crates.io crate pmetal-mlx-rs 0.25.8
[INFO] removed 0 missing examples
[INFO] finished tweaking crates.io crate pmetal-mlx-rs 0.25.8
[INFO] tweaked toml for crates.io crate pmetal-mlx-rs 0.25.8 written to /workspace/builds/worker-5-tc1/source/Cargo.toml
[INFO] validating manifest of crates.io crate pmetal-mlx-rs 0.25.8 on toolchain 1.99.0-beta.8
[INFO] running `Command { std: CARGO_HOME="/workspace/cargo-home" RUSTUP_HOME="/workspace/rustup-home" "/workspace/cargo-home/bin/cargo" "+1.99.0-beta.8" "metadata" "--manifest-path" "Cargo.toml" "--no-deps", kill_on_drop: false }`
[INFO] crate crates.io crate pmetal-mlx-rs 0.25.8 already has a lockfile, it will not be regenerated
[INFO] running `Command { std: CARGO_HOME="/workspace/cargo-home" RUSTUP_HOME="/workspace/rustup-home" "/workspace/cargo-home/bin/cargo" "+1.99.0-beta.8" "fetch" "--manifest-path" "Cargo.toml", kill_on_drop: false }`
[INFO] [stderr]     Updating crates.io index
[INFO] [stderr]  Downloading crates ...
[INFO] [stderr]   Downloaded strum v0.27.2
[INFO] [stderr]   Downloaded strum_macros v0.27.2
[INFO] [stderr]   Downloaded pretty_assertions v1.4.1
[INFO] [stderr]   Downloaded safetensors v0.6.2
[INFO] [stderr]   Downloaded mlx-internal-macros v0.25.3
[INFO] [stderr]   Downloaded float_eq v1.0.1
[INFO] [stderr]   Downloaded mlx-macros v0.25.3
[INFO] [stderr]   Downloaded toml_datetime v1.0.1+spec-1.1.0
[INFO] [stderr]   Downloaded toml_parser v1.0.10+spec-1.1.0
[INFO] [stderr]   Downloaded toml_edit v0.25.5+spec-1.1.0
[INFO] [stderr]   Downloaded mach-sys v0.5.4
[INFO] [stderr]   Downloaded pmetal-mlx-sys v0.2.4
[INFO] [stderr]   Downloaded winnow v1.0.0
[INFO] running `Command { std: "docker" "create" "-v" "/var/lib/crater-agent-workspace/builds/worker-5-tc1/source:/opt/rustwide/workdir:ro,Z" "-v" "/var/lib/crater-agent-workspace/builds/worker-5-tc1/target:/opt/rustwide/target:rw,Z" "-v" "/var/lib/crater-agent-workspace/cargo-home:/opt/rustwide/cargo-home:ro,Z" "-v" "/var/lib/crater-agent-workspace/rustup-home:/opt/rustwide/rustup-home:ro,Z" "-m" "1610612736" "--network" "none" "ghcr.io/rust-lang/crates-build-env/linux@sha256:77db811e55d90add9212f6832c23229e3de5f1c1f9905e8cb07319ea15df73ac" "sleep" "infinity", kill_on_drop: false }`
[INFO] [stdout] 70db2987df2d6858a79c3346a7fe581a369ec51703866d2aa98410b10811cfd3
[INFO] running `Command { std: "docker" "start" "70db2987df2d6858a79c3346a7fe581a369ec51703866d2aa98410b10811cfd3", kill_on_drop: false }`
[INFO] running `Command { std: "docker" "inspect" "70db2987df2d6858a79c3346a7fe581a369ec51703866d2aa98410b10811cfd3", kill_on_drop: false }`
[INFO] running `Command { std: "docker" "exec" "-e" "SOURCE_DIR=/opt/rustwide/workdir" "-e" "CARGO_HOME=/opt/rustwide/cargo-home" "-e" "RUSTUP_HOME=/opt/rustwide/rustup-home" "-e" "CARGO_TARGET_DIR=/opt/rustwide/target" "-w" "/opt/rustwide/workdir" "--user" "0:0" "70db2987df2d6858a79c3346a7fe581a369ec51703866d2aa98410b10811cfd3" "/opt/rustwide/cargo-home/bin/cargo" "+1.99.0-beta.8" "metadata" "--no-deps" "--format-version=1", kill_on_drop: false }`
[INFO] running `Command { std: "docker" "inspect" "70db2987df2d6858a79c3346a7fe581a369ec51703866d2aa98410b10811cfd3", kill_on_drop: false }`
[INFO] running `Command { std: "docker" "exec" "-e" "SOURCE_DIR=/opt/rustwide/workdir" "-e" "CARGO_HOME=/opt/rustwide/cargo-home" "-e" "RUSTUP_HOME=/opt/rustwide/rustup-home" "-e" "CARGO_TARGET_DIR=/opt/rustwide/target" "-e" "CARGO_INCREMENTAL=0" "-e" "RUST_BACKTRACE=full" "-e" "RUSTFLAGS=--cap-lints=warn" "-e" "RUSTDOCFLAGS=--cap-lints=warn" "-w" "/opt/rustwide/workdir" "--user" "0:0" "70db2987df2d6858a79c3346a7fe581a369ec51703866d2aa98410b10811cfd3" "/opt/rustwide/cargo-home/bin/cargo" "+1.99.0-beta.8" "build" "--frozen" "--message-format=json" "--release", kill_on_drop: false }`
[INFO] [stderr]    Compiling glob v0.3.3
[INFO] [stderr]    Compiling either v1.15.0
[INFO] [stderr]    Compiling prettyplease v0.2.37
[INFO] [stderr]    Compiling libc v0.2.183
[INFO] [stderr]    Compiling minimal-lexical v0.2.1
[INFO] [stderr]    Compiling regex-syntax v0.8.10
[INFO] [stderr]    Compiling memchr v2.8.0
[INFO] [stderr]    Compiling libloading v0.8.9
[INFO] [stderr]    Compiling winnow v1.0.0
[INFO] [stderr]    Compiling bindgen v0.72.1
[INFO] [stderr]    Compiling cc v1.2.57
[INFO] [stderr]    Compiling darling_core v0.21.3
[INFO] [stderr]    Compiling clang-sys v1.8.1
[INFO] [stderr]    Compiling indexmap v2.13.0
[INFO] [stderr]    Compiling itertools v0.13.0
[INFO] [stderr]    Compiling nom v7.1.3
[INFO] [stderr]    Compiling regex-automata v0.4.14
[INFO] [stderr]    Compiling toml_parser v1.0.10+spec-1.1.0
[INFO] [stderr]    Compiling toml_datetime v1.0.1+spec-1.1.0
[INFO] [stderr]    Compiling bitflags v2.11.0
[INFO] [stderr]    Compiling rustc-hash v2.1.1
[INFO] [stderr]    Compiling toml_edit v0.25.5+spec-1.1.0
[INFO] [stderr]    Compiling num-traits v0.2.19
[INFO] [stderr]    Compiling cmake v0.1.57
[INFO] [stderr]    Compiling fastrand v2.3.0
[INFO] [stderr]    Compiling zerocopy v0.8.47
[INFO] [stderr]    Compiling cexpr v0.6.0
[INFO] [stderr]    Compiling mach-sys v0.5.4
[INFO] [stderr]    Compiling zerocopy-derive v0.8.47
[INFO] [stderr]    Compiling smallvec v1.15.1
[INFO] [stderr]    Compiling regex v1.12.3
[INFO] [stderr]    Compiling proc-macro-crate v3.5.0
[INFO] [stderr]    Compiling strum_macros v0.27.2
[INFO] [stderr]    Compiling itertools v0.14.0
[INFO] [stderr]    Compiling parking_lot_core v0.9.12
[INFO] [stderr]    Compiling darling_macro v0.21.3
[INFO] [stderr]    Compiling darling v0.21.3
[INFO] [stderr]    Compiling num_enum_derive v0.7.6
[INFO] [stderr]    Compiling thiserror-impl v2.0.18
[INFO] [stderr]    Compiling num_enum v0.7.6
[INFO] [stderr]    Compiling mlx-macros v0.25.3
[INFO] [stderr]    Compiling mlx-internal-macros v0.25.3
[INFO] [stderr]    Compiling num-complex v0.4.6
[INFO] [stderr]    Compiling thiserror v2.0.18
[INFO] [stderr]    Compiling parking_lot v0.12.5
[INFO] [stderr]    Compiling dyn-clone v1.0.20
[INFO] [stderr]    Compiling strum v0.27.2
[INFO] [stderr]    Compiling pmetal-mlx-sys v0.2.4
[INFO] [stderr]    Compiling half v2.7.1
[INFO] [stderr] error: failed to run custom build command for `pmetal-mlx-sys v0.2.4`
[INFO] [stderr] note: To improve backtraces for build dependencies, set the CARGO_PROFILE_RELEASE_BUILD_OVERRIDE_DEBUG=true environment variable to enable debug information generation.
[INFO] [stderr] 
[INFO] [stderr] Caused by:
[INFO] [stderr]   process didn't exit successfully: `/opt/rustwide/target/release/build/pmetal-mlx-sys-e232651717ff8c30/build-script-build` (exit status: 101)
[INFO] [stderr]   --- stdout
[INFO] [stderr]   cargo:rerun-if-changed=patches/metallib-search-path.patch
[INFO] [stderr]   CMAKE_TOOLCHAIN_FILE_x86_64-unknown-linux-gnu = None
[INFO] [stderr]   CMAKE_TOOLCHAIN_FILE_x86_64_unknown_linux_gnu = None
[INFO] [stderr]   HOST_CMAKE_TOOLCHAIN_FILE = None
[INFO] [stderr]   CMAKE_TOOLCHAIN_FILE = None
[INFO] [stderr]   CMAKE_GENERATOR_x86_64-unknown-linux-gnu = None
[INFO] [stderr]   CMAKE_GENERATOR_x86_64_unknown_linux_gnu = None
[INFO] [stderr]   HOST_CMAKE_GENERATOR = None
[INFO] [stderr]   CMAKE_GENERATOR = None
[INFO] [stderr]   CMAKE_PREFIX_PATH_x86_64-unknown-linux-gnu = None
[INFO] [stderr]   CMAKE_PREFIX_PATH_x86_64_unknown_linux_gnu = None
[INFO] [stderr]   HOST_CMAKE_PREFIX_PATH = None
[INFO] [stderr]   CMAKE_PREFIX_PATH = None
[INFO] [stderr]   CMAKE_x86_64-unknown-linux-gnu = None
[INFO] [stderr]   CMAKE_x86_64_unknown_linux_gnu = None
[INFO] [stderr]   HOST_CMAKE = None
[INFO] [stderr]   CMAKE = None
[INFO] [stderr]   Running with debug output on.
[INFO] [stderr]   -- The CXX compiler identification is GNU 15.2.0
[INFO] [stderr]      Called from: [3]	/opt/rustwide/target/release/build/pmetal-mlx-sys-ad9fdaf922d72e14/out/mlx-c-staged/CMakeLists.txt
[INFO] [stderr]                   [2]	/usr/share/cmake-4.2/Modules/CMakeDetermineCXXCompiler.cmake
[INFO] [stderr]                   [1]	/usr/share/cmake-4.2/Modules/CMakeDetermineCompilerId.cmake
[INFO] [stderr]   -- The C compiler identification is GNU 15.2.0
[INFO] [stderr]      Called from: [3]	/opt/rustwide/target/release/build/pmetal-mlx-sys-ad9fdaf922d72e14/out/mlx-c-staged/CMakeLists.txt
[INFO] [stderr]                   [2]	/usr/share/cmake-4.2/Modules/CMakeDetermineCCompiler.cmake
[INFO] [stderr]                   [1]	/usr/share/cmake-4.2/Modules/CMakeDetermineCompilerId.cmake
[INFO] [stderr]   -- Detecting CXX compiler ABI info
[INFO] [stderr]      Called from: [3]	/opt/rustwide/target/release/build/pmetal-mlx-sys-ad9fdaf922d72e14/out/mlx-c-staged/CMakeLists.txt
[INFO] [stderr]                   [2]	/usr/share/cmake-4.2/Modules/CMakeTestCXXCompiler.cmake
[INFO] [stderr]                   [1]	/usr/share/cmake-4.2/Modules/CMakeDetermineCompilerABI.cmake
[INFO] [stderr]   -- Detecting CXX compiler ABI info - done
[INFO] [stderr]      Called from: [3]	/opt/rustwide/target/release/build/pmetal-mlx-sys-ad9fdaf922d72e14/out/mlx-c-staged/CMakeLists.txt
[INFO] [stderr]                   [2]	/usr/share/cmake-4.2/Modules/CMakeTestCXXCompiler.cmake
[INFO] [stderr]                   [1]	/usr/share/cmake-4.2/Modules/CMakeDetermineCompilerABI.cmake
[INFO] [stderr]   -- Check for working CXX compiler: /usr/bin/c++ - skipped
[INFO] [stderr]      Called from: [2]	/opt/rustwide/target/release/build/pmetal-mlx-sys-ad9fdaf922d72e14/out/mlx-c-staged/CMakeLists.txt
[INFO] [stderr]                   [1]	/usr/share/cmake-4.2/Modules/CMakeTestCXXCompiler.cmake
[INFO] [stderr]   -- Detecting CXX compile features
[INFO] [stderr]      Called from: [3]	/opt/rustwide/target/release/build/pmetal-mlx-sys-ad9fdaf922d72e14/out/mlx-c-staged/CMakeLists.txt
[INFO] [stderr]                   [2]	/usr/share/cmake-4.2/Modules/CMakeTestCXXCompiler.cmake
[INFO] [stderr]                   [1]	/usr/share/cmake-4.2/Modules/CMakeDetermineCompilerSupport.cmake
[INFO] [stderr]   -- Detecting CXX compile features - done
[INFO] [stderr]      Called from: [3]	/opt/rustwide/target/release/build/pmetal-mlx-sys-ad9fdaf922d72e14/out/mlx-c-staged/CMakeLists.txt
[INFO] [stderr]                   [2]	/usr/share/cmake-4.2/Modules/CMakeTestCXXCompiler.cmake
[INFO] [stderr]                   [1]	/usr/share/cmake-4.2/Modules/CMakeDetermineCompilerSupport.cmake
[INFO] [stderr]   -- Detecting C compiler ABI info
[INFO] [stderr]      Called from: [3]	/opt/rustwide/target/release/build/pmetal-mlx-sys-ad9fdaf922d72e14/out/mlx-c-staged/CMakeLists.txt
[INFO] [stderr]                   [2]	/usr/share/cmake-4.2/Modules/CMakeTestCCompiler.cmake
[INFO] [stderr]                   [1]	/usr/share/cmake-4.2/Modules/CMakeDetermineCompilerABI.cmake
[INFO] [stderr]   -- Detecting C compiler ABI info - done
[INFO] [stderr]      Called from: [3]	/opt/rustwide/target/release/build/pmetal-mlx-sys-ad9fdaf922d72e14/out/mlx-c-staged/CMakeLists.txt
[INFO] [stderr]                   [2]	/usr/share/cmake-4.2/Modules/CMakeTestCCompiler.cmake
[INFO] [stderr]                   [1]	/usr/share/cmake-4.2/Modules/CMakeDetermineCompilerABI.cmake
[INFO] [stderr]   -- Check for working C compiler: /usr/bin/cc - skipped
[INFO] [stderr]      Called from: [2]	/opt/rustwide/target/release/build/pmetal-mlx-sys-ad9fdaf922d72e14/out/mlx-c-staged/CMakeLists.txt
[INFO] [stderr]                   [1]	/usr/share/cmake-4.2/Modules/CMakeTestCCompiler.cmake
[INFO] [stderr]   -- Detecting C compile features
[INFO] [stderr]      Called from: [3]	/opt/rustwide/target/release/build/pmetal-mlx-sys-ad9fdaf922d72e14/out/mlx-c-staged/CMakeLists.txt
[INFO] [stderr]                   [2]	/usr/share/cmake-4.2/Modules/CMakeTestCCompiler.cmake
[INFO] [stderr]                   [1]	/usr/share/cmake-4.2/Modules/CMakeDetermineCompilerSupport.cmake
[INFO] [stderr]   -- Detecting C compile features - done
[INFO] [stderr]      Called from: [3]	/opt/rustwide/target/release/build/pmetal-mlx-sys-ad9fdaf922d72e14/out/mlx-c-staged/CMakeLists.txt
[INFO] [stderr]                   [2]	/usr/share/cmake-4.2/Modules/CMakeTestCCompiler.cmake
[INFO] [stderr]                   [1]	/usr/share/cmake-4.2/Modules/CMakeDetermineCompilerSupport.cmake
[INFO] [stderr]   -- Configuring incomplete, errors occurred!
[INFO] [stderr] 
[INFO] [stderr]   --- stderr
[INFO] [stderr]   running: cd "/opt/rustwide/target/release/build/pmetal-mlx-sys-ad9fdaf922d72e14/out/build" && CMAKE_PREFIX_PATH="" LC_ALL="C" "cmake" "-Wdev" "--debug-output" "/opt/rustwide/target/release/build/pmetal-mlx-sys-ad9fdaf922d72e14/out/mlx-c-staged" "-B" "/opt/rustwide/target/release/build/pmetal-mlx-sys-ad9fdaf922d72e14/out/build" "-DCMAKE_INSTALL_PREFIX=." "-DCMAKE_C_COMPILER=/usr/bin/cc" "-DCMAKE_CXX_COMPILER=/usr/bin/c++" "-DCMAKE_BUILD_TYPE=Release" "-DMLX_BUILD_METAL=OFF" "-DMLX_BUILD_ACCELERATE=OFF" "-DMLX_BUILD_METAL=ON" "-DMLX_BUILD_ACCELERATE=ON" "-DCMAKE_C_FLAGS= -ffunction-sections -fdata-sections -fPIC -m64 -w" "-DCMAKE_CXX_FLAGS= -ffunction-sections -fdata-sections -fPIC -m64 -w" "-DCMAKE_ASM_FLAGS= -ffunction-sections -fdata-sections -fPIC -m64 -w" "-DCMAKE_ASM_COMPILER=/usr/bin/cc" "-DCMAKE_VERBOSE_MAKEFILE:BOOL=ON"
[INFO] [stderr]   CMake Warning (dev) at /usr/share/cmake-4.2/Modules/CMakeDetermineCompiler.cmake:128 (set):
[INFO] [stderr]     Policy CMP0126 is not set: set(CACHE) does not remove a normal variable of
[INFO] [stderr]     the same name.  Run "cmake --help-policy CMP0126" for policy details.  Use
[INFO] [stderr]     the cmake_policy command to set the policy and suppress this warning.
[INFO] [stderr] 
[INFO] [stderr]     For compatibility with older versions of CMake, normal variable
[INFO] [stderr]     "CMAKE_CXX_COMPILER" will be removed from the current scope.
[INFO] [stderr]   Call Stack (most recent call first):
[INFO] [stderr]     /usr/share/cmake-4.2/Modules/CMakeDetermineCXXCompiler.cmake:71 (_cmake_find_compiler_path)
[INFO] [stderr]     CMakeLists.txt:6 (project)
[INFO] [stderr]   This warning is for project developers.  Use -Wno-dev to suppress it.
[INFO] [stderr] 
[INFO] [stderr]      Called from: [3]	/opt/rustwide/target/release/build/pmetal-mlx-sys-ad9fdaf922d72e14/out/mlx-c-staged/CMakeLists.txt
[INFO] [stderr]                   [2]	/usr/share/cmake-4.2/Modules/CMakeDetermineCXXCompiler.cmake
[INFO] [stderr]                   [1]	/usr/share/cmake-4.2/Modules/CMakeDetermineCompiler.cmake
[INFO] [stderr]   CMake Warning (dev) at /usr/share/cmake-4.2/Modules/CMakeDetermineCompiler.cmake:128 (set):
[INFO] [stderr]     Policy CMP0126 is not set: set(CACHE) does not remove a normal variable of
[INFO] [stderr]     the same name.  Run "cmake --help-policy CMP0126" for policy details.  Use
[INFO] [stderr]     the cmake_policy command to set the policy and suppress this warning.
[INFO] [stderr] 
[INFO] [stderr]     For compatibility with older versions of CMake, normal variable
[INFO] [stderr]     "CMAKE_C_COMPILER" will be removed from the current scope.
[INFO] [stderr]   Call Stack (most recent call first):
[INFO] [stderr]     /usr/share/cmake-4.2/Modules/CMakeDetermineCCompiler.cmake:67 (_cmake_find_compiler_path)
[INFO] [stderr]     CMakeLists.txt:6 (project)
[INFO] [stderr]   This warning is for project developers.  Use -Wno-dev to suppress it.
[INFO] [stderr] 
[INFO] [stderr]      Called from: [3]	/opt/rustwide/target/release/build/pmetal-mlx-sys-ad9fdaf922d72e14/out/mlx-c-staged/CMakeLists.txt
[INFO] [stderr]                   [2]	/usr/share/cmake-4.2/Modules/CMakeDetermineCCompiler.cmake
[INFO] [stderr]                   [1]	/usr/share/cmake-4.2/Modules/CMakeDetermineCompiler.cmake
[INFO] [stderr]   CMake Warning (dev) at /usr/share/cmake-4.2/Modules/CMakeFindBinUtils.cmake:243 (find_program):
[INFO] [stderr]     Policy CMP0126 is not set: set(CACHE) does not remove a normal variable of
[INFO] [stderr]     the same name.  Run "cmake --help-policy CMP0126" for policy details.  Use
[INFO] [stderr]     the cmake_policy command to set the policy and suppress this warning.
[INFO] [stderr] 
[INFO] [stderr]     For compatibility with older versions of CMake, normal variable
[INFO] [stderr]     "CMAKE_TAPI" will be removed from the current scope.
[INFO] [stderr]   Call Stack (most recent call first):
[INFO] [stderr]     /usr/share/cmake-4.2/Modules/CMakeDetermineCCompiler.cmake:200 (include)
[INFO] [stderr]     CMakeLists.txt:6 (project)
[INFO] [stderr]   This warning is for project developers.  Use -Wno-dev to suppress it.
[INFO] [stderr] 
[INFO] [stderr]      Called from: [3]	/opt/rustwide/target/release/build/pmetal-mlx-sys-ad9fdaf922d72e14/out/mlx-c-staged/CMakeLists.txt
[INFO] [stderr]                   [2]	/usr/share/cmake-4.2/Modules/CMakeDetermineCCompiler.cmake
[INFO] [stderr]                   [1]	/usr/share/cmake-4.2/Modules/CMakeFindBinUtils.cmake
[INFO] [stderr]   [ 11%] Creating directories for 'mlx-populate'
[INFO] [stderr]   [ 22%] Performing download step (git clone) for 'mlx-populate'
[INFO] [stderr]   Cloning into 'mlx-src'...
[INFO] [stderr]   fatal: unable to access 'https://github.com/ml-explore/mlx.git/': Could not resolve host: github.com
[INFO] [stderr]   Cloning into 'mlx-src'...
[INFO] [stderr]   fatal: unable to access 'https://github.com/ml-explore/mlx.git/': Could not resolve host: github.com
[INFO] [stderr]   Cloning into 'mlx-src'...
[INFO] [stderr]   fatal: unable to access 'https://github.com/ml-explore/mlx.git/': Could not resolve host: github.com
[INFO] [stderr]   Had to git clone more than once: 3 times.
[INFO] [stderr]   CMake Error at mlx-subbuild/mlx-populate-prefix/tmp/mlx-populate-gitclone.cmake:50 (message):
[INFO] [stderr]     Failed to clone repository: 'https://github.com/ml-explore/mlx.git'
[INFO] [stderr] 
[INFO] [stderr] 
[INFO] [stderr]   gmake[2]: *** [CMakeFiles/mlx-populate.dir/build.make:102: mlx-populate-prefix/src/mlx-populate-stamp/mlx-populate-download] Error 1
[INFO] [stderr]   gmake[1]: *** [CMakeFiles/Makefile2:87: CMakeFiles/mlx-populate.dir/all] Error 2
[INFO] [stderr]   gmake: *** [Makefile:91: all] Error 2
[INFO] [stderr] 
[INFO] [stderr]      Called from: [6]	/opt/rustwide/target/release/build/pmetal-mlx-sys-ad9fdaf922d72e14/out/mlx-c-staged/CMakeLists.txt
[INFO] [stderr]                   [5]	/usr/share/cmake-4.2/Modules/FetchContent.cmake
[INFO] [stderr]                   [4]	/usr/share/cmake-4.2/Modules/FetchContent.cmake
[INFO] [stderr]                   [3]	/usr/share/cmake-4.2/Modules/FetchContent.cmake:2155:EVAL
[INFO] [stderr]                   [2]	/usr/share/cmake-4.2/Modules/FetchContent.cmake
[INFO] [stderr]                   [1]	/usr/share/cmake-4.2/Modules/FetchContent.cmake
[INFO] [stderr]   CMake Error at /usr/share/cmake-4.2/Modules/FetchContent.cmake:1928 (message):
[INFO] [stderr]     Build step for mlx failed: 2
[INFO] [stderr]   Call Stack (most recent call first):
[INFO] [stderr]     /usr/share/cmake-4.2/Modules/FetchContent.cmake:1619 (__FetchContent_populateSubbuild)
[INFO] [stderr]     /usr/share/cmake-4.2/Modules/FetchContent.cmake:2155:EVAL:2 (__FetchContent_doPopulation)
[INFO] [stderr]     /usr/share/cmake-4.2/Modules/FetchContent.cmake:2155 (cmake_language)
[INFO] [stderr]     /usr/share/cmake-4.2/Modules/FetchContent.cmake:2394 (__FetchContent_Populate)
[INFO] [stderr]     CMakeLists.txt:40 (FetchContent_MakeAvailable)
[INFO] [stderr] 
[INFO] [stderr] 
[INFO] [stderr]      Called from: [6]	/opt/rustwide/target/release/build/pmetal-mlx-sys-ad9fdaf922d72e14/out/mlx-c-staged/CMakeLists.txt
[INFO] [stderr]                   [5]	/usr/share/cmake-4.2/Modules/FetchContent.cmake
[INFO] [stderr]                   [4]	/usr/share/cmake-4.2/Modules/FetchContent.cmake
[INFO] [stderr]                   [3]	/usr/share/cmake-4.2/Modules/FetchContent.cmake:2155:EVAL
[INFO] [stderr]                   [2]	/usr/share/cmake-4.2/Modules/FetchContent.cmake
[INFO] [stderr]                   [1]	/usr/share/cmake-4.2/Modules/FetchContent.cmake
[INFO] [stderr] 
[INFO] [stderr]   thread 'main' (864) panicked at /opt/rustwide/cargo-home/registry/src/index.crates.io-1949cf8c6b5b557f/cmake-0.1.57/src/lib.rs:1132:5:
[INFO] [stderr] 
[INFO] [stderr]   command did not execute successfully, got: exit status: 1
[INFO] [stderr] 
[INFO] [stderr]   build script failed, must exit now
[INFO] [stderr]   stack backtrace:
[INFO] [stderr]      0:     0x60afe713a571 - <<std[70759c8f55707aa4]::sys::backtrace::BacktraceLock>::print::DisplayBacktrace as core[df12db4294e9bfd3]::fmt::Display>::fmt
[INFO] [stderr]      1:     0x60afe715258a - core[df12db4294e9bfd3]::fmt::write
[INFO] [stderr]      2:     0x60afe7140a3c - <std[70759c8f55707aa4]::sys::stdio::unix::Stderr as core[df12db4294e9bfd3]::io::write::Write>::write_fmt
[INFO] [stderr]      3:     0x60afe7116266 - std[70759c8f55707aa4]::panicking::default_hook::{closure#0}
[INFO] [stderr]      4:     0x60afe7133301 - std[70759c8f55707aa4]::panicking::default_hook
[INFO] [stderr]      5:     0x60afe713362b - std[70759c8f55707aa4]::panicking::panic_with_hook
[INFO] [stderr]      6:     0x60afe7116312 - std[70759c8f55707aa4]::panicking::panic_handler::{closure#0}
[INFO] [stderr]      7:     0x60afe710ed19 - std[70759c8f55707aa4]::sys::backtrace::__rust_end_short_backtrace::<std[70759c8f55707aa4]::panicking::panic_handler::{closure#0}, !>
[INFO] [stderr]      8:     0x60afe7116b2d - __rustc[8fa7c3cbc660c2b3]::rust_begin_unwind
[INFO] [stderr]      9:     0x60afe7152dac - core[df12db4294e9bfd3]::panicking::panic_fmt
[INFO] [stderr]     10:     0x60afe70a4437 - cmake[971f11741df1f9dc]::fail
[INFO] [stderr]     11:     0x60afe70a40c3 - cmake[971f11741df1f9dc]::run
[INFO] [stderr]     12:     0x60afe70a99a2 - <cmake[971f11741df1f9dc]::Config>::build
[INFO] [stderr]     13:     0x60afe6bb57c5 - build_script_build[1482e2a817f1b869]::build_and_link_mlx_c
[INFO] [stderr]     14:     0x60afe6bb6995 - build_script_build[1482e2a817f1b869]::main
[INFO] [stderr]     15:     0x60afe6bb89f3 - <fn() as core[df12db4294e9bfd3]::ops::function::FnOnce<()>>::call_once
[INFO] [stderr]     16:     0x60afe6bb3b56 - std[70759c8f55707aa4]::sys::backtrace::__rust_begin_short_backtrace::<fn(), ()>
[INFO] [stderr]     17:     0x60afe6bb3c49 - std[70759c8f55707aa4]::rt::lang_start::<()>::{closure#0}
[INFO] [stderr]     18:     0x60afe71325b9 - std[70759c8f55707aa4]::rt::lang_start_internal
[INFO] [stderr]     19:     0x60afe6bb3231 - std[70759c8f55707aa4]::rt::lang_start::<()>
[INFO] [stderr]     20:     0x60afe6bb8d75 - main
[INFO] [stderr]     21:     0x740ea43bb601 - <unknown>
[INFO] [stderr]     22:     0x740ea43bb718 - __libc_start_main
[INFO] [stderr]     23:     0x60afe6bb1535 - _start
[INFO] [stderr]     24:                0x0 - <unknown>
[INFO] running `Command { std: "docker" "inspect" "70db2987df2d6858a79c3346a7fe581a369ec51703866d2aa98410b10811cfd3", kill_on_drop: false }`
[INFO] running `Command { std: "docker" "rm" "-f" "70db2987df2d6858a79c3346a7fe581a369ec51703866d2aa98410b10811cfd3", kill_on_drop: false }`
[INFO] [stdout] 70db2987df2d6858a79c3346a7fe581a369ec51703866d2aa98410b10811cfd3
