[INFO] fetching crate plurimus_widgets 0.8.0...
[INFO] testing plurimus_widgets-0.8.0 against 1.99.0-beta.8+cargoflags=--release for beta-release-1.100-2
[INFO] extracting crate plurimus_widgets 0.8.0 into /workspace/builds/worker-3-tc1/source
[INFO] started tweaking crates.io crate plurimus_widgets 0.8.0
[INFO] removed 0 missing tests
[INFO] finished tweaking crates.io crate plurimus_widgets 0.8.0
[INFO] tweaked toml for crates.io crate plurimus_widgets 0.8.0 written to /workspace/builds/worker-3-tc1/source/Cargo.toml
[INFO] validating manifest of crates.io crate plurimus_widgets 0.8.0 on toolchain 1.99.0-beta.8
[INFO] running `Command { std: CARGO_HOME="/workspace/cargo-home" RUSTUP_HOME="/workspace/rustup-home" "/workspace/cargo-home/bin/cargo" "+1.99.0-beta.8" "metadata" "--manifest-path" "Cargo.toml" "--no-deps", kill_on_drop: false }`
[INFO] crate crates.io crate plurimus_widgets 0.8.0 already has a lockfile, it will not be regenerated
[INFO] running `Command { std: CARGO_HOME="/workspace/cargo-home" RUSTUP_HOME="/workspace/rustup-home" "/workspace/cargo-home/bin/cargo" "+1.99.0-beta.8" "fetch" "--manifest-path" "Cargo.toml", kill_on_drop: false }`
[INFO] [stderr]     Updating crates.io index
[INFO] [stderr]  Downloading crates ...
[INFO] [stderr]   Downloaded bitflags v2.13.1
[INFO] [stderr]   Downloaded either v1.17.0
[INFO] [stderr]   Downloaded thiserror v2.0.19
[INFO] [stderr]   Downloaded lru v0.18.2
[INFO] [stderr]   Downloaded thiserror-impl v2.0.19
[INFO] [stderr]   Downloaded bevy_platform v0.19.1
[INFO] [stderr]   Downloaded futures-io v0.3.33
[INFO] [stderr]   Downloaded futures-core v0.3.33
[INFO] [stderr]   Downloaded plurimus_core v0.8.0
[INFO] [stderr]   Downloaded web-task v1.1.3
[INFO] [stderr]   Downloaded nonmax v0.5.5
[INFO] [stderr]   Downloaded disqualified v1.0.0
[INFO] [stderr]   Downloaded futures-task v0.3.33
[INFO] [stderr]   Downloaded variadics_please v1.1.0
[INFO] [stderr]   Downloaded darling_macro v0.24.0
[INFO] [stderr]   Downloaded hash32 v0.3.1
[INFO] [stderr]   Downloaded bevy_derive v0.19.1
[INFO] [stderr]   Downloaded typeid v1.0.3
[INFO] [stderr]   Downloaded ctrlc v3.5.2
[INFO] [stderr]   Downloaded bevy_ecs_macros v0.19.1
[INFO] [stderr]   Downloaded bevy_ecs_macro_logic v0.19.1
[INFO] [stderr]   Downloaded encase_derive_impl v0.12.0
[INFO] [stderr]   Downloaded plurimus_term v0.8.0
[INFO] [stderr]   Downloaded encase_derive v0.12.0
[INFO] [stderr]   Downloaded downcast-rs v2.0.2
[INFO] [stderr]   Downloaded spin v0.10.1
[INFO] [stderr]   Downloaded erased-serde v0.4.10
[INFO] [stderr]   Downloaded bevy_ptr v0.19.1
[INFO] [stderr]   Downloaded bevy_input v0.19.1
[INFO] [stderr]   Downloaded bytemuck_derive v1.11.0
[INFO] [stderr]   Downloaded bevy_macro_utils v0.19.1
[INFO] [stderr]   Downloaded assert_type_match v0.1.1
[INFO] [stderr]   Downloaded bevy_time v0.19.1
[INFO] [stderr]   Downloaded bevy_window v0.19.1
[INFO] [stderr]   Downloaded bevy_input_focus v0.19.1
[INFO] [stderr]   Downloaded console v0.16.4
[INFO] [stderr]   Downloaded tui-scrollview v0.6.7
[INFO] [stderr]   Downloaded bevy_utils v0.19.1
[INFO] [stderr]   Downloaded futures-channel v0.3.33
[INFO] [stderr]   Downloaded bevy_tasks v0.19.1
[INFO] [stderr]   Downloaded crossbeam-queue v0.3.13
[INFO] [stderr]   Downloaded toml_parser v1.1.3+spec-1.1.0
[INFO] [stderr]   Downloaded bevy_color v0.19.1
[INFO] [stderr]   Downloaded bevy_app v0.19.1
[INFO] [stderr]   Downloaded similar v2.7.0
[INFO] [stderr]   Downloaded darling v0.24.0
[INFO] [stderr]   Downloaded ratatui-textarea v0.9.2
[INFO] [stderr]   Downloaded uuid v1.24.0
[INFO] [stderr]   Downloaded bevy_reflect_derive v0.19.1
[INFO] [stderr]   Downloaded const_panic v0.2.15
[INFO] [stderr]   Downloaded typewit v1.15.2
[INFO] [stderr]   Downloaded plurimus_ui v0.8.0
[INFO] [stderr]   Downloaded toml_edit v0.25.13+spec-1.1.0
[INFO] [stderr]   Downloaded encase v0.12.0
[INFO] [stderr]   Downloaded rand_distr v0.6.0
[INFO] [stderr]   Downloaded darling_core v0.24.0
[INFO] [stderr]   Downloaded wgpu-types v29.0.4
[INFO] [stderr]   Downloaded insta v1.48.0
[INFO] [stderr]   Downloaded heapless v0.9.3
[INFO] [stderr]   Downloaded futures-util v0.3.33
[INFO] [stderr]   Downloaded portable-atomic v1.14.0
[INFO] [stderr]   Downloaded bevy_reflect v0.19.1
[INFO] [stderr]   Downloaded bevy_math v0.19.1
[INFO] [stderr]   Downloaded bevy_ecs v0.19.1
[INFO] [stderr]   Downloaded glam v0.32.1
[INFO] running `Command { std: "docker" "create" "-v" "/var/lib/crater-agent-workspace/builds/worker-3-tc1/source:/opt/rustwide/workdir:ro,Z" "-v" "/var/lib/crater-agent-workspace/builds/worker-3-tc1/target:/opt/rustwide/target:rw,Z" "-v" "/var/lib/crater-agent-workspace/cargo-home:/opt/rustwide/cargo-home:ro,Z" "-v" "/var/lib/crater-agent-workspace/rustup-home:/opt/rustwide/rustup-home:ro,Z" "-m" "1610612736" "--network" "none" "ghcr.io/rust-lang/crates-build-env/linux@sha256:77db811e55d90add9212f6832c23229e3de5f1c1f9905e8cb07319ea15df73ac" "sleep" "infinity", kill_on_drop: false }`
[INFO] [stdout] 1b442bed44d23129d9637864e7ad2163a48e45f9f9f8657e35790222b68a1adb
[INFO] running `Command { std: "docker" "start" "1b442bed44d23129d9637864e7ad2163a48e45f9f9f8657e35790222b68a1adb", kill_on_drop: false }`
[INFO] running `Command { std: "docker" "inspect" "1b442bed44d23129d9637864e7ad2163a48e45f9f9f8657e35790222b68a1adb", kill_on_drop: false }`
[INFO] running `Command { std: "docker" "exec" "-e" "SOURCE_DIR=/opt/rustwide/workdir" "-e" "CARGO_HOME=/opt/rustwide/cargo-home" "-e" "RUSTUP_HOME=/opt/rustwide/rustup-home" "-e" "CARGO_TARGET_DIR=/opt/rustwide/target" "-w" "/opt/rustwide/workdir" "--user" "0:0" "1b442bed44d23129d9637864e7ad2163a48e45f9f9f8657e35790222b68a1adb" "/opt/rustwide/cargo-home/bin/cargo" "+1.99.0-beta.8" "metadata" "--no-deps" "--format-version=1", kill_on_drop: false }`
[INFO] running `Command { std: "docker" "inspect" "1b442bed44d23129d9637864e7ad2163a48e45f9f9f8657e35790222b68a1adb", kill_on_drop: false }`
[INFO] running `Command { std: "docker" "exec" "-e" "SOURCE_DIR=/opt/rustwide/workdir" "-e" "CARGO_HOME=/opt/rustwide/cargo-home" "-e" "RUSTUP_HOME=/opt/rustwide/rustup-home" "-e" "CARGO_TARGET_DIR=/opt/rustwide/target" "-e" "CARGO_INCREMENTAL=0" "-e" "RUST_BACKTRACE=full" "-e" "RUSTFLAGS=--cap-lints=warn" "-e" "RUSTDOCFLAGS=--cap-lints=warn" "-w" "/opt/rustwide/workdir" "--user" "0:0" "1b442bed44d23129d9637864e7ad2163a48e45f9f9f8657e35790222b68a1adb" "/opt/rustwide/cargo-home/bin/cargo" "+1.99.0-beta.8" "build" "--frozen" "--message-format=json" "--release", kill_on_drop: false }`
[INFO] [stderr]    Compiling serde_core v1.0.229
[INFO] [stderr]    Compiling foldhash v0.2.0
[INFO] [stderr]    Compiling thiserror v2.0.19
[INFO] [stderr]    Compiling winnow v1.0.4
[INFO] [stderr]    Compiling serde v1.0.229
[INFO] [stderr]    Compiling toml_datetime v1.1.1+spec-1.1.0
[INFO] [stderr]    Compiling futures-io v0.3.33
[INFO] [stderr]    Compiling futures-core v0.3.33
[INFO] [stderr]    Compiling fastrand v2.5.0
[INFO] [stderr]    Compiling proc-macro2 v1.0.107
[INFO] [stderr]    Compiling bitflags v2.13.1
[INFO] [stderr]    Compiling unicode-segmentation v1.13.3
[INFO] [stderr]    Compiling crossbeam-utils v0.8.22
[INFO] [stderr]    Compiling spin v0.10.1
[INFO] [stderr]    Compiling rand_core v0.10.1
[INFO] [stderr]    Compiling typeid v1.0.3
[INFO] [stderr]    Compiling unicode-xid v0.2.6
[INFO] [stderr]    Compiling rand v0.10.2
[INFO] [stderr]    Compiling erased-serde v0.4.10
[INFO] [stderr]    Compiling either v1.17.0
[INFO] [stderr]    Compiling hashbrown v0.17.1
[INFO] [stderr]    Compiling futures-lite v2.6.1
[INFO] [stderr]    Compiling thread_local v1.1.10
[INFO] [stderr]    Compiling disqualified v1.0.0
[INFO] [stderr]    Compiling convert_case v0.10.0
[INFO] [stderr]    Compiling smallvec v1.15.2
[INFO] [stderr]    Compiling cfg_aliases v0.2.2
[INFO] [stderr]    Compiling bevy_ptr v0.19.1
[INFO] [stderr]    Compiling downcast-rs v2.0.2
[INFO] [stderr]    Compiling libc v0.2.189
[INFO] [stderr]    Compiling num-traits v0.2.19
[INFO] [stderr]    Compiling nix v0.31.3
[INFO] [stderr]    Compiling itertools v0.14.0
[INFO] [stderr]    Compiling quote v1.0.47
[INFO] [stderr]    Compiling arrayvec v0.7.8
[INFO] [stderr]    Compiling rustversion v1.0.23
[INFO] [stderr]    Compiling slotmap v1.1.1
[INFO] [stderr]    Compiling log v0.4.33
[INFO] [stderr]    Compiling syn v2.0.119
[INFO] [stderr]    Compiling syn v3.0.3
[INFO] [stderr]    Compiling fixedbitset v0.5.7
[INFO] [stderr]    Compiling heck v0.5.0
[INFO] [stderr]    Compiling nonmax v0.5.5
[INFO] [stderr]    Compiling strsim v0.11.1
[INFO] [stderr]    Compiling concurrent-queue v2.5.0
[INFO] [stderr]    Compiling crossbeam-queue v0.3.13
[INFO] [stderr]    Compiling castaway v0.2.4
[INFO] [stderr]    Compiling static_assertions v1.1.0
[INFO] [stderr]    Compiling typewit v1.15.2
[INFO] [stderr]    Compiling instability v0.3.13
[INFO] [stderr]    Compiling compact_str v0.9.1
[INFO] [stderr]    Compiling toml_parser v1.1.3+spec-1.1.0
[INFO] [stderr]    Compiling deranged v0.5.8
[INFO] [stderr]    Compiling indoc v2.0.7
[INFO] [stderr]    Compiling time-core v0.1.9
[INFO] [stderr]    Compiling powerfmt v0.2.0
[INFO] [stderr]    Compiling num-conv v0.2.2
[INFO] [stderr]    Compiling const_panic v0.2.15
[INFO] [stderr]    Compiling line-clipping v0.3.8
[INFO] [stderr]    Compiling indexmap v2.14.0
[INFO] [stderr]    Compiling async-executor v1.14.0
[INFO] [stderr]    Compiling lru v0.18.2
[INFO] [stderr]    Compiling crossbeam-channel v0.5.16
[INFO] [stderr]    Compiling rand_distr v0.6.0
[INFO] [stderr]    Compiling unicode-truncate v2.0.1
[INFO] [stderr]    Compiling toml_edit v0.25.13+spec-1.1.0
[INFO] [stderr]    Compiling time v0.3.55
[INFO] [stderr]    Compiling hashbrown v0.16.1
[INFO] [stderr]    Compiling bevy_macro_utils v0.19.1
[INFO] [stderr]    Compiling encase_derive_impl v0.12.0
[INFO] [stderr]    Compiling ctrlc v3.5.2
[INFO] [stderr]    Compiling bevy_ecs_macro_logic v0.19.1
[INFO] [stderr]    Compiling smol_str v0.2.2
[INFO] [stderr]    Compiling bytemuck_derive v1.11.0
[INFO] [stderr]    Compiling derive_more-impl v2.1.1
[INFO] [stderr]    Compiling assert_type_match v0.1.1
[INFO] [stderr]    Compiling variadics_please v1.1.0
[INFO] [stderr]    Compiling bevy_reflect_derive v0.19.1
[INFO] [stderr]    Compiling bevy_ecs_macros v0.19.1
[INFO] [stderr]    Compiling bevy_derive v0.19.1
[INFO] [stderr]    Compiling strum_macros v0.28.0
[INFO] [stderr]    Compiling encase_derive v0.12.0
[INFO] [stderr]    Compiling bevy_platform v0.19.1
[INFO] [stderr]    Compiling darling_core v0.24.0
[INFO] [stderr]    Compiling bevy_utils v0.19.1
[INFO] [stderr]    Compiling thiserror-impl v2.0.19
[INFO] [stderr]    Compiling strum v0.28.0
[INFO] [stderr]    Compiling bytemuck v1.25.2
[INFO] [stderr]    Compiling glam v0.32.1
[INFO] [stderr]    Compiling kasuari v0.4.12
[INFO] [stderr]    Compiling encase v0.12.0
[INFO] [stderr]    Compiling ratatui-core v0.1.2
[INFO] [stderr]    Compiling derive_more v2.1.1
[INFO] [stderr]    Compiling bevy_tasks v0.19.1
[INFO] [stderr]    Compiling darling_macro v0.24.0
[INFO] [stderr]    Compiling darling v0.24.0
[INFO] [stderr]    Compiling ratatui-widgets v0.3.2
[INFO] [stderr]    Compiling tui-scrollview v0.6.7
[INFO] [stderr]    Compiling ratatui-textarea v0.9.2
[INFO] [stderr]    Compiling bevy_reflect v0.19.1
[INFO] [stderr]    Compiling bevy_ecs v0.19.1
[INFO] [stderr]    Compiling bevy_math v0.19.1
[INFO] [stderr]    Compiling bevy_color v0.19.1
[INFO] [stderr]    Compiling bevy_app v0.19.1
[INFO] [stderr]    Compiling bevy_input v0.19.1
[INFO] [stderr]    Compiling plurimus_core v0.8.0
[INFO] [stderr]    Compiling bevy_time v0.19.1
[INFO] [stderr]    Compiling bevy_window v0.19.1
[INFO] [stderr]    Compiling plurimus_term v0.8.0
[INFO] [stderr]    Compiling bevy_input_focus v0.19.1
[INFO] [stderr]    Compiling plurimus_ui v0.8.0
[INFO] [stderr]    Compiling plurimus_widgets v0.8.0 (/opt/rustwide/workdir)
[INFO] [stderr]     Finished `release` profile [optimized] target(s) in 3m 26s
[INFO] running `Command { std: "docker" "inspect" "1b442bed44d23129d9637864e7ad2163a48e45f9f9f8657e35790222b68a1adb", kill_on_drop: false }`
[INFO] running `Command { std: "docker" "exec" "-e" "SOURCE_DIR=/opt/rustwide/workdir" "-e" "CARGO_HOME=/opt/rustwide/cargo-home" "-e" "RUSTUP_HOME=/opt/rustwide/rustup-home" "-e" "CARGO_TARGET_DIR=/opt/rustwide/target" "-e" "CARGO_INCREMENTAL=0" "-e" "RUST_BACKTRACE=full" "-e" "RUSTFLAGS=--cap-lints=warn" "-e" "RUSTDOCFLAGS=--cap-lints=warn" "-w" "/opt/rustwide/workdir" "--user" "0:0" "1b442bed44d23129d9637864e7ad2163a48e45f9f9f8657e35790222b68a1adb" "/opt/rustwide/cargo-home/bin/cargo" "+1.99.0-beta.8" "test" "--frozen" "--no-run" "--message-format=json" "--release", kill_on_drop: false }`
[INFO] [stderr]    Compiling rustix v1.1.4
[INFO] [stderr]    Compiling linux-raw-sys v0.12.1
[INFO] [stderr]    Compiling console v0.16.4
[INFO] [stderr]    Compiling similar v2.7.0
[INFO] [stderr]    Compiling getrandom v0.4.3
[INFO] [stderr]    Compiling tempfile v3.27.0
[INFO] [stderr]    Compiling insta v1.48.0
[INFO] [stderr]    Compiling plurimus_widgets v0.8.0 (/opt/rustwide/workdir)
[INFO] [stdout] error[E0432]: unresolved import `plurimus_test`
[INFO] [stdout]   --> tests/table_scroll.rs:10:5
[INFO] [stdout]    |
[INFO] [stdout] 10 | use plurimus_test::{click, composed_frame, press_key, send_mouse, set_focus};
[INFO] [stdout]    |     ^^^^^^^^^^^^^ use of unresolved module or unlinked crate `plurimus_test`
[INFO] [stdout]    |
[INFO] [stdout] help: there is a crate or module with a similar name
[INFO] [stdout]    |
[INFO] [stdout] 10 - use plurimus_test::{click, composed_frame, press_key, send_mouse, set_focus};
[INFO] [stdout] 10 + use plurimus_term::{click, composed_frame, press_key, send_mouse, set_focus};
[INFO] [stdout]    |
[INFO] [stdout] 
[INFO] [stdout] 
[INFO] [stdout] error[E0432]: unresolved import `plurimus_test`
[INFO] [stdout]   --> tests/nav.rs:14:5
[INFO] [stdout]    |
[INFO] [stdout] 14 | use plurimus_test::{press_key, set_focus};
[INFO] [stdout]    |     ^^^^^^^^^^^^^ use of unresolved module or unlinked crate `plurimus_test`
[INFO] [stdout]    |
[INFO] [stdout] help: there is a crate or module with a similar name
[INFO] [stdout]    |
[INFO] [stdout] 14 - use plurimus_test::{press_key, set_focus};
[INFO] [stdout] 14 + use plurimus_term::{press_key, set_focus};
[INFO] [stdout]    |
[INFO] [stdout] 
[INFO] [stdout] 
[INFO] [stdout] error[E0432]: unresolved import `plurimus_test`
[INFO] [stdout]   --> tests/label_repaint.rs:12:5
[INFO] [stdout]    |
[INFO] [stdout] 12 | use plurimus_test::{composed_frame, widget_content};
[INFO] [stdout]    |     ^^^^^^^^^^^^^ use of unresolved module or unlinked crate `plurimus_test`
[INFO] [stdout]    |
[INFO] [stdout] help: there is a crate or module with a similar name
[INFO] [stdout]    |
[INFO] [stdout] 12 - use plurimus_test::{composed_frame, widget_content};
[INFO] [stdout] 12 + use plurimus_term::{composed_frame, widget_content};
[INFO] [stdout]    |
[INFO] [stdout] 
[INFO] [stdout] 
[INFO] [stdout] For more information about this error, try `rustc --explain E0432`.
[INFO] [stdout] 
[INFO] [stdout] error[E0432]: unresolved import `plurimus_test`
[INFO] [stdout]   --> tests/text_input_selection.rs:15:5
[INFO] [stdout]    |
[INFO] [stdout] 15 | use plurimus_test::{
[INFO] [stdout]    |     ^^^^^^^^^^^^^ use of unresolved module or unlinked crate `plurimus_test`
[INFO] [stdout]    |
[INFO] [stdout] help: there is a crate or module with a similar name
[INFO] [stdout]    |
[INFO] [stdout] 15 - use plurimus_test::{
[INFO] [stdout] 15 + use plurimus_term::{
[INFO] [stdout]    |
[INFO] [stdout] 
[INFO] [stdout] 
[INFO] [stderr] error: could not compile `plurimus_widgets` (test "table_scroll") due to 1 previous error
[INFO] [stderr] warning: build failed, waiting for other jobs to finish...
[INFO] [stdout] error[E0432]: unresolved import `plurimus_test`
[INFO] [stdout]   --> tests/text_field_render.rs:11:5
[INFO] [stdout]    |
[INFO] [stdout] 11 | use plurimus_test::{press_key, set_focus};
[INFO] [stdout]    |     ^^^^^^^^^^^^^ use of unresolved module or unlinked crate `plurimus_test`
[INFO] [stdout]    |
[INFO] [stdout] help: there is a crate or module with a similar name
[INFO] [stdout]    |
[INFO] [stdout] 11 - use plurimus_test::{press_key, set_focus};
[INFO] [stdout] 11 + use plurimus_term::{press_key, set_focus};
[INFO] [stdout]    |
[INFO] [stdout] 
[INFO] [stdout] 
[INFO] [stdout] error[E0432]: unresolved import `plurimus_test`
[INFO] [stdout]   --> tests/tab_bar_style.rs:12:5
[INFO] [stdout]    |
[INFO] [stdout] 12 | use plurimus_test::{composed_styled_frame, set_focus, widget_content};
[INFO] [stdout]    |     ^^^^^^^^^^^^^ use of unresolved module or unlinked crate `plurimus_test`
[INFO] [stdout]    |
[INFO] [stdout] help: there is a crate or module with a similar name
[INFO] [stdout]    |
[INFO] [stdout] 12 - use plurimus_test::{composed_styled_frame, set_focus, widget_content};
[INFO] [stdout] 12 + use plurimus_term::{composed_styled_frame, set_focus, widget_content};
[INFO] [stdout]    |
[INFO] [stdout] 
[INFO] [stdout] 
[INFO] [stdout] For more information about this error, try `rustc --explain E0432`.
[INFO] [stdout] 
[INFO] [stdout] error[E0432]: unresolved import `plurimus_test`
[INFO] [stdout]  --> tests/text_editor_grapheme.rs:8:5
[INFO] [stdout]   |
[INFO] [stdout] 8 | use plurimus_test::{press_chord, press_key, set_focus};
[INFO] [stdout]   |     ^^^^^^^^^^^^^ use of unresolved module or unlinked crate `plurimus_test`
[INFO] [stdout]   |
[INFO] [stdout] help: there is a crate or module with a similar name
[INFO] [stdout]   |
[INFO] [stdout] 8 - use plurimus_test::{press_chord, press_key, set_focus};
[INFO] [stdout] 8 + use plurimus_term::{press_chord, press_key, set_focus};
[INFO] [stdout]   |
[INFO] [stdout] 
[INFO] [stdout] 
[INFO] [stdout] error[E0432]: unresolved import `plurimus_test`
[INFO] [stdout]   --> tests/activation_keys.rs:11:5
[INFO] [stdout]    |
[INFO] [stdout] 11 | use plurimus_test::{press_chord, press_key, repeat_key, set_focus};
[INFO] [stdout]    |     ^^^^^^^^^^^^^ use of unresolved module or unlinked crate `plurimus_test`
[INFO] [stdout]    |
[INFO] [stdout] help: there is a crate or module with a similar name
[INFO] [stdout]    |
[INFO] [stdout] 11 - use plurimus_test::{press_chord, press_key, repeat_key, set_focus};
[INFO] [stdout] 11 + use plurimus_term::{press_chord, press_key, repeat_key, set_focus};
[INFO] [stdout]    |
[INFO] [stdout] 
[INFO] [stdout] 
[INFO] [stdout] error[E0432]: unresolved import `plurimus_test`
[INFO] [stdout]   --> tests/tab_bar_click.rs:11:5
[INFO] [stdout]    |
[INFO] [stdout] 11 | use plurimus_test::{click, press_at};
[INFO] [stdout]    |     ^^^^^^^^^^^^^ use of unresolved module or unlinked crate `plurimus_test`
[INFO] [stdout]    |
[INFO] [stdout] help: there is a crate or module with a similar name
[INFO] [stdout]    |
[INFO] [stdout] 11 - use plurimus_test::{click, press_at};
[INFO] [stdout] 11 + use plurimus_term::{click, press_at};
[INFO] [stdout]    |
[INFO] [stdout] 
[INFO] [stdout] 
[INFO] [stderr] error: could not compile `plurimus_widgets` (test "label_repaint") due to 1 previous error
[INFO] [stdout] error[E0432]: unresolved import `plurimus_test`
[INFO] [stdout]  --> tests/listbox_rows.rs:9:5
[INFO] [stdout]   |
[INFO] [stdout] 9 | use plurimus_test::composed_frame;
[INFO] [stdout]   |     ^^^^^^^^^^^^^ use of unresolved module or unlinked crate `plurimus_test`
[INFO] [stdout]   |
[INFO] [stdout] help: there is a crate or module with a similar name
[INFO] [stdout]   |
[INFO] [stdout] 9 - use plurimus_test::composed_frame;
[INFO] [stdout] 9 + use plurimus_term::composed_frame;
[INFO] [stdout]   |
[INFO] [stdout] 
[INFO] [stdout] 
[INFO] [stdout] error[E0432]: unresolved import `plurimus_test`
[INFO] [stdout]   --> tests/disabled_subtree.rs:12:5
[INFO] [stdout]    |
[INFO] [stdout] 12 | use plurimus_test::{click, press_at, press_key, set_focus};
[INFO] [stdout]    |     ^^^^^^^^^^^^^ use of unresolved module or unlinked crate `plurimus_test`
[INFO] [stdout]    |
[INFO] [stdout] help: there is a crate or module with a similar name
[INFO] [stdout]    |
[INFO] [stdout] 12 - use plurimus_test::{click, press_at, press_key, set_focus};
[INFO] [stdout] 12 + use plurimus_term::{click, press_at, press_key, set_focus};
[INFO] [stdout]    |
[INFO] [stdout] 
[INFO] [stdout] 
[INFO] [stdout] For more information about this error, try `rustc --explain E0432`.
[INFO] [stdout] 
[INFO] [stdout] For more information about this error, try `rustc --explain E0432`.
[INFO] [stdout] 
[INFO] [stdout] error[E0432]: unresolved import `plurimus_test`
[INFO] [stdout]   --> tests/row_copy.rs:15:5
[INFO] [stdout]    |
[INFO] [stdout] 15 | use plurimus_test::{clipboard_writes, press_chord, press_key, set_focus};
[INFO] [stdout]    |     ^^^^^^^^^^^^^ use of unresolved module or unlinked crate `plurimus_test`
[INFO] [stdout]    |
[INFO] [stdout] help: there is a crate or module with a similar name
[INFO] [stdout]    |
[INFO] [stdout] 15 - use plurimus_test::{clipboard_writes, press_chord, press_key, set_focus};
[INFO] [stdout] 15 + use plurimus_term::{clipboard_writes, press_chord, press_key, set_focus};
[INFO] [stdout]    |
[INFO] [stdout] 
[INFO] [stdout] 
[INFO] [stderr] error: could not compile `plurimus_widgets` (test "nav") due to 1 previous error
[INFO] [stderr] error: could not compile `plurimus_widgets` (test "tab_bar_style") due to 1 previous error
[INFO] [stdout] error[E0432]: unresolved import `plurimus_test`
[INFO] [stdout]   --> tests/table_geometry.rs:10:5
[INFO] [stdout]    |
[INFO] [stdout] 10 | use plurimus_test::{click, composed_frame};
[INFO] [stdout]    |     ^^^^^^^^^^^^^ use of unresolved module or unlinked crate `plurimus_test`
[INFO] [stdout]    |
[INFO] [stdout] help: there is a crate or module with a similar name
[INFO] [stdout]    |
[INFO] [stdout] 10 - use plurimus_test::{click, composed_frame};
[INFO] [stdout] 10 + use plurimus_term::{click, composed_frame};
[INFO] [stdout]    |
[INFO] [stdout] 
[INFO] [stdout] 
[INFO] [stdout] error[E0432]: unresolved import `plurimus_test`
[INFO] [stdout]   --> tests/menu.rs:11:5
[INFO] [stdout]    |
[INFO] [stdout] 11 | use plurimus_test::{click, composed_frame, press_at, press_chord, press_key, send_mouse};
[INFO] [stdout]    |     ^^^^^^^^^^^^^ use of unresolved module or unlinked crate `plurimus_test`
[INFO] [stdout]    |
[INFO] [stdout] help: there is a crate or module with a similar name
[INFO] [stdout]    |
[INFO] [stdout] 11 - use plurimus_test::{click, composed_frame, press_at, press_chord, press_key, send_mouse};
[INFO] [stdout] 11 + use plurimus_term::{click, composed_frame, press_at, press_chord, press_key, send_mouse};
[INFO] [stdout]    |
[INFO] [stdout] 
[INFO] [stdout] 
[INFO] [stdout] For more information about this error, try `rustc --explain E0432`.
[INFO] [stdout] 
[INFO] [stdout] For more information about this error, try `rustc --explain E0432`.
[INFO] [stdout] 
[INFO] [stderr] error: could not compile `plurimus_widgets` (test "text_field_render") due to 1 previous error
[INFO] [stderr] error: could not compile `plurimus_widgets` (test "text_editor_grapheme") due to 1 previous error
[INFO] [stdout] For more information about this error, try `rustc --explain E0432`.
[INFO] [stdout] 
[INFO] [stderr] error: could not compile `plurimus_widgets` (test "disabled_subtree") due to 1 previous error
[INFO] [stdout] For more information about this error, try `rustc --explain E0432`.
[INFO] [stdout] 
[INFO] [stderr] error: could not compile `plurimus_widgets` (test "text_input_selection") due to 1 previous error
[INFO] [stdout] For more information about this error, try `rustc --explain E0432`.
[INFO] [stdout] 
[INFO] [stderr] error: could not compile `plurimus_widgets` (test "activation_keys") due to 1 previous error
[INFO] [stdout] For more information about this error, try `rustc --explain E0432`.
[INFO] [stdout] 
[INFO] [stdout] For more information about this error, try `rustc --explain E0432`.
[INFO] [stdout] 
[INFO] [stderr] error: could not compile `plurimus_widgets` (test "listbox_rows") due to 1 previous error
[INFO] [stderr] error: could not compile `plurimus_widgets` (test "menu") due to 1 previous error
[INFO] [stdout] For more information about this error, try `rustc --explain E0432`.
[INFO] [stdout] 
[INFO] [stderr] error: could not compile `plurimus_widgets` (test "tab_bar_click") due to 1 previous error
[INFO] [stdout] For more information about this error, try `rustc --explain E0432`.
[INFO] [stdout] 
[INFO] [stderr] error: could not compile `plurimus_widgets` (test "row_copy") due to 1 previous error
[INFO] [stdout] For more information about this error, try `rustc --explain E0432`.
[INFO] [stdout] 
[INFO] [stderr] error: could not compile `plurimus_widgets` (test "table_geometry") due to 1 previous error
[INFO] running `Command { std: "docker" "inspect" "1b442bed44d23129d9637864e7ad2163a48e45f9f9f8657e35790222b68a1adb", kill_on_drop: false }`
[INFO] running `Command { std: "docker" "rm" "-f" "1b442bed44d23129d9637864e7ad2163a48e45f9f9f8657e35790222b68a1adb", kill_on_drop: false }`
[INFO] [stdout] 1b442bed44d23129d9637864e7ad2163a48e45f9f9f8657e35790222b68a1adb
