[INFO] fetching crate plurimus_ui 0.8.0...
[INFO] testing plurimus_ui-0.8.0 against 1.100.0-beta.1+cargoflags=--release for beta-release-1.100-2
[INFO] extracting crate plurimus_ui 0.8.0 into /workspace/builds/worker-2-tc2/source
[INFO] started tweaking crates.io crate plurimus_ui 0.8.0
[INFO] removed 0 missing tests
[INFO] finished tweaking crates.io crate plurimus_ui 0.8.0
[INFO] tweaked toml for crates.io crate plurimus_ui 0.8.0 written to /workspace/builds/worker-2-tc2/source/Cargo.toml
[INFO] validating manifest of crates.io crate plurimus_ui 0.8.0 on toolchain 1.100.0-beta.1
[INFO] running `Command { std: CARGO_HOME="/workspace/cargo-home" RUSTUP_HOME="/workspace/rustup-home" "/workspace/cargo-home/bin/cargo" "+1.100.0-beta.1" "metadata" "--manifest-path" "Cargo.toml" "--no-deps", kill_on_drop: false }`
[INFO] crate crates.io crate plurimus_ui 0.8.0 already has a lockfile, it will not be regenerated
[INFO] running `Command { std: CARGO_HOME="/workspace/cargo-home" RUSTUP_HOME="/workspace/rustup-home" "/workspace/cargo-home/bin/cargo" "+1.100.0-beta.1" "fetch" "--manifest-path" "Cargo.toml", kill_on_drop: false }`
[INFO] running `Command { std: "docker" "create" "-v" "/var/lib/crater-agent-workspace/builds/worker-2-tc2/source:/opt/rustwide/workdir:ro,Z" "-v" "/var/lib/crater-agent-workspace/builds/worker-2-tc2/target:/opt/rustwide/target:rw,Z" "-v" "/var/lib/crater-agent-workspace/cargo-home:/opt/rustwide/cargo-home:ro,Z" "-v" "/var/lib/crater-agent-workspace/rustup-home:/opt/rustwide/rustup-home:ro,Z" "-m" "1610612736" "--network" "none" "ghcr.io/rust-lang/crates-build-env/linux@sha256:77db811e55d90add9212f6832c23229e3de5f1c1f9905e8cb07319ea15df73ac" "sleep" "infinity", kill_on_drop: false }`
[INFO] [stdout] f037594d252a5144542ed02c164db0dc772a78183ece5e915e5de829dfb0b83f
[INFO] running `Command { std: "docker" "start" "f037594d252a5144542ed02c164db0dc772a78183ece5e915e5de829dfb0b83f", kill_on_drop: false }`
[INFO] running `Command { std: "docker" "inspect" "f037594d252a5144542ed02c164db0dc772a78183ece5e915e5de829dfb0b83f", kill_on_drop: false }`
[INFO] running `Command { std: "docker" "exec" "-e" "SOURCE_DIR=/opt/rustwide/workdir" "-e" "CARGO_HOME=/opt/rustwide/cargo-home" "-e" "RUSTUP_HOME=/opt/rustwide/rustup-home" "-e" "CARGO_TARGET_DIR=/opt/rustwide/target" "-w" "/opt/rustwide/workdir" "--user" "0:0" "f037594d252a5144542ed02c164db0dc772a78183ece5e915e5de829dfb0b83f" "/opt/rustwide/cargo-home/bin/cargo" "+1.100.0-beta.1" "metadata" "--no-deps" "--format-version=1", kill_on_drop: false }`
[INFO] running `Command { std: "docker" "inspect" "f037594d252a5144542ed02c164db0dc772a78183ece5e915e5de829dfb0b83f", kill_on_drop: false }`
[INFO] running `Command { std: "docker" "exec" "-e" "SOURCE_DIR=/opt/rustwide/workdir" "-e" "CARGO_HOME=/opt/rustwide/cargo-home" "-e" "RUSTUP_HOME=/opt/rustwide/rustup-home" "-e" "CARGO_TARGET_DIR=/opt/rustwide/target" "-e" "CARGO_INCREMENTAL=0" "-e" "RUST_BACKTRACE=full" "-e" "RUSTFLAGS=--cap-lints=warn" "-e" "RUSTDOCFLAGS=--cap-lints=warn" "-w" "/opt/rustwide/workdir" "--user" "0:0" "f037594d252a5144542ed02c164db0dc772a78183ece5e915e5de829dfb0b83f" "/opt/rustwide/cargo-home/bin/cargo" "+1.100.0-beta.1" "build" "--frozen" "--message-format=json" "--release", kill_on_drop: false }`
[INFO] [stderr]    Compiling syn v2.0.119
[INFO] [stderr]    Compiling foldhash v0.2.0
[INFO] [stderr]    Compiling thiserror v2.0.19
[INFO] [stderr]    Compiling winnow v1.0.4
[INFO] [stderr]    Compiling toml_datetime v1.1.1+spec-1.1.0
[INFO] [stderr]    Compiling serde v1.0.229
[INFO] [stderr]    Compiling futures-io v0.3.33
[INFO] [stderr]    Compiling parking v2.2.1
[INFO] [stderr]    Compiling thiserror-impl v2.0.19
[INFO] [stderr]    Compiling futures-core v0.3.33
[INFO] [stderr]    Compiling crossbeam-utils v0.8.22
[INFO] [stderr]    Compiling convert_case v0.10.0
[INFO] [stderr]    Compiling spin v0.10.1
[INFO] [stderr]    Compiling rand v0.10.2
[INFO] [stderr]    Compiling erased-serde v0.4.10
[INFO] [stderr]    Compiling disqualified v1.0.0
[INFO] [stderr]    Compiling hashbrown v0.16.1
[INFO] [stderr]    Compiling hashbrown v0.17.1
[INFO] [stderr]    Compiling futures-lite v2.6.1
[INFO] [stderr]    Compiling itertools v0.14.0
[INFO] [stderr]    Compiling bevy_ptr v0.19.1
[INFO] [stderr]    Compiling cfg_aliases v0.2.2
[INFO] [stderr]    Compiling libc v0.2.189
[INFO] [stderr]    Compiling downcast-rs v2.0.2
[INFO] [stderr]    Compiling smallvec v1.15.2
[INFO] [stderr]    Compiling nix v0.31.3
[INFO] [stderr]    Compiling num-traits v0.2.19
[INFO] [stderr]    Compiling arrayvec v0.7.8
[INFO] [stderr]    Compiling async-task v4.7.1
[INFO] [stderr]    Compiling nonmax v0.5.5
[INFO] [stderr]    Compiling fixedbitset v0.5.7
[INFO] [stderr]    Compiling castaway v0.2.4
[INFO] [stderr]    Compiling unicode-width v0.2.2
[INFO] [stderr]    Compiling compact_str v0.9.1
[INFO] [stderr]    Compiling darling_core v0.24.0
[INFO] [stderr]    Compiling concurrent-queue v2.5.0
[INFO] [stderr]    Compiling crossbeam-queue v0.3.13
[INFO] [stderr]    Compiling typewit v1.15.2
[INFO] [stderr]    Compiling async-executor v1.14.0
[INFO] [stderr]    Compiling smol_str v0.2.2
[INFO] [stderr]    Compiling instability v0.3.13
[INFO] [stderr]    Compiling const_panic v0.2.15
[INFO] [stderr]    Compiling indoc v2.0.7
[INFO] [stderr]    Compiling toml_parser v1.1.3+spec-1.1.0
[INFO] [stderr]    Compiling time v0.3.55
[INFO] [stderr]    Compiling crossbeam-channel v0.5.16
[INFO] [stderr]    Compiling indexmap v2.14.0
[INFO] [stderr]    Compiling bevy_platform v0.19.1
[INFO] [stderr]    Compiling rand_distr v0.6.0
[INFO] [stderr]    Compiling lru v0.18.2
[INFO] [stderr]    Compiling kasuari v0.4.12
[INFO] [stderr]    Compiling line-clipping v0.3.8
[INFO] [stderr]    Compiling raw-window-handle v0.6.2
[INFO] [stderr]    Compiling toml_edit v0.25.13+spec-1.1.0
[INFO] [stderr]    Compiling bevy_utils v0.19.1
[INFO] [stderr]    Compiling unicode-truncate v2.0.1
[INFO] [stderr]    Compiling ctrlc v3.5.2
[INFO] [stderr]    Compiling darling_macro v0.24.0
[INFO] [stderr]    Compiling darling v0.24.0
[INFO] [stderr]    Compiling bevy_macro_utils v0.19.1
[INFO] [stderr]    Compiling encase_derive_impl v0.12.0
[INFO] [stderr]    Compiling bevy_ecs_macro_logic v0.19.1
[INFO] [stderr]    Compiling derive_more-impl v2.1.1
[INFO] [stderr]    Compiling bytemuck_derive v1.11.0
[INFO] [stderr]    Compiling bevy_reflect_derive v0.19.1
[INFO] [stderr]    Compiling assert_type_match v0.1.1
[INFO] [stderr]    Compiling variadics_please v1.1.0
[INFO] [stderr]    Compiling bevy_ecs_macros v0.19.1
[INFO] [stderr]    Compiling bevy_derive v0.19.1
[INFO] [stderr]    Compiling strum_macros v0.28.0
[INFO] [stderr]    Compiling encase_derive v0.12.0
[INFO] [stderr]    Compiling encase v0.12.0
[INFO] [stderr]    Compiling bytemuck v1.25.2
[INFO] [stderr]    Compiling glam v0.32.1
[INFO] [stderr]    Compiling strum v0.28.0
[INFO] [stderr]    Compiling ratatui-core v0.1.2
[INFO] [stderr]    Compiling derive_more v2.1.1
[INFO] [stderr]    Compiling bevy_tasks v0.19.1
[INFO] [stderr]    Compiling ratatui-widgets v0.3.2
[INFO] [stderr]    Compiling tui-scrollview v0.6.7
[INFO] [stderr]    Compiling bevy_reflect v0.19.1
[INFO] [stderr]    Compiling bevy_ecs v0.19.1
[INFO] [stderr]    Compiling bevy_math v0.19.1
[INFO] [stderr]    Compiling bevy_color v0.19.1
[INFO] [stderr]    Compiling bevy_app v0.19.1
[INFO] [stderr]    Compiling bevy_input v0.19.1
[INFO] [stderr]    Compiling bevy_time v0.19.1
[INFO] [stderr]    Compiling plurimus_core v0.8.0
[INFO] [stderr]    Compiling bevy_window v0.19.1
[INFO] [stderr]    Compiling plurimus_term v0.8.0
[INFO] [stderr]    Compiling bevy_input_focus v0.19.1
[INFO] [stderr]    Compiling plurimus_ui v0.8.0 (/opt/rustwide/workdir)
[INFO] [stderr]     Finished `release` profile [optimized] target(s) in 2m 59s
[INFO] running `Command { std: "docker" "inspect" "f037594d252a5144542ed02c164db0dc772a78183ece5e915e5de829dfb0b83f", kill_on_drop: false }`
[INFO] running `Command { std: "docker" "exec" "-e" "SOURCE_DIR=/opt/rustwide/workdir" "-e" "CARGO_HOME=/opt/rustwide/cargo-home" "-e" "RUSTUP_HOME=/opt/rustwide/rustup-home" "-e" "CARGO_TARGET_DIR=/opt/rustwide/target" "-e" "CARGO_INCREMENTAL=0" "-e" "RUST_BACKTRACE=full" "-e" "RUSTFLAGS=--cap-lints=warn" "-e" "RUSTDOCFLAGS=--cap-lints=warn" "-w" "/opt/rustwide/workdir" "--user" "0:0" "f037594d252a5144542ed02c164db0dc772a78183ece5e915e5de829dfb0b83f" "/opt/rustwide/cargo-home/bin/cargo" "+1.100.0-beta.1" "test" "--frozen" "--no-run" "--message-format=json" "--release", kill_on_drop: false }`
[INFO] [stderr]    Compiling getrandom v0.4.3
[INFO] [stderr]    Compiling console v0.16.4
[INFO] [stderr]    Compiling tempfile v3.27.0
[INFO] [stderr]    Compiling insta v1.48.0
[INFO] [stderr]    Compiling plurimus_ui v0.8.0 (/opt/rustwide/workdir)
[INFO] [stdout] error[E0432]: unresolved import `plurimus_test`
[INFO] [stdout]   --> tests/widget_cursor.rs:10:5
[INFO] [stdout]    |
[INFO] [stdout] 10 | use plurimus_test::set_focus;
[INFO] [stdout]    |     ^^^^^^^^^^^^^ use of unresolved module or unlinked crate `plurimus_test`
[INFO] [stdout]    |
[INFO] [stdout] help: there is a crate or module with a similar name
[INFO] [stdout]    |
[INFO] [stdout] 10 - use plurimus_test::set_focus;
[INFO] [stdout] 10 + use plurimus_term::set_focus;
[INFO] [stdout]    |
[INFO] [stdout] 
[INFO] [stdout] 
[INFO] [stdout] error[E0432]: unresolved import `plurimus_test`
[INFO] [stdout]   --> tests/hidden_subtree.rs:10:5
[INFO] [stdout]    |
[INFO] [stdout] 10 | use plurimus_test::composed_frame;
[INFO] [stdout]    |     ^^^^^^^^^^^^^ use of unresolved module or unlinked crate `plurimus_test`
[INFO] [stdout]    |
[INFO] [stdout] help: there is a crate or module with a similar name
[INFO] [stdout]    |
[INFO] [stdout] 10 - use plurimus_test::composed_frame;
[INFO] [stdout] 10 + use plurimus_term::composed_frame;
[INFO] [stdout]    |
[INFO] [stdout] 
[INFO] [stdout] 
[INFO] [stdout] error[E0432]: unresolved import `plurimus_test`
[INFO] [stdout]   --> tests/content_cache.rs:16:5
[INFO] [stdout]    |
[INFO] [stdout] 16 | use plurimus_test::composed_frame;
[INFO] [stdout]    |     ^^^^^^^^^^^^^ use of unresolved module or unlinked crate `plurimus_test`
[INFO] [stdout]    |
[INFO] [stdout] help: there is a crate or module with a similar name
[INFO] [stdout]    |
[INFO] [stdout] 16 - use plurimus_test::composed_frame;
[INFO] [stdout] 16 + use plurimus_term::composed_frame;
[INFO] [stdout]    |
[INFO] [stdout] 
[INFO] [stdout] 
[INFO] [stdout] error[E0432]: unresolved import `plurimus_test`
[INFO] [stdout]   --> tests/click_count.rs:12:5
[INFO] [stdout]    |
[INFO] [stdout] 12 | use plurimus_test::{click, release_at, send_mouse, write_mouse};
[INFO] [stdout]    |     ^^^^^^^^^^^^^ use of unresolved module or unlinked crate `plurimus_test`
[INFO] [stdout]    |
[INFO] [stdout] help: there is a crate or module with a similar name
[INFO] [stdout]    |
[INFO] [stdout] 12 - use plurimus_test::{click, release_at, send_mouse, write_mouse};
[INFO] [stdout] 12 + use plurimus_term::{click, release_at, send_mouse, write_mouse};
[INFO] [stdout]    |
[INFO] [stdout] 
[INFO] [stdout] 
[INFO] [stdout] error[E0432]: unresolved import `plurimus_test`
[INFO] [stdout]   --> tests/scroll_keys.rs:12:5
[INFO] [stdout]    |
[INFO] [stdout] 12 | use plurimus_test::{press_chord, press_key, set_focus};
[INFO] [stdout]    |     ^^^^^^^^^^^^^ use of unresolved module or unlinked crate `plurimus_test`
[INFO] [stdout]    |
[INFO] [stdout] help: there is a crate or module with a similar name
[INFO] [stdout]    |
[INFO] [stdout] 12 - use plurimus_test::{press_chord, press_key, set_focus};
[INFO] [stdout] 12 + use plurimus_term::{press_chord, press_key, set_focus};
[INFO] [stdout]    |
[INFO] [stdout] 
[INFO] [stdout] 
[INFO] [stdout] error[E0432]: unresolved import `plurimus_test`
[INFO] [stdout]   --> tests/pointer_cancel.rs:11:5
[INFO] [stdout]    |
[INFO] [stdout] 11 | use plurimus_test::{release_at, send_focus, send_mouse, write_focus, write_mouse};
[INFO] [stdout]    |     ^^^^^^^^^^^^^ use of unresolved module or unlinked crate `plurimus_test`
[INFO] [stdout]    |
[INFO] [stdout] help: there is a crate or module with a similar name
[INFO] [stdout]    |
[INFO] [stdout] 11 - use plurimus_test::{release_at, send_focus, send_mouse, write_focus, write_mouse};
[INFO] [stdout] 11 + use plurimus_term::{release_at, send_focus, send_mouse, write_focus, write_mouse};
[INFO] [stdout]    |
[INFO] [stdout] 
[INFO] [stdout] 
[INFO] [stdout] For more information about this error, try `rustc --explain E0432`.
[INFO] [stdout] 
[INFO] [stderr] error: could not compile `plurimus_ui` (test "pointer_cancel") due to 1 previous error
[INFO] [stderr] warning: build failed, waiting for other jobs to finish...
[INFO] [stdout] For more information about this error, try `rustc --explain E0432`.
[INFO] [stdout] 
[INFO] [stdout] For more information about this error, try `rustc --explain E0432`.
[INFO] [stdout] 
[INFO] [stderr] error: could not compile `plurimus_ui` (test "widget_cursor") due to 1 previous error
[INFO] [stderr] error: could not compile `plurimus_ui` (test "hidden_subtree") due to 1 previous error
[INFO] [stdout] For more information about this error, try `rustc --explain E0432`.
[INFO] [stdout] 
[INFO] [stderr] error: could not compile `plurimus_ui` (test "content_cache") due to 1 previous error
[INFO] [stdout] For more information about this error, try `rustc --explain E0432`.
[INFO] [stdout] 
[INFO] [stderr] error: could not compile `plurimus_ui` (test "scroll_keys") due to 1 previous error
[INFO] [stdout] For more information about this error, try `rustc --explain E0432`.
[INFO] [stdout] 
[INFO] [stderr] error: could not compile `plurimus_ui` (test "click_count") due to 1 previous error
[INFO] running `Command { std: "docker" "inspect" "f037594d252a5144542ed02c164db0dc772a78183ece5e915e5de829dfb0b83f", kill_on_drop: false }`
[INFO] running `Command { std: "docker" "rm" "-f" "f037594d252a5144542ed02c164db0dc772a78183ece5e915e5de829dfb0b83f", kill_on_drop: false }`
[INFO] [stdout] f037594d252a5144542ed02c164db0dc772a78183ece5e915e5de829dfb0b83f
