[INFO] fetching crate plumb-core 0.0.13...
[INFO] testing plumb-core-0.0.13 against 1.99.0-beta.8+cargoflags=--release for beta-release-1.100-2
[INFO] extracting crate plumb-core 0.0.13 into /workspace/builds/worker-2-tc1/source
[INFO] started tweaking crates.io crate plumb-core 0.0.13
[INFO] removed 0 missing tests
[INFO] finished tweaking crates.io crate plumb-core 0.0.13
[INFO] tweaked toml for crates.io crate plumb-core 0.0.13 written to /workspace/builds/worker-2-tc1/source/Cargo.toml
[INFO] validating manifest of crates.io crate plumb-core 0.0.13 on toolchain 1.99.0-beta.8
[INFO] running `Command { std: CARGO_HOME="/workspace/cargo-home" RUSTUP_HOME="/workspace/rustup-home" "/workspace/cargo-home/bin/cargo" "+1.99.0-beta.8" "metadata" "--manifest-path" "Cargo.toml" "--no-deps", kill_on_drop: false }`
[INFO] crate crates.io crate plumb-core 0.0.13 already has a lockfile, it will not be regenerated
[INFO] running `Command { std: CARGO_HOME="/workspace/cargo-home" RUSTUP_HOME="/workspace/rustup-home" "/workspace/cargo-home/bin/cargo" "+1.99.0-beta.8" "fetch" "--manifest-path" "Cargo.toml", kill_on_drop: false }`
[INFO] running `Command { std: "docker" "create" "-v" "/var/lib/crater-agent-workspace/builds/worker-2-tc1/source:/opt/rustwide/workdir:ro,Z" "-v" "/var/lib/crater-agent-workspace/builds/worker-2-tc1/target:/opt/rustwide/target:rw,Z" "-v" "/var/lib/crater-agent-workspace/cargo-home:/opt/rustwide/cargo-home:ro,Z" "-v" "/var/lib/crater-agent-workspace/rustup-home:/opt/rustwide/rustup-home:ro,Z" "-m" "1610612736" "--network" "none" "ghcr.io/rust-lang/crates-build-env/linux@sha256:77db811e55d90add9212f6832c23229e3de5f1c1f9905e8cb07319ea15df73ac" "sleep" "infinity", kill_on_drop: false }`
[INFO] [stdout] 6320c7a3ee9e63c4a6cc01c441d0cccb22ec18a354ecf1df21bba39f50cb6082
[INFO] running `Command { std: "docker" "start" "6320c7a3ee9e63c4a6cc01c441d0cccb22ec18a354ecf1df21bba39f50cb6082", kill_on_drop: false }`
[INFO] running `Command { std: "docker" "inspect" "6320c7a3ee9e63c4a6cc01c441d0cccb22ec18a354ecf1df21bba39f50cb6082", kill_on_drop: false }`
[INFO] running `Command { std: "docker" "exec" "-e" "SOURCE_DIR=/opt/rustwide/workdir" "-e" "CARGO_HOME=/opt/rustwide/cargo-home" "-e" "RUSTUP_HOME=/opt/rustwide/rustup-home" "-e" "CARGO_TARGET_DIR=/opt/rustwide/target" "-w" "/opt/rustwide/workdir" "--user" "0:0" "6320c7a3ee9e63c4a6cc01c441d0cccb22ec18a354ecf1df21bba39f50cb6082" "/opt/rustwide/cargo-home/bin/cargo" "+1.99.0-beta.8" "metadata" "--no-deps" "--format-version=1", kill_on_drop: false }`
[INFO] running `Command { std: "docker" "inspect" "6320c7a3ee9e63c4a6cc01c441d0cccb22ec18a354ecf1df21bba39f50cb6082", kill_on_drop: false }`
[INFO] running `Command { std: "docker" "exec" "-e" "SOURCE_DIR=/opt/rustwide/workdir" "-e" "CARGO_HOME=/opt/rustwide/cargo-home" "-e" "RUSTUP_HOME=/opt/rustwide/rustup-home" "-e" "CARGO_TARGET_DIR=/opt/rustwide/target" "-e" "CARGO_INCREMENTAL=0" "-e" "RUST_BACKTRACE=full" "-e" "RUSTFLAGS=--cap-lints=warn" "-e" "RUSTDOCFLAGS=--cap-lints=warn" "-w" "/opt/rustwide/workdir" "--user" "0:0" "6320c7a3ee9e63c4a6cc01c441d0cccb22ec18a354ecf1df21bba39f50cb6082" "/opt/rustwide/cargo-home/bin/cargo" "+1.99.0-beta.8" "build" "--frozen" "--message-format=json" "--release", kill_on_drop: false }`
[INFO] [stderr]    Compiling serde_json v1.0.149
[INFO] [stderr]    Compiling ref-cast v1.0.25
[INFO] [stderr]    Compiling palette v0.7.6
[INFO] [stderr]    Compiling by_address v1.2.1
[INFO] [stderr]    Compiling fast-srgb8 v1.0.0
[INFO] [stderr]    Compiling either v1.15.0
[INFO] [stderr]    Compiling syn v2.0.117
[INFO] [stderr]    Compiling indexmap v2.14.0
[INFO] [stderr]    Compiling rayon v1.12.0
[INFO] [stderr]    Compiling serde_derive_internals v0.29.1
[INFO] [stderr]    Compiling ref-cast-impl v1.0.25
[INFO] [stderr]    Compiling serde_derive v1.0.228
[INFO] [stderr]    Compiling palette_derive v0.7.6
[INFO] [stderr]    Compiling schemars_derive v1.2.1
[INFO] [stderr]    Compiling serde v1.0.228
[INFO] [stderr]    Compiling schemars v1.2.1
[INFO] [stderr]    Compiling plumb-core v0.0.13 (/opt/rustwide/workdir)
[INFO] [stderr]     Finished `release` profile [optimized] target(s) in 22.93s
[INFO] running `Command { std: "docker" "inspect" "6320c7a3ee9e63c4a6cc01c441d0cccb22ec18a354ecf1df21bba39f50cb6082", kill_on_drop: false }`
[INFO] running `Command { std: "docker" "exec" "-e" "SOURCE_DIR=/opt/rustwide/workdir" "-e" "CARGO_HOME=/opt/rustwide/cargo-home" "-e" "RUSTUP_HOME=/opt/rustwide/rustup-home" "-e" "CARGO_TARGET_DIR=/opt/rustwide/target" "-e" "CARGO_INCREMENTAL=0" "-e" "RUST_BACKTRACE=full" "-e" "RUSTFLAGS=--cap-lints=warn" "-e" "RUSTDOCFLAGS=--cap-lints=warn" "-w" "/opt/rustwide/workdir" "--user" "0:0" "6320c7a3ee9e63c4a6cc01c441d0cccb22ec18a354ecf1df21bba39f50cb6082" "/opt/rustwide/cargo-home/bin/cargo" "+1.99.0-beta.8" "test" "--frozen" "--no-run" "--message-format=json" "--release", kill_on_drop: false }`
[INFO] [stderr]    Compiling regex-syntax v0.8.10
[INFO] [stderr]    Compiling zerocopy v0.8.48
[INFO] [stderr]    Compiling getrandom v0.3.4
[INFO] [stderr]    Compiling num-traits v0.2.19
[INFO] [stderr]    Compiling wait-timeout v0.2.1
[INFO] [stderr]    Compiling tempfile v3.27.0
[INFO] [stderr]    Compiling console v0.16.3
[INFO] [stderr]    Compiling rand_core v0.9.5
[INFO] [stderr]    Compiling rusty-fork v0.3.1
[INFO] [stderr]    Compiling rand_xorshift v0.4.0
[INFO] [stderr]    Compiling rand v0.9.4
[INFO] [stderr]    Compiling regex-automata v0.4.14
[INFO] [stderr]    Compiling ppv-lite86 v0.2.21
[INFO] [stderr]    Compiling rand_chacha v0.9.0
[INFO] [stderr]    Compiling proptest v1.11.0
[INFO] [stderr]    Compiling regex v1.12.3
[INFO] [stderr]    Compiling insta v1.47.2
[INFO] [stderr]    Compiling plumb-core v0.0.13 (/opt/rustwide/workdir)
[INFO] [stdout] error[E0599]: no associated function or constant named `canned` found for struct `PlumbSnapshot` in the current scope
[INFO] [stdout]   --> tests/snapshot_ctx.rs:14:35
[INFO] [stdout]    |
[INFO] [stdout] 14 |     let snapshot = PlumbSnapshot::canned();
[INFO] [stdout]    |                                   ^^^^^^ associated function or constant not found in `PlumbSnapshot`
[INFO] [stdout] 
[INFO] [stdout] 
[INFO] [stdout] error[E0599]: no associated function or constant named `canned` found for struct `PlumbSnapshot` in the current scope
[INFO] [stdout]  --> tests/engine_run_many.rs:7:35
[INFO] [stdout]   |
[INFO] [stdout] 7 |     let mut snap = PlumbSnapshot::canned();
[INFO] [stdout]   |                                   ^^^^^^ associated function or constant not found in `PlumbSnapshot`
[INFO] [stdout] 
[INFO] [stdout] 
[INFO] [stdout] error[E0599]: no associated function or constant named `canned` found for struct `PlumbSnapshot` in the current scope
[INFO] [stdout]   --> tests/snapshot_ctx.rs:22:35
[INFO] [stdout]    |
[INFO] [stdout] 22 |     let snapshot = PlumbSnapshot::canned();
[INFO] [stdout]    |                                   ^^^^^^ associated function or constant not found in `PlumbSnapshot`
[INFO] [stdout] 
[INFO] [stdout] 
[INFO] [stdout] error[E0599]: no associated function or constant named `canned` found for struct `PlumbSnapshot` in the current scope
[INFO] [stdout]   --> tests/snapshot_ctx.rs:42:35
[INFO] [stdout]    |
[INFO] [stdout] 42 |     let snapshot = PlumbSnapshot::canned();
[INFO] [stdout]    |                                   ^^^^^^ associated function or constant not found in `PlumbSnapshot`
[INFO] [stdout] 
[INFO] [stdout] 
[INFO] [stdout] For more information about this error, try `rustc --explain E0599`.
[INFO] [stdout] 
[INFO] [stderr] error: could not compile `plumb-core` (test "snapshot_ctx") due to 3 previous errors
[INFO] [stderr] warning: build failed, waiting for other jobs to finish...
[INFO] [stdout] For more information about this error, try `rustc --explain E0599`.
[INFO] [stdout] 
[INFO] [stderr] error: could not compile `plumb-core` (test "engine_run_many") due to 1 previous error
[INFO] running `Command { std: "docker" "inspect" "6320c7a3ee9e63c4a6cc01c441d0cccb22ec18a354ecf1df21bba39f50cb6082", kill_on_drop: false }`
[INFO] running `Command { std: "docker" "rm" "-f" "6320c7a3ee9e63c4a6cc01c441d0cccb22ec18a354ecf1df21bba39f50cb6082", kill_on_drop: false }`
[INFO] [stdout] 6320c7a3ee9e63c4a6cc01c441d0cccb22ec18a354ecf1df21bba39f50cb6082
