[INFO] fetching crate plughost-formats 0.1.2...
[INFO] testing plughost-formats-0.1.2 against 1.99.0-beta.8+cargoflags=--release for beta-release-1.100-2
[INFO] extracting crate plughost-formats 0.1.2 into /workspace/builds/worker-7-tc1/source
[INFO] started tweaking crates.io crate plughost-formats 0.1.2
[INFO] removed 0 missing examples
[INFO] finished tweaking crates.io crate plughost-formats 0.1.2
[INFO] tweaked toml for crates.io crate plughost-formats 0.1.2 written to /workspace/builds/worker-7-tc1/source/Cargo.toml
[INFO] validating manifest of crates.io crate plughost-formats 0.1.2 on toolchain 1.99.0-beta.8
[INFO] running `Command { std: CARGO_HOME="/workspace/cargo-home" RUSTUP_HOME="/workspace/rustup-home" "/workspace/cargo-home/bin/cargo" "+1.99.0-beta.8" "metadata" "--manifest-path" "Cargo.toml" "--no-deps", kill_on_drop: false }`
[INFO] crate crates.io crate plughost-formats 0.1.2 already has a lockfile, it will not be regenerated
[INFO] running `Command { std: CARGO_HOME="/workspace/cargo-home" RUSTUP_HOME="/workspace/rustup-home" "/workspace/cargo-home/bin/cargo" "+1.99.0-beta.8" "fetch" "--manifest-path" "Cargo.toml", kill_on_drop: false }`
[INFO] [stderr]     Updating crates.io index
[INFO] [stderr]  Downloading crates ...
[INFO] [stderr]   Downloaded rtsan-standalone v0.3.0
[INFO] [stderr]   Downloaded vst3 v0.3.0
[INFO] [stderr]   Downloaded com-scrape-types v0.1.1
[INFO] [stderr]   Downloaded rtsan-standalone-sys v0.3.0
[INFO] [stderr]   Downloaded objc2-core-audio-kit v0.3.2
[INFO] [stderr]   Downloaded rtsan-standalone-macros v0.3.0
[INFO] [stderr]   Downloaded plughost-core v0.1.2
[INFO] [stderr]   Downloaded clap-sys v0.5.0
[INFO] [stderr]   Downloaded clack-common v0.2.0
[INFO] [stderr]   Downloaded clack-host v0.2.0
[INFO] [stderr]   Downloaded clack-extensions v0.2.0
[INFO] running `Command { std: "docker" "create" "-v" "/var/lib/crater-agent-workspace/builds/worker-7-tc1/source:/opt/rustwide/workdir:ro,Z" "-v" "/var/lib/crater-agent-workspace/builds/worker-7-tc1/target:/opt/rustwide/target:rw,Z" "-v" "/var/lib/crater-agent-workspace/cargo-home:/opt/rustwide/cargo-home:ro,Z" "-v" "/var/lib/crater-agent-workspace/rustup-home:/opt/rustwide/rustup-home:ro,Z" "-m" "1610612736" "--network" "none" "ghcr.io/rust-lang/crates-build-env/linux@sha256:77db811e55d90add9212f6832c23229e3de5f1c1f9905e8cb07319ea15df73ac" "sleep" "infinity", kill_on_drop: false }`
[INFO] [stdout] 42c638062ae68995dd7b544f87b7200ee0114f59d011f4ea3d4d280a0cb02eb1
[INFO] running `Command { std: "docker" "start" "42c638062ae68995dd7b544f87b7200ee0114f59d011f4ea3d4d280a0cb02eb1", kill_on_drop: false }`
[INFO] running `Command { std: "docker" "inspect" "42c638062ae68995dd7b544f87b7200ee0114f59d011f4ea3d4d280a0cb02eb1", kill_on_drop: false }`
[INFO] running `Command { std: "docker" "exec" "-e" "SOURCE_DIR=/opt/rustwide/workdir" "-e" "CARGO_HOME=/opt/rustwide/cargo-home" "-e" "RUSTUP_HOME=/opt/rustwide/rustup-home" "-e" "CARGO_TARGET_DIR=/opt/rustwide/target" "-w" "/opt/rustwide/workdir" "--user" "0:0" "42c638062ae68995dd7b544f87b7200ee0114f59d011f4ea3d4d280a0cb02eb1" "/opt/rustwide/cargo-home/bin/cargo" "+1.99.0-beta.8" "metadata" "--no-deps" "--format-version=1", kill_on_drop: false }`
[INFO] running `Command { std: "docker" "inspect" "42c638062ae68995dd7b544f87b7200ee0114f59d011f4ea3d4d280a0cb02eb1", kill_on_drop: false }`
[INFO] running `Command { std: "docker" "exec" "-e" "SOURCE_DIR=/opt/rustwide/workdir" "-e" "CARGO_HOME=/opt/rustwide/cargo-home" "-e" "RUSTUP_HOME=/opt/rustwide/rustup-home" "-e" "CARGO_TARGET_DIR=/opt/rustwide/target" "-e" "CARGO_INCREMENTAL=0" "-e" "RUST_BACKTRACE=full" "-e" "RUSTFLAGS=--cap-lints=warn" "-e" "RUSTDOCFLAGS=--cap-lints=warn" "-w" "/opt/rustwide/workdir" "--user" "0:0" "42c638062ae68995dd7b544f87b7200ee0114f59d011f4ea3d4d280a0cb02eb1" "/opt/rustwide/cargo-home/bin/cargo" "+1.99.0-beta.8" "build" "--frozen" "--message-format=json" "--release", kill_on_drop: false }`
[INFO] [stderr]    Compiling syn v3.0.6
[INFO] [stderr]    Compiling thiserror v2.0.21
[INFO] [stderr]    Compiling rustix v1.1.5
[INFO] [stderr]    Compiling clap-sys v0.5.0
[INFO] [stderr]    Compiling libloading v0.8.9
[INFO] [stderr]    Compiling linux-raw-sys v0.12.1
[INFO] [stderr]    Compiling com-scrape-types v0.1.1
[INFO] [stderr]    Compiling vst3 v0.3.0
[INFO] [stderr]    Compiling clack-common v0.2.0
[INFO] [stderr]    Compiling clack-host v0.2.0
[INFO] [stderr]    Compiling clack-extensions v0.2.0
[INFO] [stderr]    Compiling thiserror-impl v2.0.21
[INFO] [stderr]    Compiling serde_derive v1.0.229
[INFO] [stderr]    Compiling cobs v0.3.0
[INFO] [stderr]    Compiling serde v1.0.229
[INFO] [stderr]    Compiling postcard v1.1.3
[INFO] [stderr]    Compiling plughost-core v0.1.2
[INFO] [stderr]    Compiling plughost-formats v0.1.2 (/opt/rustwide/workdir)
[INFO] [stdout] error: plughost supports macOS and Windows
[INFO] [stdout]    --> src/vst3/module.rs:215:1
[INFO] [stdout]     |
[INFO] [stdout] 215 | compile_error!("plughost supports macOS and Windows");
[INFO] [stdout]     | ^^^^^^^^^^^^^^^^^^^^^^^^^^^^^^^^^^^^^^^^^^^^^^^^^^^^^
[INFO] [stdout] 
[INFO] [stdout] 
[INFO] [stdout] error[E0425]: cannot find value `window` in this scope
[INFO] [stdout]    --> src/clap/plugin.rs:526:57
[INFO] [stdout]     |
[INFO] [stdout] 526 |         let attached = unsafe { gui.set_parent(&handle, window) };
[INFO] [stdout]     |                                                         ^^^^^^ not found in this scope
[INFO] [stdout] 
[INFO] [stdout] 
[INFO] [stdout] error[E0425]: cannot find value `PLATFORM` in this scope
[INFO] [stdout]   --> src/vst3/editor.rs:39:50
[INFO] [stdout]    |
[INFO] [stdout] 39 |         if unsafe { view.isPlatformTypeSupported(PLATFORM) } != kResultOk {
[INFO] [stdout]    |                                                  ^^^^^^^^ not found in this scope
[INFO] [stdout] 
[INFO] [stdout] 
[INFO] [stdout] error[E0425]: cannot find value `PLATFORM` in this scope
[INFO] [stdout]   --> src/vst3/editor.rs:47:53
[INFO] [stdout]    |
[INFO] [stdout] 47 |         let result = unsafe { view.attached(parent, PLATFORM) };
[INFO] [stdout]    |                                                     ^^^^^^^^ not found in this scope
[INFO] [stdout] 
[INFO] [stdout] 
[INFO] [stdout] warning: unused import: `Window`
[INFO] [stdout]   --> src/clap/plugin.rs:29:68
[INFO] [stdout]    |
[INFO] [stdout] 29 | use clack_extensions::gui::{GuiApiType, GuiConfiguration, GuiSize, Window};
[INFO] [stdout]    |                                                                    ^^^^^^
[INFO] [stdout]    |
[INFO] [stdout]    = note: `#[warn(unused_imports)]` (part of `#[warn(unused)]`) on by default
[INFO] [stdout] 
[INFO] [stdout] 
[INFO] [stdout] For more information about this error, try `rustc --explain E0425`.
[INFO] [stdout] 
[INFO] [stderr] error: could not compile `plughost-formats` (lib) due to 4 previous errors; 1 warning emitted
[INFO] running `Command { std: "docker" "inspect" "42c638062ae68995dd7b544f87b7200ee0114f59d011f4ea3d4d280a0cb02eb1", kill_on_drop: false }`
[INFO] running `Command { std: "docker" "rm" "-f" "42c638062ae68995dd7b544f87b7200ee0114f59d011f4ea3d4d280a0cb02eb1", kill_on_drop: false }`
[INFO] [stdout] 42c638062ae68995dd7b544f87b7200ee0114f59d011f4ea3d4d280a0cb02eb1
