[INFO] fetching crate plotive 0.6.0...
[INFO] testing plotive-0.6.0 against 1.99.0-beta.8+cargoflags=--release for beta-release-1.100-2
[INFO] extracting crate plotive 0.6.0 into /workspace/builds/worker-6-tc1/source
[INFO] started tweaking crates.io crate plotive 0.6.0
[INFO] removed 0 missing examples
[INFO] finished tweaking crates.io crate plotive 0.6.0
[INFO] tweaked toml for crates.io crate plotive 0.6.0 written to /workspace/builds/worker-6-tc1/source/Cargo.toml
[INFO] validating manifest of crates.io crate plotive 0.6.0 on toolchain 1.99.0-beta.8
[INFO] running `Command { std: CARGO_HOME="/workspace/cargo-home" RUSTUP_HOME="/workspace/rustup-home" "/workspace/cargo-home/bin/cargo" "+1.99.0-beta.8" "metadata" "--manifest-path" "Cargo.toml" "--no-deps", kill_on_drop: false }`
[INFO] crate crates.io crate plotive 0.6.0 already has a lockfile, it will not be regenerated
[INFO] running `Command { std: CARGO_HOME="/workspace/cargo-home" RUSTUP_HOME="/workspace/rustup-home" "/workspace/cargo-home/bin/cargo" "+1.99.0-beta.8" "fetch" "--manifest-path" "Cargo.toml", kill_on_drop: false }`
[INFO] [stderr]     Updating crates.io index
[INFO] [stderr]  Downloading crates ...
[INFO] [stderr]   Downloaded unicode-properties v0.1.3
[INFO] [stderr]   Downloaded plotive-base v0.6.0
[INFO] [stderr]   Downloaded slotmap v1.0.7
[INFO] [stderr]   Downloaded strict-num v0.2.0
[INFO] [stderr]   Downloaded ode_solvers v0.6.1
[INFO] [stderr]   Downloaded thiserror-impl v2.0.14
[INFO] [stderr]   Downloaded unicode-script v0.5.7
[INFO] [stderr]   Downloaded thiserror v2.0.14
[INFO] [stderr]   Downloaded noyalib v0.0.6
[INFO] [stderr]   Downloaded plotive-text v0.6.0
[INFO] running `Command { std: "docker" "create" "-v" "/var/lib/crater-agent-workspace/builds/worker-6-tc1/source:/opt/rustwide/workdir:ro,Z" "-v" "/var/lib/crater-agent-workspace/builds/worker-6-tc1/target:/opt/rustwide/target:rw,Z" "-v" "/var/lib/crater-agent-workspace/cargo-home:/opt/rustwide/cargo-home:ro,Z" "-v" "/var/lib/crater-agent-workspace/rustup-home:/opt/rustwide/rustup-home:ro,Z" "-m" "1610612736" "--network" "none" "ghcr.io/rust-lang/crates-build-env/linux@sha256:77db811e55d90add9212f6832c23229e3de5f1c1f9905e8cb07319ea15df73ac" "sleep" "infinity", kill_on_drop: false }`
[INFO] [stdout] ae8e848245856f22e4ac247912af046b32fc197bef4fee9a6fe4271402c628c2
[INFO] running `Command { std: "docker" "start" "ae8e848245856f22e4ac247912af046b32fc197bef4fee9a6fe4271402c628c2", kill_on_drop: false }`
[INFO] running `Command { std: "docker" "inspect" "ae8e848245856f22e4ac247912af046b32fc197bef4fee9a6fe4271402c628c2", kill_on_drop: false }`
[INFO] running `Command { std: "docker" "exec" "-e" "SOURCE_DIR=/opt/rustwide/workdir" "-e" "CARGO_HOME=/opt/rustwide/cargo-home" "-e" "RUSTUP_HOME=/opt/rustwide/rustup-home" "-e" "CARGO_TARGET_DIR=/opt/rustwide/target" "-w" "/opt/rustwide/workdir" "--user" "0:0" "ae8e848245856f22e4ac247912af046b32fc197bef4fee9a6fe4271402c628c2" "/opt/rustwide/cargo-home/bin/cargo" "+1.99.0-beta.8" "metadata" "--no-deps" "--format-version=1", kill_on_drop: false }`
[INFO] running `Command { std: "docker" "inspect" "ae8e848245856f22e4ac247912af046b32fc197bef4fee9a6fe4271402c628c2", kill_on_drop: false }`
[INFO] running `Command { std: "docker" "exec" "-e" "SOURCE_DIR=/opt/rustwide/workdir" "-e" "CARGO_HOME=/opt/rustwide/cargo-home" "-e" "RUSTUP_HOME=/opt/rustwide/rustup-home" "-e" "CARGO_TARGET_DIR=/opt/rustwide/target" "-e" "CARGO_INCREMENTAL=0" "-e" "RUST_BACKTRACE=full" "-e" "RUSTFLAGS=--cap-lints=warn" "-e" "RUSTDOCFLAGS=--cap-lints=warn" "-w" "/opt/rustwide/workdir" "--user" "0:0" "ae8e848245856f22e4ac247912af046b32fc197bef4fee9a6fe4271402c628c2" "/opt/rustwide/cargo-home/bin/cargo" "+1.99.0-beta.8" "build" "--frozen" "--message-format=json" "--release", kill_on_drop: false }`
[INFO] [stderr]    Compiling simd-adler32 v0.3.7
[INFO] [stderr]    Compiling libm v0.2.15
[INFO] [stderr]    Compiling crc32fast v1.5.0
[INFO] [stderr]    Compiling bytemuck v1.23.1
[INFO] [stderr]    Compiling strict-num v0.1.1
[INFO] [stderr]    Compiling libc v0.2.180
[INFO] [stderr]    Compiling float-cmp v0.9.0
[INFO] [stderr]    Compiling slotmap v1.0.7
[INFO] [stderr]    Compiling log v0.4.29
[INFO] [stderr]    Compiling strict-num v0.2.0
[INFO] [stderr]    Compiling unicode-ccc v0.4.0
[INFO] [stderr]    Compiling miniz_oxide v0.8.9
[INFO] [stderr]    Compiling fdeflate v0.3.7
[INFO] [stderr]    Compiling bitflags v2.10.0
[INFO] [stderr]    Compiling unicode-bidi-mirroring v0.4.0
[INFO] [stderr]    Compiling unicode-script v0.5.7
[INFO] [stderr]    Compiling unicode-properties v0.1.3
[INFO] [stderr]    Compiling tiny-skia-path v0.11.4
[INFO] [stderr]    Compiling tinyvec v1.9.0
[INFO] [stderr]    Compiling flate2 v1.1.2
[INFO] [stderr]    Compiling plotive-base v0.6.0
[INFO] [stderr]    Compiling memmap2 v0.9.7
[INFO] [stderr]    Compiling unicode-bidi v0.3.18
[INFO] [stderr]    Compiling core_maths v0.1.1
[INFO] [stderr]    Compiling png v0.17.16
[INFO] [stderr]    Compiling ttf-parser v0.25.1
[INFO] [stderr]    Compiling tiny-skia v0.11.4
[INFO] [stderr]    Compiling rustybuzz v0.20.1
[INFO] [stderr]    Compiling plotive-text v0.6.0
[INFO] [stderr]    Compiling plotive v0.6.0 (/opt/rustwide/workdir)
[INFO] [stdout] warning: use of deprecated constant `std::f32::NAN`: replaced by the `NAN` associated constant on `f32`
[INFO] [stdout]    --> src/drawing/plot.rs:707:39
[INFO] [stdout]     |
[INFO] [stdout] 707 |             let mut max_height = f32::NAN;
[INFO] [stdout]     |                                       ^^^
[INFO] [stdout]     |
[INFO] [stdout]     = note: `#[warn(deprecated)]` on by default
[INFO] [stdout] 
[INFO] [stdout] 
[INFO] [stdout] warning: use of deprecated constant `std::f32::NAN`: replaced by the `NAN` associated constant on `f32`
[INFO] [stdout]    --> src/drawing/plot.rs:749:38
[INFO] [stdout]     |
[INFO] [stdout] 749 |             let mut max_width = f32::NAN;
[INFO] [stdout]     |                                      ^^^
[INFO] [stdout] 
[INFO] [stdout] 
[INFO] [stderr]     Finished `release` profile [optimized] target(s) in 1m 00s
[INFO] running `Command { std: "docker" "inspect" "ae8e848245856f22e4ac247912af046b32fc197bef4fee9a6fe4271402c628c2", kill_on_drop: false }`
[INFO] running `Command { std: "docker" "exec" "-e" "SOURCE_DIR=/opt/rustwide/workdir" "-e" "CARGO_HOME=/opt/rustwide/cargo-home" "-e" "RUSTUP_HOME=/opt/rustwide/rustup-home" "-e" "CARGO_TARGET_DIR=/opt/rustwide/target" "-e" "CARGO_INCREMENTAL=0" "-e" "RUST_BACKTRACE=full" "-e" "RUSTFLAGS=--cap-lints=warn" "-e" "RUSTDOCFLAGS=--cap-lints=warn" "-w" "/opt/rustwide/workdir" "--user" "0:0" "ae8e848245856f22e4ac247912af046b32fc197bef4fee9a6fe4271402c628c2" "/opt/rustwide/cargo-home/bin/cargo" "+1.99.0-beta.8" "test" "--frozen" "--no-run" "--message-format=json" "--release", kill_on_drop: false }`
[INFO] [stderr]    Compiling proc-macro2 v1.0.105
[INFO] [stderr]    Compiling num-traits v0.2.19
[INFO] [stderr]    Compiling zerocopy v0.8.33
[INFO] [stderr]    Compiling getrandom v0.3.4
[INFO] [stderr]    Compiling safe_arch v0.7.4
[INFO] [stderr]    Compiling serde v1.0.228
[INFO] [stderr]    Compiling typenum v1.18.0
[INFO] [stderr]    Compiling thiserror v2.0.14
[INFO] [stderr]    Compiling rand_core v0.9.3
[INFO] [stderr]    Compiling noyalib v0.0.6
[INFO] [stderr]    Compiling itoa v1.0.15
[INFO] [stderr]    Compiling hashbrown v0.16.1
[INFO] [stderr]    Compiling serde_ignored v0.1.14
[INFO] [stderr]    Compiling wide v0.7.33
[INFO] [stderr]    Compiling rustc-hash v2.1.1
[INFO] [stderr]    Compiling serde_json v1.0.150
[INFO] [stdout] warning: use of deprecated constant `std::f32::NAN`: replaced by the `NAN` associated constant on `f32`
[INFO] [stdout]    --> src/drawing/plot.rs:707:39
[INFO] [stdout]     |
[INFO] [stdout] 707 |             let mut max_height = f32::NAN;
[INFO] [stdout]     |                                       ^^^
[INFO] [stdout]     |
[INFO] [stdout]     = note: `#[warn(deprecated)]` on by default
[INFO] [stdout] 
[INFO] [stdout] 
[INFO] [stdout] warning: use of deprecated constant `std::f32::NAN`: replaced by the `NAN` associated constant on `f32`
[INFO] [stdout]    --> src/drawing/plot.rs:749:38
[INFO] [stdout]     |
[INFO] [stdout] 749 |             let mut max_width = f32::NAN;
[INFO] [stdout]     |                                      ^^^
[INFO] [stdout] 
[INFO] [stdout] 
[INFO] [stderr]    Compiling quote v1.0.46
[INFO] [stderr]    Compiling syn v2.0.114
[INFO] [stderr]    Compiling num-integer v0.1.46
[INFO] [stderr]    Compiling approx v0.5.1
[INFO] [stderr]    Compiling num-complex v0.4.6
[INFO] [stderr]    Compiling indexmap v2.13.0
[INFO] [stderr]    Compiling num-rational v0.4.2
[INFO] [stderr]    Compiling ppv-lite86 v0.2.21
[INFO] [stderr]    Compiling simba v0.9.1
[INFO] [stderr]    Compiling rand_chacha v0.9.0
[INFO] [stderr]    Compiling rand v0.9.2
[INFO] [stderr]    Compiling serde_derive v1.0.228
[INFO] [stderr]    Compiling nalgebra-macros v0.2.2
[INFO] [stderr]    Compiling thiserror-impl v2.0.14
[INFO] [stderr]    Compiling rand_distr v0.5.1
[INFO] [stderr]    Compiling nalgebra v0.33.2
[INFO] [stderr]    Compiling ode_solvers v0.6.1
[INFO] [stderr]    Compiling plotive v0.6.0 (/opt/rustwide/workdir)
[INFO] [stdout] error[E0432]: unresolved import `plotive_iced`
[INFO] [stdout]  --> examples/common/mod.rs:6:5
[INFO] [stdout]   |
[INFO] [stdout] 6 | use plotive_iced::Show;
[INFO] [stdout]   |     ^^^^^^^^^^^^ use of unresolved module or unlinked crate `plotive_iced`
[INFO] [stdout]   |
[INFO] [stdout] help: there is a crate or module with a similar name
[INFO] [stdout]   |
[INFO] [stdout] 6 - use plotive_iced::Show;
[INFO] [stdout] 6 + use plotive_base::Show;
[INFO] [stdout]   |
[INFO] [stdout] 
[INFO] [stdout] 
[INFO] [stdout] error[E0432]: unresolved import `plotive_pxl`
[INFO] [stdout]  --> examples/common/mod.rs:7:5
[INFO] [stdout]   |
[INFO] [stdout] 7 | use plotive_pxl::PxlRender;
[INFO] [stdout]   |     ^^^^^^^^^^^ use of unresolved module or unlinked crate `plotive_pxl`
[INFO] [stdout]   |
[INFO] [stdout] help: there is a crate or module with a similar name
[INFO] [stdout]   |
[INFO] [stdout] 7 - use plotive_pxl::PxlRender;
[INFO] [stdout] 7 + use plotive_text::PxlRender;
[INFO] [stdout]   |
[INFO] [stdout] 
[INFO] [stdout] 
[INFO] [stdout] error[E0432]: unresolved import `plotive_iced`
[INFO] [stdout]  --> examples/readme.rs:6:5
[INFO] [stdout]   |
[INFO] [stdout] 6 | use plotive_iced::Show;
[INFO] [stdout]   |     ^^^^^^^^^^^^ use of unresolved module or unlinked crate `plotive_iced`
[INFO] [stdout]   |
[INFO] [stdout] help: there is a crate or module with a similar name
[INFO] [stdout]   |
[INFO] [stdout] 6 - use plotive_iced::Show;
[INFO] [stdout] 6 + use plotive_base::Show;
[INFO] [stdout]   |
[INFO] [stdout] 
[INFO] [stdout] 
[INFO] [stdout] error[E0432]: unresolved import `plotive_svg`
[INFO] [stdout]  --> examples/common/mod.rs:8:5
[INFO] [stdout]   |
[INFO] [stdout] 8 | use plotive_svg::SaveSvg;
[INFO] [stdout]   |     ^^^^^^^^^^^ use of unresolved module or unlinked crate `plotive_svg`
[INFO] [stdout]   |
[INFO] [stdout]   = help: if you wanted to use a crate named `plotive_svg`, use `cargo add plotive_svg` to add it to your `Cargo.toml`
[INFO] [stdout] 
[INFO] [stdout] 
[INFO] [stdout] error[E0432]: unresolved import `plotive_iced`
[INFO] [stdout]  --> examples/common/mod.rs:6:5
[INFO] [stdout]   |
[INFO] [stdout] 6 | use plotive_iced::Show;
[INFO] [stdout]   |     ^^^^^^^^^^^^ use of unresolved module or unlinked crate `plotive_iced`
[INFO] [stdout]   |
[INFO] [stdout] help: there is a crate or module with a similar name
[INFO] [stdout]   |
[INFO] [stdout] 6 - use plotive_iced::Show;
[INFO] [stdout] 6 + use plotive_base::Show;
[INFO] [stdout]   |
[INFO] [stdout] 
[INFO] [stdout] 
[INFO] [stdout] error[E0432]: unresolved import `plotive_pxl`
[INFO] [stdout]  --> examples/common/mod.rs:7:5
[INFO] [stdout]   |
[INFO] [stdout] 7 | use plotive_pxl::PxlRender;
[INFO] [stdout]   |     ^^^^^^^^^^^ use of unresolved module or unlinked crate `plotive_pxl`
[INFO] [stdout]   |
[INFO] [stdout] help: there is a crate or module with a similar name
[INFO] [stdout]   |
[INFO] [stdout] 7 - use plotive_pxl::PxlRender;
[INFO] [stdout] 7 + use plotive_text::PxlRender;
[INFO] [stdout]   |
[INFO] [stdout] 
[INFO] [stdout] 
[INFO] [stdout] error[E0432]: unresolved import `plotive_svg`
[INFO] [stdout]  --> examples/common/mod.rs:8:5
[INFO] [stdout]   |
[INFO] [stdout] 8 | use plotive_svg::SaveSvg;
[INFO] [stdout]   |     ^^^^^^^^^^^ use of unresolved module or unlinked crate `plotive_svg`
[INFO] [stdout]   |
[INFO] [stdout]   = help: if you wanted to use a crate named `plotive_svg`, use `cargo add plotive_svg` to add it to your `Cargo.toml`
[INFO] [stdout] 
[INFO] [stdout] 
[INFO] [stdout] error[E0432]: unresolved import `plotive_iced`
[INFO] [stdout]  --> examples/common/mod.rs:6:5
[INFO] [stdout]   |
[INFO] [stdout] 6 | use plotive_iced::Show;
[INFO] [stdout]   |     ^^^^^^^^^^^^ use of unresolved module or unlinked crate `plotive_iced`
[INFO] [stdout]   |
[INFO] [stdout] help: there is a crate or module with a similar name
[INFO] [stdout]   |
[INFO] [stdout] 6 - use plotive_iced::Show;
[INFO] [stdout] 6 + use plotive_base::Show;
[INFO] [stdout]   |
[INFO] [stdout] 
[INFO] [stdout] 
[INFO] [stdout] error[E0432]: unresolved import `plotive_pxl`
[INFO] [stdout]  --> examples/common/mod.rs:7:5
[INFO] [stdout]   |
[INFO] [stdout] 7 | use plotive_pxl::PxlRender;
[INFO] [stdout]   |     ^^^^^^^^^^^ use of unresolved module or unlinked crate `plotive_pxl`
[INFO] [stdout]   |
[INFO] [stdout] help: there is a crate or module with a similar name
[INFO] [stdout]   |
[INFO] [stdout] 7 - use plotive_pxl::PxlRender;
[INFO] [stdout] 7 + use plotive_text::PxlRender;
[INFO] [stdout]   |
[INFO] [stdout] 
[INFO] [stdout] 
[INFO] [stdout] error[E0432]: unresolved import `plotive_svg`
[INFO] [stdout]  --> examples/common/mod.rs:8:5
[INFO] [stdout]   |
[INFO] [stdout] 8 | use plotive_svg::SaveSvg;
[INFO] [stdout]   |     ^^^^^^^^^^^ use of unresolved module or unlinked crate `plotive_svg`
[INFO] [stdout]   |
[INFO] [stdout]   = help: if you wanted to use a crate named `plotive_svg`, use `cargo add plotive_svg` to add it to your `Cargo.toml`
[INFO] [stdout] 
[INFO] [stdout] 
[INFO] [stdout] error[E0432]: unresolved import `plotive_iced`
[INFO] [stdout]  --> examples/common/mod.rs:6:5
[INFO] [stdout]   |
[INFO] [stdout] 6 | use plotive_iced::Show;
[INFO] [stdout]   |     ^^^^^^^^^^^^ use of unresolved module or unlinked crate `plotive_iced`
[INFO] [stdout]   |
[INFO] [stdout] help: there is a crate or module with a similar name
[INFO] [stdout]   |
[INFO] [stdout] 6 - use plotive_iced::Show;
[INFO] [stdout] 6 + use plotive_base::Show;
[INFO] [stdout]   |
[INFO] [stdout] 
[INFO] [stdout] 
[INFO] [stdout] error[E0432]: unresolved import `plotive_pxl`
[INFO] [stdout]  --> examples/common/mod.rs:7:5
[INFO] [stdout]   |
[INFO] [stdout] 7 | use plotive_pxl::PxlRender;
[INFO] [stdout]   |     ^^^^^^^^^^^ use of unresolved module or unlinked crate `plotive_pxl`
[INFO] [stdout]   |
[INFO] [stdout] help: there is a crate or module with a similar name
[INFO] [stdout]   |
[INFO] [stdout] 7 - use plotive_pxl::PxlRender;
[INFO] [stdout] 7 + use plotive_text::PxlRender;
[INFO] [stdout]   |
[INFO] [stdout] 
[INFO] [stdout] 
[INFO] [stdout] error[E0432]: unresolved import `plotive_svg`
[INFO] [stdout]  --> examples/common/mod.rs:8:5
[INFO] [stdout]   |
[INFO] [stdout] 8 | use plotive_svg::SaveSvg;
[INFO] [stdout]   |     ^^^^^^^^^^^ use of unresolved module or unlinked crate `plotive_svg`
[INFO] [stdout]   |
[INFO] [stdout]   = help: if you wanted to use a crate named `plotive_svg`, use `cargo add plotive_svg` to add it to your `Cargo.toml`
[INFO] [stdout] 
[INFO] [stdout] 
[INFO] [stdout] error[E0432]: unresolved import `plotive_iced`
[INFO] [stdout]  --> examples/common/mod.rs:6:5
[INFO] [stdout]   |
[INFO] [stdout] 6 | use plotive_iced::Show;
[INFO] [stdout]   |     ^^^^^^^^^^^^ use of unresolved module or unlinked crate `plotive_iced`
[INFO] [stdout]   |
[INFO] [stdout] help: there is a crate or module with a similar name
[INFO] [stdout]   |
[INFO] [stdout] 6 - use plotive_iced::Show;
[INFO] [stdout] 6 + use plotive_base::Show;
[INFO] [stdout]   |
[INFO] [stdout] 
[INFO] [stdout] 
[INFO] [stdout] error[E0432]: unresolved import `plotive_pxl`
[INFO] [stdout]  --> examples/common/mod.rs:7:5
[INFO] [stdout]   |
[INFO] [stdout] 7 | use plotive_pxl::PxlRender;
[INFO] [stdout]   |     ^^^^^^^^^^^ use of unresolved module or unlinked crate `plotive_pxl`
[INFO] [stdout]   |
[INFO] [stdout] help: there is a crate or module with a similar name
[INFO] [stdout]   |
[INFO] [stdout] 7 - use plotive_pxl::PxlRender;
[INFO] [stdout] 7 + use plotive_text::PxlRender;
[INFO] [stdout]   |
[INFO] [stdout] 
[INFO] [stdout] 
[INFO] [stdout] error[E0432]: unresolved import `plotive_svg`
[INFO] [stdout]  --> examples/common/mod.rs:8:5
[INFO] [stdout]   |
[INFO] [stdout] 8 | use plotive_svg::SaveSvg;
[INFO] [stdout]   |     ^^^^^^^^^^^ use of unresolved module or unlinked crate `plotive_svg`
[INFO] [stdout]   |
[INFO] [stdout]   = help: if you wanted to use a crate named `plotive_svg`, use `cargo add plotive_svg` to add it to your `Cargo.toml`
[INFO] [stdout] 
[INFO] [stdout] 
[INFO] [stdout] error[E0433]: cannot find module or crate `plotive_iced` in this scope
[INFO] [stdout]    --> examples/common/mod.rs:229:17
[INFO] [stdout]     |
[INFO] [stdout] 229 |                 plotive_iced::show::Params {
[INFO] [stdout]     |                 ^^^^^^^^^^^^ use of unresolved module or unlinked crate `plotive_iced`
[INFO] [stdout]     |
[INFO] [stdout] help: there is a crate or module with a similar name
[INFO] [stdout]     |
[INFO] [stdout] 229 -                 plotive_iced::show::Params {
[INFO] [stdout] 229 +                 plotive_base::show::Params {
[INFO] [stdout]     |
[INFO] [stdout] 
[INFO] [stdout] 
[INFO] [stdout] error[E0433]: cannot find module or crate `plotive_iced` in this scope
[INFO] [stdout]    --> examples/common/mod.rs:229:17
[INFO] [stdout]     |
[INFO] [stdout] 229 |                 plotive_iced::show::Params {
[INFO] [stdout]     |                 ^^^^^^^^^^^^ use of unresolved module or unlinked crate `plotive_iced`
[INFO] [stdout]     |
[INFO] [stdout] help: there is a crate or module with a similar name
[INFO] [stdout]     |
[INFO] [stdout] 229 -                 plotive_iced::show::Params {
[INFO] [stdout] 229 +                 plotive_base::show::Params {
[INFO] [stdout]     |
[INFO] [stdout] 
[INFO] [stdout] 
[INFO] [stdout] error[E0432]: unresolved import `plotive_iced`
[INFO] [stdout]  --> examples/common/mod.rs:6:5
[INFO] [stdout]   |
[INFO] [stdout] 6 | use plotive_iced::Show;
[INFO] [stdout]   |     ^^^^^^^^^^^^ use of unresolved module or unlinked crate `plotive_iced`
[INFO] [stdout]   |
[INFO] [stdout] help: there is a crate or module with a similar name
[INFO] [stdout]   |
[INFO] [stdout] 6 - use plotive_iced::Show;
[INFO] [stdout] 6 + use plotive_base::Show;
[INFO] [stdout]   |
[INFO] [stdout] 
[INFO] [stdout] 
[INFO] [stdout] error[E0432]: unresolved import `plotive_pxl`
[INFO] [stdout]  --> examples/common/mod.rs:7:5
[INFO] [stdout]   |
[INFO] [stdout] 7 | use plotive_pxl::PxlRender;
[INFO] [stdout]   |     ^^^^^^^^^^^ use of unresolved module or unlinked crate `plotive_pxl`
[INFO] [stdout]   |
[INFO] [stdout] help: there is a crate or module with a similar name
[INFO] [stdout]   |
[INFO] [stdout] 7 - use plotive_pxl::PxlRender;
[INFO] [stdout] 7 + use plotive_text::PxlRender;
[INFO] [stdout]   |
[INFO] [stdout] 
[INFO] [stdout] 
[INFO] [stdout] error[E0432]: unresolved import `plotive_svg`
[INFO] [stdout]  --> examples/common/mod.rs:8:5
[INFO] [stdout]   |
[INFO] [stdout] 8 | use plotive_svg::SaveSvg;
[INFO] [stdout]   |     ^^^^^^^^^^^ use of unresolved module or unlinked crate `plotive_svg`
[INFO] [stdout]   |
[INFO] [stdout]   = help: if you wanted to use a crate named `plotive_svg`, use `cargo add plotive_svg` to add it to your `Cargo.toml`
[INFO] [stdout] 
[INFO] [stdout] 
[INFO] [stdout] error[E0433]: cannot find module or crate `plotive_iced` in this scope
[INFO] [stdout]    --> examples/common/mod.rs:229:17
[INFO] [stdout]     |
[INFO] [stdout] 229 |                 plotive_iced::show::Params {
[INFO] [stdout]     |                 ^^^^^^^^^^^^ use of unresolved module or unlinked crate `plotive_iced`
[INFO] [stdout]     |
[INFO] [stdout] help: there is a crate or module with a similar name
[INFO] [stdout]     |
[INFO] [stdout] 229 -                 plotive_iced::show::Params {
[INFO] [stdout] 229 +                 plotive_base::show::Params {
[INFO] [stdout]     |
[INFO] [stdout] 
[INFO] [stdout] 
[INFO] [stdout] error[E0599]: no method named `show` found for struct `Figure` in the current scope
[INFO] [stdout]   --> examples/readme.rs:42:9
[INFO] [stdout]    |
[INFO] [stdout] 42 |     fig.show(Arc::new(data_source), Default::default()).unwrap();
[INFO] [stdout]    |         ^^^^ method not found in `Figure`
[INFO] [stdout] 
[INFO] [stdout] 
[INFO] [stdout] Some errors have detailed explanations: E0432, E0599.
[INFO] [stdout] 
[INFO] [stdout] For more information about an error, try `rustc --explain E0432`.
[INFO] [stdout] 
[INFO] [stderr] error: could not compile `plotive` (example "readme") due to 2 previous errors
[INFO] [stderr] warning: build failed, waiting for other jobs to finish...
[INFO] [stdout] error[E0433]: cannot find module or crate `plotive_iced` in this scope
[INFO] [stdout]    --> examples/common/mod.rs:229:17
[INFO] [stdout]     |
[INFO] [stdout] 229 |                 plotive_iced::show::Params {
[INFO] [stdout]     |                 ^^^^^^^^^^^^ use of unresolved module or unlinked crate `plotive_iced`
[INFO] [stdout]     |
[INFO] [stdout] help: there is a crate or module with a similar name
[INFO] [stdout]     |
[INFO] [stdout] 229 -                 plotive_iced::show::Params {
[INFO] [stdout] 229 +                 plotive_base::show::Params {
[INFO] [stdout]     |
[INFO] [stdout] 
[INFO] [stdout] 
[INFO] [stdout] error[E0433]: cannot find module or crate `plotive_iced` in this scope
[INFO] [stdout]    --> examples/common/mod.rs:229:17
[INFO] [stdout]     |
[INFO] [stdout] 229 |                 plotive_iced::show::Params {
[INFO] [stdout]     |                 ^^^^^^^^^^^^ use of unresolved module or unlinked crate `plotive_iced`
[INFO] [stdout]     |
[INFO] [stdout] help: there is a crate or module with a similar name
[INFO] [stdout]     |
[INFO] [stdout] 229 -                 plotive_iced::show::Params {
[INFO] [stdout] 229 +                 plotive_base::show::Params {
[INFO] [stdout]     |
[INFO] [stdout] 
[INFO] [stdout] 
[INFO] [stdout] error[E0599]: no method named `save_png` found for struct `PreparedFigure` in the current scope
[INFO] [stdout]    --> examples/common/mod.rs:161:18
[INFO] [stdout]     |
[INFO] [stdout] 160 | /             prepared_fig
[INFO] [stdout] 161 | |                 .save_png(
[INFO] [stdout]     | |                 -^^^^^^^^ method not found in `PreparedFigure`
[INFO] [stdout]     | |_________________|
[INFO] [stdout]     |
[INFO] [stdout] 
[INFO] [stdout] 
[INFO] [stdout] error[E0599]: no method named `save_png` found for struct `PreparedFigure` in the current scope
[INFO] [stdout]    --> examples/common/mod.rs:161:18
[INFO] [stdout]     |
[INFO] [stdout] 160 | /             prepared_fig
[INFO] [stdout] 161 | |                 .save_png(
[INFO] [stdout]     | |                 -^^^^^^^^ method not found in `PreparedFigure`
[INFO] [stdout]     | |_________________|
[INFO] [stdout]     |
[INFO] [stdout] 
[INFO] [stdout] 
[INFO] [stdout] error[E0433]: cannot find module or crate `plotive_iced` in this scope
[INFO] [stdout]    --> examples/common/mod.rs:229:17
[INFO] [stdout]     |
[INFO] [stdout] 229 |                 plotive_iced::show::Params {
[INFO] [stdout]     |                 ^^^^^^^^^^^^ use of unresolved module or unlinked crate `plotive_iced`
[INFO] [stdout]     |
[INFO] [stdout] help: there is a crate or module with a similar name
[INFO] [stdout]     |
[INFO] [stdout] 229 -                 plotive_iced::show::Params {
[INFO] [stdout] 229 +                 plotive_base::show::Params {
[INFO] [stdout]     |
[INFO] [stdout] 
[INFO] [stdout] 
[INFO] [stdout] error[E0599]: no method named `save_png` found for struct `PreparedFigure` in the current scope
[INFO] [stdout]    --> examples/common/mod.rs:161:18
[INFO] [stdout]     |
[INFO] [stdout] 160 | /             prepared_fig
[INFO] [stdout] 161 | |                 .save_png(
[INFO] [stdout]     | |                 -^^^^^^^^ method not found in `PreparedFigure`
[INFO] [stdout]     | |_________________|
[INFO] [stdout]     |
[INFO] [stdout] 
[INFO] [stdout] 
[INFO] [stdout] error[E0599]: no method named `save_svg` found for struct `PreparedFigure` in the current scope
[INFO] [stdout]    --> examples/common/mod.rs:182:18
[INFO] [stdout]     |
[INFO] [stdout] 181 | /             prepared_fig
[INFO] [stdout] 182 | |                 .save_svg(
[INFO] [stdout]     | |                 -^^^^^^^^ method not found in `PreparedFigure`
[INFO] [stdout]     | |_________________|
[INFO] [stdout]     |
[INFO] [stdout] 
[INFO] [stdout] 
[INFO] [stdout] error[E0599]: no method named `save_svg` found for struct `PreparedFigure` in the current scope
[INFO] [stdout]    --> examples/common/mod.rs:182:18
[INFO] [stdout]     |
[INFO] [stdout] 181 | /             prepared_fig
[INFO] [stdout] 182 | |                 .save_svg(
[INFO] [stdout]     | |                 -^^^^^^^^ method not found in `PreparedFigure`
[INFO] [stdout]     | |_________________|
[INFO] [stdout]     |
[INFO] [stdout] 
[INFO] [stdout] 
[INFO] [stdout] error[E0599]: no method named `save_svg` found for struct `PreparedFigure` in the current scope
[INFO] [stdout]    --> examples/common/mod.rs:182:18
[INFO] [stdout]     |
[INFO] [stdout] 181 | /             prepared_fig
[INFO] [stdout] 182 | |                 .save_svg(
[INFO] [stdout]     | |                 -^^^^^^^^ method not found in `PreparedFigure`
[INFO] [stdout]     | |_________________|
[INFO] [stdout]     |
[INFO] [stdout] 
[INFO] [stdout] 
[INFO] [stdout] error[E0599]: no method named `show` found for struct `PreparedFigure` in the current scope
[INFO] [stdout]    --> examples/common/mod.rs:227:14
[INFO] [stdout]     |
[INFO] [stdout] 226 | /         prepared_fig
[INFO] [stdout] 227 | |             .show(
[INFO] [stdout]     | |             -^^^^ method not found in `PreparedFigure`
[INFO] [stdout]     | |_____________|
[INFO] [stdout]     |
[INFO] [stdout] 
[INFO] [stdout] 
[INFO] [stdout] error[E0599]: no method named `show` found for struct `PreparedFigure` in the current scope
[INFO] [stdout]    --> examples/common/mod.rs:227:14
[INFO] [stdout]     |
[INFO] [stdout] 226 | /         prepared_fig
[INFO] [stdout] 227 | |             .show(
[INFO] [stdout]     | |             -^^^^ method not found in `PreparedFigure`
[INFO] [stdout]     | |_____________|
[INFO] [stdout]     |
[INFO] [stdout] 
[INFO] [stdout] 
[INFO] [stdout] error[E0599]: no method named `save_png` found for struct `PreparedFigure` in the current scope
[INFO] [stdout]    --> examples/common/mod.rs:161:18
[INFO] [stdout]     |
[INFO] [stdout] 160 | /             prepared_fig
[INFO] [stdout] 161 | |                 .save_png(
[INFO] [stdout]     | |                 -^^^^^^^^ method not found in `PreparedFigure`
[INFO] [stdout]     | |_________________|
[INFO] [stdout]     |
[INFO] [stdout] 
[INFO] [stdout] 
[INFO] [stdout] error[E0599]: no method named `show` found for struct `PreparedFigure` in the current scope
[INFO] [stdout]    --> examples/common/mod.rs:227:14
[INFO] [stdout]     |
[INFO] [stdout] 226 | /         prepared_fig
[INFO] [stdout] 227 | |             .show(
[INFO] [stdout]     | |             -^^^^ method not found in `PreparedFigure`
[INFO] [stdout]     | |_____________|
[INFO] [stdout]     |
[INFO] [stdout] 
[INFO] [stdout] 
[INFO] [stdout] error[E0599]: no method named `save_png` found for struct `PreparedFigure` in the current scope
[INFO] [stdout]    --> examples/common/mod.rs:161:18
[INFO] [stdout]     |
[INFO] [stdout] 160 | /             prepared_fig
[INFO] [stdout] 161 | |                 .save_png(
[INFO] [stdout]     | |                 -^^^^^^^^ method not found in `PreparedFigure`
[INFO] [stdout]     | |_________________|
[INFO] [stdout]     |
[INFO] [stdout] 
[INFO] [stdout] 
[INFO] [stdout] error[E0599]: no method named `save_png` found for struct `PreparedFigure` in the current scope
[INFO] [stdout]    --> examples/common/mod.rs:161:18
[INFO] [stdout]     |
[INFO] [stdout] 160 | /             prepared_fig
[INFO] [stdout] 161 | |                 .save_png(
[INFO] [stdout]     | |                 -^^^^^^^^ method not found in `PreparedFigure`
[INFO] [stdout]     | |_________________|
[INFO] [stdout]     |
[INFO] [stdout] 
[INFO] [stdout] 
[INFO] [stdout] error[E0433]: cannot find module or crate `plotive_pxl` in this scope
[INFO] [stdout]    --> examples/common/mod.rs:164:21
[INFO] [stdout]     |
[INFO] [stdout] 164 |                     plotive_pxl::Params {
[INFO] [stdout]     |                     ^^^^^^^^^^^ use of unresolved module or unlinked crate `plotive_pxl`
[INFO] [stdout]     |
[INFO] [stdout] help: there is a crate or module with a similar name
[INFO] [stdout]     |
[INFO] [stdout] 164 -                     plotive_pxl::Params {
[INFO] [stdout] 164 +                     plotive_text::Params {
[INFO] [stdout]     |
[INFO] [stdout] 
[INFO] [stdout] 
[INFO] [stdout] error[E0433]: cannot find module or crate `plotive_svg` in this scope
[INFO] [stdout]    --> examples/common/mod.rs:185:21
[INFO] [stdout]     |
[INFO] [stdout] 185 |                     plotive_svg::Params {
[INFO] [stdout]     |                     ^^^^^^^^^^^ use of unresolved module or unlinked crate `plotive_svg`
[INFO] [stdout]     |
[INFO] [stdout]     = help: if you wanted to use a crate named `plotive_svg`, use `cargo add plotive_svg` to add it to your `Cargo.toml`
[INFO] [stdout] 
[INFO] [stdout] 
[INFO] [stdout] Some errors have detailed explanations: E0432, E0433, E0599.
[INFO] [stdout] 
[INFO] [stdout] For more information about an error, try `rustc --explain E0432`.
[INFO] [stdout] 
[INFO] [stdout] error[E0599]: no method named `save_svg` found for struct `PreparedFigure` in the current scope
[INFO] [stdout]    --> examples/common/mod.rs:182:18
[INFO] [stdout]     |
[INFO] [stdout] 181 | /             prepared_fig
[INFO] [stdout] 182 | |                 .save_svg(
[INFO] [stdout]     | |                 -^^^^^^^^ method not found in `PreparedFigure`
[INFO] [stdout]     | |_________________|
[INFO] [stdout]     |
[INFO] [stdout] 
[INFO] [stdout] 
[INFO] [stdout] error[E0433]: cannot find module or crate `plotive_pxl` in this scope
[INFO] [stdout]    --> examples/common/mod.rs:164:21
[INFO] [stdout]     |
[INFO] [stdout] 164 |                     plotive_pxl::Params {
[INFO] [stdout]     |                     ^^^^^^^^^^^ use of unresolved module or unlinked crate `plotive_pxl`
[INFO] [stdout]     |
[INFO] [stdout] help: there is a crate or module with a similar name
[INFO] [stdout]     |
[INFO] [stdout] 164 -                     plotive_pxl::Params {
[INFO] [stdout] 164 +                     plotive_text::Params {
[INFO] [stdout]     |
[INFO] [stdout] 
[INFO] [stdout] 
[INFO] [stdout] error[E0433]: cannot find module or crate `plotive_svg` in this scope
[INFO] [stdout]    --> examples/common/mod.rs:185:21
[INFO] [stdout]     |
[INFO] [stdout] 185 |                     plotive_svg::Params {
[INFO] [stdout]     |                     ^^^^^^^^^^^ use of unresolved module or unlinked crate `plotive_svg`
[INFO] [stdout]     |
[INFO] [stdout]     = help: if you wanted to use a crate named `plotive_svg`, use `cargo add plotive_svg` to add it to your `Cargo.toml`
[INFO] [stdout] 
[INFO] [stdout] 
[INFO] [stdout] Some errors have detailed explanations: E0432, E0433, E0599.
[INFO] [stdout] 
[INFO] [stdout] For more information about an error, try `rustc --explain E0432`.
[INFO] [stdout] 
[INFO] [stderr] error: could not compile `plotive` (example "minimal") due to 9 previous errors
[INFO] [stderr] error: could not compile `plotive` (example "scatter") due to 9 previous errors
[INFO] [stdout] error[E0599]: no method named `show` found for struct `PreparedFigure` in the current scope
[INFO] [stdout]    --> examples/common/mod.rs:227:14
[INFO] [stdout]     |
[INFO] [stdout] 226 | /         prepared_fig
[INFO] [stdout] 227 | |             .show(
[INFO] [stdout]     | |             -^^^^ method not found in `PreparedFigure`
[INFO] [stdout]     | |_____________|
[INFO] [stdout]     |
[INFO] [stdout] 
[INFO] [stdout] 
[INFO] [stdout] error[E0599]: no method named `save_svg` found for struct `PreparedFigure` in the current scope
[INFO] [stdout]    --> examples/common/mod.rs:182:18
[INFO] [stdout]     |
[INFO] [stdout] 181 | /             prepared_fig
[INFO] [stdout] 182 | |                 .save_svg(
[INFO] [stdout]     | |                 -^^^^^^^^ method not found in `PreparedFigure`
[INFO] [stdout]     | |_________________|
[INFO] [stdout]     |
[INFO] [stdout] 
[INFO] [stdout] 
[INFO] [stdout] error[E0433]: cannot find module or crate `plotive_pxl` in this scope
[INFO] [stdout]    --> examples/common/mod.rs:164:21
[INFO] [stdout]     |
[INFO] [stdout] 164 |                     plotive_pxl::Params {
[INFO] [stdout]     |                     ^^^^^^^^^^^ use of unresolved module or unlinked crate `plotive_pxl`
[INFO] [stdout]     |
[INFO] [stdout] help: there is a crate or module with a similar name
[INFO] [stdout]     |
[INFO] [stdout] 164 -                     plotive_pxl::Params {
[INFO] [stdout] 164 +                     plotive_text::Params {
[INFO] [stdout]     |
[INFO] [stdout] 
[INFO] [stdout] 
[INFO] [stdout] error[E0433]: cannot find module or crate `plotive_svg` in this scope
[INFO] [stdout]    --> examples/common/mod.rs:185:21
[INFO] [stdout]     |
[INFO] [stdout] 185 |                     plotive_svg::Params {
[INFO] [stdout]     |                     ^^^^^^^^^^^ use of unresolved module or unlinked crate `plotive_svg`
[INFO] [stdout]     |
[INFO] [stdout]     = help: if you wanted to use a crate named `plotive_svg`, use `cargo add plotive_svg` to add it to your `Cargo.toml`
[INFO] [stdout] 
[INFO] [stdout] 
[INFO] [stdout] Some errors have detailed explanations: E0432, E0433, E0599.
[INFO] [stdout] 
[INFO] [stdout] For more information about an error, try `rustc --explain E0432`.
[INFO] [stdout] 
[INFO] [stdout] error[E0599]: no method named `save_svg` found for struct `PreparedFigure` in the current scope
[INFO] [stdout]    --> examples/common/mod.rs:182:18
[INFO] [stdout]     |
[INFO] [stdout] 181 | /             prepared_fig
[INFO] [stdout] 182 | |                 .save_svg(
[INFO] [stdout]     | |                 -^^^^^^^^ method not found in `PreparedFigure`
[INFO] [stdout]     | |_________________|
[INFO] [stdout]     |
[INFO] [stdout] 
[INFO] [stdout] 
[INFO] [stderr] error: could not compile `plotive` (example "colormap") due to 9 previous errors
[INFO] [stdout] error[E0599]: no method named `show` found for struct `PreparedFigure` in the current scope
[INFO] [stdout]    --> examples/common/mod.rs:227:14
[INFO] [stdout]     |
[INFO] [stdout] 226 | /         prepared_fig
[INFO] [stdout] 227 | |             .show(
[INFO] [stdout]     | |             -^^^^ method not found in `PreparedFigure`
[INFO] [stdout]     | |_____________|
[INFO] [stdout]     |
[INFO] [stdout] 
[INFO] [stdout] 
[INFO] [stdout] error[E0599]: no method named `show` found for struct `PreparedFigure` in the current scope
[INFO] [stdout]    --> examples/common/mod.rs:227:14
[INFO] [stdout]     |
[INFO] [stdout] 226 | /         prepared_fig
[INFO] [stdout] 227 | |             .show(
[INFO] [stdout]     | |             -^^^^ method not found in `PreparedFigure`
[INFO] [stdout]     | |_____________|
[INFO] [stdout]     |
[INFO] [stdout] 
[INFO] [stdout] 
[INFO] [stdout] error[E0433]: cannot find module or crate `plotive_pxl` in this scope
[INFO] [stdout]    --> examples/common/mod.rs:164:21
[INFO] [stdout]     |
[INFO] [stdout] 164 |                     plotive_pxl::Params {
[INFO] [stdout]     |                     ^^^^^^^^^^^ use of unresolved module or unlinked crate `plotive_pxl`
[INFO] [stdout]     |
[INFO] [stdout] help: there is a crate or module with a similar name
[INFO] [stdout]     |
[INFO] [stdout] 164 -                     plotive_pxl::Params {
[INFO] [stdout] 164 +                     plotive_text::Params {
[INFO] [stdout]     |
[INFO] [stdout] 
[INFO] [stdout] 
[INFO] [stdout] error[E0433]: cannot find module or crate `plotive_svg` in this scope
[INFO] [stdout]    --> examples/common/mod.rs:185:21
[INFO] [stdout]     |
[INFO] [stdout] 185 |                     plotive_svg::Params {
[INFO] [stdout]     |                     ^^^^^^^^^^^ use of unresolved module or unlinked crate `plotive_svg`
[INFO] [stdout]     |
[INFO] [stdout]     = help: if you wanted to use a crate named `plotive_svg`, use `cargo add plotive_svg` to add it to your `Cargo.toml`
[INFO] [stdout] 
[INFO] [stdout] 
[INFO] [stdout] Some errors have detailed explanations: E0432, E0433, E0599.
[INFO] [stdout] 
[INFO] [stdout] For more information about an error, try `rustc --explain E0432`.
[INFO] [stdout] 
[INFO] [stdout] error[E0433]: cannot find module or crate `plotive_pxl` in this scope
[INFO] [stdout]    --> examples/common/mod.rs:164:21
[INFO] [stdout]     |
[INFO] [stdout] 164 |                     plotive_pxl::Params {
[INFO] [stdout]     |                     ^^^^^^^^^^^ use of unresolved module or unlinked crate `plotive_pxl`
[INFO] [stdout]     |
[INFO] [stdout] help: there is a crate or module with a similar name
[INFO] [stdout]     |
[INFO] [stdout] 164 -                     plotive_pxl::Params {
[INFO] [stdout] 164 +                     plotive_text::Params {
[INFO] [stdout]     |
[INFO] [stdout] 
[INFO] [stdout] 
[INFO] [stdout] error[E0433]: cannot find module or crate `plotive_svg` in this scope
[INFO] [stdout]    --> examples/common/mod.rs:185:21
[INFO] [stdout]     |
[INFO] [stdout] 185 |                     plotive_svg::Params {
[INFO] [stdout]     |                     ^^^^^^^^^^^ use of unresolved module or unlinked crate `plotive_svg`
[INFO] [stdout]     |
[INFO] [stdout]     = help: if you wanted to use a crate named `plotive_svg`, use `cargo add plotive_svg` to add it to your `Cargo.toml`
[INFO] [stdout] 
[INFO] [stdout] 
[INFO] [stdout] Some errors have detailed explanations: E0432, E0433, E0599.
[INFO] [stdout] 
[INFO] [stdout] For more information about an error, try `rustc --explain E0432`.
[INFO] [stdout] 
[INFO] [stderr] error: could not compile `plotive` (example "primes") due to 9 previous errors
[INFO] [stdout] error[E0433]: cannot find module or crate `plotive_pxl` in this scope
[INFO] [stdout]    --> examples/common/mod.rs:164:21
[INFO] [stdout]     |
[INFO] [stdout] 164 |                     plotive_pxl::Params {
[INFO] [stdout]     |                     ^^^^^^^^^^^ use of unresolved module or unlinked crate `plotive_pxl`
[INFO] [stdout]     |
[INFO] [stdout] help: there is a crate or module with a similar name
[INFO] [stdout]     |
[INFO] [stdout] 164 -                     plotive_pxl::Params {
[INFO] [stdout] 164 +                     plotive_text::Params {
[INFO] [stdout]     |
[INFO] [stdout] 
[INFO] [stdout] 
[INFO] [stdout] error[E0433]: cannot find module or crate `plotive_svg` in this scope
[INFO] [stdout]    --> examples/common/mod.rs:185:21
[INFO] [stdout]     |
[INFO] [stdout] 185 |                     plotive_svg::Params {
[INFO] [stdout]     |                     ^^^^^^^^^^^ use of unresolved module or unlinked crate `plotive_svg`
[INFO] [stdout]     |
[INFO] [stdout]     = help: if you wanted to use a crate named `plotive_svg`, use `cargo add plotive_svg` to add it to your `Cargo.toml`
[INFO] [stdout] 
[INFO] [stdout] 
[INFO] [stdout] Some errors have detailed explanations: E0432, E0433, E0599.
[INFO] [stdout] 
[INFO] [stdout] For more information about an error, try `rustc --explain E0432`.
[INFO] [stdout] 
[INFO] [stderr] error: could not compile `plotive` (example "bars") due to 9 previous errors
[INFO] [stderr] error: could not compile `plotive` (example "sine") due to 9 previous errors
[INFO] [stdout] warning: use of deprecated constant `std::f32::NAN`: replaced by the `NAN` associated constant on `f32`
[INFO] [stdout]    --> src/drawing/plot.rs:707:39
[INFO] [stdout]     |
[INFO] [stdout] 707 |             let mut max_height = f32::NAN;
[INFO] [stdout]     |                                       ^^^
[INFO] [stdout]     |
[INFO] [stdout]     = note: `#[warn(deprecated)]` on by default
[INFO] [stdout] 
[INFO] [stdout] 
[INFO] [stdout] warning: use of deprecated constant `std::f32::NAN`: replaced by the `NAN` associated constant on `f32`
[INFO] [stdout]    --> src/drawing/plot.rs:749:38
[INFO] [stdout]     |
[INFO] [stdout] 749 |             let mut max_width = f32::NAN;
[INFO] [stdout]     |                                      ^^^
[INFO] [stdout] 
[INFO] [stdout] 
[INFO] running `Command { std: "docker" "inspect" "ae8e848245856f22e4ac247912af046b32fc197bef4fee9a6fe4271402c628c2", kill_on_drop: false }`
[INFO] running `Command { std: "docker" "rm" "-f" "ae8e848245856f22e4ac247912af046b32fc197bef4fee9a6fe4271402c628c2", kill_on_drop: false }`
[INFO] [stdout] ae8e848245856f22e4ac247912af046b32fc197bef4fee9a6fe4271402c628c2
