[INFO] fetching crate plist_plus 0.2.6...
[INFO] testing plist_plus-0.2.6 against 1.99.0-beta.8+cargoflags=--release for beta-release-1.100-2
[INFO] extracting crate plist_plus 0.2.6 into /workspace/builds/worker-5-tc1/source
[INFO] started tweaking crates.io crate plist_plus 0.2.6
[INFO] finished tweaking crates.io crate plist_plus 0.2.6
[INFO] tweaked toml for crates.io crate plist_plus 0.2.6 written to /workspace/builds/worker-5-tc1/source/Cargo.toml
[INFO] validating manifest of crates.io crate plist_plus 0.2.6 on toolchain 1.99.0-beta.8
[INFO] running `Command { std: CARGO_HOME="/workspace/cargo-home" RUSTUP_HOME="/workspace/rustup-home" "/workspace/cargo-home/bin/cargo" "+1.99.0-beta.8" "metadata" "--manifest-path" "Cargo.toml" "--no-deps", kill_on_drop: false }`
[INFO] running `Command { std: CARGO_HOME="/workspace/cargo-home" RUSTUP_HOME="/workspace/rustup-home" "/workspace/cargo-home/bin/cargo" "+1.99.0-beta.8" "generate-lockfile" "--manifest-path" "Cargo.toml", kill_on_drop: false }`
[INFO] [stderr]     Updating crates.io index
[INFO] [stderr]     Blocking waiting for file lock on package cache
[INFO] [stderr]      Locking 72 packages to highest compatible versions
[INFO] [stderr]       Adding bindgen v0.59.2 (available: v0.73.2)
[INFO] [stderr]       Adding rand v0.8.8 (available: v0.10.3)
[INFO] running `Command { std: CARGO_HOME="/workspace/cargo-home" RUSTUP_HOME="/workspace/rustup-home" "/workspace/cargo-home/bin/cargo" "+1.99.0-beta.8" "fetch" "--manifest-path" "Cargo.toml", kill_on_drop: false }`
[INFO] [stderr]     Blocking waiting for file lock on package cache
[INFO] [stderr]  Downloading crates ...
[INFO] [stderr]   Downloaded which v4.4.2
[INFO] [stderr]   Downloaded lazycell v1.3.0
[INFO] [stderr]   Downloaded peeking_take_while v0.1.2
[INFO] [stderr]   Downloaded humantime v2.4.0
[INFO] [stderr]   Downloaded strsim v0.8.0
[INFO] [stderr]   Downloaded autotools v0.2.7
[INFO] [stderr]   Downloaded textwrap v0.11.0
[INFO] [stderr]   Downloaded bindgen v0.59.2
[INFO] [stderr]   Downloaded clap v2.34.0
[INFO] running `Command { std: "docker" "create" "-v" "/var/lib/crater-agent-workspace/builds/worker-5-tc1/source:/opt/rustwide/workdir:ro,Z" "-v" "/var/lib/crater-agent-workspace/builds/worker-5-tc1/target:/opt/rustwide/target:rw,Z" "-v" "/var/lib/crater-agent-workspace/cargo-home:/opt/rustwide/cargo-home:ro,Z" "-v" "/var/lib/crater-agent-workspace/rustup-home:/opt/rustwide/rustup-home:ro,Z" "-m" "1610612736" "--network" "none" "ghcr.io/rust-lang/crates-build-env/linux@sha256:77db811e55d90add9212f6832c23229e3de5f1c1f9905e8cb07319ea15df73ac" "sleep" "infinity", kill_on_drop: false }`
[INFO] [stdout] c10ad35ea7a399c78568839c49fcdaf0a1c5d7501218145bc224e2ded5ed5922
[INFO] running `Command { std: "docker" "start" "c10ad35ea7a399c78568839c49fcdaf0a1c5d7501218145bc224e2ded5ed5922", kill_on_drop: false }`
[INFO] running `Command { std: "docker" "inspect" "c10ad35ea7a399c78568839c49fcdaf0a1c5d7501218145bc224e2ded5ed5922", kill_on_drop: false }`
[INFO] running `Command { std: "docker" "exec" "-e" "SOURCE_DIR=/opt/rustwide/workdir" "-e" "CARGO_HOME=/opt/rustwide/cargo-home" "-e" "RUSTUP_HOME=/opt/rustwide/rustup-home" "-e" "CARGO_TARGET_DIR=/opt/rustwide/target" "-w" "/opt/rustwide/workdir" "--user" "0:0" "c10ad35ea7a399c78568839c49fcdaf0a1c5d7501218145bc224e2ded5ed5922" "/opt/rustwide/cargo-home/bin/cargo" "+1.99.0-beta.8" "metadata" "--no-deps" "--format-version=1", kill_on_drop: false }`
[INFO] running `Command { std: "docker" "inspect" "c10ad35ea7a399c78568839c49fcdaf0a1c5d7501218145bc224e2ded5ed5922", kill_on_drop: false }`
[INFO] running `Command { std: "docker" "exec" "-e" "SOURCE_DIR=/opt/rustwide/workdir" "-e" "CARGO_HOME=/opt/rustwide/cargo-home" "-e" "RUSTUP_HOME=/opt/rustwide/rustup-home" "-e" "CARGO_TARGET_DIR=/opt/rustwide/target" "-e" "CARGO_INCREMENTAL=0" "-e" "RUST_BACKTRACE=full" "-e" "RUSTFLAGS=--cap-lints=warn" "-e" "RUSTDOCFLAGS=--cap-lints=warn" "-w" "/opt/rustwide/workdir" "--user" "0:0" "c10ad35ea7a399c78568839c49fcdaf0a1c5d7501218145bc224e2ded5ed5922" "/opt/rustwide/cargo-home/bin/cargo" "+1.99.0-beta.8" "build" "--frozen" "--message-format=json" "--release", kill_on_drop: false }`
[INFO] [stderr]    Compiling libc v0.2.191
[INFO] [stderr]    Compiling memchr v2.8.3
[INFO] [stderr]    Compiling glob v0.3.4
[INFO] [stderr]    Compiling regex-syntax v0.8.11
[INFO] [stderr]    Compiling rustix v0.38.44
[INFO] [stderr]    Compiling proc-macro2 v1.0.107
[INFO] [stderr]    Compiling unicode-width v0.1.14
[INFO] [stderr]    Compiling linux-raw-sys v0.4.15
[INFO] [stderr]    Compiling bitflags v2.13.2
[INFO] [stderr]    Compiling minimal-lexical v0.2.1
[INFO] [stderr]    Compiling quote v1.0.47
[INFO] [stderr]    Compiling cfg-if v1.0.5
[INFO] [stderr]    Compiling ansi_term v0.12.1
[INFO] [stderr]    Compiling bitflags v1.3.2
[INFO] [stderr]    Compiling humantime v2.4.0
[INFO] [stderr]    Compiling home v0.5.12
[INFO] [stderr]    Compiling libloading v0.8.9
[INFO] [stderr]    Compiling strsim v0.8.0
[INFO] [stderr]    Compiling vec_map v0.8.2
[INFO] [stderr]    Compiling either v1.19.0
[INFO] [stderr]    Compiling termcolor v1.4.1
[INFO] [stderr]    Compiling log v0.4.34
[INFO] [stderr]    Compiling clang-sys v1.9.1
[INFO] [stderr]    Compiling find-msvc-tools v0.1.14
[INFO] [stderr]    Compiling bindgen v0.59.2
[INFO] [stderr]    Compiling zerocopy v0.8.63
[INFO] [stderr]    Compiling textwrap v0.11.0
[INFO] [stderr]    Compiling peeking_take_while v0.1.2
[INFO] [stderr]    Compiling rustc-hash v1.1.0
[INFO] [stderr]    Compiling lazycell v1.3.0
[INFO] [stderr]    Compiling lazy_static v1.5.1
[INFO] [stderr]    Compiling cc v1.8.0
[INFO] [stderr]    Compiling aho-corasick v1.1.5
[INFO] [stderr]    Compiling nom v7.1.3
[INFO] [stderr]    Compiling autotools v0.2.7
[INFO] [stderr]    Compiling atty v0.2.14
[INFO] [stderr]    Compiling clap v2.34.0
[INFO] [stderr]    Compiling regex-automata v0.4.18
[INFO] [stderr]    Compiling cexpr v0.6.0
[INFO] [stderr]    Compiling which v4.4.2
[INFO] [stderr]    Compiling regex v1.13.1
[INFO] [stderr]    Compiling env_logger v0.9.3
[INFO] [stderr]    Compiling ppv-lite86 v0.2.21
[INFO] [stderr]    Compiling rand_chacha v0.3.1
[INFO] [stderr]    Compiling rand v0.8.8
[INFO] [stderr]    Compiling plist_plus v0.2.6 (/opt/rustwide/workdir)
[INFO] [stderr]     Finished `release` profile [optimized] target(s) in 26.24s
[INFO] running `Command { std: "docker" "inspect" "c10ad35ea7a399c78568839c49fcdaf0a1c5d7501218145bc224e2ded5ed5922", kill_on_drop: false }`
[INFO] running `Command { std: "docker" "exec" "-e" "SOURCE_DIR=/opt/rustwide/workdir" "-e" "CARGO_HOME=/opt/rustwide/cargo-home" "-e" "RUSTUP_HOME=/opt/rustwide/rustup-home" "-e" "CARGO_TARGET_DIR=/opt/rustwide/target" "-e" "CARGO_INCREMENTAL=0" "-e" "RUST_BACKTRACE=full" "-e" "RUSTFLAGS=--cap-lints=warn" "-e" "RUSTDOCFLAGS=--cap-lints=warn" "-w" "/opt/rustwide/workdir" "--user" "0:0" "c10ad35ea7a399c78568839c49fcdaf0a1c5d7501218145bc224e2ded5ed5922" "/opt/rustwide/cargo-home/bin/cargo" "+1.99.0-beta.8" "test" "--frozen" "--no-run" "--message-format=json" "--release", kill_on_drop: false }`
[INFO] [stderr]    Compiling plist_plus v0.2.6 (/opt/rustwide/workdir)
[INFO] [stdout] error: linking with `cc` failed: exit status: 1
[INFO] [stdout]   |
[INFO] [stdout]   = note:  "cc" "-m64" "/opt/rustwide/target/release/deps/rustcn6DjY1/symbols.o" "<2 object files omitted>" "-Wl,--as-needed" "-Wl,-Bstatic" "<sysroot>/lib/rustlib/x86_64-unknown-linux-gnu/lib/{libtest-*,libgetopts-*,librustc_std_workspace_std-*}.rlib" "/opt/rustwide/target/release/deps/{librand-23c81036722f67a6,librand_chacha-4933f9d566fa5948,libppv_lite86-cbc071a7b1ce8658,libzerocopy-2501ad56a7ef57f6,librand_core-4b2fd2a14d4bb318,libgetrandom-a215b206314e76ea,liblibc-a0a6e54f1566fa83,libcfg_if-aebc73b2fc35ea49,liblog-3c55b5043a18cee7}.rlib" "<sysroot>/lib/rustlib/x86_64-unknown-linux-gnu/lib/{libstd-*,libpanic_unwind-*,libobject-*,libmemchr-*,libaddr2line-*,libgimli-*,libcfg_if-*,librustc_demangle-*,libstd_detect-*,libhashbrown-*,librustc_std_workspace_alloc-*,libminiz_oxide-*,libadler2-*,libunwind-*,liblibc-*,librustc_std_workspace_core-*,liballoc-*,libcore-*,libcompiler_builtins-*}.rlib" "-Wl,-Bdynamic" "-lgcc_s" "-lutil" "-lrt" "-lpthread" "-lm" "-ldl" "-lc" "-L" "/opt/rustwide/target/release/deps/rustcn6DjY1/raw-dylibs" "-B<sysroot>/lib/rustlib/x86_64-unknown-linux-gnu/bin/gcc-ld" "-fuse-ld=lld" "-Wl,--eh-frame-hdr" "-Wl,-z,noexecstack" "-L" "/usr/local/lib" "-L" "/usr/lib" "-L" "/opt/homebrew/lib" "-L" "/usr/local/opt/libimobiledevice/lib" "-L" "/usr/local/opt/libusbmuxd/lib" "-L" "/usr/local/opt/libimobiledevice-glue/lib" "-L" "<sysroot>/lib/rustlib/x86_64-unknown-linux-gnu/lib" "-o" "/opt/rustwide/target/release/deps/plist_plus-46f293396cb6c474" "-Wl,--gc-sections" "-pie" "-Wl,-z,relro,-z,now" "-Wl,-O1" "-Wl,--strip-debug" "-nodefaultlibs"
[INFO] [stdout]   = note: some arguments are omitted. use `--verbose` to show all linker arguments
[INFO] [stdout]   = note: rust-lld: error: undefined symbol: plist_free
[INFO] [stdout]           >>> referenced by plist_plus.a6fe2ab65c89cc4c-cgu.0
[INFO] [stdout]           >>>               /opt/rustwide/target/release/deps/plist_plus-46f293396cb6c474.plist_plus.a6fe2ab65c89cc4c-cgu.0.rcgu.o:(core::ptr::drop_glue::<plist_plus::Plist>)
[INFO] [stdout]           
[INFO] [stdout]           rust-lld: error: undefined symbol: plist_get_node_type
[INFO] [stdout]           >>> referenced by plist_plus.a6fe2ab65c89cc4c-cgu.0
[INFO] [stdout]           >>>               /opt/rustwide/target/release/deps/plist_plus-46f293396cb6c474.plist_plus.a6fe2ab65c89cc4c-cgu.0.rcgu.o:(<plist_plus::Plist>::get_bool_val)
[INFO] [stdout]           >>> referenced by plist_plus.a6fe2ab65c89cc4c-cgu.0
[INFO] [stdout]           >>>               /opt/rustwide/target/release/deps/plist_plus-46f293396cb6c474.plist_plus.a6fe2ab65c89cc4c-cgu.0.rcgu.o:(<plist_plus::Plist as core::convert::From<*mut core::ffi::c_void>>::from)
[INFO] [stdout]           
[INFO] [stdout]           rust-lld: error: undefined symbol: plist_get_bool_val
[INFO] [stdout]           >>> referenced by plist_plus.a6fe2ab65c89cc4c-cgu.0
[INFO] [stdout]           >>>               /opt/rustwide/target/release/deps/plist_plus-46f293396cb6c474.plist_plus.a6fe2ab65c89cc4c-cgu.0.rcgu.o:(<plist_plus::Plist>::get_bool_val)
[INFO] [stdout]           
[INFO] [stdout]           rust-lld: error: undefined symbol: plist_new_array
[INFO] [stdout]           >>> referenced by plist_plus.a6fe2ab65c89cc4c-cgu.0
[INFO] [stdout]           >>>               /opt/rustwide/target/release/deps/plist_plus-46f293396cb6c474.plist_plus.a6fe2ab65c89cc4c-cgu.0.rcgu.o:(<plist_plus::iterator::tests::iter_test::{closure#0} as core::ops::function::FnOnce<()>>::call_once)
[INFO] [stdout]           >>> referenced by plist_plus.a6fe2ab65c89cc4c-cgu.0
[INFO] [stdout]           >>>               /opt/rustwide/target/release/deps/plist_plus-46f293396cb6c474.plist_plus.a6fe2ab65c89cc4c-cgu.0.rcgu.o:(<plist_plus::types::array::tests::array_test::{closure#0} as core::ops::function::FnOnce<()>>::call_once)
[INFO] [stdout]           
[INFO] [stdout]           rust-lld: error: undefined symbol: plist_dict_new_iter
[INFO] [stdout]           >>> referenced by plist_plus.a6fe2ab65c89cc4c-cgu.0
[INFO] [stdout]           >>>               /opt/rustwide/target/release/deps/plist_plus-46f293396cb6c474.plist_plus.a6fe2ab65c89cc4c-cgu.0.rcgu.o:(<plist_plus::iterator::tests::iter_test::{closure#0} as core::ops::function::FnOnce<()>>::call_once)
[INFO] [stdout]           
[INFO] [stdout]           rust-lld: error: undefined symbol: plist_array_new_iter
[INFO] [stdout]           >>> referenced by plist_plus.a6fe2ab65c89cc4c-cgu.0
[INFO] [stdout]           >>>               /opt/rustwide/target/release/deps/plist_plus-46f293396cb6c474.plist_plus.a6fe2ab65c89cc4c-cgu.0.rcgu.o:(<plist_plus::iterator::tests::iter_test::{closure#0} as core::ops::function::FnOnce<()>>::call_once)
[INFO] [stdout]           
[INFO] [stdout]           rust-lld: error: undefined symbol: plist_new_bool
[INFO] [stdout]           >>> referenced by plist_plus.a6fe2ab65c89cc4c-cgu.0
[INFO] [stdout]           >>>               /opt/rustwide/target/release/deps/plist_plus-46f293396cb6c474.plist_plus.a6fe2ab65c89cc4c-cgu.0.rcgu.o:(<plist_plus::types::dictionary::tests::dict_test::{closure#0} as core::ops::function::FnOnce<()>>::call_once)
[INFO] [stdout]           >>> referenced by plist_plus.a6fe2ab65c89cc4c-cgu.0
[INFO] [stdout]           >>>               /opt/rustwide/target/release/deps/plist_plus-46f293396cb6c474.plist_plus.a6fe2ab65c89cc4c-cgu.0.rcgu.o:(<plist_plus::types::array::tests::array_test::{closure#0} as core::ops::function::FnOnce<()>>::call_once)
[INFO] [stdout]           >>> referenced by plist_plus.a6fe2ab65c89cc4c-cgu.0
[INFO] [stdout]           >>>               /opt/rustwide/target/release/deps/plist_plus-46f293396cb6c474.plist_plus.a6fe2ab65c89cc4c-cgu.0.rcgu.o:(<plist_plus::types::boolean::tests::test_bool::{closure#0} as core::ops::function::FnOnce<()>>::call_once)
[INFO] [stdout]           
[INFO] [stdout]           rust-lld: error: undefined symbol: plist_new_dict
[INFO] [stdout]           >>> referenced by plist_plus.a6fe2ab65c89cc4c-cgu.0
[INFO] [stdout]           >>>               /opt/rustwide/target/release/deps/plist_plus-46f293396cb6c474.plist_plus.a6fe2ab65c89cc4c-cgu.0.rcgu.o:(<plist_plus::types::dictionary::tests::dict_test::{closure#0} as core::ops::function::FnOnce<()>>::call_once)
[INFO] [stdout]           
[INFO] [stdout]           rust-lld: error: undefined symbol: plist_dict_set_item
[INFO] [stdout]           >>> referenced by plist_plus.a6fe2ab65c89cc4c-cgu.0
[INFO] [stdout]           >>>               /opt/rustwide/target/release/deps/plist_plus-46f293396cb6c474.plist_plus.a6fe2ab65c89cc4c-cgu.0.rcgu.o:(<plist_plus::types::dictionary::tests::dict_test::{closure#0} as core::ops::function::FnOnce<()>>::call_once)
[INFO] [stdout]           
[INFO] [stdout]           rust-lld: error: undefined symbol: plist_dict_get_item
[INFO] [stdout]           >>> referenced by plist_plus.a6fe2ab65c89cc4c-cgu.0
[INFO] [stdout]           >>>               /opt/rustwide/target/release/deps/plist_plus-46f293396cb6c474.plist_plus.a6fe2ab65c89cc4c-cgu.0.rcgu.o:(<plist_plus::types::dictionary::tests::dict_test::{closure#0} as core::ops::function::FnOnce<()>>::call_once)
[INFO] [stdout]           
[INFO] [stdout]           rust-lld: error: undefined symbol: plist_new_data
[INFO] [stdout]           >>> referenced by plist_plus.a6fe2ab65c89cc4c-cgu.0
[INFO] [stdout]           >>>               /opt/rustwide/target/release/deps/plist_plus-46f293396cb6c474.plist_plus.a6fe2ab65c89cc4c-cgu.0.rcgu.o:(<plist_plus::types::data::tests::byte_tests::{closure#0} as core::ops::function::FnOnce<()>>::call_once)
[INFO] [stdout]           
[INFO] [stdout]           rust-lld: error: undefined symbol: plist_set_data_val
[INFO] [stdout]           >>> referenced by plist_plus.a6fe2ab65c89cc4c-cgu.0
[INFO] [stdout]           >>>               /opt/rustwide/target/release/deps/plist_plus-46f293396cb6c474.plist_plus.a6fe2ab65c89cc4c-cgu.0.rcgu.o:(<plist_plus::types::data::tests::byte_tests::{closure#0} as core::ops::function::FnOnce<()>>::call_once)
[INFO] [stdout]           
[INFO] [stdout]           rust-lld: error: undefined symbol: plist_get_data_val
[INFO] [stdout]           >>> referenced by plist_plus.a6fe2ab65c89cc4c-cgu.0
[INFO] [stdout]           >>>               /opt/rustwide/target/release/deps/plist_plus-46f293396cb6c474.plist_plus.a6fe2ab65c89cc4c-cgu.0.rcgu.o:(<plist_plus::types::data::tests::byte_tests::{closure#0} as core::ops::function::FnOnce<()>>::call_once)
[INFO] [stdout]           
[INFO] [stdout]           rust-lld: error: undefined symbol: plist_new_date
[INFO] [stdout]           >>> referenced by plist_plus.a6fe2ab65c89cc4c-cgu.0
[INFO] [stdout]           >>>               /opt/rustwide/target/release/deps/plist_plus-46f293396cb6c474.plist_plus.a6fe2ab65c89cc4c-cgu.0.rcgu.o:(<plist_plus::types::date::tests::set_random_date::{closure#0} as core::ops::function::FnOnce<()>>::call_once)
[INFO] [stdout]           >>> referenced by plist_plus.a6fe2ab65c89cc4c-cgu.0
[INFO] [stdout]           >>>               /opt/rustwide/target/release/deps/plist_plus-46f293396cb6c474.plist_plus.a6fe2ab65c89cc4c-cgu.0.rcgu.o:(<plist_plus::types::date::tests::check_unix_mac_date::{closure#0} as core::ops::function::FnOnce<()>>::call_once)
[INFO] [stdout]           
[INFO] [stdout]           rust-lld: error: undefined symbol: plist_set_date_val
[INFO] [stdout]           >>> referenced by plist_plus.a6fe2ab65c89cc4c-cgu.0
[INFO] [stdout]           >>>               /opt/rustwide/target/release/deps/plist_plus-46f293396cb6c474.plist_plus.a6fe2ab65c89cc4c-cgu.0.rcgu.o:(<plist_plus::types::date::tests::set_random_date::{closure#0} as core::ops::function::FnOnce<()>>::call_once)
[INFO] [stdout]           
[INFO] [stdout]           rust-lld: error: undefined symbol: plist_get_date_val
[INFO] [stdout]           >>> referenced by plist_plus.a6fe2ab65c89cc4c-cgu.0
[INFO] [stdout]           >>>               /opt/rustwide/target/release/deps/plist_plus-46f293396cb6c474.plist_plus.a6fe2ab65c89cc4c-cgu.0.rcgu.o:(<plist_plus::types::date::tests::set_random_date::{closure#0} as core::ops::function::FnOnce<()>>::call_once)
[INFO] [stdout]           >>> referenced by plist_plus.a6fe2ab65c89cc4c-cgu.0
[INFO] [stdout]           >>>               /opt/rustwide/target/release/deps/plist_plus-46f293396cb6c474.plist_plus.a6fe2ab65c89cc4c-cgu.0.rcgu.o:(<plist_plus::types::date::tests::check_unix_mac_date::{closure#0} as core::ops::function::FnOnce<()>>::call_once)
[INFO] [stdout]           >>> referenced by plist_plus.a6fe2ab65c89cc4c-cgu.0
[INFO] [stdout]           >>>               /opt/rustwide/target/release/deps/plist_plus-46f293396cb6c474.plist_plus.a6fe2ab65c89cc4c-cgu.0.rcgu.o:(<plist_plus::types::date::tests::check_unix_mac_date::{closure#0} as core::ops::function::FnOnce<()>>::call_once)
[INFO] [stdout]           
[INFO] [stdout]           rust-lld: error: undefined symbol: plist_new_real
[INFO] [stdout]           >>> referenced by plist_plus.a6fe2ab65c89cc4c-cgu.0
[INFO] [stdout]           >>>               /opt/rustwide/target/release/deps/plist_plus-46f293396cb6c474.plist_plus.a6fe2ab65c89cc4c-cgu.0.rcgu.o:(<plist_plus::types::real::tests::real_test::{closure#0} as core::ops::function::FnOnce<()>>::call_once)
[INFO] [stdout]           
[INFO] [stdout]           rust-lld: error: undefined symbol: plist_set_real_val
[INFO] [stdout]           >>> referenced by plist_plus.a6fe2ab65c89cc4c-cgu.0
[INFO] [stdout]           >>>               /opt/rustwide/target/release/deps/plist_plus-46f293396cb6c474.plist_plus.a6fe2ab65c89cc4c-cgu.0.rcgu.o:(<plist_plus::types::real::tests::real_test::{closure#0} as core::ops::function::FnOnce<()>>::call_once)
[INFO] [stdout]           
[INFO] [stdout]           rust-lld: error: undefined symbol: plist_get_real_val
[INFO] [stdout]           >>> referenced by plist_plus.a6fe2ab65c89cc4c-cgu.0
[INFO] [stdout]           >>>               /opt/rustwide/target/release/deps/plist_plus-46f293396cb6c474.plist_plus.a6fe2ab65c89cc4c-cgu.0.rcgu.o:(<plist_plus::types::real::tests::real_test::{closure#0} as core::ops::function::FnOnce<()>>::call_once)
[INFO] [stdout]           
[INFO] [stdout]           rust-lld: error: undefined symbol: plist_array_append_item
[INFO] [stdout]           >>> referenced by plist_plus.a6fe2ab65c89cc4c-cgu.0
[INFO] [stdout]           >>>               /opt/rustwide/target/release/deps/plist_plus-46f293396cb6c474.plist_plus.a6fe2ab65c89cc4c-cgu.0.rcgu.o:(<plist_plus::types::array::tests::array_test::{closure#0} as core::ops::function::FnOnce<()>>::call_once)
[INFO] [stdout]           
[INFO] [stdout]           rust-lld: error: too many errors emitted, stopping now (use --error-limit=0 to see all errors)
[INFO] [stdout]           collect2: error: ld returned 1 exit status
[INFO] [stdout]           
[INFO] [stdout] 
[INFO] [stdout] 
[INFO] [stderr] error: could not compile `plist_plus` (lib test) due to 1 previous error
[INFO] running `Command { std: "docker" "inspect" "c10ad35ea7a399c78568839c49fcdaf0a1c5d7501218145bc224e2ded5ed5922", kill_on_drop: false }`
[INFO] running `Command { std: "docker" "rm" "-f" "c10ad35ea7a399c78568839c49fcdaf0a1c5d7501218145bc224e2ded5ed5922", kill_on_drop: false }`
[INFO] [stdout] c10ad35ea7a399c78568839c49fcdaf0a1c5d7501218145bc224e2ded5ed5922
