[INFO] fetching crate pliron-derive 0.19.0...
[INFO] testing pliron-derive-0.19.0 against 1.99.0-beta.8+cargoflags=--release for beta-release-1.100-2
[INFO] extracting crate pliron-derive 0.19.0 into /workspace/builds/worker-4-tc1/source
[INFO] started tweaking crates.io crate pliron-derive 0.19.0
[INFO] removed 0 missing tests
[INFO] finished tweaking crates.io crate pliron-derive 0.19.0
[INFO] tweaked toml for crates.io crate pliron-derive 0.19.0 written to /workspace/builds/worker-4-tc1/source/Cargo.toml
[INFO] validating manifest of crates.io crate pliron-derive 0.19.0 on toolchain 1.99.0-beta.8
[INFO] running `Command { std: CARGO_HOME="/workspace/cargo-home" RUSTUP_HOME="/workspace/rustup-home" "/workspace/cargo-home/bin/cargo" "+1.99.0-beta.8" "metadata" "--manifest-path" "Cargo.toml" "--no-deps", kill_on_drop: false }`
[INFO] crate crates.io crate pliron-derive 0.19.0 already has a lockfile, it will not be regenerated
[INFO] running `Command { std: CARGO_HOME="/workspace/cargo-home" RUSTUP_HOME="/workspace/rustup-home" "/workspace/cargo-home/bin/cargo" "+1.99.0-beta.8" "fetch" "--manifest-path" "Cargo.toml", kill_on_drop: false }`
[INFO] running `Command { std: "docker" "create" "-v" "/var/lib/crater-agent-workspace/builds/worker-4-tc1/source:/opt/rustwide/workdir:ro,Z" "-v" "/var/lib/crater-agent-workspace/builds/worker-4-tc1/target:/opt/rustwide/target:rw,Z" "-v" "/var/lib/crater-agent-workspace/cargo-home:/opt/rustwide/cargo-home:ro,Z" "-v" "/var/lib/crater-agent-workspace/rustup-home:/opt/rustwide/rustup-home:ro,Z" "-m" "1610612736" "--network" "none" "ghcr.io/rust-lang/crates-build-env/linux@sha256:77db811e55d90add9212f6832c23229e3de5f1c1f9905e8cb07319ea15df73ac" "sleep" "infinity", kill_on_drop: false }`
[INFO] [stdout] 7eab4538ecd399720c2e320de673f2033f20d9e8f6318f90a4b83ae0349d5253
[INFO] running `Command { std: "docker" "start" "7eab4538ecd399720c2e320de673f2033f20d9e8f6318f90a4b83ae0349d5253", kill_on_drop: false }`
[INFO] running `Command { std: "docker" "inspect" "7eab4538ecd399720c2e320de673f2033f20d9e8f6318f90a4b83ae0349d5253", kill_on_drop: false }`
[INFO] running `Command { std: "docker" "exec" "-e" "SOURCE_DIR=/opt/rustwide/workdir" "-e" "CARGO_HOME=/opt/rustwide/cargo-home" "-e" "RUSTUP_HOME=/opt/rustwide/rustup-home" "-e" "CARGO_TARGET_DIR=/opt/rustwide/target" "-w" "/opt/rustwide/workdir" "--user" "0:0" "7eab4538ecd399720c2e320de673f2033f20d9e8f6318f90a4b83ae0349d5253" "/opt/rustwide/cargo-home/bin/cargo" "+1.99.0-beta.8" "metadata" "--no-deps" "--format-version=1", kill_on_drop: false }`
[INFO] running `Command { std: "docker" "inspect" "7eab4538ecd399720c2e320de673f2033f20d9e8f6318f90a4b83ae0349d5253", kill_on_drop: false }`
[INFO] running `Command { std: "docker" "exec" "-e" "SOURCE_DIR=/opt/rustwide/workdir" "-e" "CARGO_HOME=/opt/rustwide/cargo-home" "-e" "RUSTUP_HOME=/opt/rustwide/rustup-home" "-e" "CARGO_TARGET_DIR=/opt/rustwide/target" "-e" "CARGO_INCREMENTAL=0" "-e" "RUST_BACKTRACE=full" "-e" "RUSTFLAGS=--cap-lints=warn" "-e" "RUSTDOCFLAGS=--cap-lints=warn" "-w" "/opt/rustwide/workdir" "--user" "0:0" "7eab4538ecd399720c2e320de673f2033f20d9e8f6318f90a4b83ae0349d5253" "/opt/rustwide/cargo-home/bin/cargo" "+1.99.0-beta.8" "build" "--frozen" "--message-format=json" "--release", kill_on_drop: false }`
[INFO] [stderr]    Compiling combine v4.6.8
[INFO] [stderr]    Compiling indexmap v2.14.2
[INFO] [stderr]    Compiling convert_case v0.11.0
[INFO] [stderr]    Compiling syn v3.0.6
[INFO] [stderr]    Compiling rustc-hash v2.1.3
[INFO] [stderr]    Compiling pliron-derive v0.19.0 (/opt/rustwide/workdir)
[INFO] [stderr]     Finished `release` profile [optimized] target(s) in 32.64s
[INFO] running `Command { std: "docker" "inspect" "7eab4538ecd399720c2e320de673f2033f20d9e8f6318f90a4b83ae0349d5253", kill_on_drop: false }`
[INFO] running `Command { std: "docker" "exec" "-e" "SOURCE_DIR=/opt/rustwide/workdir" "-e" "CARGO_HOME=/opt/rustwide/cargo-home" "-e" "RUSTUP_HOME=/opt/rustwide/rustup-home" "-e" "CARGO_TARGET_DIR=/opt/rustwide/target" "-e" "CARGO_INCREMENTAL=0" "-e" "RUST_BACKTRACE=full" "-e" "RUSTFLAGS=--cap-lints=warn" "-e" "RUSTDOCFLAGS=--cap-lints=warn" "-w" "/opt/rustwide/workdir" "--user" "0:0" "7eab4538ecd399720c2e320de673f2033f20d9e8f6318f90a4b83ae0349d5253" "/opt/rustwide/cargo-home/bin/cargo" "+1.99.0-beta.8" "test" "--frozen" "--no-run" "--message-format=json" "--release", kill_on_drop: false }`
[INFO] [stderr]    Compiling prettyplease v0.3.0
[INFO] [stderr]    Compiling syn v3.0.6
[INFO] [stderr]    Compiling pliron-derive v0.19.0 (/opt/rustwide/workdir)
[INFO] [stderr]    Compiling dissimilar v1.0.11
[INFO] [stderr]    Compiling combine v4.6.8
[INFO] [stderr]    Compiling convert_case v0.11.0
[INFO] [stderr]    Compiling indexmap v2.14.2
[INFO] [stderr]    Compiling expect-test v1.5.1
[INFO] [stdout] error[E0433]: cannot find module or crate `pliron` in this scope
[INFO] [stdout]  --> tests/format_op.rs:7:5
[INFO] [stdout]   |
[INFO] [stdout] 7 | use pliron::{
[INFO] [stdout]   |     ^^^^^^ use of unresolved module or unlinked crate `pliron`
[INFO] [stdout]   |
[INFO] [stdout]   = help: if you wanted to use a crate named `pliron`, use `cargo add pliron` to add it to your `Cargo.toml`
[INFO] [stdout] 
[INFO] [stdout] 
[INFO] [stdout] error[E0433]: cannot find module or crate `pliron` in this scope
[INFO] [stdout]  --> tests/common/mod.rs:4:5
[INFO] [stdout]   |
[INFO] [stdout] 4 | use pliron::builtin::op_interfaces::IsTerminatorInterface;
[INFO] [stdout]   |     ^^^^^^ use of unresolved module or unlinked crate `pliron`
[INFO] [stdout]   |
[INFO] [stdout]   = help: if you wanted to use a crate named `pliron`, use `cargo add pliron` to add it to your `Cargo.toml`
[INFO] [stdout] 
[INFO] [stdout] 
[INFO] [stdout] error[E0433]: cannot find module or crate `pliron` in this scope
[INFO] [stdout]    --> tests/format_op.rs:370:5
[INFO] [stdout]     |
[INFO] [stdout] 370 | use pliron::builtin::attributes::IntegerAttr;
[INFO] [stdout]     |     ^^^^^^ use of unresolved module or unlinked crate `pliron`
[INFO] [stdout]     |
[INFO] [stdout]     = help: if you wanted to use a crate named `pliron`, use `cargo add pliron` to add it to your `Cargo.toml`
[INFO] [stdout] 
[INFO] [stdout] 
[INFO] [stdout] error[E0433]: cannot find `pliron` in the list of imported crates
[INFO] [stdout]  --> tests/common/mod.rs:8:1
[INFO] [stdout]   |
[INFO] [stdout] 8 | #[format_op("$0")]
[INFO] [stdout]   | ^^^^^^^^^^^^^^^^^^ could not find `pliron` in the list of imported crates
[INFO] [stdout]   |
[INFO] [stdout]   = note: this error originates in the attribute macro `format_op` (in Nightly builds, run with -Z macro-backtrace for more info)
[INFO] [stdout] 
[INFO] [stdout] 
[INFO] [stdout] error[E0432]: unresolved import `pliron`
[INFO] [stdout]  --> tests/format_op.rs:7:5
[INFO] [stdout]   |
[INFO] [stdout] 7 | use pliron::{
[INFO] [stdout]   |     ^^^^^^ use of unresolved module or unlinked crate `pliron`
[INFO] [stdout]   |
[INFO] [stdout]   = help: if you wanted to use a crate named `pliron`, use `cargo add pliron` to add it to your `Cargo.toml`
[INFO] [stdout] 
[INFO] [stdout] 
[INFO] [stdout] error[E0433]: cannot find `pliron` in the list of imported crates
[INFO] [stdout]   --> tests/format_op.rs:27:1
[INFO] [stdout]    |
[INFO] [stdout] 27 | #[format_op("")]
[INFO] [stdout]    | ^^^^^^^^^^^^^^^^ could not find `pliron` in the list of imported crates
[INFO] [stdout]    |
[INFO] [stdout]    = note: this error originates in the attribute macro `format_op` (in Nightly builds, run with -Z macro-backtrace for more info)
[INFO] [stdout] 
[INFO] [stdout] 
[INFO] [stdout] error[E0432]: unresolved import `pliron`
[INFO] [stdout]  --> tests/common/mod.rs:8:1
[INFO] [stdout]   |
[INFO] [stdout] 8 | #[format_op("$0")]
[INFO] [stdout]   | ^^^^^^^^^^^^^^^^^^ could not find `pliron` in the list of imported crates
[INFO] [stdout]   |
[INFO] [stdout]   = note: this error originates in the attribute macro `format_op` (in Nightly builds, run with -Z macro-backtrace for more info)
[INFO] [stdout] 
[INFO] [stdout] 
[INFO] [stdout] error[E0433]: cannot find `pliron` in the list of imported crates
[INFO] [stdout]   --> tests/format_op.rs:60:1
[INFO] [stdout]    |
[INFO] [stdout] 60 | #[format_op("`: ` type($0)")]
[INFO] [stdout]    | ^^^^^^^^^^^^^^^^^^^^^^^^^^^^^ could not find `pliron` in the list of imported crates
[INFO] [stdout]    |
[INFO] [stdout]    = note: this error originates in the attribute macro `format_op` (in Nightly builds, run with -Z macro-backtrace for more info)
[INFO] [stdout] 
[INFO] [stdout] 
[INFO] [stdout] error[E0432]: unresolved import `pliron`
[INFO] [stdout]   --> tests/format_op.rs:27:1
[INFO] [stdout]    |
[INFO] [stdout] 27 | #[format_op("")]
[INFO] [stdout]    | ^^^^^^^^^^^^^^^^ could not find `pliron` in the list of imported crates
[INFO] [stdout]    |
[INFO] [stdout]    = note: this error originates in the attribute macro `format_op` (in Nightly builds, run with -Z macro-backtrace for more info)
[INFO] [stdout] 
[INFO] [stdout] 
[INFO] [stdout] error[E0433]: cannot find `pliron` in the list of imported crates
[INFO] [stdout]   --> tests/format_op.rs:97:1
[INFO] [stdout]    |
[INFO] [stdout] 97 | #[format_op]
[INFO] [stdout]    | ^^^^^^^^^^^^ could not find `pliron` in the list of imported crates
[INFO] [stdout]    |
[INFO] [stdout]    = note: this error originates in the attribute macro `format_op` (in Nightly builds, run with -Z macro-backtrace for more info)
[INFO] [stdout] 
[INFO] [stdout] 
[INFO] [stdout] error[E0432]: unresolved import `pliron`
[INFO] [stdout]   --> tests/format_op.rs:60:1
[INFO] [stdout]    |
[INFO] [stdout] 60 | #[format_op("`: ` type($0)")]
[INFO] [stdout]    | ^^^^^^^^^^^^^^^^^^^^^^^^^^^^^ could not find `pliron` in the list of imported crates
[INFO] [stdout]    |
[INFO] [stdout]    = note: this error originates in the attribute macro `format_op` (in Nightly builds, run with -Z macro-backtrace for more info)
[INFO] [stdout] 
[INFO] [stdout] 
[INFO] [stdout] error[E0433]: cannot find `pliron` in the list of imported crates
[INFO] [stdout]    --> tests/format_op.rs:134:1
[INFO] [stdout]     |
[INFO] [stdout] 134 | #[format_op("$0 `:` type($0)")]
[INFO] [stdout]     | ^^^^^^^^^^^^^^^^^^^^^^^^^^^^^^^ could not find `pliron` in the list of imported crates
[INFO] [stdout]     |
[INFO] [stdout]     = note: this error originates in the attribute macro `format_op` (in Nightly builds, run with -Z macro-backtrace for more info)
[INFO] [stdout] 
[INFO] [stdout] 
[INFO] [stdout] error[E0432]: unresolved import `pliron`
[INFO] [stdout]   --> tests/format_op.rs:97:1
[INFO] [stdout]    |
[INFO] [stdout] 97 | #[format_op]
[INFO] [stdout]    | ^^^^^^^^^^^^ could not find `pliron` in the list of imported crates
[INFO] [stdout]    |
[INFO] [stdout]    = note: this error originates in the attribute macro `format_op` (in Nightly builds, run with -Z macro-backtrace for more info)
[INFO] [stdout] 
[INFO] [stdout] 
[INFO] [stdout] error[E0433]: cannot find `pliron` in the list of imported crates
[INFO] [stdout]    --> tests/format_op.rs:174:1
[INFO] [stdout]     |
[INFO] [stdout] 174 | #[format_op("$0 `,` $1 `:` `(` type($0) `,` type($1) `)`")]
[INFO] [stdout]     | ^^^^^^^^^^^^^^^^^^^^^^^^^^^^^^^^^^^^^^^^^^^^^^^^^^^^^^^^^^^ could not find `pliron` in the list of imported crates
[INFO] [stdout]     |
[INFO] [stdout]     = note: this error originates in the attribute macro `format_op` (in Nightly builds, run with -Z macro-backtrace for more info)
[INFO] [stdout] 
[INFO] [stdout] 
[INFO] [stdout] error[E0432]: unresolved import `pliron`
[INFO] [stdout]    --> tests/format_op.rs:134:1
[INFO] [stdout]     |
[INFO] [stdout] 134 | #[format_op("$0 `:` type($0)")]
[INFO] [stdout]     | ^^^^^^^^^^^^^^^^^^^^^^^^^^^^^^^ could not find `pliron` in the list of imported crates
[INFO] [stdout]     |
[INFO] [stdout]     = note: this error originates in the attribute macro `format_op` (in Nightly builds, run with -Z macro-backtrace for more info)
[INFO] [stdout] 
[INFO] [stdout] 
[INFO] [stdout] error[E0433]: cannot find `pliron` in the list of imported crates
[INFO] [stdout]    --> tests/format_op.rs:213:1
[INFO] [stdout]     |
[INFO] [stdout] 213 | #[format_op("$0 `: ` `(` types(CharSpace(`,`)) `)`")]
[INFO] [stdout]     | ^^^^^^^^^^^^^^^^^^^^^^^^^^^^^^^^^^^^^^^^^^^^^^^^^^^^^ could not find `pliron` in the list of imported crates
[INFO] [stdout]     |
[INFO] [stdout]     = note: this error originates in the attribute macro `format_op` (in Nightly builds, run with -Z macro-backtrace for more info)
[INFO] [stdout] 
[INFO] [stdout] 
[INFO] [stdout] error[E0432]: unresolved import `pliron`
[INFO] [stdout]    --> tests/format_op.rs:174:1
[INFO] [stdout]     |
[INFO] [stdout] 174 | #[format_op("$0 `,` $1 `:` `(` type($0) `,` type($1) `)`")]
[INFO] [stdout]     | ^^^^^^^^^^^^^^^^^^^^^^^^^^^^^^^^^^^^^^^^^^^^^^^^^^^^^^^^^^^ could not find `pliron` in the list of imported crates
[INFO] [stdout]     |
[INFO] [stdout]     = note: this error originates in the attribute macro `format_op` (in Nightly builds, run with -Z macro-backtrace for more info)
[INFO] [stdout] 
[INFO] [stdout] 
[INFO] [stdout] error[E0433]: cannot find `pliron` in the list of imported crates
[INFO] [stdout]    --> tests/format_op.rs:252:1
[INFO] [stdout]     |
[INFO] [stdout] 252 | #[format_op("$0 `, ` $1 `: (` opdtypes(CharSpace(`,`)) `) -> (` types(CharSpace(`,`)) `)`")]
[INFO] [stdout]     | ^^^^^^^^^^^^^^^^^^^^^^^^^^^^^^^^^^^^^^^^^^^^^^^^^^^^^^^^^^^^^^^^^^^^^^^^^^^^^^^^^^^^^^^^^^^^ could not find `pliron` in the list of imported crates
[INFO] [stdout]     |
[INFO] [stdout]     = note: this error originates in the attribute macro `format_op` (in Nightly builds, run with -Z macro-backtrace for more info)
[INFO] [stdout] 
[INFO] [stdout] 
[INFO] [stdout] error[E0432]: unresolved import `pliron`
[INFO] [stdout]    --> tests/format_op.rs:213:1
[INFO] [stdout]     |
[INFO] [stdout] 213 | #[format_op("$0 `: ` `(` types(CharSpace(`,`)) `)`")]
[INFO] [stdout]     | ^^^^^^^^^^^^^^^^^^^^^^^^^^^^^^^^^^^^^^^^^^^^^^^^^^^^^ could not find `pliron` in the list of imported crates
[INFO] [stdout]     |
[INFO] [stdout]     = note: this error originates in the attribute macro `format_op` (in Nightly builds, run with -Z macro-backtrace for more info)
[INFO] [stdout] 
[INFO] [stdout] 
[INFO] [stdout] error[E0433]: cannot find `pliron` in the list of imported crates
[INFO] [stdout]    --> tests/format_op.rs:291:1
[INFO] [stdout]     |
[INFO] [stdout] 291 | #[format_op("$0 ` : ` typesig")]
[INFO] [stdout]     | ^^^^^^^^^^^^^^^^^^^^^^^^^^^^^^^^ could not find `pliron` in the list of imported crates
[INFO] [stdout]     |
[INFO] [stdout]     = note: this error originates in the attribute macro `format_op` (in Nightly builds, run with -Z macro-backtrace for more info)
[INFO] [stdout] 
[INFO] [stdout] 
[INFO] [stdout] error[E0432]: unresolved import `pliron`
[INFO] [stdout]    --> tests/format_op.rs:252:1
[INFO] [stdout]     |
[INFO] [stdout] 252 | #[format_op("$0 `, ` $1 `: (` opdtypes(CharSpace(`,`)) `) -> (` types(CharSpace(`,`)) `)`")]
[INFO] [stdout]     | ^^^^^^^^^^^^^^^^^^^^^^^^^^^^^^^^^^^^^^^^^^^^^^^^^^^^^^^^^^^^^^^^^^^^^^^^^^^^^^^^^^^^^^^^^^^^ could not find `pliron` in the list of imported crates
[INFO] [stdout]     |
[INFO] [stdout]     = note: this error originates in the attribute macro `format_op` (in Nightly builds, run with -Z macro-backtrace for more info)
[INFO] [stdout] 
[INFO] [stdout] 
[INFO] [stdout] error[E0433]: cannot find `pliron` in the list of imported crates
[INFO] [stdout]    --> tests/format_op.rs:331:1
[INFO] [stdout]     |
[INFO] [stdout] 331 | #[format_op("$0 ` : (` opdtype($0) `)`")]
[INFO] [stdout]     | ^^^^^^^^^^^^^^^^^^^^^^^^^^^^^^^^^^^^^^^^^ could not find `pliron` in the list of imported crates
[INFO] [stdout]     |
[INFO] [stdout]     = note: this error originates in the attribute macro `format_op` (in Nightly builds, run with -Z macro-backtrace for more info)
[INFO] [stdout] 
[INFO] [stdout] 
[INFO] [stdout] error[E0432]: unresolved import `pliron`
[INFO] [stdout]    --> tests/format_op.rs:291:1
[INFO] [stdout]     |
[INFO] [stdout] 291 | #[format_op("$0 ` : ` typesig")]
[INFO] [stdout]     | ^^^^^^^^^^^^^^^^^^^^^^^^^^^^^^^^ could not find `pliron` in the list of imported crates
[INFO] [stdout]     |
[INFO] [stdout]     = note: this error originates in the attribute macro `format_op` (in Nightly builds, run with -Z macro-backtrace for more info)
[INFO] [stdout] 
[INFO] [stdout] 
[INFO] [stdout] error[E0433]: cannot find `pliron` in the list of imported crates
[INFO] [stdout]    --> tests/format_op.rs:372:1
[INFO] [stdout]     |
[INFO] [stdout] 372 | #[format_op("attr($attr, $IntegerAttr) `:` type($0)")]
[INFO] [stdout]     | ^^^^^^^^^^^^^^^^^^^^^^^^^^^^^^^^^^^^^^^^^^^^^^^^^^^^^^ could not find `pliron` in the list of imported crates
[INFO] [stdout]     |
[INFO] [stdout]     = note: this error originates in the attribute macro `format_op` (in Nightly builds, run with -Z macro-backtrace for more info)
[INFO] [stdout] 
[INFO] [stdout] 
[INFO] [stdout] error[E0432]: unresolved import `pliron`
[INFO] [stdout]    --> tests/format_op.rs:331:1
[INFO] [stdout]     |
[INFO] [stdout] 331 | #[format_op("$0 ` : (` opdtype($0) `)`")]
[INFO] [stdout]     | ^^^^^^^^^^^^^^^^^^^^^^^^^^^^^^^^^^^^^^^^^ could not find `pliron` in the list of imported crates
[INFO] [stdout]     |
[INFO] [stdout]     = note: this error originates in the attribute macro `format_op` (in Nightly builds, run with -Z macro-backtrace for more info)
[INFO] [stdout] 
[INFO] [stdout] 
[INFO] [stdout] error[E0433]: cannot find `pliron` in the list of imported crates
[INFO] [stdout]    --> tests/format_op.rs:408:1
[INFO] [stdout]     |
[INFO] [stdout] 408 | / #[format_op(
[INFO] [stdout] 409 | |     "attr($attr, `pliron::builtin::attributes::StringAttr`) ` ` \
[INFO] [stdout] 410 | |     opt_attr($opt_attr, `pliron::builtin::attributes::IntegerAttr`) `:` type($0)"
[INFO] [stdout] 411 | | )]
[INFO] [stdout]     | |__^ could not find `pliron` in the list of imported crates
[INFO] [stdout]     |
[INFO] [stdout]     = note: this error originates in the attribute macro `format_op` (in Nightly builds, run with -Z macro-backtrace for more info)
[INFO] [stdout] 
[INFO] [stdout] 
[INFO] [stdout] error[E0432]: unresolved import `pliron`
[INFO] [stdout]    --> tests/format_op.rs:372:1
[INFO] [stdout]     |
[INFO] [stdout] 372 | #[format_op("attr($attr, $IntegerAttr) `:` type($0)")]
[INFO] [stdout]     | ^^^^^^^^^^^^^^^^^^^^^^^^^^^^^^^^^^^^^^^^^^^^^^^^^^^^^^ could not find `pliron` in the list of imported crates
[INFO] [stdout]     |
[INFO] [stdout]     = note: this error originates in the attribute macro `format_op` (in Nightly builds, run with -Z macro-backtrace for more info)
[INFO] [stdout] 
[INFO] [stdout] 
[INFO] [stdout] error[E0433]: cannot find `pliron` in the list of imported crates
[INFO] [stdout]    --> tests/format_op.rs:474:1
[INFO] [stdout]     |
[INFO] [stdout] 474 | / #[format_op(
[INFO] [stdout] 475 | |     "attr($attr, `pliron::builtin::attributes::StringAttr`, label($name)) ` ` \
[INFO] [stdout] 476 | |     opt_attr($opt_attr, `pliron::builtin::attributes::IntegerAttr`, label($value)) `:` type($0)"
[INFO] [stdout] 477 | | )]
[INFO] [stdout]     | |__^ could not find `pliron` in the list of imported crates
[INFO] [stdout]     |
[INFO] [stdout]     = note: this error originates in the attribute macro `format_op` (in Nightly builds, run with -Z macro-backtrace for more info)
[INFO] [stdout] 
[INFO] [stdout] 
[INFO] [stdout] error[E0432]: unresolved import `pliron`
[INFO] [stdout]    --> tests/format_op.rs:408:1
[INFO] [stdout]     |
[INFO] [stdout] 408 | / #[format_op(
[INFO] [stdout] 409 | |     "attr($attr, `pliron::builtin::attributes::StringAttr`) ` ` \
[INFO] [stdout] 410 | |     opt_attr($opt_attr, `pliron::builtin::attributes::IntegerAttr`) `:` type($0)"
[INFO] [stdout] 411 | | )]
[INFO] [stdout]     | |__^ could not find `pliron` in the list of imported crates
[INFO] [stdout]     |
[INFO] [stdout]     = note: this error originates in the attribute macro `format_op` (in Nightly builds, run with -Z macro-backtrace for more info)
[INFO] [stdout] 
[INFO] [stdout] 
[INFO] [stdout] error[E0433]: cannot find `pliron` in the list of imported crates
[INFO] [stdout]    --> tests/format_op.rs:540:1
[INFO] [stdout]     |
[INFO] [stdout] 540 | / #[format_op(
[INFO] [stdout] 541 | |     "attr($attr, `pliron::builtin::attributes::StringAttr`, label($name), delimiters(`<`, `>`)) ` ` \
[INFO] [stdout] 542 | |     opt_attr($opt_attr, `pliron::builtin::attributes::IntegerAttr`, label($value), delimiters(`<<`, `>>`)) `:` type($0)"
[INFO] [stdout] 543 | | )]
[INFO] [stdout]     | |__^ could not find `pliron` in the list of imported crates
[INFO] [stdout]     |
[INFO] [stdout]     = note: this error originates in the attribute macro `format_op` (in Nightly builds, run with -Z macro-backtrace for more info)
[INFO] [stdout] 
[INFO] [stdout] 
[INFO] [stdout] error[E0432]: unresolved import `pliron`
[INFO] [stdout]    --> tests/format_op.rs:474:1
[INFO] [stdout]     |
[INFO] [stdout] 474 | / #[format_op(
[INFO] [stdout] 475 | |     "attr($attr, `pliron::builtin::attributes::StringAttr`, label($name)) ` ` \
[INFO] [stdout] 476 | |     opt_attr($opt_attr, `pliron::builtin::attributes::IntegerAttr`, label($value)) `:` type($0)"
[INFO] [stdout] 477 | | )]
[INFO] [stdout]     | |__^ could not find `pliron` in the list of imported crates
[INFO] [stdout]     |
[INFO] [stdout]     = note: this error originates in the attribute macro `format_op` (in Nightly builds, run with -Z macro-backtrace for more info)
[INFO] [stdout] 
[INFO] [stdout] 
[INFO] [stdout] error[E0433]: cannot find `pliron` in the list of imported crates
[INFO] [stdout]    --> tests/format_op.rs:606:1
[INFO] [stdout]     |
[INFO] [stdout] 606 | / #[format_op(
[INFO] [stdout] 607 | |     "attr($attr, `pliron::builtin::attributes::StringAttr`, delimiters(`<`, `>`)) ` ` \
[INFO] [stdout] 608 | |     opt_attr($opt_attr, `pliron::builtin::attributes::IntegerAttr`, delimiters(`[[`, `]]`)) `:` type($0)"
[INFO] [stdout] 609 | | )]
[INFO] [stdout]     | |__^ could not find `pliron` in the list of imported crates
[INFO] [stdout]     |
[INFO] [stdout]     = note: this error originates in the attribute macro `format_op` (in Nightly builds, run with -Z macro-backtrace for more info)
[INFO] [stdout] 
[INFO] [stdout] 
[INFO] [stdout] error[E0432]: unresolved import `pliron`
[INFO] [stdout]    --> tests/format_op.rs:540:1
[INFO] [stdout]     |
[INFO] [stdout] 540 | / #[format_op(
[INFO] [stdout] 541 | |     "attr($attr, `pliron::builtin::attributes::StringAttr`, label($name), delimiters(`<`, `>`)) ` ` \
[INFO] [stdout] 542 | |     opt_attr($opt_attr, `pliron::builtin::attributes::IntegerAttr`, label($value), delimiters(`<<`, `>>`)) `:` type($0)"
[INFO] [stdout] 543 | | )]
[INFO] [stdout]     | |__^ could not find `pliron` in the list of imported crates
[INFO] [stdout]     |
[INFO] [stdout]     = note: this error originates in the attribute macro `format_op` (in Nightly builds, run with -Z macro-backtrace for more info)
[INFO] [stdout] 
[INFO] [stdout] 
[INFO] [stdout] error[E0433]: cannot find `pliron` in the list of imported crates
[INFO] [stdout]    --> tests/format_op.rs:672:1
[INFO] [stdout]     |
[INFO] [stdout] 672 | #[format_op("$attr `:` type($0)")]
[INFO] [stdout]     | ^^^^^^^^^^^^^^^^^^^^^^^^^^^^^^^^^^ could not find `pliron` in the list of imported crates
[INFO] [stdout]     |
[INFO] [stdout]     = note: this error originates in the attribute macro `format_op` (in Nightly builds, run with -Z macro-backtrace for more info)
[INFO] [stdout] 
[INFO] [stdout] 
[INFO] [stdout] error[E0432]: unresolved import `pliron`
[INFO] [stdout]    --> tests/format_op.rs:606:1
[INFO] [stdout]     |
[INFO] [stdout] 606 | / #[format_op(
[INFO] [stdout] 607 | |     "attr($attr, `pliron::builtin::attributes::StringAttr`, delimiters(`<`, `>`)) ` ` \
[INFO] [stdout] 608 | |     opt_attr($opt_attr, `pliron::builtin::attributes::IntegerAttr`, delimiters(`[[`, `]]`)) `:` type($0)"
[INFO] [stdout] 609 | | )]
[INFO] [stdout]     | |__^ could not find `pliron` in the list of imported crates
[INFO] [stdout]     |
[INFO] [stdout]     = note: this error originates in the attribute macro `format_op` (in Nightly builds, run with -Z macro-backtrace for more info)
[INFO] [stdout] 
[INFO] [stdout] 
[INFO] [stdout] error[E0433]: cannot find `pliron` in the list of imported crates
[INFO] [stdout]    --> tests/format_op.rs:708:1
[INFO] [stdout]     |
[INFO] [stdout] 708 | #[format_op("`(`$0`)` region($0)")]
[INFO] [stdout]     | ^^^^^^^^^^^^^^^^^^^^^^^^^^^^^^^^^^^ could not find `pliron` in the list of imported crates
[INFO] [stdout]     |
[INFO] [stdout]     = note: this error originates in the attribute macro `format_op` (in Nightly builds, run with -Z macro-backtrace for more info)
[INFO] [stdout] 
[INFO] [stdout] 
[INFO] [stdout] error[E0432]: unresolved import `pliron`
[INFO] [stdout]    --> tests/format_op.rs:672:1
[INFO] [stdout]     |
[INFO] [stdout] 672 | #[format_op("$attr `:` type($0)")]
[INFO] [stdout]     | ^^^^^^^^^^^^^^^^^^^^^^^^^^^^^^^^^^ could not find `pliron` in the list of imported crates
[INFO] [stdout]     |
[INFO] [stdout]     = note: this error originates in the attribute macro `format_op` (in Nightly builds, run with -Z macro-backtrace for more info)
[INFO] [stdout] 
[INFO] [stdout] 
[INFO] [stdout] error[E0433]: cannot find `pliron` in the list of imported crates
[INFO] [stdout]    --> tests/format_op.rs:760:1
[INFO] [stdout]     |
[INFO] [stdout] 760 | #[format_op("`(`$0`)` region($0) `else` region($1)")]
[INFO] [stdout]     | ^^^^^^^^^^^^^^^^^^^^^^^^^^^^^^^^^^^^^^^^^^^^^^^^^^^^^ could not find `pliron` in the list of imported crates
[INFO] [stdout]     |
[INFO] [stdout]     = note: this error originates in the attribute macro `format_op` (in Nightly builds, run with -Z macro-backtrace for more info)
[INFO] [stdout] 
[INFO] [stdout] 
[INFO] [stdout] error[E0432]: unresolved import `pliron`
[INFO] [stdout]    --> tests/format_op.rs:708:1
[INFO] [stdout]     |
[INFO] [stdout] 708 | #[format_op("`(`$0`)` region($0)")]
[INFO] [stdout]     | ^^^^^^^^^^^^^^^^^^^^^^^^^^^^^^^^^^^ could not find `pliron` in the list of imported crates
[INFO] [stdout]     |
[INFO] [stdout]     = note: this error originates in the attribute macro `format_op` (in Nightly builds, run with -Z macro-backtrace for more info)
[INFO] [stdout] 
[INFO] [stdout] 
[INFO] [stdout] error[E0433]: cannot find `pliron` in the list of imported crates
[INFO] [stdout]    --> tests/format_op.rs:825:1
[INFO] [stdout]     |
[INFO] [stdout] 825 | #[format_op("succ($0) `(` operands(CharSpace(`,`)) `)`")]
[INFO] [stdout]     | ^^^^^^^^^^^^^^^^^^^^^^^^^^^^^^^^^^^^^^^^^^^^^^^^^^^^^^^^^ could not find `pliron` in the list of imported crates
[INFO] [stdout]     |
[INFO] [stdout]     = note: this error originates in the attribute macro `format_op` (in Nightly builds, run with -Z macro-backtrace for more info)
[INFO] [stdout] 
[INFO] [stdout] 
[INFO] [stdout] error[E0432]: unresolved import `pliron`
[INFO] [stdout]    --> tests/format_op.rs:760:1
[INFO] [stdout]     |
[INFO] [stdout] 760 | #[format_op("`(`$0`)` region($0) `else` region($1)")]
[INFO] [stdout]     | ^^^^^^^^^^^^^^^^^^^^^^^^^^^^^^^^^^^^^^^^^^^^^^^^^^^^^ could not find `pliron` in the list of imported crates
[INFO] [stdout]     |
[INFO] [stdout]     = note: this error originates in the attribute macro `format_op` (in Nightly builds, run with -Z macro-backtrace for more info)
[INFO] [stdout] 
[INFO] [stdout] 
[INFO] [stdout] error[E0433]: cannot find `pliron` in the list of imported crates
[INFO] [stdout]    --> tests/format_op.rs:869:1
[INFO] [stdout]     |
[INFO] [stdout] 869 | #[format_op("`[` successors(CharSpace(`,`)) `]`")]
[INFO] [stdout]     | ^^^^^^^^^^^^^^^^^^^^^^^^^^^^^^^^^^^^^^^^^^^^^^^^^^ could not find `pliron` in the list of imported crates
[INFO] [stdout]     |
[INFO] [stdout]     = note: this error originates in the attribute macro `format_op` (in Nightly builds, run with -Z macro-backtrace for more info)
[INFO] [stdout] 
[INFO] [stdout] 
[INFO] [stdout] error[E0432]: unresolved import `pliron`
[INFO] [stdout]    --> tests/format_op.rs:825:1
[INFO] [stdout]     |
[INFO] [stdout] 825 | #[format_op("succ($0) `(` operands(CharSpace(`,`)) `)`")]
[INFO] [stdout]     | ^^^^^^^^^^^^^^^^^^^^^^^^^^^^^^^^^^^^^^^^^^^^^^^^^^^^^^^^^ could not find `pliron` in the list of imported crates
[INFO] [stdout]     |
[INFO] [stdout]     = note: this error originates in the attribute macro `format_op` (in Nightly builds, run with -Z macro-backtrace for more info)
[INFO] [stdout] 
[INFO] [stdout] 
[INFO] [stdout] error[E0433]: cannot find `pliron` in the list of imported crates
[INFO] [stdout]    --> tests/format_op.rs:920:1
[INFO] [stdout]     |
[INFO] [stdout] 920 | #[format_op("`[` regions(CharSpace(`,`)) `]`")]
[INFO] [stdout]     | ^^^^^^^^^^^^^^^^^^^^^^^^^^^^^^^^^^^^^^^^^^^^^^^ could not find `pliron` in the list of imported crates
[INFO] [stdout]     |
[INFO] [stdout]     = note: this error originates in the attribute macro `format_op` (in Nightly builds, run with -Z macro-backtrace for more info)
[INFO] [stdout] 
[INFO] [stdout] 
[INFO] [stdout] error[E0432]: unresolved import `pliron`
[INFO] [stdout]    --> tests/format_op.rs:869:1
[INFO] [stdout]     |
[INFO] [stdout] 869 | #[format_op("`[` successors(CharSpace(`,`)) `]`")]
[INFO] [stdout]     | ^^^^^^^^^^^^^^^^^^^^^^^^^^^^^^^^^^^^^^^^^^^^^^^^^^ could not find `pliron` in the list of imported crates
[INFO] [stdout]     |
[INFO] [stdout]     = note: this error originates in the attribute macro `format_op` (in Nightly builds, run with -Z macro-backtrace for more info)
[INFO] [stdout] 
[INFO] [stdout] 
[INFO] [stdout] error[E0433]: cannot find `pliron` in the list of imported crates
[INFO] [stdout]    --> tests/format_op.rs:986:1
[INFO] [stdout]     |
[INFO] [stdout] 986 | #[format_op("attr_dict")]
[INFO] [stdout]     | ^^^^^^^^^^^^^^^^^^^^^^^^^ could not find `pliron` in the list of imported crates
[INFO] [stdout]     |
[INFO] [stdout]     = note: this error originates in the attribute macro `format_op` (in Nightly builds, run with -Z macro-backtrace for more info)
[INFO] [stdout] 
[INFO] [stdout] 
[INFO] [stdout] error[E0432]: unresolved import `pliron`
[INFO] [stdout]    --> tests/format_op.rs:920:1
[INFO] [stdout]     |
[INFO] [stdout] 920 | #[format_op("`[` regions(CharSpace(`,`)) `]`")]
[INFO] [stdout]     | ^^^^^^^^^^^^^^^^^^^^^^^^^^^^^^^^^^^^^^^^^^^^^^^ could not find `pliron` in the list of imported crates
[INFO] [stdout]     |
[INFO] [stdout]     = note: this error originates in the attribute macro `format_op` (in Nightly builds, run with -Z macro-backtrace for more info)
[INFO] [stdout] 
[INFO] [stdout] 
[INFO] [stdout] error[E0433]: cannot find `pliron` in the list of imported crates
[INFO] [stdout]     --> tests/format_op.rs:1028:1
[INFO] [stdout]      |
[INFO] [stdout] 1028 | #[format_op]
[INFO] [stdout]      | ^^^^^^^^^^^^ could not find `pliron` in the list of imported crates
[INFO] [stdout]      |
[INFO] [stdout]      = note: this error originates in the attribute macro `format_op` (in Nightly builds, run with -Z macro-backtrace for more info)
[INFO] [stdout] 
[INFO] [stdout] 
[INFO] [stdout] error[E0432]: unresolved import `pliron`
[INFO] [stdout]    --> tests/format_op.rs:986:1
[INFO] [stdout]     |
[INFO] [stdout] 986 | #[format_op("attr_dict")]
[INFO] [stdout]     | ^^^^^^^^^^^^^^^^^^^^^^^^^ could not find `pliron` in the list of imported crates
[INFO] [stdout]     |
[INFO] [stdout]     = note: this error originates in the attribute macro `format_op` (in Nightly builds, run with -Z macro-backtrace for more info)
[INFO] [stdout] 
[INFO] [stdout] 
[INFO] [stdout] error[E0433]: cannot find `pliron` in the list of imported crates
[INFO] [stdout]     --> tests/format_op.rs:1060:1
[INFO] [stdout]      |
[INFO] [stdout] 1060 | #[format_op("`[` regions(CharSpace(`,`)) `]`")]
[INFO] [stdout]      | ^^^^^^^^^^^^^^^^^^^^^^^^^^^^^^^^^^^^^^^^^^^^^^^ could not find `pliron` in the list of imported crates
[INFO] [stdout]      |
[INFO] [stdout]      = note: this error originates in the attribute macro `format_op` (in Nightly builds, run with -Z macro-backtrace for more info)
[INFO] [stdout] 
[INFO] [stdout] 
[INFO] [stdout] error[E0432]: unresolved import `pliron`
[INFO] [stdout]     --> tests/format_op.rs:1028:1
[INFO] [stdout]      |
[INFO] [stdout] 1028 | #[format_op]
[INFO] [stdout]      | ^^^^^^^^^^^^ could not find `pliron` in the list of imported crates
[INFO] [stdout]      |
[INFO] [stdout]      = note: this error originates in the attribute macro `format_op` (in Nightly builds, run with -Z macro-backtrace for more info)
[INFO] [stdout] 
[INFO] [stdout] 
[INFO] [stdout] error[E0433]: cannot find `pliron` in the list of imported crates
[INFO] [stdout]     --> tests/format_op.rs:1093:1
[INFO] [stdout]      |
[INFO] [stdout] 1093 | #[format_op("`[` regions(CharSpace(`,`)) `]`")]
[INFO] [stdout]      | ^^^^^^^^^^^^^^^^^^^^^^^^^^^^^^^^^^^^^^^^^^^^^^^ could not find `pliron` in the list of imported crates
[INFO] [stdout]      |
[INFO] [stdout]      = note: this error originates in the attribute macro `format_op` (in Nightly builds, run with -Z macro-backtrace for more info)
[INFO] [stdout] 
[INFO] [stdout] 
[INFO] [stdout] error[E0432]: unresolved import `pliron`
[INFO] [stdout]     --> tests/format_op.rs:1060:1
[INFO] [stdout]      |
[INFO] [stdout] 1060 | #[format_op("`[` regions(CharSpace(`,`)) `]`")]
[INFO] [stdout]      | ^^^^^^^^^^^^^^^^^^^^^^^^^^^^^^^^^^^^^^^^^^^^^^^ could not find `pliron` in the list of imported crates
[INFO] [stdout]      |
[INFO] [stdout]      = note: this error originates in the attribute macro `format_op` (in Nightly builds, run with -Z macro-backtrace for more info)
[INFO] [stdout] 
[INFO] [stdout] 
[INFO] [stdout] error[E0433]: cannot find `pliron` in the list of imported crates
[INFO] [stdout]     --> tests/format_op.rs:1147:1
[INFO] [stdout]      |
[INFO] [stdout] 1147 | #[format_op("`<` $outlined `>`")]
[INFO] [stdout]      | ^^^^^^^^^^^^^^^^^^^^^^^^^^^^^^^^^ could not find `pliron` in the list of imported crates
[INFO] [stdout]      |
[INFO] [stdout]      = note: this error originates in the attribute macro `format_op` (in Nightly builds, run with -Z macro-backtrace for more info)
[INFO] [stdout] 
[INFO] [stdout] 
[INFO] [stdout] error[E0432]: unresolved import `pliron`
[INFO] [stdout]     --> tests/format_op.rs:1093:1
[INFO] [stdout]      |
[INFO] [stdout] 1093 | #[format_op("`[` regions(CharSpace(`,`)) `]`")]
[INFO] [stdout]      | ^^^^^^^^^^^^^^^^^^^^^^^^^^^^^^^^^^^^^^^^^^^^^^^ could not find `pliron` in the list of imported crates
[INFO] [stdout]      |
[INFO] [stdout]      = note: this error originates in the attribute macro `format_op` (in Nightly builds, run with -Z macro-backtrace for more info)
[INFO] [stdout] 
[INFO] [stdout] 
[INFO] [stdout] error[E0433]: cannot find `pliron` in the list of imported crates
[INFO] [stdout]     --> tests/format_op.rs:1152:1
[INFO] [stdout]      |
[INFO] [stdout] 1152 | #[format_op("attr($outlined, `pliron::builtin::attributes::GivenNamesAttr`)")]
[INFO] [stdout]      | ^^^^^^^^^^^^^^^^^^^^^^^^^^^^^^^^^^^^^^^^^^^^^^^^^^^^^^^^^^^^^^^^^^^^^^^^^^^^^^ could not find `pliron` in the list of imported crates
[INFO] [stdout]      |
[INFO] [stdout]      = note: this error originates in the attribute macro `format_op` (in Nightly builds, run with -Z macro-backtrace for more info)
[INFO] [stdout] 
[INFO] [stdout] 
[INFO] [stdout] error[E0432]: unresolved import `pliron`
[INFO] [stdout]     --> tests/format_op.rs:1147:1
[INFO] [stdout]      |
[INFO] [stdout] 1147 | #[format_op("`<` $outlined `>`")]
[INFO] [stdout]      | ^^^^^^^^^^^^^^^^^^^^^^^^^^^^^^^^^ could not find `pliron` in the list of imported crates
[INFO] [stdout]      |
[INFO] [stdout]      = note: this error originates in the attribute macro `format_op` (in Nightly builds, run with -Z macro-backtrace for more info)
[INFO] [stdout] 
[INFO] [stdout] 
[INFO] [stdout] error[E0433]: cannot find `pliron` in the list of imported crates
[INFO] [stdout]     --> tests/format_op.rs:1157:1
[INFO] [stdout]      |
[INFO] [stdout] 1157 | #[format_op("opt_attr($outlined, `pliron::builtin::attributes::GivenNamesAttr`)")]
[INFO] [stdout]      | ^^^^^^^^^^^^^^^^^^^^^^^^^^^^^^^^^^^^^^^^^^^^^^^^^^^^^^^^^^^^^^^^^^^^^^^^^^^^^^^^^^ could not find `pliron` in the list of imported crates
[INFO] [stdout]      |
[INFO] [stdout]      = note: this error originates in the attribute macro `format_op` (in Nightly builds, run with -Z macro-backtrace for more info)
[INFO] [stdout] 
[INFO] [stdout] 
[INFO] [stdout] error[E0432]: unresolved import `pliron`
[INFO] [stdout]     --> tests/format_op.rs:1152:1
[INFO] [stdout]      |
[INFO] [stdout] 1152 | #[format_op("attr($outlined, `pliron::builtin::attributes::GivenNamesAttr`)")]
[INFO] [stdout]      | ^^^^^^^^^^^^^^^^^^^^^^^^^^^^^^^^^^^^^^^^^^^^^^^^^^^^^^^^^^^^^^^^^^^^^^^^^^^^^^ could not find `pliron` in the list of imported crates
[INFO] [stdout]      |
[INFO] [stdout]      = note: this error originates in the attribute macro `format_op` (in Nightly builds, run with -Z macro-backtrace for more info)
[INFO] [stdout] 
[INFO] [stdout] 
[INFO] [stdout] error[E0433]: cannot find `pliron` in the list of imported crates
[INFO] [stdout]     --> tests/format_op.rs:1162:1
[INFO] [stdout]      |
[INFO] [stdout] 1162 | #[format_op("attr_dict")]
[INFO] [stdout]      | ^^^^^^^^^^^^^^^^^^^^^^^^^ could not find `pliron` in the list of imported crates
[INFO] [stdout]      |
[INFO] [stdout]      = note: this error originates in the attribute macro `format_op` (in Nightly builds, run with -Z macro-backtrace for more info)
[INFO] [stdout] 
[INFO] [stdout] 
[INFO] [stdout] error[E0432]: unresolved import `pliron`
[INFO] [stdout]     --> tests/format_op.rs:1157:1
[INFO] [stdout]      |
[INFO] [stdout] 1157 | #[format_op("opt_attr($outlined, `pliron::builtin::attributes::GivenNamesAttr`)")]
[INFO] [stdout]      | ^^^^^^^^^^^^^^^^^^^^^^^^^^^^^^^^^^^^^^^^^^^^^^^^^^^^^^^^^^^^^^^^^^^^^^^^^^^^^^^^^^ could not find `pliron` in the list of imported crates
[INFO] [stdout]      |
[INFO] [stdout]      = note: this error originates in the attribute macro `format_op` (in Nightly builds, run with -Z macro-backtrace for more info)
[INFO] [stdout] 
[INFO] [stdout] 
[INFO] [stdout] error[E0432]: unresolved import `pliron`
[INFO] [stdout]     --> tests/format_op.rs:1162:1
[INFO] [stdout]      |
[INFO] [stdout] 1162 | #[format_op("attr_dict")]
[INFO] [stdout]      | ^^^^^^^^^^^^^^^^^^^^^^^^^ could not find `pliron` in the list of imported crates
[INFO] [stdout]      |
[INFO] [stdout]      = note: this error originates in the attribute macro `format_op` (in Nightly builds, run with -Z macro-backtrace for more info)
[INFO] [stdout] 
[INFO] [stdout] 
[INFO] [stdout] error[E0433]: cannot find `pliron` in the list of imported crates
[INFO] [stdout]  --> tests/common/mod.rs:9:1
[INFO] [stdout]   |
[INFO] [stdout] 9 | #[derive_op_interface_impl(IsTerminatorInterface)]
[INFO] [stdout]   | ^^^^^^^^^^^^^^^^^^^^^^^^^^^^^^^^^^^^^^^^^^^^^^^^^^ could not find `pliron` in the list of imported crates
[INFO] [stdout]   |
[INFO] [stdout]   = note: this error originates in the attribute macro `derive_op_interface_impl` (in Nightly builds, run with -Z macro-backtrace for more info)
[INFO] [stdout] 
[INFO] [stdout] 
[INFO] [stdout] error[E0433]: cannot find `pliron` in the list of imported crates
[INFO] [stdout]  --> tests/common/mod.rs:7:1
[INFO] [stdout]   |
[INFO] [stdout] 7 | #[def_op("test.return")]
[INFO] [stdout]   | ^^^^^^^^^^^^^^^^^^^^^^^^ could not find `pliron` in the list of imported crates
[INFO] [stdout]   |
[INFO] [stdout]   = note: this error originates in the attribute macro `def_op` (in Nightly builds, run with -Z macro-backtrace for more info)
[INFO] [stdout] 
[INFO] [stdout] 
[INFO] [stdout] error[E0433]: cannot find `pliron` in the list of imported crates
[INFO] [stdout]   --> tests/format_op.rs:29:1
[INFO] [stdout]    |
[INFO] [stdout] 29 | #[derive_op_interface_impl(NOpdsInterface<0>, NResultsInterface<0>)]
[INFO] [stdout]    | ^^^^^^^^^^^^^^^^^^^^^^^^^^^^^^^^^^^^^^^^^^^^^^^^^^^^^^^^^^^^^^^^^^^^ could not find `pliron` in the list of imported crates
[INFO] [stdout]    |
[INFO] [stdout]    = note: this error originates in the attribute macro `derive_op_interface_impl` (in Nightly builds, run with -Z macro-backtrace for more info)
[INFO] [stdout] 
[INFO] [stdout] 
[INFO] [stdout] error[E0433]: cannot find `pliron` in the list of imported crates
[INFO] [stdout]   --> tests/format_op.rs:28:1
[INFO] [stdout]    |
[INFO] [stdout] 28 | #[def_op("test.zero_results_zero_operands")]
[INFO] [stdout]    | ^^^^^^^^^^^^^^^^^^^^^^^^^^^^^^^^^^^^^^^^^^^^ could not find `pliron` in the list of imported crates
[INFO] [stdout]    |
[INFO] [stdout]    = note: this error originates in the attribute macro `def_op` (in Nightly builds, run with -Z macro-backtrace for more info)
[INFO] [stdout] 
[INFO] [stdout] 
[INFO] [stdout] error[E0433]: cannot find `pliron` in the list of imported crates
[INFO] [stdout]   --> tests/format_op.rs:62:1
[INFO] [stdout]    |
[INFO] [stdout] 62 | #[derive_op_interface_impl(NOpdsInterface<0>, OneResultInterface)]
[INFO] [stdout]    | ^^^^^^^^^^^^^^^^^^^^^^^^^^^^^^^^^^^^^^^^^^^^^^^^^^^^^^^^^^^^^^^^^^ could not find `pliron` in the list of imported crates
[INFO] [stdout]    |
[INFO] [stdout]    = note: this error originates in the attribute macro `derive_op_interface_impl` (in Nightly builds, run with -Z macro-backtrace for more info)
[INFO] [stdout] 
[INFO] [stdout] 
[INFO] [stdout] error[E0433]: cannot find `pliron` in the list of imported crates
[INFO] [stdout]   --> tests/format_op.rs:61:1
[INFO] [stdout]    |
[INFO] [stdout] 61 | #[def_op("test.one_result_zero_operands")]
[INFO] [stdout]    | ^^^^^^^^^^^^^^^^^^^^^^^^^^^^^^^^^^^^^^^^^^ could not find `pliron` in the list of imported crates
[INFO] [stdout]    |
[INFO] [stdout]    = note: this error originates in the attribute macro `def_op` (in Nightly builds, run with -Z macro-backtrace for more info)
[INFO] [stdout] 
[INFO] [stdout] 
[INFO] [stdout] error[E0433]: cannot find `pliron` in the list of imported crates
[INFO] [stdout]   --> tests/format_op.rs:99:1
[INFO] [stdout]    |
[INFO] [stdout] 99 | #[derive_op_interface_impl(NOpdsInterface<0>, OneResultInterface)]
[INFO] [stdout]    | ^^^^^^^^^^^^^^^^^^^^^^^^^^^^^^^^^^^^^^^^^^^^^^^^^^^^^^^^^^^^^^^^^^ could not find `pliron` in the list of imported crates
[INFO] [stdout]    |
[INFO] [stdout]    = note: this error originates in the attribute macro `derive_op_interface_impl` (in Nightly builds, run with -Z macro-backtrace for more info)
[INFO] [stdout] 
[INFO] [stdout] 
[INFO] [stdout] error[E0433]: cannot find `pliron` in the list of imported crates
[INFO] [stdout]   --> tests/format_op.rs:98:1
[INFO] [stdout]    |
[INFO] [stdout] 98 | #[def_op("test.one_result_zero_operands_canonical")]
[INFO] [stdout]    | ^^^^^^^^^^^^^^^^^^^^^^^^^^^^^^^^^^^^^^^^^^^^^^^^^^^^ could not find `pliron` in the list of imported crates
[INFO] [stdout]    |
[INFO] [stdout]    = note: this error originates in the attribute macro `def_op` (in Nightly builds, run with -Z macro-backtrace for more info)
[INFO] [stdout] 
[INFO] [stdout] 
[INFO] [stdout] error[E0433]: cannot find `pliron` in the list of imported crates
[INFO] [stdout]    --> tests/format_op.rs:136:1
[INFO] [stdout]     |
[INFO] [stdout] 136 | #[derive_op_interface_impl(OneOpdInterface, OneResultInterface)]
[INFO] [stdout]     | ^^^^^^^^^^^^^^^^^^^^^^^^^^^^^^^^^^^^^^^^^^^^^^^^^^^^^^^^^^^^^^^^ could not find `pliron` in the list of imported crates
[INFO] [stdout]     |
[INFO] [stdout]     = note: this error originates in the attribute macro `derive_op_interface_impl` (in Nightly builds, run with -Z macro-backtrace for more info)
[INFO] [stdout] 
[INFO] [stdout] 
[INFO] [stdout] error[E0433]: cannot find `pliron` in the list of imported crates
[INFO] [stdout]    --> tests/format_op.rs:135:1
[INFO] [stdout]     |
[INFO] [stdout] 135 | #[def_op("test.one_result_one_operand")]
[INFO] [stdout]     | ^^^^^^^^^^^^^^^^^^^^^^^^^^^^^^^^^^^^^^^^ could not find `pliron` in the list of imported crates
[INFO] [stdout]     |
[INFO] [stdout]     = note: this error originates in the attribute macro `def_op` (in Nightly builds, run with -Z macro-backtrace for more info)
[INFO] [stdout] 
[INFO] [stdout] 
[INFO] [stdout] error[E0433]: cannot find `pliron` in the list of imported crates
[INFO] [stdout]    --> tests/format_op.rs:175:1
[INFO] [stdout]     |
[INFO] [stdout] 175 | #[def_op("test.two_results_two_operands")]
[INFO] [stdout]     | ^^^^^^^^^^^^^^^^^^^^^^^^^^^^^^^^^^^^^^^^^^ could not find `pliron` in the list of imported crates
[INFO] [stdout]     |
[INFO] [stdout]     = note: this error originates in the attribute macro `def_op` (in Nightly builds, run with -Z macro-backtrace for more info)
[INFO] [stdout] 
[INFO] [stdout] 
[INFO] [stdout] error[E0433]: cannot find `pliron` in the list of imported crates
[INFO] [stdout]    --> tests/format_op.rs:214:1
[INFO] [stdout]     |
[INFO] [stdout] 214 | #[def_op("test.two_results_one_operand")]
[INFO] [stdout]     | ^^^^^^^^^^^^^^^^^^^^^^^^^^^^^^^^^^^^^^^^^ could not find `pliron` in the list of imported crates
[INFO] [stdout]     |
[INFO] [stdout]     = note: this error originates in the attribute macro `def_op` (in Nightly builds, run with -Z macro-backtrace for more info)
[INFO] [stdout] 
[INFO] [stdout] 
[INFO] [stdout] error[E0433]: cannot find `pliron` in the list of imported crates
[INFO] [stdout]    --> tests/format_op.rs:253:1
[INFO] [stdout]     |
[INFO] [stdout] 253 | #[def_op("test.one_result_two_operands")]
[INFO] [stdout]     | ^^^^^^^^^^^^^^^^^^^^^^^^^^^^^^^^^^^^^^^^^ could not find `pliron` in the list of imported crates
[INFO] [stdout]     |
[INFO] [stdout]     = note: this error originates in the attribute macro `def_op` (in Nightly builds, run with -Z macro-backtrace for more info)
[INFO] [stdout] 
[INFO] [stdout] 
[INFO] [stdout] error[E0433]: cannot find `pliron` in the list of imported crates
[INFO] [stdout]    --> tests/format_op.rs:293:1
[INFO] [stdout]     |
[INFO] [stdout] 293 | #[derive_op_interface_impl(OneOpdInterface, OneResultInterface)]
[INFO] [stdout]     | ^^^^^^^^^^^^^^^^^^^^^^^^^^^^^^^^^^^^^^^^^^^^^^^^^^^^^^^^^^^^^^^^ could not find `pliron` in the list of imported crates
[INFO] [stdout]     |
[INFO] [stdout]     = note: this error originates in the attribute macro `derive_op_interface_impl` (in Nightly builds, run with -Z macro-backtrace for more info)
[INFO] [stdout] 
[INFO] [stdout] 
[INFO] [stdout] error[E0433]: cannot find `pliron` in the list of imported crates
[INFO] [stdout]    --> tests/format_op.rs:292:1
[INFO] [stdout]     |
[INFO] [stdout] 292 | #[def_op("test.one_result_one_operand_typesig")]
[INFO] [stdout]     | ^^^^^^^^^^^^^^^^^^^^^^^^^^^^^^^^^^^^^^^^^^^^^^^^ could not find `pliron` in the list of imported crates
[INFO] [stdout]     |
[INFO] [stdout]     = note: this error originates in the attribute macro `def_op` (in Nightly builds, run with -Z macro-backtrace for more info)
[INFO] [stdout] 
[INFO] [stdout] 
[INFO] [stdout] error[E0433]: cannot find `pliron` in the list of imported crates
[INFO] [stdout]    --> tests/format_op.rs:332:1
[INFO] [stdout]     |
[INFO] [stdout] 332 | #[def_op("test.zero_results_one_operand")]
[INFO] [stdout]     | ^^^^^^^^^^^^^^^^^^^^^^^^^^^^^^^^^^^^^^^^^^ could not find `pliron` in the list of imported crates
[INFO] [stdout]     |
[INFO] [stdout]     = note: this error originates in the attribute macro `def_op` (in Nightly builds, run with -Z macro-backtrace for more info)
[INFO] [stdout] 
[INFO] [stdout] 
[INFO] [stdout] error[E0433]: cannot find `pliron` in the list of imported crates
[INFO] [stdout]    --> tests/format_op.rs:373:1
[INFO] [stdout]     |
[INFO] [stdout] 373 | #[def_op("test.attr_op")]
[INFO] [stdout]     | ^^^^^^^^^^^^^^^^^^^^^^^^^ could not find `pliron` in the list of imported crates
[INFO] [stdout]     |
[INFO] [stdout]     = note: this error originates in the attribute macro `def_op` (in Nightly builds, run with -Z macro-backtrace for more info)
[INFO] [stdout] 
[INFO] [stdout] 
[INFO] [stdout] error[E0433]: cannot find `pliron` in the list of imported crates
[INFO] [stdout]    --> tests/format_op.rs:412:1
[INFO] [stdout]     |
[INFO] [stdout] 412 | #[def_op("test.attr_op2")]
[INFO] [stdout]     | ^^^^^^^^^^^^^^^^^^^^^^^^^^ could not find `pliron` in the list of imported crates
[INFO] [stdout]     |
[INFO] [stdout]     = note: this error originates in the attribute macro `def_op` (in Nightly builds, run with -Z macro-backtrace for more info)
[INFO] [stdout] 
[INFO] [stdout] 
[INFO] [stdout] error[E0433]: cannot find `pliron` in the list of imported crates
[INFO] [stdout]    --> tests/format_op.rs:478:1
[INFO] [stdout]     |
[INFO] [stdout] 478 | #[def_op("test.attr_op2_labeled")]
[INFO] [stdout]     | ^^^^^^^^^^^^^^^^^^^^^^^^^^^^^^^^^^ could not find `pliron` in the list of imported crates
[INFO] [stdout]     |
[INFO] [stdout]     = note: this error originates in the attribute macro `def_op` (in Nightly builds, run with -Z macro-backtrace for more info)
[INFO] [stdout] 
[INFO] [stdout] 
[INFO] [stdout] error[E0433]: cannot find `pliron` in the list of imported crates
[INFO] [stdout]    --> tests/format_op.rs:544:1
[INFO] [stdout]     |
[INFO] [stdout] 544 | #[def_op("test.attr_op2_labeled_delimited")]
[INFO] [stdout]     | ^^^^^^^^^^^^^^^^^^^^^^^^^^^^^^^^^^^^^^^^^^^^ could not find `pliron` in the list of imported crates
[INFO] [stdout]     |
[INFO] [stdout]     = note: this error originates in the attribute macro `def_op` (in Nightly builds, run with -Z macro-backtrace for more info)
[INFO] [stdout] 
[INFO] [stdout] 
[INFO] [stdout] error[E0433]: cannot find `pliron` in the list of imported crates
[INFO] [stdout]    --> tests/format_op.rs:610:1
[INFO] [stdout]     |
[INFO] [stdout] 610 | #[def_op("test.attr_op2_delimited")]
[INFO] [stdout]     | ^^^^^^^^^^^^^^^^^^^^^^^^^^^^^^^^^^^^ could not find `pliron` in the list of imported crates
[INFO] [stdout]     |
[INFO] [stdout]     = note: this error originates in the attribute macro `def_op` (in Nightly builds, run with -Z macro-backtrace for more info)
[INFO] [stdout] 
[INFO] [stdout] 
[INFO] [stdout] error[E0433]: cannot find `pliron` in the list of imported crates
[INFO] [stdout]    --> tests/format_op.rs:673:1
[INFO] [stdout]     |
[INFO] [stdout] 673 | #[def_op("test.attr_op3")]
[INFO] [stdout]     | ^^^^^^^^^^^^^^^^^^^^^^^^^^ could not find `pliron` in the list of imported crates
[INFO] [stdout]     |
[INFO] [stdout]     = note: this error originates in the attribute macro `def_op` (in Nightly builds, run with -Z macro-backtrace for more info)
[INFO] [stdout] 
[INFO] [stdout] 
[INFO] [stdout] error[E0433]: cannot find `pliron` in the list of imported crates
[INFO] [stdout]    --> tests/format_op.rs:710:1
[INFO] [stdout]     |
[INFO] [stdout] 710 | #[derive_op_interface_impl(OneOpdInterface, NResultsInterface<0>, OneRegionInterface)]
[INFO] [stdout]     | ^^^^^^^^^^^^^^^^^^^^^^^^^^^^^^^^^^^^^^^^^^^^^^^^^^^^^^^^^^^^^^^^^^^^^^^^^^^^^^^^^^^^^^ could not find `pliron` in the list of imported crates
[INFO] [stdout]     |
[INFO] [stdout]     = note: this error originates in the attribute macro `derive_op_interface_impl` (in Nightly builds, run with -Z macro-backtrace for more info)
[INFO] [stdout] 
[INFO] [stdout] 
[INFO] [stdout] error[E0433]: cannot find `pliron` in the list of imported crates
[INFO] [stdout]    --> tests/format_op.rs:709:1
[INFO] [stdout]     |
[INFO] [stdout] 709 | #[def_op("test.if_op")]
[INFO] [stdout]     | ^^^^^^^^^^^^^^^^^^^^^^^ could not find `pliron` in the list of imported crates
[INFO] [stdout]     |
[INFO] [stdout]     = note: this error originates in the attribute macro `def_op` (in Nightly builds, run with -Z macro-backtrace for more info)
[INFO] [stdout] 
[INFO] [stdout] 
[INFO] [stdout] error[E0433]: cannot find `pliron` in the list of imported crates
[INFO] [stdout]    --> tests/format_op.rs:762:1
[INFO] [stdout]     |
[INFO] [stdout] 762 | #[derive_op_interface_impl(OneOpdInterface, NResultsInterface<0>, NRegionsInterface<2>)]
[INFO] [stdout]     | ^^^^^^^^^^^^^^^^^^^^^^^^^^^^^^^^^^^^^^^^^^^^^^^^^^^^^^^^^^^^^^^^^^^^^^^^^^^^^^^^^^^^^^^^ could not find `pliron` in the list of imported crates
[INFO] [stdout]     |
[INFO] [stdout]     = note: this error originates in the attribute macro `derive_op_interface_impl` (in Nightly builds, run with -Z macro-backtrace for more info)
[INFO] [stdout] 
[INFO] [stdout] 
[INFO] [stdout] error[E0433]: cannot find `pliron` in the list of imported crates
[INFO] [stdout]    --> tests/format_op.rs:761:1
[INFO] [stdout]     |
[INFO] [stdout] 761 | #[def_op("test.if_else_op")]
[INFO] [stdout]     | ^^^^^^^^^^^^^^^^^^^^^^^^^^^^ could not find `pliron` in the list of imported crates
[INFO] [stdout]     |
[INFO] [stdout]     = note: this error originates in the attribute macro `def_op` (in Nightly builds, run with -Z macro-backtrace for more info)
[INFO] [stdout] 
[INFO] [stdout] 
[INFO] [stdout] error[E0433]: cannot find `pliron` in the list of imported crates
[INFO] [stdout]    --> tests/format_op.rs:826:1
[INFO] [stdout]     |
[INFO] [stdout] 826 | #[derive_op_interface_impl(IsTerminatorInterface)]
[INFO] [stdout]     | ^^^^^^^^^^^^^^^^^^^^^^^^^^^^^^^^^^^^^^^^^^^^^^^^^^ could not find `pliron` in the list of imported crates
[INFO] [stdout]     |
[INFO] [stdout]     = note: this error originates in the attribute macro `derive_op_interface_impl` (in Nightly builds, run with -Z macro-backtrace for more info)
[INFO] [stdout] 
[INFO] [stdout] 
[INFO] [stdout] error[E0433]: cannot find `pliron` in the list of imported crates
[INFO] [stdout]    --> tests/format_op.rs:824:1
[INFO] [stdout]     |
[INFO] [stdout] 824 | #[def_op("test.br")]
[INFO] [stdout]     | ^^^^^^^^^^^^^^^^^^^^ could not find `pliron` in the list of imported crates
[INFO] [stdout]     |
[INFO] [stdout]     = note: this error originates in the attribute macro `def_op` (in Nightly builds, run with -Z macro-backtrace for more info)
[INFO] [stdout] 
[INFO] [stdout] 
[INFO] [stdout] error[E0433]: cannot find `pliron` in the list of imported crates
[INFO] [stdout]    --> tests/format_op.rs:870:1
[INFO] [stdout]     |
[INFO] [stdout] 870 | #[derive_op_interface_impl(IsTerminatorInterface)]
[INFO] [stdout]     | ^^^^^^^^^^^^^^^^^^^^^^^^^^^^^^^^^^^^^^^^^^^^^^^^^^ could not find `pliron` in the list of imported crates
[INFO] [stdout]     |
[INFO] [stdout]     = note: this error originates in the attribute macro `derive_op_interface_impl` (in Nightly builds, run with -Z macro-backtrace for more info)
[INFO] [stdout] 
[INFO] [stdout] 
[INFO] [stdout] error[E0433]: cannot find `pliron` in the list of imported crates
[INFO] [stdout]    --> tests/format_op.rs:868:1
[INFO] [stdout]     |
[INFO] [stdout] 868 | #[def_op("test.multiple_successors")]
[INFO] [stdout]     | ^^^^^^^^^^^^^^^^^^^^^^^^^^^^^^^^^^^^^ could not find `pliron` in the list of imported crates
[INFO] [stdout]     |
[INFO] [stdout]     = note: this error originates in the attribute macro `def_op` (in Nightly builds, run with -Z macro-backtrace for more info)
[INFO] [stdout] 
[INFO] [stdout] 
[INFO] [stdout] error[E0433]: cannot find `pliron` in the list of imported crates
[INFO] [stdout]    --> tests/format_op.rs:919:1
[INFO] [stdout]     |
[INFO] [stdout] 919 | #[def_op("test.multiple_regions")]
[INFO] [stdout]     | ^^^^^^^^^^^^^^^^^^^^^^^^^^^^^^^^^^ could not find `pliron` in the list of imported crates
[INFO] [stdout]     |
[INFO] [stdout]     = note: this error originates in the attribute macro `def_op` (in Nightly builds, run with -Z macro-backtrace for more info)
[INFO] [stdout] 
[INFO] [stdout] 
[INFO] [stdout] error[E0433]: cannot find `pliron` in the list of imported crates
[INFO] [stdout]    --> tests/format_op.rs:985:1
[INFO] [stdout]     |
[INFO] [stdout] 985 | #[def_op("test.attr_dict")]
[INFO] [stdout]     | ^^^^^^^^^^^^^^^^^^^^^^^^^^^ could not find `pliron` in the list of imported crates
[INFO] [stdout]     |
[INFO] [stdout]     = note: this error originates in the attribute macro `def_op` (in Nightly builds, run with -Z macro-backtrace for more info)
[INFO] [stdout] 
[INFO] [stdout] 
[INFO] [stdout] error[E0433]: cannot find `pliron` in the list of imported crates
[INFO] [stdout]     --> tests/format_op.rs:1027:1
[INFO] [stdout]      |
[INFO] [stdout] 1027 | #[def_op("test.multiple_regions2")]
[INFO] [stdout]      | ^^^^^^^^^^^^^^^^^^^^^^^^^^^^^^^^^^^ could not find `pliron` in the list of imported crates
[INFO] [stdout]      |
[INFO] [stdout]      = note: this error originates in the attribute macro `def_op` (in Nightly builds, run with -Z macro-backtrace for more info)
[INFO] [stdout] 
[INFO] [stdout] 
[INFO] [stdout] error[E0433]: cannot find `pliron` in the list of imported crates
[INFO] [stdout]     --> tests/format_op.rs:1059:1
[INFO] [stdout]      |
[INFO] [stdout] 1059 | #[def_op("test.multiple_regions3")]
[INFO] [stdout]      | ^^^^^^^^^^^^^^^^^^^^^^^^^^^^^^^^^^^ could not find `pliron` in the list of imported crates
[INFO] [stdout]      |
[INFO] [stdout]      = note: this error originates in the attribute macro `def_op` (in Nightly builds, run with -Z macro-backtrace for more info)
[INFO] [stdout] 
[INFO] [stdout] 
[INFO] [stdout] error[E0433]: cannot find `pliron` in the list of imported crates
[INFO] [stdout]     --> tests/format_op.rs:1094:1
[INFO] [stdout]      |
[INFO] [stdout] 1094 | #[derive_op_interface_impl(IsolatedFromAboveInterface)]
[INFO] [stdout]      | ^^^^^^^^^^^^^^^^^^^^^^^^^^^^^^^^^^^^^^^^^^^^^^^^^^^^^^^ could not find `pliron` in the list of imported crates
[INFO] [stdout]      |
[INFO] [stdout]      = note: this error originates in the attribute macro `derive_op_interface_impl` (in Nightly builds, run with -Z macro-backtrace for more info)
[INFO] [stdout] 
[INFO] [stdout] 
[INFO] [stdout] error[E0433]: cannot find `pliron` in the list of imported crates
[INFO] [stdout]     --> tests/format_op.rs:1092:1
[INFO] [stdout]      |
[INFO] [stdout] 1092 | #[def_op("test.multiple_regions4")]
[INFO] [stdout]      | ^^^^^^^^^^^^^^^^^^^^^^^^^^^^^^^^^^^ could not find `pliron` in the list of imported crates
[INFO] [stdout]      |
[INFO] [stdout]      = note: this error originates in the attribute macro `def_op` (in Nightly builds, run with -Z macro-backtrace for more info)
[INFO] [stdout] 
[INFO] [stdout] 
[INFO] [stdout] error[E0433]: cannot find `pliron` in the list of imported crates
[INFO] [stdout]     --> tests/format_op.rs:1148:1
[INFO] [stdout]      |
[INFO] [stdout] 1148 | #[def_op("test.outlined_named_attr")]
[INFO] [stdout]      | ^^^^^^^^^^^^^^^^^^^^^^^^^^^^^^^^^^^^^ could not find `pliron` in the list of imported crates
[INFO] [stdout]      |
[INFO] [stdout]      = note: this error originates in the attribute macro `def_op` (in Nightly builds, run with -Z macro-backtrace for more info)
[INFO] [stdout] 
[INFO] [stdout] 
[INFO] [stdout] error[E0433]: cannot find `pliron` in the list of imported crates
[INFO] [stdout]     --> tests/format_op.rs:1153:1
[INFO] [stdout]      |
[INFO] [stdout] 1153 | #[def_op("test.outlined_attr_directive")]
[INFO] [stdout]      | ^^^^^^^^^^^^^^^^^^^^^^^^^^^^^^^^^^^^^^^^^ could not find `pliron` in the list of imported crates
[INFO] [stdout]      |
[INFO] [stdout]      = note: this error originates in the attribute macro `def_op` (in Nightly builds, run with -Z macro-backtrace for more info)
[INFO] [stdout] 
[INFO] [stdout] 
[INFO] [stdout] error[E0433]: cannot find `pliron` in the list of imported crates
[INFO] [stdout]     --> tests/format_op.rs:1158:1
[INFO] [stdout]      |
[INFO] [stdout] 1158 | #[def_op("test.outlined_opt_attr_directive")]
[INFO] [stdout]      | ^^^^^^^^^^^^^^^^^^^^^^^^^^^^^^^^^^^^^^^^^^^^^ could not find `pliron` in the list of imported crates
[INFO] [stdout]      |
[INFO] [stdout]      = note: this error originates in the attribute macro `def_op` (in Nightly builds, run with -Z macro-backtrace for more info)
[INFO] [stdout] 
[INFO] [stdout] 
[INFO] [stdout] error[E0433]: cannot find `pliron` in the list of imported crates
[INFO] [stdout]     --> tests/format_op.rs:1163:1
[INFO] [stdout]      |
[INFO] [stdout] 1163 | #[def_op("test.outlined_attr_dict")]
[INFO] [stdout]      | ^^^^^^^^^^^^^^^^^^^^^^^^^^^^^^^^^^^^ could not find `pliron` in the list of imported crates
[INFO] [stdout]      |
[INFO] [stdout]      = note: this error originates in the attribute macro `def_op` (in Nightly builds, run with -Z macro-backtrace for more info)
[INFO] [stdout] 
[INFO] [stdout] 
[INFO] [stdout] error: cannot find attribute `linkme` in this scope
[INFO] [stdout]  --> tests/common/mod.rs:9:1
[INFO] [stdout]   |
[INFO] [stdout] 9 | #[derive_op_interface_impl(IsTerminatorInterface)]
[INFO] [stdout]   | ^^^^^^^^^^^^^^^^^^^^^^^^^^^^^^^^^^^^^^^^^^^^^^^^^^
[INFO] [stdout]   |
[INFO] [stdout]   = note: this error originates in the attribute macro `derive_op_interface_impl` (in Nightly builds, run with -Z macro-backtrace for more info)
[INFO] [stdout] help: a built-in attribute with a similar name exists
[INFO] [stdout]   |
[INFO] [stdout] 9 - #[derive_op_interface_impl(IsTerminatorInterface)]
[INFO] [stdout] 9 + link
[INFO] [stdout]   |
[INFO] [stdout] 
[INFO] [stdout] 
[INFO] [stdout] error: cannot find attribute `linkme` in this scope
[INFO] [stdout]   --> tests/format_op.rs:29:1
[INFO] [stdout]    |
[INFO] [stdout] 29 | #[derive_op_interface_impl(NOpdsInterface<0>, NResultsInterface<0>)]
[INFO] [stdout]    | ^^^^^^^^^^^^^^^^^^^^^^^^^^^^^^^^^^^^^^^^^^^^^^^^^^^^^^^^^^^^^^^^^^^^
[INFO] [stdout]    |
[INFO] [stdout]    = note: this error originates in the attribute macro `derive_op_interface_impl` (in Nightly builds, run with -Z macro-backtrace for more info)
[INFO] [stdout] help: a built-in attribute with a similar name exists
[INFO] [stdout]    |
[INFO] [stdout] 29 - #[derive_op_interface_impl(NOpdsInterface<0>, NResultsInterface<0>)]
[INFO] [stdout] 29 + link
[INFO] [stdout]    |
[INFO] [stdout] 
[INFO] [stdout] 
[INFO] [stdout] error: cannot find attribute `linkme` in this scope
[INFO] [stdout]   --> tests/format_op.rs:62:1
[INFO] [stdout]    |
[INFO] [stdout] 62 | #[derive_op_interface_impl(NOpdsInterface<0>, OneResultInterface)]
[INFO] [stdout]    | ^^^^^^^^^^^^^^^^^^^^^^^^^^^^^^^^^^^^^^^^^^^^^^^^^^^^^^^^^^^^^^^^^^
[INFO] [stdout]    |
[INFO] [stdout]    = note: this error originates in the attribute macro `derive_op_interface_impl` (in Nightly builds, run with -Z macro-backtrace for more info)
[INFO] [stdout] help: a built-in attribute with a similar name exists
[INFO] [stdout]    |
[INFO] [stdout] 62 - #[derive_op_interface_impl(NOpdsInterface<0>, OneResultInterface)]
[INFO] [stdout] 62 + link
[INFO] [stdout]    |
[INFO] [stdout] 
[INFO] [stdout] 
[INFO] [stdout] error: cannot find attribute `linkme` in this scope
[INFO] [stdout]   --> tests/format_op.rs:99:1
[INFO] [stdout]    |
[INFO] [stdout] 99 | #[derive_op_interface_impl(NOpdsInterface<0>, OneResultInterface)]
[INFO] [stdout]    | ^^^^^^^^^^^^^^^^^^^^^^^^^^^^^^^^^^^^^^^^^^^^^^^^^^^^^^^^^^^^^^^^^^
[INFO] [stdout]    |
[INFO] [stdout]    = note: this error originates in the attribute macro `derive_op_interface_impl` (in Nightly builds, run with -Z macro-backtrace for more info)
[INFO] [stdout] help: a built-in attribute with a similar name exists
[INFO] [stdout]    |
[INFO] [stdout] 99 - #[derive_op_interface_impl(NOpdsInterface<0>, OneResultInterface)]
[INFO] [stdout] 99 + link
[INFO] [stdout]    |
[INFO] [stdout] 
[INFO] [stdout] 
[INFO] [stdout] error: cannot find attribute `linkme` in this scope
[INFO] [stdout]    --> tests/format_op.rs:136:1
[INFO] [stdout]     |
[INFO] [stdout] 136 | #[derive_op_interface_impl(OneOpdInterface, OneResultInterface)]
[INFO] [stdout]     | ^^^^^^^^^^^^^^^^^^^^^^^^^^^^^^^^^^^^^^^^^^^^^^^^^^^^^^^^^^^^^^^^
[INFO] [stdout]     |
[INFO] [stdout]     = note: this error originates in the attribute macro `derive_op_interface_impl` (in Nightly builds, run with -Z macro-backtrace for more info)
[INFO] [stdout] help: a built-in attribute with a similar name exists
[INFO] [stdout]     |
[INFO] [stdout] 136 - #[derive_op_interface_impl(OneOpdInterface, OneResultInterface)]
[INFO] [stdout] 136 + link
[INFO] [stdout]     |
[INFO] [stdout] 
[INFO] [stdout] 
[INFO] [stdout] error: cannot find attribute `linkme` in this scope
[INFO] [stdout]    --> tests/format_op.rs:293:1
[INFO] [stdout]     |
[INFO] [stdout] 293 | #[derive_op_interface_impl(OneOpdInterface, OneResultInterface)]
[INFO] [stdout]     | ^^^^^^^^^^^^^^^^^^^^^^^^^^^^^^^^^^^^^^^^^^^^^^^^^^^^^^^^^^^^^^^^
[INFO] [stdout]     |
[INFO] [stdout]     = note: this error originates in the attribute macro `derive_op_interface_impl` (in Nightly builds, run with -Z macro-backtrace for more info)
[INFO] [stdout] help: a built-in attribute with a similar name exists
[INFO] [stdout]     |
[INFO] [stdout] 293 - #[derive_op_interface_impl(OneOpdInterface, OneResultInterface)]
[INFO] [stdout] 293 + link
[INFO] [stdout]     |
[INFO] [stdout] 
[INFO] [stdout] 
[INFO] [stdout] error: cannot find attribute `linkme` in this scope
[INFO] [stdout]    --> tests/format_op.rs:710:1
[INFO] [stdout]     |
[INFO] [stdout] 710 | #[derive_op_interface_impl(OneOpdInterface, NResultsInterface<0>, OneRegionInterface)]
[INFO] [stdout]     | ^^^^^^^^^^^^^^^^^^^^^^^^^^^^^^^^^^^^^^^^^^^^^^^^^^^^^^^^^^^^^^^^^^^^^^^^^^^^^^^^^^^^^^
[INFO] [stdout]     |
[INFO] [stdout]     = note: this error originates in the attribute macro `derive_op_interface_impl` (in Nightly builds, run with -Z macro-backtrace for more info)
[INFO] [stdout] help: a built-in attribute with a similar name exists
[INFO] [stdout]     |
[INFO] [stdout] 710 - #[derive_op_interface_impl(OneOpdInterface, NResultsInterface<0>, OneRegionInterface)]
[INFO] [stdout] 710 + link
[INFO] [stdout]     |
[INFO] [stdout] 
[INFO] [stdout] 
[INFO] [stdout] error: cannot find attribute `linkme` in this scope
[INFO] [stdout]    --> tests/format_op.rs:762:1
[INFO] [stdout]     |
[INFO] [stdout] 762 | #[derive_op_interface_impl(OneOpdInterface, NResultsInterface<0>, NRegionsInterface<2>)]
[INFO] [stdout]     | ^^^^^^^^^^^^^^^^^^^^^^^^^^^^^^^^^^^^^^^^^^^^^^^^^^^^^^^^^^^^^^^^^^^^^^^^^^^^^^^^^^^^^^^^
[INFO] [stdout]     |
[INFO] [stdout]     = note: this error originates in the attribute macro `derive_op_interface_impl` (in Nightly builds, run with -Z macro-backtrace for more info)
[INFO] [stdout] help: a built-in attribute with a similar name exists
[INFO] [stdout]     |
[INFO] [stdout] 762 - #[derive_op_interface_impl(OneOpdInterface, NResultsInterface<0>, NRegionsInterface<2>)]
[INFO] [stdout] 762 + link
[INFO] [stdout]     |
[INFO] [stdout] 
[INFO] [stdout] 
[INFO] [stdout] error: cannot find attribute `linkme` in this scope
[INFO] [stdout]    --> tests/format_op.rs:826:1
[INFO] [stdout]     |
[INFO] [stdout] 826 | #[derive_op_interface_impl(IsTerminatorInterface)]
[INFO] [stdout]     | ^^^^^^^^^^^^^^^^^^^^^^^^^^^^^^^^^^^^^^^^^^^^^^^^^^
[INFO] [stdout]     |
[INFO] [stdout]     = note: this error originates in the attribute macro `derive_op_interface_impl` (in Nightly builds, run with -Z macro-backtrace for more info)
[INFO] [stdout] help: a built-in attribute with a similar name exists
[INFO] [stdout]     |
[INFO] [stdout] 826 - #[derive_op_interface_impl(IsTerminatorInterface)]
[INFO] [stdout] 826 + link
[INFO] [stdout]     |
[INFO] [stdout] 
[INFO] [stdout] 
[INFO] [stdout] error: cannot find attribute `linkme` in this scope
[INFO] [stdout]    --> tests/format_op.rs:870:1
[INFO] [stdout]     |
[INFO] [stdout] 870 | #[derive_op_interface_impl(IsTerminatorInterface)]
[INFO] [stdout]     | ^^^^^^^^^^^^^^^^^^^^^^^^^^^^^^^^^^^^^^^^^^^^^^^^^^
[INFO] [stdout]     |
[INFO] [stdout]     = note: this error originates in the attribute macro `derive_op_interface_impl` (in Nightly builds, run with -Z macro-backtrace for more info)
[INFO] [stdout] help: a built-in attribute with a similar name exists
[INFO] [stdout]     |
[INFO] [stdout] 870 - #[derive_op_interface_impl(IsTerminatorInterface)]
[INFO] [stdout] 870 + link
[INFO] [stdout]     |
[INFO] [stdout] 
[INFO] [stdout] 
[INFO] [stdout] error: cannot find attribute `linkme` in this scope
[INFO] [stdout]     --> tests/format_op.rs:1094:1
[INFO] [stdout]      |
[INFO] [stdout] 1094 | #[derive_op_interface_impl(IsolatedFromAboveInterface)]
[INFO] [stdout]      | ^^^^^^^^^^^^^^^^^^^^^^^^^^^^^^^^^^^^^^^^^^^^^^^^^^^^^^^
[INFO] [stdout]      |
[INFO] [stdout]      = note: this error originates in the attribute macro `derive_op_interface_impl` (in Nightly builds, run with -Z macro-backtrace for more info)
[INFO] [stdout] help: a built-in attribute with a similar name exists
[INFO] [stdout]      |
[INFO] [stdout] 1094 - #[derive_op_interface_impl(IsolatedFromAboveInterface)]
[INFO] [stdout] 1094 + link
[INFO] [stdout]      |
[INFO] [stdout] 
[INFO] [stdout] 
[INFO] [stdout] error[E0433]: cannot find `pliron` in the list of imported crates
[INFO] [stdout]   --> tests/common/mod.rs:10:1
[INFO] [stdout]    |
[INFO] [stdout] 10 | #[verify_succ]
[INFO] [stdout]    | ^^^^^^^^^^^^^^ could not find `pliron` in the list of imported crates
[INFO] [stdout]    |
[INFO] [stdout]    = note: this error originates in the attribute macro `verify_succ` (in Nightly builds, run with -Z macro-backtrace for more info)
[INFO] [stdout] 
[INFO] [stdout] 
[INFO] [stdout] error[E0433]: cannot find module or crate `pliron` in this scope
[INFO] [stdout]  --> tests/op_tests.rs:9:5
[INFO] [stdout]   |
[INFO] [stdout] 9 | use pliron::{
[INFO] [stdout]   |     ^^^^^^ use of unresolved module or unlinked crate `pliron`
[INFO] [stdout]   |
[INFO] [stdout]   = help: if you wanted to use a crate named `pliron`, use `cargo add pliron` to add it to your `Cargo.toml`
[INFO] [stdout] 
[INFO] [stdout] 
[INFO] [stdout] error[E0433]: cannot find `pliron` in the list of imported crates
[INFO] [stdout]   --> tests/op_tests.rs:37:1
[INFO] [stdout]    |
[INFO] [stdout] 37 | #[format_op]
[INFO] [stdout]    | ^^^^^^^^^^^^ could not find `pliron` in the list of imported crates
[INFO] [stdout]    |
[INFO] [stdout]    = note: this error originates in the attribute macro `format_op` (in Nightly builds, run with -Z macro-backtrace for more info)
[INFO] [stdout] 
[INFO] [stdout] 
[INFO] [stdout] error[E0433]: cannot find `pliron` in the list of imported crates
[INFO] [stdout]   --> tests/op_tests.rs:67:1
[INFO] [stdout]    |
[INFO] [stdout] 67 | #[format_op]
[INFO] [stdout]    | ^^^^^^^^^^^^ could not find `pliron` in the list of imported crates
[INFO] [stdout]    |
[INFO] [stdout]    = note: this error originates in the attribute macro `format_op` (in Nightly builds, run with -Z macro-backtrace for more info)
[INFO] [stdout] 
[INFO] [stdout] 
[INFO] [stdout] error[E0432]: unresolved import `pliron`
[INFO] [stdout]   --> tests/op_tests.rs:37:1
[INFO] [stdout]    |
[INFO] [stdout] 37 | #[format_op]
[INFO] [stdout]    | ^^^^^^^^^^^^ could not find `pliron` in the list of imported crates
[INFO] [stdout]    |
[INFO] [stdout]    = note: this error originates in the attribute macro `format_op` (in Nightly builds, run with -Z macro-backtrace for more info)
[INFO] [stdout] 
[INFO] [stdout] 
[INFO] [stdout] error[E0433]: cannot find `pliron` in the list of imported crates
[INFO] [stdout]   --> tests/op_tests.rs:98:1
[INFO] [stdout]    |
[INFO] [stdout] 98 | #[format_op]
[INFO] [stdout]    | ^^^^^^^^^^^^ could not find `pliron` in the list of imported crates
[INFO] [stdout]    |
[INFO] [stdout]    = note: this error originates in the attribute macro `format_op` (in Nightly builds, run with -Z macro-backtrace for more info)
[INFO] [stdout] 
[INFO] [stdout] 
[INFO] [stdout] error[E0432]: unresolved import `pliron`
[INFO] [stdout]   --> tests/op_tests.rs:67:1
[INFO] [stdout]    |
[INFO] [stdout] 67 | #[format_op]
[INFO] [stdout]    | ^^^^^^^^^^^^ could not find `pliron` in the list of imported crates
[INFO] [stdout]    |
[INFO] [stdout]    = note: this error originates in the attribute macro `format_op` (in Nightly builds, run with -Z macro-backtrace for more info)
[INFO] [stdout] 
[INFO] [stdout] 
[INFO] [stdout] error[E0433]: cannot find `pliron` in the list of imported crates
[INFO] [stdout]    --> tests/op_tests.rs:121:1
[INFO] [stdout]     |
[INFO] [stdout] 121 | #[format_op]
[INFO] [stdout]     | ^^^^^^^^^^^^ could not find `pliron` in the list of imported crates
[INFO] [stdout]     |
[INFO] [stdout]     = note: this error originates in the attribute macro `format_op` (in Nightly builds, run with -Z macro-backtrace for more info)
[INFO] [stdout] 
[INFO] [stdout] 
[INFO] [stdout] error[E0432]: unresolved import `pliron`
[INFO] [stdout]   --> tests/op_tests.rs:98:1
[INFO] [stdout]    |
[INFO] [stdout] 98 | #[format_op]
[INFO] [stdout]    | ^^^^^^^^^^^^ could not find `pliron` in the list of imported crates
[INFO] [stdout]    |
[INFO] [stdout]    = note: this error originates in the attribute macro `format_op` (in Nightly builds, run with -Z macro-backtrace for more info)
[INFO] [stdout] 
[INFO] [stdout] 
[INFO] [stdout] error[E0433]: cannot find `pliron` in the list of imported crates
[INFO] [stdout]    --> tests/op_tests.rs:145:1
[INFO] [stdout]     |
[INFO] [stdout] 145 | #[format_op]
[INFO] [stdout]     | ^^^^^^^^^^^^ could not find `pliron` in the list of imported crates
[INFO] [stdout]     |
[INFO] [stdout]     = note: this error originates in the attribute macro `format_op` (in Nightly builds, run with -Z macro-backtrace for more info)
[INFO] [stdout] 
[INFO] [stdout] 
[INFO] [stdout] error[E0432]: unresolved import `pliron`
[INFO] [stdout]    --> tests/op_tests.rs:121:1
[INFO] [stdout]     |
[INFO] [stdout] 121 | #[format_op]
[INFO] [stdout]     | ^^^^^^^^^^^^ could not find `pliron` in the list of imported crates
[INFO] [stdout]     |
[INFO] [stdout]     = note: this error originates in the attribute macro `format_op` (in Nightly builds, run with -Z macro-backtrace for more info)
[INFO] [stdout] 
[INFO] [stdout] 
[INFO] [stdout] error[E0433]: cannot find `pliron` in the list of imported crates
[INFO] [stdout]    --> tests/op_tests.rs:169:1
[INFO] [stdout]     |
[INFO] [stdout] 169 | #[format_op]
[INFO] [stdout]     | ^^^^^^^^^^^^ could not find `pliron` in the list of imported crates
[INFO] [stdout]     |
[INFO] [stdout]     = note: this error originates in the attribute macro `format_op` (in Nightly builds, run with -Z macro-backtrace for more info)
[INFO] [stdout] 
[INFO] [stdout] 
[INFO] [stdout] error[E0432]: unresolved import `pliron`
[INFO] [stdout]    --> tests/op_tests.rs:145:1
[INFO] [stdout]     |
[INFO] [stdout] 145 | #[format_op]
[INFO] [stdout]     | ^^^^^^^^^^^^ could not find `pliron` in the list of imported crates
[INFO] [stdout]     |
[INFO] [stdout]     = note: this error originates in the attribute macro `format_op` (in Nightly builds, run with -Z macro-backtrace for more info)
[INFO] [stdout] 
[INFO] [stdout] 
[INFO] [stdout] error[E0433]: cannot find `pliron` in the list of imported crates
[INFO] [stdout]    --> tests/op_tests.rs:355:1
[INFO] [stdout]     |
[INFO] [stdout] 355 | #[format_op]
[INFO] [stdout]     | ^^^^^^^^^^^^ could not find `pliron` in the list of imported crates
[INFO] [stdout]     |
[INFO] [stdout]     = note: this error originates in the attribute macro `format_op` (in Nightly builds, run with -Z macro-backtrace for more info)
[INFO] [stdout] 
[INFO] [stdout] 
[INFO] [stdout] error[E0432]: unresolved import `pliron`
[INFO] [stdout]    --> tests/op_tests.rs:169:1
[INFO] [stdout]     |
[INFO] [stdout] 169 | #[format_op]
[INFO] [stdout]     | ^^^^^^^^^^^^ could not find `pliron` in the list of imported crates
[INFO] [stdout]     |
[INFO] [stdout]     = note: this error originates in the attribute macro `format_op` (in Nightly builds, run with -Z macro-backtrace for more info)
[INFO] [stdout] 
[INFO] [stdout] 
[INFO] [stdout] error[E0433]: cannot find `pliron` in the list of imported crates
[INFO] [stdout]    --> tests/op_tests.rs:356:1
[INFO] [stdout]     |
[INFO] [stdout] 356 | #[derive_attr_get_set(count: IntegerAttr, label: StringAttr, extra)]
[INFO] [stdout]     | ^^^^^^^^^^^^^^^^^^^^^^^^^^^^^^^^^^^^^^^^^^^^^^^^^^^^^^^^^^^^^^^^^^^^ could not find `pliron` in the list of imported crates
[INFO] [stdout]     |
[INFO] [stdout]     = note: this error originates in the attribute macro `derive_attr_get_set` (in Nightly builds, run with -Z macro-backtrace for more info)
[INFO] [stdout] 
[INFO] [stdout] 
[INFO] [stdout] error[E0433]: cannot find `pliron` in the list of imported crates
[INFO] [stdout]    --> tests/op_tests.rs:479:1
[INFO] [stdout]     |
[INFO] [stdout] 479 | #[format_op]
[INFO] [stdout]     | ^^^^^^^^^^^^ could not find `pliron` in the list of imported crates
[INFO] [stdout]     |
[INFO] [stdout]     = note: this error originates in the attribute macro `format_op` (in Nightly builds, run with -Z macro-backtrace for more info)
[INFO] [stdout] 
[INFO] [stdout] 
[INFO] [stdout] error[E0432]: unresolved import `pliron`
[INFO] [stdout]    --> tests/op_tests.rs:355:1
[INFO] [stdout]     |
[INFO] [stdout] 355 | #[format_op]
[INFO] [stdout]     | ^^^^^^^^^^^^ could not find `pliron` in the list of imported crates
[INFO] [stdout]     |
[INFO] [stdout]     = note: this error originates in the attribute macro `format_op` (in Nightly builds, run with -Z macro-backtrace for more info)
[INFO] [stdout] 
[INFO] [stdout] 
[INFO] [stdout] error[E0433]: cannot find `pliron` in the list of imported crates
[INFO] [stdout]    --> tests/op_tests.rs:494:1
[INFO] [stdout]     |
[INFO] [stdout] 494 | #[format_op]
[INFO] [stdout]     | ^^^^^^^^^^^^ could not find `pliron` in the list of imported crates
[INFO] [stdout]     |
[INFO] [stdout]     = note: this error originates in the attribute macro `format_op` (in Nightly builds, run with -Z macro-backtrace for more info)
[INFO] [stdout] 
[INFO] [stdout] 
[INFO] [stdout] error[E0432]: unresolved import `pliron`
[INFO] [stdout]    --> tests/op_tests.rs:479:1
[INFO] [stdout]     |
[INFO] [stdout] 479 | #[format_op]
[INFO] [stdout]     | ^^^^^^^^^^^^ could not find `pliron` in the list of imported crates
[INFO] [stdout]     |
[INFO] [stdout]     = note: this error originates in the attribute macro `format_op` (in Nightly builds, run with -Z macro-backtrace for more info)
[INFO] [stdout] 
[INFO] [stdout] 
[INFO] [stdout] error[E0432]: unresolved import `pliron`
[INFO] [stdout]    --> tests/op_tests.rs:494:1
[INFO] [stdout]     |
[INFO] [stdout] 494 | #[format_op]
[INFO] [stdout]     | ^^^^^^^^^^^^ could not find `pliron` in the list of imported crates
[INFO] [stdout]     |
[INFO] [stdout]     = note: this error originates in the attribute macro `format_op` (in Nightly builds, run with -Z macro-backtrace for more info)
[INFO] [stdout] 
[INFO] [stdout] 
[INFO] [stdout] error[E0433]: cannot find `pliron` in the list of imported crates
[INFO] [stdout]   --> tests/op_tests.rs:38:1
[INFO] [stdout]    |
[INFO] [stdout] 38 | #[derive_op_interface_impl(NOpdsInterface<0>, NResultsInterface<1>)]
[INFO] [stdout]    | ^^^^^^^^^^^^^^^^^^^^^^^^^^^^^^^^^^^^^^^^^^^^^^^^^^^^^^^^^^^^^^^^^^^^ could not find `pliron` in the list of imported crates
[INFO] [stdout]    |
[INFO] [stdout]    = note: this error originates in the attribute macro `derive_op_interface_impl` (in Nightly builds, run with -Z macro-backtrace for more info)
[INFO] [stdout] 
[INFO] [stdout] 
[INFO] [stdout] error[E0433]: cannot find `pliron` in the list of imported crates
[INFO] [stdout]   --> tests/op_tests.rs:36:1
[INFO] [stdout]    |
[INFO] [stdout] 36 | #[def_op("test.value_producer")]
[INFO] [stdout]    | ^^^^^^^^^^^^^^^^^^^^^^^^^^^^^^^^ could not find `pliron` in the list of imported crates
[INFO] [stdout]    |
[INFO] [stdout]    = note: this error originates in the attribute macro `def_op` (in Nightly builds, run with -Z macro-backtrace for more info)
[INFO] [stdout] 
[INFO] [stdout] 
[INFO] [stdout] error[E0433]: cannot find `pliron` in the list of imported crates
[INFO] [stdout]   --> tests/op_tests.rs:69:1
[INFO] [stdout]    |
[INFO] [stdout] 69 | #[results(out: IntegerType, _: UnitType)]
[INFO] [stdout]    | ^^^^^^^^^^^^^^^^^^^^^^^^^^^^^^^^^^^^^^^^^ could not find `pliron` in the list of imported crates
[INFO] [stdout]    |
[INFO] [stdout]    = note: this error originates in the attribute macro `results` (in Nightly builds, run with -Z macro-backtrace for more info)
[INFO] [stdout] 
[INFO] [stdout] 
[INFO] [stdout] error[E0433]: cannot find `pliron` in the list of imported crates
[INFO] [stdout]   --> tests/op_tests.rs:70:1
[INFO] [stdout]    |
[INFO] [stdout] 70 | #[operands(lhs: IntegerType, _, rhs)]
[INFO] [stdout]    | ^^^^^^^^^^^^^^^^^^^^^^^^^^^^^^^^^^^^^ could not find `pliron` in the list of imported crates
[INFO] [stdout]    |
[INFO] [stdout]    = note: this error originates in the attribute macro `operands` (in Nightly builds, run with -Z macro-backtrace for more info)
[INFO] [stdout] 
[INFO] [stdout] 
[INFO] [stdout] error[E0433]: cannot find `pliron` in the list of imported crates
[INFO] [stdout]   --> tests/op_tests.rs:68:1
[INFO] [stdout]    |
[INFO] [stdout] 68 | #[derive_op_interface_impl(NOpdsInterface<3>, NResultsInterface<2>)]
[INFO] [stdout]    | ^^^^^^^^^^^^^^^^^^^^^^^^^^^^^^^^^^^^^^^^^^^^^^^^^^^^^^^^^^^^^^^^^^^^ could not find `pliron` in the list of imported crates
[INFO] [stdout]    |
[INFO] [stdout]    = note: this error originates in the attribute macro `derive_op_interface_impl` (in Nightly builds, run with -Z macro-backtrace for more info)
[INFO] [stdout] 
[INFO] [stdout] 
[INFO] [stdout] error[E0433]: cannot find `pliron` in the list of imported crates
[INFO] [stdout]   --> tests/op_tests.rs:66:1
[INFO] [stdout]    |
[INFO] [stdout] 66 | #[def_op("test.named_getter_op")]
[INFO] [stdout]    | ^^^^^^^^^^^^^^^^^^^^^^^^^^^^^^^^^ could not find `pliron` in the list of imported crates
[INFO] [stdout]    |
[INFO] [stdout]    = note: this error originates in the attribute macro `def_op` (in Nightly builds, run with -Z macro-backtrace for more info)
[INFO] [stdout] 
[INFO] [stdout] 
[INFO] [stdout] error[E0433]: cannot find `pliron` in the list of imported crates
[INFO] [stdout]    --> tests/op_tests.rs:100:1
[INFO] [stdout]     |
[INFO] [stdout] 100 | #[results(out: IntegerType)]
[INFO] [stdout]     | ^^^^^^^^^^^^^^^^^^^^^^^^^^^^ could not find `pliron` in the list of imported crates
[INFO] [stdout]     |
[INFO] [stdout]     = note: this error originates in the attribute macro `results` (in Nightly builds, run with -Z macro-backtrace for more info)
[INFO] [stdout] 
[INFO] [stdout] 
[INFO] [stdout] error[E0433]: cannot find `pliron` in the list of imported crates
[INFO] [stdout]    --> tests/op_tests.rs:101:1
[INFO] [stdout]     |
[INFO] [stdout] 101 | #[operands(arg: IntegerType)]
[INFO] [stdout]     | ^^^^^^^^^^^^^^^^^^^^^^^^^^^^^ could not find `pliron` in the list of imported crates
[INFO] [stdout]     |
[INFO] [stdout]     = note: this error originates in the attribute macro `operands` (in Nightly builds, run with -Z macro-backtrace for more info)
[INFO] [stdout] 
[INFO] [stdout] 
[INFO] [stdout] error[E0433]: cannot find `pliron` in the list of imported crates
[INFO] [stdout]   --> tests/op_tests.rs:99:1
[INFO] [stdout]    |
[INFO] [stdout] 99 | #[derive_op_interface_impl(NOpdsInterface<1>, NResultsInterface<1>)]
[INFO] [stdout]    | ^^^^^^^^^^^^^^^^^^^^^^^^^^^^^^^^^^^^^^^^^^^^^^^^^^^^^^^^^^^^^^^^^^^^ could not find `pliron` in the list of imported crates
[INFO] [stdout]    |
[INFO] [stdout]    = note: this error originates in the attribute macro `derive_op_interface_impl` (in Nightly builds, run with -Z macro-backtrace for more info)
[INFO] [stdout] 
[INFO] [stdout] 
[INFO] [stdout] error[E0433]: cannot find `pliron` in the list of imported crates
[INFO] [stdout]   --> tests/op_tests.rs:97:1
[INFO] [stdout]    |
[INFO] [stdout] 97 | #[def_op("test.typed_checks_op")]
[INFO] [stdout]    | ^^^^^^^^^^^^^^^^^^^^^^^^^^^^^^^^^ could not find `pliron` in the list of imported crates
[INFO] [stdout]    |
[INFO] [stdout]    = note: this error originates in the attribute macro `def_op` (in Nightly builds, run with -Z macro-backtrace for more info)
[INFO] [stdout] 
[INFO] [stdout] 
[INFO] [stdout] error[E0433]: cannot find `pliron` in the list of imported crates
[INFO] [stdout]    --> tests/op_tests.rs:122:1
[INFO] [stdout]     |
[INFO] [stdout] 122 | #[derive_op_interface_impl(NOpdsInterface<1>, NResultsInterface<1>)]
[INFO] [stdout]     | ^^^^^^^^^^^^^^^^^^^^^^^^^^^^^^^^^^^^^^^^^^^^^^^^^^^^^^^^^^^^^^^^^^^^ could not find `pliron` in the list of imported crates
[INFO] [stdout]     |
[INFO] [stdout]     = note: this error originates in the attribute macro `derive_op_interface_impl` (in Nightly builds, run with -Z macro-backtrace for more info)
[INFO] [stdout] 
[INFO] [stdout] 
[INFO] [stdout] error[E0433]: cannot find `pliron` in the list of imported crates
[INFO] [stdout]    --> tests/op_tests.rs:120:1
[INFO] [stdout]     |
[INFO] [stdout] 120 | #[def_op("test.untyped_named_op")]
[INFO] [stdout]     | ^^^^^^^^^^^^^^^^^^^^^^^^^^^^^^^^^^ could not find `pliron` in the list of imported crates
[INFO] [stdout]     |
[INFO] [stdout]     = note: this error originates in the attribute macro `def_op` (in Nightly builds, run with -Z macro-backtrace for more info)
[INFO] [stdout] 
[INFO] [stdout] 
[INFO] [stdout] error[E0433]: cannot find `pliron` in the list of imported crates
[INFO] [stdout]    --> tests/op_tests.rs:146:1
[INFO] [stdout]     |
[INFO] [stdout] 146 | #[derive_op_interface_impl(NOpdsInterface<1>, NResultsInterface<1>)]
[INFO] [stdout]     | ^^^^^^^^^^^^^^^^^^^^^^^^^^^^^^^^^^^^^^^^^^^^^^^^^^^^^^^^^^^^^^^^^^^^ could not find `pliron` in the list of imported crates
[INFO] [stdout]     |
[INFO] [stdout]     = note: this error originates in the attribute macro `derive_op_interface_impl` (in Nightly builds, run with -Z macro-backtrace for more info)
[INFO] [stdout] 
[INFO] [stdout] 
[INFO] [stdout] error[E0433]: cannot find `pliron` in the list of imported crates
[INFO] [stdout]    --> tests/op_tests.rs:144:1
[INFO] [stdout]     |
[INFO] [stdout] 144 | #[def_op("test.skip_untyped_op")]
[INFO] [stdout]     | ^^^^^^^^^^^^^^^^^^^^^^^^^^^^^^^^^ could not find `pliron` in the list of imported crates
[INFO] [stdout]     |
[INFO] [stdout]     = note: this error originates in the attribute macro `def_op` (in Nightly builds, run with -Z macro-backtrace for more info)
[INFO] [stdout] 
[INFO] [stdout] 
[INFO] [stdout] error[E0433]: cannot find `pliron` in the list of imported crates
[INFO] [stdout]    --> tests/op_tests.rs:171:1
[INFO] [stdout]     |
[INFO] [stdout] 171 | #[results(_, out, _: IntegerType)]
[INFO] [stdout]     | ^^^^^^^^^^^^^^^^^^^^^^^^^^^^^^^^^^ could not find `pliron` in the list of imported crates
[INFO] [stdout]     |
[INFO] [stdout]     = note: this error originates in the attribute macro `results` (in Nightly builds, run with -Z macro-backtrace for more info)
[INFO] [stdout] 
[INFO] [stdout] 
[INFO] [stdout] error[E0433]: cannot find `pliron` in the list of imported crates
[INFO] [stdout]    --> tests/op_tests.rs:172:1
[INFO] [stdout]     |
[INFO] [stdout] 172 | #[operands(_, mid, _: IntegerType)]
[INFO] [stdout]     | ^^^^^^^^^^^^^^^^^^^^^^^^^^^^^^^^^^^ could not find `pliron` in the list of imported crates
[INFO] [stdout]     |
[INFO] [stdout]     = note: this error originates in the attribute macro `operands` (in Nightly builds, run with -Z macro-backtrace for more info)
[INFO] [stdout] 
[INFO] [stdout] 
[INFO] [stdout] error[E0433]: cannot find `pliron` in the list of imported crates
[INFO] [stdout]    --> tests/op_tests.rs:170:1
[INFO] [stdout]     |
[INFO] [stdout] 170 | #[derive_op_interface_impl(NOpdsInterface<3>, NResultsInterface<3>)]
[INFO] [stdout]     | ^^^^^^^^^^^^^^^^^^^^^^^^^^^^^^^^^^^^^^^^^^^^^^^^^^^^^^^^^^^^^^^^^^^^ could not find `pliron` in the list of imported crates
[INFO] [stdout]     |
[INFO] [stdout]     = note: this error originates in the attribute macro `derive_op_interface_impl` (in Nightly builds, run with -Z macro-backtrace for more info)
[INFO] [stdout] 
[INFO] [stdout] 
[INFO] [stdout] error[E0433]: cannot find `pliron` in the list of imported crates
[INFO] [stdout]    --> tests/op_tests.rs:168:1
[INFO] [stdout]     |
[INFO] [stdout] 168 | #[def_op("test.mixed_skip_untyped_op")]
[INFO] [stdout]     | ^^^^^^^^^^^^^^^^^^^^^^^^^^^^^^^^^^^^^^^ could not find `pliron` in the list of imported crates
[INFO] [stdout]     |
[INFO] [stdout]     = note: this error originates in the attribute macro `def_op` (in Nightly builds, run with -Z macro-backtrace for more info)
[INFO] [stdout] 
[INFO] [stdout] 
[INFO] [stdout] error[E0433]: cannot find `pliron` in the list of imported crates
[INFO] [stdout]    --> tests/op_tests.rs:354:1
[INFO] [stdout]     |
[INFO] [stdout] 354 | #[def_op("test.attr_op")]
[INFO] [stdout]     | ^^^^^^^^^^^^^^^^^^^^^^^^^ could not find `pliron` in the list of imported crates
[INFO] [stdout]     |
[INFO] [stdout]     = note: this error originates in the attribute macro `def_op` (in Nightly builds, run with -Z macro-backtrace for more info)
[INFO] [stdout] 
[INFO] [stdout] 
[INFO] [stdout] error[E0433]: cannot find `pliron` in the list of imported crates
[INFO] [stdout]    --> tests/op_tests.rs:456:1
[INFO] [stdout]     |
[INFO] [stdout] 456 | #[op_interface]
[INFO] [stdout]     | ^^^^^^^^^^^^^^^ could not find `pliron` in the list of imported crates
[INFO] [stdout]     |
[INFO] [stdout]     = note: this error originates in the attribute macro `op_interface` (in Nightly builds, run with -Z macro-backtrace for more info)
[INFO] [stdout] 
[INFO] [stdout] 
[INFO] [stdout] error[E0433]: cannot find `pliron` in the list of imported crates
[INFO] [stdout]    --> tests/op_tests.rs:466:1
[INFO] [stdout]     |
[INFO] [stdout] 466 | #[op_interface]
[INFO] [stdout]     | ^^^^^^^^^^^^^^^ could not find `pliron` in the list of imported crates
[INFO] [stdout]     |
[INFO] [stdout]     = note: this error originates in the attribute macro `op_interface` (in Nightly builds, run with -Z macro-backtrace for more info)
[INFO] [stdout] 
[INFO] [stdout] 
[INFO] [stdout] error[E0433]: cannot find `pliron` in the list of imported crates
[INFO] [stdout]    --> tests/op_tests.rs:480:1
[INFO] [stdout]     |
[INFO] [stdout] 480 | #[derive_op_interface_impl(ComputeInterface, ExtendedComputeInterface)]
[INFO] [stdout]     | ^^^^^^^^^^^^^^^^^^^^^^^^^^^^^^^^^^^^^^^^^^^^^^^^^^^^^^^^^^^^^^^^^^^^^^^ could not find `pliron` in the list of imported crates
[INFO] [stdout]     |
[INFO] [stdout]     = note: this error originates in the attribute macro `derive_op_interface_impl` (in Nightly builds, run with -Z macro-backtrace for more info)
[INFO] [stdout] 
[INFO] [stdout] 
[INFO] [stdout] error[E0433]: cannot find `pliron` in the list of imported crates
[INFO] [stdout]    --> tests/op_tests.rs:478:1
[INFO] [stdout]     |
[INFO] [stdout] 478 | #[def_op("test.compute_op")]
[INFO] [stdout]     | ^^^^^^^^^^^^^^^^^^^^^^^^^^^^ could not find `pliron` in the list of imported crates
[INFO] [stdout]     |
[INFO] [stdout]     = note: this error originates in the attribute macro `def_op` (in Nightly builds, run with -Z macro-backtrace for more info)
[INFO] [stdout] 
[INFO] [stdout] 
[INFO] [stdout] error[E0433]: cannot find `pliron` in the list of imported crates
[INFO] [stdout]    --> tests/op_tests.rs:493:1
[INFO] [stdout]     |
[INFO] [stdout] 493 | #[def_op("test.manual_compute_op")]
[INFO] [stdout]     | ^^^^^^^^^^^^^^^^^^^^^^^^^^^^^^^^^^^ could not find `pliron` in the list of imported crates
[INFO] [stdout]     |
[INFO] [stdout]     = note: this error originates in the attribute macro `def_op` (in Nightly builds, run with -Z macro-backtrace for more info)
[INFO] [stdout] 
[INFO] [stdout] 
[INFO] [stdout] error[E0433]: cannot find `pliron` in the list of imported crates
[INFO] [stdout]    --> tests/op_tests.rs:498:1
[INFO] [stdout]     |
[INFO] [stdout] 498 | #[op_interface_impl]
[INFO] [stdout]     | ^^^^^^^^^^^^^^^^^^^^ could not find `pliron` in the list of imported crates
[INFO] [stdout]     |
[INFO] [stdout]     = note: this error originates in the attribute macro `op_interface_impl` (in Nightly builds, run with -Z macro-backtrace for more info)
[INFO] [stdout] 
[INFO] [stdout] 
[INFO] [stdout] error: cannot find attribute `linkme` in this scope
[INFO] [stdout]   --> tests/op_tests.rs:38:1
[INFO] [stdout]    |
[INFO] [stdout] 38 | #[derive_op_interface_impl(NOpdsInterface<0>, NResultsInterface<1>)]
[INFO] [stdout]    | ^^^^^^^^^^^^^^^^^^^^^^^^^^^^^^^^^^^^^^^^^^^^^^^^^^^^^^^^^^^^^^^^^^^^
[INFO] [stdout]    |
[INFO] [stdout]    = note: this error originates in the attribute macro `derive_op_interface_impl` (in Nightly builds, run with -Z macro-backtrace for more info)
[INFO] [stdout] help: a built-in attribute with a similar name exists
[INFO] [stdout]    |
[INFO] [stdout] 38 - #[derive_op_interface_impl(NOpdsInterface<0>, NResultsInterface<1>)]
[INFO] [stdout] 38 + link
[INFO] [stdout]    |
[INFO] [stdout] 
[INFO] [stdout] 
[INFO] [stdout] error: cannot find attribute `linkme` in this scope
[INFO] [stdout]   --> tests/op_tests.rs:68:1
[INFO] [stdout]    |
[INFO] [stdout] 68 | #[derive_op_interface_impl(NOpdsInterface<3>, NResultsInterface<2>)]
[INFO] [stdout]    | ^^^^^^^^^^^^^^^^^^^^^^^^^^^^^^^^^^^^^^^^^^^^^^^^^^^^^^^^^^^^^^^^^^^^
[INFO] [stdout]    |
[INFO] [stdout]    = note: this error originates in the attribute macro `derive_op_interface_impl` (in Nightly builds, run with -Z macro-backtrace for more info)
[INFO] [stdout] help: a built-in attribute with a similar name exists
[INFO] [stdout]    |
[INFO] [stdout] 68 - #[derive_op_interface_impl(NOpdsInterface<3>, NResultsInterface<2>)]
[INFO] [stdout] 68 + link
[INFO] [stdout]    |
[INFO] [stdout] 
[INFO] [stdout] 
[INFO] [stdout] error: cannot find attribute `linkme` in this scope
[INFO] [stdout]   --> tests/op_tests.rs:99:1
[INFO] [stdout]    |
[INFO] [stdout] 99 | #[derive_op_interface_impl(NOpdsInterface<1>, NResultsInterface<1>)]
[INFO] [stdout]    | ^^^^^^^^^^^^^^^^^^^^^^^^^^^^^^^^^^^^^^^^^^^^^^^^^^^^^^^^^^^^^^^^^^^^
[INFO] [stdout]    |
[INFO] [stdout]    = note: this error originates in the attribute macro `derive_op_interface_impl` (in Nightly builds, run with -Z macro-backtrace for more info)
[INFO] [stdout] help: a built-in attribute with a similar name exists
[INFO] [stdout]    |
[INFO] [stdout] 99 - #[derive_op_interface_impl(NOpdsInterface<1>, NResultsInterface<1>)]
[INFO] [stdout] 99 + link
[INFO] [stdout]    |
[INFO] [stdout] 
[INFO] [stdout] 
[INFO] [stdout] error: cannot find attribute `linkme` in this scope
[INFO] [stdout]    --> tests/op_tests.rs:122:1
[INFO] [stdout]     |
[INFO] [stdout] 122 | #[derive_op_interface_impl(NOpdsInterface<1>, NResultsInterface<1>)]
[INFO] [stdout]     | ^^^^^^^^^^^^^^^^^^^^^^^^^^^^^^^^^^^^^^^^^^^^^^^^^^^^^^^^^^^^^^^^^^^^
[INFO] [stdout]     |
[INFO] [stdout]     = note: this error originates in the attribute macro `derive_op_interface_impl` (in Nightly builds, run with -Z macro-backtrace for more info)
[INFO] [stdout] help: a built-in attribute with a similar name exists
[INFO] [stdout]     |
[INFO] [stdout] 122 - #[derive_op_interface_impl(NOpdsInterface<1>, NResultsInterface<1>)]
[INFO] [stdout] 122 + link
[INFO] [stdout]     |
[INFO] [stdout] 
[INFO] [stdout] 
[INFO] [stdout] error: cannot find attribute `linkme` in this scope
[INFO] [stdout]    --> tests/op_tests.rs:146:1
[INFO] [stdout]     |
[INFO] [stdout] 146 | #[derive_op_interface_impl(NOpdsInterface<1>, NResultsInterface<1>)]
[INFO] [stdout]     | ^^^^^^^^^^^^^^^^^^^^^^^^^^^^^^^^^^^^^^^^^^^^^^^^^^^^^^^^^^^^^^^^^^^^
[INFO] [stdout]     |
[INFO] [stdout]     = note: this error originates in the attribute macro `derive_op_interface_impl` (in Nightly builds, run with -Z macro-backtrace for more info)
[INFO] [stdout] help: a built-in attribute with a similar name exists
[INFO] [stdout]     |
[INFO] [stdout] 146 - #[derive_op_interface_impl(NOpdsInterface<1>, NResultsInterface<1>)]
[INFO] [stdout] 146 + link
[INFO] [stdout]     |
[INFO] [stdout] 
[INFO] [stdout] 
[INFO] [stdout] error: cannot find attribute `linkme` in this scope
[INFO] [stdout]    --> tests/op_tests.rs:170:1
[INFO] [stdout]     |
[INFO] [stdout] 170 | #[derive_op_interface_impl(NOpdsInterface<3>, NResultsInterface<3>)]
[INFO] [stdout]     | ^^^^^^^^^^^^^^^^^^^^^^^^^^^^^^^^^^^^^^^^^^^^^^^^^^^^^^^^^^^^^^^^^^^^
[INFO] [stdout]     |
[INFO] [stdout]     = note: this error originates in the attribute macro `derive_op_interface_impl` (in Nightly builds, run with -Z macro-backtrace for more info)
[INFO] [stdout] help: a built-in attribute with a similar name exists
[INFO] [stdout]     |
[INFO] [stdout] 170 - #[derive_op_interface_impl(NOpdsInterface<3>, NResultsInterface<3>)]
[INFO] [stdout] 170 + link
[INFO] [stdout]     |
[INFO] [stdout] 
[INFO] [stdout] 
[INFO] [stdout] error: cannot find attribute `linkme` in this scope
[INFO] [stdout]    --> tests/op_tests.rs:480:1
[INFO] [stdout]     |
[INFO] [stdout] 480 | #[derive_op_interface_impl(ComputeInterface, ExtendedComputeInterface)]
[INFO] [stdout]     | ^^^^^^^^^^^^^^^^^^^^^^^^^^^^^^^^^^^^^^^^^^^^^^^^^^^^^^^^^^^^^^^^^^^^^^^
[INFO] [stdout]     |
[INFO] [stdout]     = note: this error originates in the attribute macro `derive_op_interface_impl` (in Nightly builds, run with -Z macro-backtrace for more info)
[INFO] [stdout] help: a built-in attribute with a similar name exists
[INFO] [stdout]     |
[INFO] [stdout] 480 - #[derive_op_interface_impl(ComputeInterface, ExtendedComputeInterface)]
[INFO] [stdout] 480 + link
[INFO] [stdout]     |
[INFO] [stdout] 
[INFO] [stdout] 
[INFO] [stdout] error: cannot find attribute `linkme` in this scope
[INFO] [stdout]    --> tests/op_tests.rs:498:1
[INFO] [stdout]     |
[INFO] [stdout] 498 | #[op_interface_impl]
[INFO] [stdout]     | ^^^^^^^^^^^^^^^^^^^^
[INFO] [stdout]     |
[INFO] [stdout]     = note: this error originates in the attribute macro `op_interface_impl` (in Nightly builds, run with -Z macro-backtrace for more info)
[INFO] [stdout] help: a built-in attribute with a similar name exists
[INFO] [stdout]     |
[INFO] [stdout] 498 - #[op_interface_impl]
[INFO] [stdout] 498 + link
[INFO] [stdout]     |
[INFO] [stdout] 
[INFO] [stdout] 
[INFO] [stdout] error[E0433]: cannot find `pliron` in the list of imported crates
[INFO] [stdout]   --> tests/op_tests.rs:39:1
[INFO] [stdout]    |
[INFO] [stdout] 39 | #[verify_succ]
[INFO] [stdout]    | ^^^^^^^^^^^^^^ could not find `pliron` in the list of imported crates
[INFO] [stdout]    |
[INFO] [stdout]    = note: this error originates in the attribute macro `verify_succ` (in Nightly builds, run with -Z macro-backtrace for more info)
[INFO] [stdout] 
[INFO] [stdout] 
[INFO] [stdout] error[E0433]: cannot find module or crate `pliron` in this scope
[INFO] [stdout]  --> tests/verify_succ.rs:4:5
[INFO] [stdout]   |
[INFO] [stdout] 4 | use pliron::{common_traits::Verify, context::Context};
[INFO] [stdout]   |     ^^^^^^ use of unresolved module or unlinked crate `pliron`
[INFO] [stdout]   |
[INFO] [stdout]   = help: if you wanted to use a crate named `pliron`, use `cargo add pliron` to add it to your `Cargo.toml`
[INFO] [stdout] 
[INFO] [stdout] 
[INFO] [stdout] error[E0433]: cannot find module or crate `pliron` in this scope
[INFO] [stdout]  --> tests/format_base.rs:6:5
[INFO] [stdout]   |
[INFO] [stdout] 6 | use pliron::{
[INFO] [stdout]   |     ^^^^^^ use of unresolved module or unlinked crate `pliron`
[INFO] [stdout]   |
[INFO] [stdout]   = help: if you wanted to use a crate named `pliron`, use `cargo add pliron` to add it to your `Cargo.toml`
[INFO] [stdout] 
[INFO] [stdout] 
[INFO] [stdout] error[E0433]: cannot find `pliron` in the list of imported crates
[INFO] [stdout]  --> tests/common/mod.rs:8:1
[INFO] [stdout]   |
[INFO] [stdout] 8 | #[format_op("$0")]
[INFO] [stdout]   | ^^^^^^^^^^^^^^^^^^ could not find `pliron` in the list of imported crates
[INFO] [stdout]   |
[INFO] [stdout]   = note: this error originates in the attribute macro `format_op` (in Nightly builds, run with -Z macro-backtrace for more info)
[INFO] [stdout] 
[INFO] [stdout] 
[INFO] [stdout] error[E0433]: cannot find `pliron` in the list of imported crates
[INFO] [stdout]   --> tests/format_base.rs:20:1
[INFO] [stdout]    |
[INFO] [stdout] 20 | #[format]
[INFO] [stdout]    | ^^^^^^^^^ could not find `pliron` in the list of imported crates
[INFO] [stdout]    |
[INFO] [stdout]    = note: this error originates in the attribute macro `format` (in Nightly builds, run with -Z macro-backtrace for more info)
[INFO] [stdout] 
[INFO] [stdout] 
[INFO] [stdout] error[E0432]: unresolved import `pliron`
[INFO] [stdout]  --> tests/common/mod.rs:8:1
[INFO] [stdout]   |
[INFO] [stdout] 8 | #[format_op("$0")]
[INFO] [stdout]   | ^^^^^^^^^^^^^^^^^^ could not find `pliron` in the list of imported crates
[INFO] [stdout]   |
[INFO] [stdout]   = note: this error originates in the attribute macro `format_op` (in Nightly builds, run with -Z macro-backtrace for more info)
[INFO] [stdout] 
[INFO] [stdout] 
[INFO] [stdout] error[E0433]: cannot find `pliron` in the list of imported crates
[INFO] [stdout]   --> tests/format_base.rs:38:1
[INFO] [stdout]    |
[INFO] [stdout] 38 | #[format("`BubbleWrap` `[` $inner `]`")]
[INFO] [stdout]    | ^^^^^^^^^^^^^^^^^^^^^^^^^^^^^^^^^^^^^^^^ could not find `pliron` in the list of imported crates
[INFO] [stdout]    |
[INFO] [stdout]    = note: this error originates in the attribute macro `format` (in Nightly builds, run with -Z macro-backtrace for more info)
[INFO] [stdout] 
[INFO] [stdout] 
[INFO] [stdout] error[E0432]: unresolved import `pliron`
[INFO] [stdout]   --> tests/format_base.rs:20:1
[INFO] [stdout]    |
[INFO] [stdout] 20 | #[format]
[INFO] [stdout]    | ^^^^^^^^^ could not find `pliron` in the list of imported crates
[INFO] [stdout]    |
[INFO] [stdout]    = note: this error originates in the attribute macro `format` (in Nightly builds, run with -Z macro-backtrace for more info)
[INFO] [stdout] 
[INFO] [stdout] 
[INFO] [stdout] error[E0433]: cannot find `pliron` in the list of imported crates
[INFO] [stdout]   --> tests/format_base.rs:59:1
[INFO] [stdout]    |
[INFO] [stdout] 59 | #[format]
[INFO] [stdout]    | ^^^^^^^^^ could not find `pliron` in the list of imported crates
[INFO] [stdout]    |
[INFO] [stdout]    = note: this error originates in the attribute macro `format` (in Nightly builds, run with -Z macro-backtrace for more info)
[INFO] [stdout] 
[INFO] [stdout] 
[INFO] [stdout] error[E0432]: unresolved import `pliron`
[INFO] [stdout]   --> tests/format_base.rs:38:1
[INFO] [stdout]    |
[INFO] [stdout] 38 | #[format("`BubbleWrap` `[` $inner `]`")]
[INFO] [stdout]    | ^^^^^^^^^^^^^^^^^^^^^^^^^^^^^^^^^^^^^^^^ could not find `pliron` in the list of imported crates
[INFO] [stdout]    |
[INFO] [stdout]    = note: this error originates in the attribute macro `format` (in Nightly builds, run with -Z macro-backtrace for more info)
[INFO] [stdout] 
[INFO] [stdout] 
[INFO] [stdout] error[E0433]: cannot find `pliron` in the list of imported crates
[INFO] [stdout]   --> tests/format_base.rs:85:1
[INFO] [stdout]    |
[INFO] [stdout] 85 | #[format]
[INFO] [stdout]    | ^^^^^^^^^ could not find `pliron` in the list of imported crates
[INFO] [stdout]    |
[INFO] [stdout]    = note: this error originates in the attribute macro `format` (in Nightly builds, run with -Z macro-backtrace for more info)
[INFO] [stdout] 
[INFO] [stdout] 
[INFO] [stdout] error[E0432]: unresolved import `pliron`
[INFO] [stdout]   --> tests/format_base.rs:59:1
[INFO] [stdout]    |
[INFO] [stdout] 59 | #[format]
[INFO] [stdout]    | ^^^^^^^^^ could not find `pliron` in the list of imported crates
[INFO] [stdout]    |
[INFO] [stdout]    = note: this error originates in the attribute macro `format` (in Nightly builds, run with -Z macro-backtrace for more info)
[INFO] [stdout] 
[INFO] [stdout] 
[INFO] [stdout] error[E0433]: cannot find `pliron` in the list of imported crates
[INFO] [stdout]    --> tests/format_base.rs:182:1
[INFO] [stdout]     |
[INFO] [stdout] 182 | #[format]
[INFO] [stdout]     | ^^^^^^^^^ could not find `pliron` in the list of imported crates
[INFO] [stdout]     |
[INFO] [stdout]     = note: this error originates in the attribute macro `format` (in Nightly builds, run with -Z macro-backtrace for more info)
[INFO] [stdout] 
[INFO] [stdout] 
[INFO] [stdout] error[E0432]: unresolved import `pliron`
[INFO] [stdout]   --> tests/format_base.rs:85:1
[INFO] [stdout]    |
[INFO] [stdout] 85 | #[format]
[INFO] [stdout]    | ^^^^^^^^^ could not find `pliron` in the list of imported crates
[INFO] [stdout]    |
[INFO] [stdout]    = note: this error originates in the attribute macro `format` (in Nightly builds, run with -Z macro-backtrace for more info)
[INFO] [stdout] 
[INFO] [stdout] 
[INFO] [stdout] error[E0433]: cannot find `pliron` in the list of imported crates
[INFO] [stdout]    --> tests/format_base.rs:187:1
[INFO] [stdout]     |
[INFO] [stdout] 187 | #[format]
[INFO] [stdout]     | ^^^^^^^^^ could not find `pliron` in the list of imported crates
[INFO] [stdout]     |
[INFO] [stdout]     = note: this error originates in the attribute macro `format` (in Nightly builds, run with -Z macro-backtrace for more info)
[INFO] [stdout] 
[INFO] [stdout] 
[INFO] [stdout] error[E0432]: unresolved import `pliron`
[INFO] [stdout]    --> tests/format_base.rs:182:1
[INFO] [stdout]     |
[INFO] [stdout] 182 | #[format]
[INFO] [stdout]     | ^^^^^^^^^ could not find `pliron` in the list of imported crates
[INFO] [stdout]     |
[INFO] [stdout]     = note: this error originates in the attribute macro `format` (in Nightly builds, run with -Z macro-backtrace for more info)
[INFO] [stdout] 
[INFO] [stdout] 
[INFO] [stdout] error[E0433]: cannot find `pliron` in the list of imported crates
[INFO] [stdout]    --> tests/format_base.rs:195:1
[INFO] [stdout]     |
[INFO] [stdout] 195 | #[format]
[INFO] [stdout]     | ^^^^^^^^^ could not find `pliron` in the list of imported crates
[INFO] [stdout]     |
[INFO] [stdout]     = note: this error originates in the attribute macro `format` (in Nightly builds, run with -Z macro-backtrace for more info)
[INFO] [stdout] 
[INFO] [stdout] 
[INFO] [stdout] error[E0432]: unresolved import `pliron`
[INFO] [stdout]    --> tests/format_base.rs:187:1
[INFO] [stdout]     |
[INFO] [stdout] 187 | #[format]
[INFO] [stdout]     | ^^^^^^^^^ could not find `pliron` in the list of imported crates
[INFO] [stdout]     |
[INFO] [stdout]     = note: this error originates in the attribute macro `format` (in Nightly builds, run with -Z macro-backtrace for more info)
[INFO] [stdout] 
[INFO] [stdout] 
[INFO] [stdout] error[E0433]: cannot find `pliron` in the list of imported crates
[INFO] [stdout]    --> tests/format_base.rs:250:1
[INFO] [stdout]     |
[INFO] [stdout] 250 | #[format("$upper `/` $lower")]
[INFO] [stdout]     | ^^^^^^^^^^^^^^^^^^^^^^^^^^^^^^ could not find `pliron` in the list of imported crates
[INFO] [stdout]     |
[INFO] [stdout]     = note: this error originates in the attribute macro `format` (in Nightly builds, run with -Z macro-backtrace for more info)
[INFO] [stdout] 
[INFO] [stdout] 
[INFO] [stdout] error[E0432]: unresolved import `pliron`
[INFO] [stdout]    --> tests/format_base.rs:195:1
[INFO] [stdout]     |
[INFO] [stdout] 195 | #[format]
[INFO] [stdout]     | ^^^^^^^^^ could not find `pliron` in the list of imported crates
[INFO] [stdout]     |
[INFO] [stdout]     = note: this error originates in the attribute macro `format` (in Nightly builds, run with -Z macro-backtrace for more info)
[INFO] [stdout] 
[INFO] [stdout] 
[INFO] [stdout] error[E0433]: cannot find `pliron` in the list of imported crates
[INFO] [stdout]    --> tests/format_base.rs:271:1
[INFO] [stdout]     |
[INFO] [stdout] 271 | #[format("opt($a)")]
[INFO] [stdout]     | ^^^^^^^^^^^^^^^^^^^^ could not find `pliron` in the list of imported crates
[INFO] [stdout]     |
[INFO] [stdout]     = note: this error originates in the attribute macro `format` (in Nightly builds, run with -Z macro-backtrace for more info)
[INFO] [stdout] 
[INFO] [stdout] 
[INFO] [stdout] error[E0432]: unresolved import `pliron`
[INFO] [stdout]    --> tests/format_base.rs:250:1
[INFO] [stdout]     |
[INFO] [stdout] 250 | #[format("$upper `/` $lower")]
[INFO] [stdout]     | ^^^^^^^^^^^^^^^^^^^^^^^^^^^^^^ could not find `pliron` in the list of imported crates
[INFO] [stdout]     |
[INFO] [stdout]     = note: this error originates in the attribute macro `format` (in Nightly builds, run with -Z macro-backtrace for more info)
[INFO] [stdout] 
[INFO] [stdout] 
[INFO] [stdout] error[E0433]: cannot find `pliron` in the list of imported crates
[INFO] [stdout]    --> tests/format_base.rs:299:1
[INFO] [stdout]     |
[INFO] [stdout] 299 | #[format("opt($a, label($value), delimiters(`(`, `)`))")]
[INFO] [stdout]     | ^^^^^^^^^^^^^^^^^^^^^^^^^^^^^^^^^^^^^^^^^^^^^^^^^^^^^^^^^ could not find `pliron` in the list of imported crates
[INFO] [stdout]     |
[INFO] [stdout]     = note: this error originates in the attribute macro `format` (in Nightly builds, run with -Z macro-backtrace for more info)
[INFO] [stdout] 
[INFO] [stdout] 
[INFO] [stdout] error[E0432]: unresolved import `pliron`
[INFO] [stdout]    --> tests/format_base.rs:271:1
[INFO] [stdout]     |
[INFO] [stdout] 271 | #[format("opt($a)")]
[INFO] [stdout]     | ^^^^^^^^^^^^^^^^^^^^ could not find `pliron` in the list of imported crates
[INFO] [stdout]     |
[INFO] [stdout]     = note: this error originates in the attribute macro `format` (in Nightly builds, run with -Z macro-backtrace for more info)
[INFO] [stdout] 
[INFO] [stdout] 
[INFO] [stdout] error[E0433]: cannot find `pliron` in the list of imported crates
[INFO] [stdout]    --> tests/format_base.rs:330:1
[INFO] [stdout]     |
[INFO] [stdout] 330 | #[format("opt($a, delimiters(`(`, `)`))")]
[INFO] [stdout]     | ^^^^^^^^^^^^^^^^^^^^^^^^^^^^^^^^^^^^^^^^^^ could not find `pliron` in the list of imported crates
[INFO] [stdout]     |
[INFO] [stdout]     = note: this error originates in the attribute macro `format` (in Nightly builds, run with -Z macro-backtrace for more info)
[INFO] [stdout] 
[INFO] [stdout] 
[INFO] [stdout] error[E0432]: unresolved import `pliron`
[INFO] [stdout]    --> tests/format_base.rs:299:1
[INFO] [stdout]     |
[INFO] [stdout] 299 | #[format("opt($a, label($value), delimiters(`(`, `)`))")]
[INFO] [stdout]     | ^^^^^^^^^^^^^^^^^^^^^^^^^^^^^^^^^^^^^^^^^^^^^^^^^^^^^^^^^ could not find `pliron` in the list of imported crates
[INFO] [stdout]     |
[INFO] [stdout]     = note: this error originates in the attribute macro `format` (in Nightly builds, run with -Z macro-backtrace for more info)
[INFO] [stdout] 
[INFO] [stdout] 
[INFO] [stdout] error[E0433]: cannot find `pliron` in the list of imported crates
[INFO] [stdout]    --> tests/format_base.rs:367:1
[INFO] [stdout]     |
[INFO] [stdout] 367 | #[format("opt($a, label($value))")]
[INFO] [stdout]     | ^^^^^^^^^^^^^^^^^^^^^^^^^^^^^^^^^^^ could not find `pliron` in the list of imported crates
[INFO] [stdout]     |
[INFO] [stdout]     = note: this error originates in the attribute macro `format` (in Nightly builds, run with -Z macro-backtrace for more info)
[INFO] [stdout] 
[INFO] [stdout] 
[INFO] [stdout] error[E0432]: unresolved import `pliron`
[INFO] [stdout]    --> tests/format_base.rs:330:1
[INFO] [stdout]     |
[INFO] [stdout] 330 | #[format("opt($a, delimiters(`(`, `)`))")]
[INFO] [stdout]     | ^^^^^^^^^^^^^^^^^^^^^^^^^^^^^^^^^^^^^^^^^^ could not find `pliron` in the list of imported crates
[INFO] [stdout]     |
[INFO] [stdout]     = note: this error originates in the attribute macro `format` (in Nightly builds, run with -Z macro-backtrace for more info)
[INFO] [stdout] 
[INFO] [stdout] 
[INFO] [stdout] error[E0433]: cannot find `pliron` in the list of imported crates
[INFO] [stdout]    --> tests/format_base.rs:392:1
[INFO] [stdout]     |
[INFO] [stdout] 392 | #[format("`<` vec($a, Char(`,`)) `>`")]
[INFO] [stdout]     | ^^^^^^^^^^^^^^^^^^^^^^^^^^^^^^^^^^^^^^^ could not find `pliron` in the list of imported crates
[INFO] [stdout]     |
[INFO] [stdout]     = note: this error originates in the attribute macro `format` (in Nightly builds, run with -Z macro-backtrace for more info)
[INFO] [stdout] 
[INFO] [stdout] 
[INFO] [stdout] error[E0432]: unresolved import `pliron`
[INFO] [stdout]    --> tests/format_base.rs:367:1
[INFO] [stdout]     |
[INFO] [stdout] 367 | #[format("opt($a, label($value))")]
[INFO] [stdout]     | ^^^^^^^^^^^^^^^^^^^^^^^^^^^^^^^^^^^ could not find `pliron` in the list of imported crates
[INFO] [stdout]     |
[INFO] [stdout]     = note: this error originates in the attribute macro `format` (in Nightly builds, run with -Z macro-backtrace for more info)
[INFO] [stdout] 
[INFO] [stdout] 
[INFO] [stdout] error[E0433]: cannot find `pliron` in the list of imported crates
[INFO] [stdout]    --> tests/format_base.rs:417:1
[INFO] [stdout]     |
[INFO] [stdout] 417 | #[format("`<` opt($a) `;` vec($b, Char(`,`)) `>`")]
[INFO] [stdout]     | ^^^^^^^^^^^^^^^^^^^^^^^^^^^^^^^^^^^^^^^^^^^^^^^^^^^ could not find `pliron` in the list of imported crates
[INFO] [stdout]     |
[INFO] [stdout]     = note: this error originates in the attribute macro `format` (in Nightly builds, run with -Z macro-backtrace for more info)
[INFO] [stdout] 
[INFO] [stdout] 
[INFO] [stdout] error[E0432]: unresolved import `pliron`
[INFO] [stdout]    --> tests/format_base.rs:392:1
[INFO] [stdout]     |
[INFO] [stdout] 392 | #[format("`<` vec($a, Char(`,`)) `>`")]
[INFO] [stdout]     | ^^^^^^^^^^^^^^^^^^^^^^^^^^^^^^^^^^^^^^^ could not find `pliron` in the list of imported crates
[INFO] [stdout]     |
[INFO] [stdout]     = note: this error originates in the attribute macro `format` (in Nightly builds, run with -Z macro-backtrace for more info)
[INFO] [stdout] 
[INFO] [stdout] 
[INFO] [stdout] error[E0433]: cannot find `pliron` in the list of imported crates
[INFO] [stdout]    --> tests/format_base.rs:446:1
[INFO] [stdout]     |
[INFO] [stdout] 446 | #[format("`<` opt($0) `;` vec($1, NewLine) `>`")]
[INFO] [stdout]     | ^^^^^^^^^^^^^^^^^^^^^^^^^^^^^^^^^^^^^^^^^^^^^^^^^ could not find `pliron` in the list of imported crates
[INFO] [stdout]     |
[INFO] [stdout]     = note: this error originates in the attribute macro `format` (in Nightly builds, run with -Z macro-backtrace for more info)
[INFO] [stdout] 
[INFO] [stdout] 
[INFO] [stdout] error[E0432]: unresolved import `pliron`
[INFO] [stdout]    --> tests/format_base.rs:417:1
[INFO] [stdout]     |
[INFO] [stdout] 417 | #[format("`<` opt($a) `;` vec($b, Char(`,`)) `>`")]
[INFO] [stdout]     | ^^^^^^^^^^^^^^^^^^^^^^^^^^^^^^^^^^^^^^^^^^^^^^^^^^^ could not find `pliron` in the list of imported crates
[INFO] [stdout]     |
[INFO] [stdout]     = note: this error originates in the attribute macro `format` (in Nightly builds, run with -Z macro-backtrace for more info)
[INFO] [stdout] 
[INFO] [stdout] 
[INFO] [stdout] error[E0433]: cannot find `pliron` in the list of imported crates
[INFO] [stdout]    --> tests/format_base.rs:469:1
[INFO] [stdout]     |
[INFO] [stdout] 469 | #[format("vec($a, Char(`,`))")]
[INFO] [stdout]     | ^^^^^^^^^^^^^^^^^^^^^^^^^^^^^^^ could not find `pliron` in the list of imported crates
[INFO] [stdout]     |
[INFO] [stdout]     = note: this error originates in the attribute macro `format` (in Nightly builds, run with -Z macro-backtrace for more info)
[INFO] [stdout] 
[INFO] [stdout] 
[INFO] [stdout] error[E0432]: unresolved import `pliron`
[INFO] [stdout]    --> tests/format_base.rs:446:1
[INFO] [stdout]     |
[INFO] [stdout] 446 | #[format("`<` opt($0) `;` vec($1, NewLine) `>`")]
[INFO] [stdout]     | ^^^^^^^^^^^^^^^^^^^^^^^^^^^^^^^^^^^^^^^^^^^^^^^^^ could not find `pliron` in the list of imported crates
[INFO] [stdout]     |
[INFO] [stdout]     = note: this error originates in the attribute macro `format` (in Nightly builds, run with -Z macro-backtrace for more info)
[INFO] [stdout] 
[INFO] [stdout] 
[INFO] [stdout] error[E0433]: cannot find module or crate `pliron` in this scope
[INFO] [stdout]  --> tests/common/mod.rs:4:5
[INFO] [stdout]   |
[INFO] [stdout] 4 | use pliron::builtin::op_interfaces::IsTerminatorInterface;
[INFO] [stdout]   |     ^^^^^^ use of unresolved module or unlinked crate `pliron`
[INFO] [stdout]   |
[INFO] [stdout]   = help: if you wanted to use a crate named `pliron`, use `cargo add pliron` to add it to your `Cargo.toml`
[INFO] [stdout] 
[INFO] [stdout] 
[INFO] [stdout] error[E0432]: unresolved import `pliron`
[INFO] [stdout]    --> tests/format_base.rs:469:1
[INFO] [stdout]     |
[INFO] [stdout] 469 | #[format("vec($a, Char(`,`))")]
[INFO] [stdout]     | ^^^^^^^^^^^^^^^^^^^^^^^^^^^^^^^ could not find `pliron` in the list of imported crates
[INFO] [stdout]     |
[INFO] [stdout]     = note: this error originates in the attribute macro `format` (in Nightly builds, run with -Z macro-backtrace for more info)
[INFO] [stdout] 
[INFO] [stdout] 
[INFO] [stdout] error[E0433]: cannot find `pliron` in the list of imported crates
[INFO] [stdout]  --> tests/common/mod.rs:7:1
[INFO] [stdout]   |
[INFO] [stdout] 7 | #[def_op("test.return")]
[INFO] [stdout]   | ^^^^^^^^^^^^^^^^^^^^^^^^ could not find `pliron` in the list of imported crates
[INFO] [stdout]   |
[INFO] [stdout]   = note: this error originates in the attribute macro `def_op` (in Nightly builds, run with -Z macro-backtrace for more info)
[INFO] [stdout] 
[INFO] [stdout] 
[INFO] [stdout] error[E0433]: cannot find `pliron` in the list of imported crates
[INFO] [stdout]  --> tests/common/mod.rs:9:1
[INFO] [stdout]   |
[INFO] [stdout] 9 | #[derive_op_interface_impl(IsTerminatorInterface)]
[INFO] [stdout]   | ^^^^^^^^^^^^^^^^^^^^^^^^^^^^^^^^^^^^^^^^^^^^^^^^^^ could not find `pliron` in the list of imported crates
[INFO] [stdout]   |
[INFO] [stdout]   = note: this error originates in the attribute macro `derive_op_interface_impl` (in Nightly builds, run with -Z macro-backtrace for more info)
[INFO] [stdout] 
[INFO] [stdout] 
[INFO] [stdout] error: cannot find attribute `linkme` in this scope
[INFO] [stdout]  --> tests/common/mod.rs:9:1
[INFO] [stdout]   |
[INFO] [stdout] 9 | #[derive_op_interface_impl(IsTerminatorInterface)]
[INFO] [stdout]   | ^^^^^^^^^^^^^^^^^^^^^^^^^^^^^^^^^^^^^^^^^^^^^^^^^^
[INFO] [stdout]   |
[INFO] [stdout]   = note: this error originates in the attribute macro `derive_op_interface_impl` (in Nightly builds, run with -Z macro-backtrace for more info)
[INFO] [stdout] help: a built-in attribute with a similar name exists
[INFO] [stdout]   |
[INFO] [stdout] 9 - #[derive_op_interface_impl(IsTerminatorInterface)]
[INFO] [stdout] 9 + link
[INFO] [stdout]   |
[INFO] [stdout] 
[INFO] [stdout] 
[INFO] [stdout] error[E0433]: cannot find `pliron` in the list of imported crates
[INFO] [stdout]  --> tests/verify_succ.rs:7:1
[INFO] [stdout]   |
[INFO] [stdout] 7 | #[verify_succ]
[INFO] [stdout]   | ^^^^^^^^^^^^^^ could not find `pliron` in the list of imported crates
[INFO] [stdout]   |
[INFO] [stdout]   = note: this error originates in the attribute macro `verify_succ` (in Nightly builds, run with -Z macro-backtrace for more info)
[INFO] [stdout] 
[INFO] [stdout] 
[INFO] [stdout] error[E0433]: cannot find `pliron` in the list of imported crates
[INFO] [stdout]   --> tests/verify_succ.rs:12:1
[INFO] [stdout]    |
[INFO] [stdout] 12 | #[verify_succ]
[INFO] [stdout]    | ^^^^^^^^^^^^^^ could not find `pliron` in the list of imported crates
[INFO] [stdout]    |
[INFO] [stdout]    = note: this error originates in the attribute macro `verify_succ` (in Nightly builds, run with -Z macro-backtrace for more info)
[INFO] [stdout] 
[INFO] [stdout] 
[INFO] [stdout] error[E0433]: cannot find `pliron` in the list of imported crates
[INFO] [stdout]  --> tests/verify_succ.rs:7:1
[INFO] [stdout]   |
[INFO] [stdout] 7 | #[verify_succ]
[INFO] [stdout]   | ^^^^^^^^^^^^^^ could not find `pliron` in the list of imported crates
[INFO] [stdout]   |
[INFO] [stdout]   = note: this error originates in the attribute macro `verify_succ` (in Nightly builds, run with -Z macro-backtrace for more info)
[INFO] [stdout] help: consider importing this module
[INFO] [stdout]   |
[INFO] [stdout] 4 + use std::result;
[INFO] [stdout]   |
[INFO] [stdout] 
[INFO] [stdout] 
[INFO] [stdout] error[E0433]: cannot find `pliron` in the list of imported crates
[INFO] [stdout]   --> tests/verify_succ.rs:12:1
[INFO] [stdout]    |
[INFO] [stdout] 12 | #[verify_succ]
[INFO] [stdout]    | ^^^^^^^^^^^^^^ could not find `pliron` in the list of imported crates
[INFO] [stdout]    |
[INFO] [stdout]    = note: this error originates in the attribute macro `verify_succ` (in Nightly builds, run with -Z macro-backtrace for more info)
[INFO] [stdout] help: consider importing this module
[INFO] [stdout]    |
[INFO] [stdout]  4 + use std::result;
[INFO] [stdout]    |
[INFO] [stdout] 
[INFO] [stdout] 
[INFO] [stdout] For more information about this error, try `rustc --explain E0433`.
[INFO] [stdout] 
[INFO] [stderr] error: could not compile `pliron-derive` (test "verify_succ") due to 5 previous errors
[INFO] [stderr] warning: build failed, waiting for other jobs to finish...
[INFO] [stdout] error[E0433]: cannot find `pliron` in the list of imported crates
[INFO] [stdout]   --> tests/common/mod.rs:10:1
[INFO] [stdout]    |
[INFO] [stdout] 10 | #[verify_succ]
[INFO] [stdout]    | ^^^^^^^^^^^^^^ could not find `pliron` in the list of imported crates
[INFO] [stdout]    |
[INFO] [stdout]    = note: this error originates in the attribute macro `verify_succ` (in Nightly builds, run with -Z macro-backtrace for more info)
[INFO] [stdout] 
[INFO] [stdout] 
[INFO] [stdout] error[E0433]: cannot find `pliron` in the list of imported crates
[INFO] [stdout]   --> tests/format_op.rs:30:1
[INFO] [stdout]    |
[INFO] [stdout] 30 | #[verify_succ]
[INFO] [stdout]    | ^^^^^^^^^^^^^^ could not find `pliron` in the list of imported crates
[INFO] [stdout]    |
[INFO] [stdout]    = note: this error originates in the attribute macro `verify_succ` (in Nightly builds, run with -Z macro-backtrace for more info)
[INFO] [stdout] 
[INFO] [stdout] 
[INFO] [stdout] error[E0433]: cannot find `pliron` in the list of imported crates
[INFO] [stdout]   --> tests/op_tests.rs:71:1
[INFO] [stdout]    |
[INFO] [stdout] 71 | #[verify_succ]
[INFO] [stdout]    | ^^^^^^^^^^^^^^ could not find `pliron` in the list of imported crates
[INFO] [stdout]    |
[INFO] [stdout]    = note: this error originates in the attribute macro `verify_succ` (in Nightly builds, run with -Z macro-backtrace for more info)
[INFO] [stdout] 
[INFO] [stdout] 
[INFO] [stdout] error[E0433]: cannot find module or crate `pliron` in this scope
[INFO] [stdout]   --> tests/format_base.rs:28:44
[INFO] [stdout]    |
[INFO] [stdout] 28 |     let int_ty = IntegerType::get(ctx, 64, pliron::builtin::types::Signedness::Signed);
[INFO] [stdout]    |                                            ^^^^^^ use of unresolved module or unlinked crate `pliron`
[INFO] [stdout]    |
[INFO] [stdout]    = help: if you wanted to use a crate named `pliron`, use `cargo add pliron` to add it to your `Cargo.toml`
[INFO] [stdout] 
[INFO] [stdout] 
[INFO] [stdout] error[E0433]: cannot find `pliron` in the list of imported crates
[INFO] [stdout]    --> tests/op_tests.rs:102:1
[INFO] [stdout]     |
[INFO] [stdout] 102 | #[verify_succ]
[INFO] [stdout]     | ^^^^^^^^^^^^^^ could not find `pliron` in the list of imported crates
[INFO] [stdout]     |
[INFO] [stdout]     = note: this error originates in the attribute macro `verify_succ` (in Nightly builds, run with -Z macro-backtrace for more info)
[INFO] [stdout] 
[INFO] [stdout] 
[INFO] [stdout] error[E0433]: cannot find `pliron` in the list of imported crates
[INFO] [stdout]   --> tests/format_op.rs:63:1
[INFO] [stdout]    |
[INFO] [stdout] 63 | #[verify_succ]
[INFO] [stdout]    | ^^^^^^^^^^^^^^ could not find `pliron` in the list of imported crates
[INFO] [stdout]    |
[INFO] [stdout]    = note: this error originates in the attribute macro `verify_succ` (in Nightly builds, run with -Z macro-backtrace for more info)
[INFO] [stdout] 
[INFO] [stdout] 
[INFO] [stdout] error[E0433]: cannot find module or crate `pliron` in this scope
[INFO] [stdout]   --> tests/format_base.rs:46:44
[INFO] [stdout]    |
[INFO] [stdout] 46 |     let int_ty = IntegerType::get(ctx, 64, pliron::builtin::types::Signedness::Signed);
[INFO] [stdout]    |                                            ^^^^^^ use of unresolved module or unlinked crate `pliron`
[INFO] [stdout]    |
[INFO] [stdout]    = help: if you wanted to use a crate named `pliron`, use `cargo add pliron` to add it to your `Cargo.toml`
[INFO] [stdout] 
[INFO] [stdout] 
[INFO] [stdout] error[E0433]: cannot find `pliron` in the list of imported crates
[INFO] [stdout]    --> tests/op_tests.rs:123:1
[INFO] [stdout]     |
[INFO] [stdout] 123 | #[results(out)]
[INFO] [stdout]     | ^^^^^^^^^^^^^^^ could not find `pliron` in the list of imported crates
[INFO] [stdout]     |
[INFO] [stdout]     = note: this error originates in the attribute macro `results` (in Nightly builds, run with -Z macro-backtrace for more info)
[INFO] [stdout] 
[INFO] [stdout] 
[INFO] [stdout] error[E0433]: cannot find `pliron` in the list of imported crates
[INFO] [stdout]    --> tests/op_tests.rs:124:1
[INFO] [stdout]     |
[INFO] [stdout] 124 | #[operands(arg)]
[INFO] [stdout]     | ^^^^^^^^^^^^^^^^ could not find `pliron` in the list of imported crates
[INFO] [stdout]     |
[INFO] [stdout]     = note: this error originates in the attribute macro `operands` (in Nightly builds, run with -Z macro-backtrace for more info)
[INFO] [stdout] 
[INFO] [stdout] 
[INFO] [stdout] error[E0433]: cannot find module or crate `pliron` in this scope
[INFO] [stdout]   --> tests/format_base.rs:68:44
[INFO] [stdout]    |
[INFO] [stdout] 68 |     let int_ty = IntegerType::get(ctx, 64, pliron::builtin::types::Signedness::Signed);
[INFO] [stdout]    |                                            ^^^^^^ use of unresolved module or unlinked crate `pliron`
[INFO] [stdout]    |
[INFO] [stdout]    = help: if you wanted to use a crate named `pliron`, use `cargo add pliron` to add it to your `Cargo.toml`
[INFO] [stdout] 
[INFO] [stdout] 
[INFO] [stdout] error[E0433]: cannot find `pliron` in the list of imported crates
[INFO] [stdout]    --> tests/op_tests.rs:125:1
[INFO] [stdout]     |
[INFO] [stdout] 125 | #[verify_succ]
[INFO] [stdout]     | ^^^^^^^^^^^^^^ could not find `pliron` in the list of imported crates
[INFO] [stdout]     |
[INFO] [stdout]     = note: this error originates in the attribute macro `verify_succ` (in Nightly builds, run with -Z macro-backtrace for more info)
[INFO] [stdout] 
[INFO] [stdout] 
[INFO] [stdout] error[E0433]: cannot find `pliron` in the list of imported crates
[INFO] [stdout]    --> tests/format_op.rs:100:1
[INFO] [stdout]     |
[INFO] [stdout] 100 | #[verify_succ]
[INFO] [stdout]     | ^^^^^^^^^^^^^^ could not find `pliron` in the list of imported crates
[INFO] [stdout]     |
[INFO] [stdout]     = note: this error originates in the attribute macro `verify_succ` (in Nightly builds, run with -Z macro-backtrace for more info)
[INFO] [stdout] 
[INFO] [stdout] 
[INFO] [stdout] error[E0433]: cannot find `pliron` in the list of imported crates
[INFO] [stdout]    --> tests/op_tests.rs:149:1
[INFO] [stdout]     |
[INFO] [stdout] 149 | #[verify_succ]
[INFO] [stdout]     | ^^^^^^^^^^^^^^ could not find `pliron` in the list of imported crates
[INFO] [stdout]     |
[INFO] [stdout]     = note: this error originates in the attribute macro `verify_succ` (in Nightly builds, run with -Z macro-backtrace for more info)
[INFO] [stdout] 
[INFO] [stdout] 
[INFO] [stdout] error[E0433]: cannot find `pliron` in the list of imported crates
[INFO] [stdout]    --> tests/format_op.rs:137:1
[INFO] [stdout]     |
[INFO] [stdout] 137 | #[verify_succ]
[INFO] [stdout]     | ^^^^^^^^^^^^^^ could not find `pliron` in the list of imported crates
[INFO] [stdout]     |
[INFO] [stdout]     = note: this error originates in the attribute macro `verify_succ` (in Nightly builds, run with -Z macro-backtrace for more info)
[INFO] [stdout] 
[INFO] [stdout] 
[INFO] [stdout] error[E0433]: cannot find `pliron` in the list of imported crates
[INFO] [stdout]    --> tests/op_tests.rs:173:1
[INFO] [stdout]     |
[INFO] [stdout] 173 | #[verify_succ]
[INFO] [stdout]     | ^^^^^^^^^^^^^^ could not find `pliron` in the list of imported crates
[INFO] [stdout]     |
[INFO] [stdout]     = note: this error originates in the attribute macro `verify_succ` (in Nightly builds, run with -Z macro-backtrace for more info)
[INFO] [stdout] 
[INFO] [stdout] 
[INFO] [stdout] error[E0433]: cannot find module or crate `pliron` in this scope
[INFO] [stdout]    --> tests/format_base.rs:115:44
[INFO] [stdout]     |
[INFO] [stdout] 115 |     let int_ty = IntegerType::get(ctx, 64, pliron::builtin::types::Signedness::Signed);
[INFO] [stdout]     |                                            ^^^^^^ use of unresolved module or unlinked crate `pliron`
[INFO] [stdout]     |
[INFO] [stdout]     = help: if you wanted to use a crate named `pliron`, use `cargo add pliron` to add it to your `Cargo.toml`
[INFO] [stdout] 
[INFO] [stdout] 
[INFO] [stdout] error[E0433]: cannot find `pliron` in the list of imported crates
[INFO] [stdout]    --> tests/op_tests.rs:357:1
[INFO] [stdout]     |
[INFO] [stdout] 357 | #[verify_succ]
[INFO] [stdout]     | ^^^^^^^^^^^^^^ could not find `pliron` in the list of imported crates
[INFO] [stdout]     |
[INFO] [stdout]     = note: this error originates in the attribute macro `verify_succ` (in Nightly builds, run with -Z macro-backtrace for more info)
[INFO] [stdout] 
[INFO] [stdout] 
[INFO] [stdout] error[E0433]: cannot find `pliron` in the list of imported crates
[INFO] [stdout]    --> tests/format_op.rs:176:1
[INFO] [stdout]     |
[INFO] [stdout] 176 | #[verify_succ]
[INFO] [stdout]     | ^^^^^^^^^^^^^^ could not find `pliron` in the list of imported crates
[INFO] [stdout]     |
[INFO] [stdout]     = note: this error originates in the attribute macro `verify_succ` (in Nightly builds, run with -Z macro-backtrace for more info)
[INFO] [stdout] 
[INFO] [stdout] 
[INFO] [stdout] error[E0433]: cannot find module or crate `pliron` in this scope
[INFO] [stdout]    --> tests/format_base.rs:280:44
[INFO] [stdout]     |
[INFO] [stdout] 280 |     let int_ty = IntegerType::get(ctx, 64, pliron::builtin::types::Signedness::Signed);
[INFO] [stdout]     |                                            ^^^^^^ use of unresolved module or unlinked crate `pliron`
[INFO] [stdout]     |
[INFO] [stdout]     = help: if you wanted to use a crate named `pliron`, use `cargo add pliron` to add it to your `Cargo.toml`
[INFO] [stdout] 
[INFO] [stdout] 
[INFO] [stdout] error[E0433]: cannot find `pliron` in the list of imported crates
[INFO] [stdout]    --> tests/op_tests.rs:481:1
[INFO] [stdout]     |
[INFO] [stdout] 481 | #[verify_succ]
[INFO] [stdout]     | ^^^^^^^^^^^^^^ could not find `pliron` in the list of imported crates
[INFO] [stdout]     |
[INFO] [stdout]     = note: this error originates in the attribute macro `verify_succ` (in Nightly builds, run with -Z macro-backtrace for more info)
[INFO] [stdout] 
[INFO] [stdout] 
[INFO] [stdout] error[E0433]: cannot find `pliron` in the list of imported crates
[INFO] [stdout]    --> tests/format_op.rs:215:1
[INFO] [stdout]     |
[INFO] [stdout] 215 | #[verify_succ]
[INFO] [stdout]     | ^^^^^^^^^^^^^^ could not find `pliron` in the list of imported crates
[INFO] [stdout]     |
[INFO] [stdout]     = note: this error originates in the attribute macro `verify_succ` (in Nightly builds, run with -Z macro-backtrace for more info)
[INFO] [stdout] 
[INFO] [stdout] 
[INFO] [stdout] error[E0433]: cannot find `pliron` in the list of imported crates
[INFO] [stdout]    --> tests/op_tests.rs:495:1
[INFO] [stdout]     |
[INFO] [stdout] 495 | #[verify_succ]
[INFO] [stdout]     | ^^^^^^^^^^^^^^ could not find `pliron` in the list of imported crates
[INFO] [stdout]     |
[INFO] [stdout]     = note: this error originates in the attribute macro `verify_succ` (in Nightly builds, run with -Z macro-backtrace for more info)
[INFO] [stdout] 
[INFO] [stdout] 
[INFO] [stdout] error[E0433]: cannot find `pliron` in the list of imported crates
[INFO] [stdout]   --> tests/op_tests.rs:37:1
[INFO] [stdout]    |
[INFO] [stdout] 37 | #[format_op]
[INFO] [stdout]    | ^^^^^^^^^^^^ could not find `pliron` in the list of imported crates
[INFO] [stdout]    |
[INFO] [stdout]    = note: this error originates in the attribute macro `format_op` (in Nightly builds, run with -Z macro-backtrace for more info)
[INFO] [stdout] help: consider importing this module
[INFO] [stdout]    |
[INFO] [stdout]  9 + use std::vec;
[INFO] [stdout]    |
[INFO] [stdout] 
[INFO] [stdout] 
[INFO] [stdout] error[E0433]: cannot find `pliron` in the list of imported crates
[INFO] [stdout]   --> tests/op_tests.rs:39:1
[INFO] [stdout]    |
[INFO] [stdout] 39 | #[verify_succ]
[INFO] [stdout]    | ^^^^^^^^^^^^^^ could not find `pliron` in the list of imported crates
[INFO] [stdout]    |
[INFO] [stdout]    = note: this error originates in the attribute macro `verify_succ` (in Nightly builds, run with -Z macro-backtrace for more info)
[INFO] [stdout] help: consider importing this module
[INFO] [stdout]    |
[INFO] [stdout]  9 + use std::result;
[INFO] [stdout]    |
[INFO] [stdout] 
[INFO] [stdout] 
[INFO] [stdout] error[E0433]: cannot find `pliron` in the list of imported crates
[INFO] [stdout]   --> tests/op_tests.rs:36:1
[INFO] [stdout]    |
[INFO] [stdout] 36 | #[def_op("test.value_producer")]
[INFO] [stdout]    | ^^^^^^^^^^^^^^^^^^^^^^^^^^^^^^^^ could not find `pliron` in the list of imported crates
[INFO] [stdout]    |
[INFO] [stdout]    = note: this error originates in the attribute macro `def_op` (in Nightly builds, run with -Z macro-backtrace for more info)
[INFO] [stdout] help: consider importing this module
[INFO] [stdout]    |
[INFO] [stdout]  9 + use std::result;
[INFO] [stdout]    |
[INFO] [stdout] 
[INFO] [stdout] 
[INFO] [stdout] error[E0433]: cannot find `pliron` in the list of imported crates
[INFO] [stdout]   --> tests/op_tests.rs:67:1
[INFO] [stdout]    |
[INFO] [stdout] 67 | #[format_op]
[INFO] [stdout]    | ^^^^^^^^^^^^ could not find `pliron` in the list of imported crates
[INFO] [stdout]    |
[INFO] [stdout]    = note: this error originates in the attribute macro `format_op` (in Nightly builds, run with -Z macro-backtrace for more info)
[INFO] [stdout] help: consider importing this module
[INFO] [stdout]    |
[INFO] [stdout]  9 + use std::vec;
[INFO] [stdout]    |
[INFO] [stdout] 
[INFO] [stdout] 
[INFO] [stdout] error[E0433]: cannot find `pliron` in the list of imported crates
[INFO] [stdout]   --> tests/op_tests.rs:71:1
[INFO] [stdout]    |
[INFO] [stdout] 71 | #[verify_succ]
[INFO] [stdout]    | ^^^^^^^^^^^^^^ could not find `pliron` in the list of imported crates
[INFO] [stdout]    |
[INFO] [stdout]    = note: this error originates in the attribute macro `verify_succ` (in Nightly builds, run with -Z macro-backtrace for more info)
[INFO] [stdout] help: consider importing this module
[INFO] [stdout]    |
[INFO] [stdout]  9 + use std::result;
[INFO] [stdout]    |
[INFO] [stdout] 
[INFO] [stdout] 
[INFO] [stdout] error[E0433]: cannot find `pliron` in the list of imported crates
[INFO] [stdout]   --> tests/op_tests.rs:66:1
[INFO] [stdout]    |
[INFO] [stdout] 66 | #[def_op("test.named_getter_op")]
[INFO] [stdout]    | ^^^^^^^^^^^^^^^^^^^^^^^^^^^^^^^^^ could not find `pliron` in the list of imported crates
[INFO] [stdout]    |
[INFO] [stdout]    = note: this error originates in the attribute macro `def_op` (in Nightly builds, run with -Z macro-backtrace for more info)
[INFO] [stdout] help: consider importing this module
[INFO] [stdout]    |
[INFO] [stdout]  9 + use std::result;
[INFO] [stdout]    |
[INFO] [stdout] 
[INFO] [stdout] 
[INFO] [stdout] error[E0433]: cannot find `pliron` in the list of imported crates
[INFO] [stdout]   --> tests/op_tests.rs:98:1
[INFO] [stdout]    |
[INFO] [stdout] 98 | #[format_op]
[INFO] [stdout]    | ^^^^^^^^^^^^ could not find `pliron` in the list of imported crates
[INFO] [stdout]    |
[INFO] [stdout]    = note: this error originates in the attribute macro `format_op` (in Nightly builds, run with -Z macro-backtrace for more info)
[INFO] [stdout] help: consider importing this module
[INFO] [stdout]    |
[INFO] [stdout]  9 + use std::vec;
[INFO] [stdout]    |
[INFO] [stdout] 
[INFO] [stdout] 
[INFO] [stdout] error[E0433]: cannot find `pliron` in the list of imported crates
[INFO] [stdout]    --> tests/op_tests.rs:102:1
[INFO] [stdout]     |
[INFO] [stdout] 102 | #[verify_succ]
[INFO] [stdout]     | ^^^^^^^^^^^^^^ could not find `pliron` in the list of imported crates
[INFO] [stdout]     |
[INFO] [stdout]     = note: this error originates in the attribute macro `verify_succ` (in Nightly builds, run with -Z macro-backtrace for more info)
[INFO] [stdout] help: consider importing this module
[INFO] [stdout]     |
[INFO] [stdout]   9 + use std::result;
[INFO] [stdout]     |
[INFO] [stdout] 
[INFO] [stdout] 
[INFO] [stdout] error[E0433]: cannot find `pliron` in the list of imported crates
[INFO] [stdout]   --> tests/op_tests.rs:97:1
[INFO] [stdout]    |
[INFO] [stdout] 97 | #[def_op("test.typed_checks_op")]
[INFO] [stdout]    | ^^^^^^^^^^^^^^^^^^^^^^^^^^^^^^^^^ could not find `pliron` in the list of imported crates
[INFO] [stdout]    |
[INFO] [stdout]    = note: this error originates in the attribute macro `def_op` (in Nightly builds, run with -Z macro-backtrace for more info)
[INFO] [stdout] help: consider importing this module
[INFO] [stdout]    |
[INFO] [stdout]  9 + use std::result;
[INFO] [stdout]    |
[INFO] [stdout] 
[INFO] [stdout] 
[INFO] [stdout] error[E0433]: cannot find `pliron` in the list of imported crates
[INFO] [stdout]    --> tests/op_tests.rs:121:1
[INFO] [stdout]     |
[INFO] [stdout] 121 | #[format_op]
[INFO] [stdout]     | ^^^^^^^^^^^^ could not find `pliron` in the list of imported crates
[INFO] [stdout]     |
[INFO] [stdout]     = note: this error originates in the attribute macro `format_op` (in Nightly builds, run with -Z macro-backtrace for more info)
[INFO] [stdout] help: consider importing this module
[INFO] [stdout]     |
[INFO] [stdout]   9 + use std::vec;
[INFO] [stdout]     |
[INFO] [stdout] 
[INFO] [stdout] 
[INFO] [stdout] error[E0433]: cannot find `pliron` in the list of imported crates
[INFO] [stdout]    --> tests/op_tests.rs:125:1
[INFO] [stdout]     |
[INFO] [stdout] 125 | #[verify_succ]
[INFO] [stdout]     | ^^^^^^^^^^^^^^ could not find `pliron` in the list of imported crates
[INFO] [stdout]     |
[INFO] [stdout]     = note: this error originates in the attribute macro `verify_succ` (in Nightly builds, run with -Z macro-backtrace for more info)
[INFO] [stdout] help: consider importing this module
[INFO] [stdout]     |
[INFO] [stdout]   9 + use std::result;
[INFO] [stdout]     |
[INFO] [stdout] 
[INFO] [stdout] 
[INFO] [stdout] error[E0433]: cannot find `pliron` in the list of imported crates
[INFO] [stdout]    --> tests/op_tests.rs:120:1
[INFO] [stdout]     |
[INFO] [stdout] 120 | #[def_op("test.untyped_named_op")]
[INFO] [stdout]     | ^^^^^^^^^^^^^^^^^^^^^^^^^^^^^^^^^^ could not find `pliron` in the list of imported crates
[INFO] [stdout]     |
[INFO] [stdout]     = note: this error originates in the attribute macro `def_op` (in Nightly builds, run with -Z macro-backtrace for more info)
[INFO] [stdout] help: consider importing this module
[INFO] [stdout]     |
[INFO] [stdout]   9 + use std::result;
[INFO] [stdout]     |
[INFO] [stdout] 
[INFO] [stdout] 
[INFO] [stdout] error[E0433]: cannot find `pliron` in the list of imported crates
[INFO] [stdout]    --> tests/op_tests.rs:145:1
[INFO] [stdout]     |
[INFO] [stdout] 145 | #[format_op]
[INFO] [stdout]     | ^^^^^^^^^^^^ could not find `pliron` in the list of imported crates
[INFO] [stdout]     |
[INFO] [stdout]     = note: this error originates in the attribute macro `format_op` (in Nightly builds, run with -Z macro-backtrace for more info)
[INFO] [stdout] help: consider importing this module
[INFO] [stdout]     |
[INFO] [stdout]   9 + use std::vec;
[INFO] [stdout]     |
[INFO] [stdout] 
[INFO] [stdout] 
[INFO] [stdout] error[E0433]: cannot find `pliron` in the list of imported crates
[INFO] [stdout]    --> tests/op_tests.rs:149:1
[INFO] [stdout]     |
[INFO] [stdout] 149 | #[verify_succ]
[INFO] [stdout]     | ^^^^^^^^^^^^^^ could not find `pliron` in the list of imported crates
[INFO] [stdout]     |
[INFO] [stdout]     = note: this error originates in the attribute macro `verify_succ` (in Nightly builds, run with -Z macro-backtrace for more info)
[INFO] [stdout] help: consider importing this module
[INFO] [stdout]     |
[INFO] [stdout]   9 + use std::result;
[INFO] [stdout]     |
[INFO] [stdout] 
[INFO] [stdout] 
[INFO] [stdout] error[E0433]: cannot find `pliron` in the list of imported crates
[INFO] [stdout]    --> tests/op_tests.rs:144:1
[INFO] [stdout]     |
[INFO] [stdout] 144 | #[def_op("test.skip_untyped_op")]
[INFO] [stdout]     | ^^^^^^^^^^^^^^^^^^^^^^^^^^^^^^^^^ could not find `pliron` in the list of imported crates
[INFO] [stdout]     |
[INFO] [stdout]     = note: this error originates in the attribute macro `def_op` (in Nightly builds, run with -Z macro-backtrace for more info)
[INFO] [stdout] help: consider importing this module
[INFO] [stdout]     |
[INFO] [stdout]   9 + use std::result;
[INFO] [stdout]     |
[INFO] [stdout] 
[INFO] [stdout] 
[INFO] [stdout] error[E0433]: cannot find `pliron` in the list of imported crates
[INFO] [stdout]    --> tests/op_tests.rs:169:1
[INFO] [stdout]     |
[INFO] [stdout] 169 | #[format_op]
[INFO] [stdout]     | ^^^^^^^^^^^^ could not find `pliron` in the list of imported crates
[INFO] [stdout]     |
[INFO] [stdout]     = note: this error originates in the attribute macro `format_op` (in Nightly builds, run with -Z macro-backtrace for more info)
[INFO] [stdout] help: consider importing this module
[INFO] [stdout]     |
[INFO] [stdout]   9 + use std::vec;
[INFO] [stdout]     |
[INFO] [stdout] 
[INFO] [stdout] 
[INFO] [stdout] error[E0433]: cannot find `pliron` in the list of imported crates
[INFO] [stdout]    --> tests/op_tests.rs:173:1
[INFO] [stdout]     |
[INFO] [stdout] 173 | #[verify_succ]
[INFO] [stdout]     | ^^^^^^^^^^^^^^ could not find `pliron` in the list of imported crates
[INFO] [stdout]     |
[INFO] [stdout]     = note: this error originates in the attribute macro `verify_succ` (in Nightly builds, run with -Z macro-backtrace for more info)
[INFO] [stdout] help: consider importing this module
[INFO] [stdout]     |
[INFO] [stdout]   9 + use std::result;
[INFO] [stdout]     |
[INFO] [stdout] 
[INFO] [stdout] 
[INFO] [stdout] error[E0433]: cannot find `pliron` in the list of imported crates
[INFO] [stdout]    --> tests/op_tests.rs:168:1
[INFO] [stdout]     |
[INFO] [stdout] 168 | #[def_op("test.mixed_skip_untyped_op")]
[INFO] [stdout]     | ^^^^^^^^^^^^^^^^^^^^^^^^^^^^^^^^^^^^^^^ could not find `pliron` in the list of imported crates
[INFO] [stdout]     |
[INFO] [stdout]     = note: this error originates in the attribute macro `def_op` (in Nightly builds, run with -Z macro-backtrace for more info)
[INFO] [stdout] help: consider importing this module
[INFO] [stdout]     |
[INFO] [stdout]   9 + use std::result;
[INFO] [stdout]     |
[INFO] [stdout] 
[INFO] [stdout] 
[INFO] [stdout] error[E0433]: cannot find `pliron` in the list of imported crates
[INFO] [stdout]    --> tests/op_tests.rs:355:1
[INFO] [stdout]     |
[INFO] [stdout] 355 | #[format_op]
[INFO] [stdout]     | ^^^^^^^^^^^^ could not find `pliron` in the list of imported crates
[INFO] [stdout]     |
[INFO] [stdout]     = note: this error originates in the attribute macro `format_op` (in Nightly builds, run with -Z macro-backtrace for more info)
[INFO] [stdout] help: consider importing this module
[INFO] [stdout]     |
[INFO] [stdout]   9 + use std::vec;
[INFO] [stdout]     |
[INFO] [stdout] 
[INFO] [stdout] 
[INFO] [stdout] error[E0425]: cannot find value `ATTR_KEY_COUNT` in module `attr_op_attr_names`
[INFO] [stdout]    --> tests/op_tests.rs:356:1
[INFO] [stdout]     |
[INFO] [stdout] 356 | #[derive_attr_get_set(count: IntegerAttr, label: StringAttr, extra)]
[INFO] [stdout]     | ^^^^^^^^^^^^^^^^^^^^^^^^^^^^^^^^^^^^^^^^^^^^^^^^^^^^^^^^^^^^^^^^^^^^ not found in `attr_op_attr_names`
[INFO] [stdout]     |
[INFO] [stdout]     = note: this error originates in the attribute macro `derive_attr_get_set` (in Nightly builds, run with -Z macro-backtrace for more info)
[INFO] [stdout] 
[INFO] [stdout] 
[INFO] [stdout] error[E0425]: cannot find value `ATTR_KEY_LABEL` in module `attr_op_attr_names`
[INFO] [stdout]    --> tests/op_tests.rs:356:1
[INFO] [stdout]     |
[INFO] [stdout] 356 | #[derive_attr_get_set(count: IntegerAttr, label: StringAttr, extra)]
[INFO] [stdout]     | ^^^^^^^^^^^^^^^^^^^^^^^^^^^^^^^^^^^^^^^^^^^^^^^^^^^^^^^^^^^^^^^^^^^^ not found in `attr_op_attr_names`
[INFO] [stdout]     |
[INFO] [stdout]     = note: this error originates in the attribute macro `derive_attr_get_set` (in Nightly builds, run with -Z macro-backtrace for more info)
[INFO] [stdout] 
[INFO] [stdout] 
[INFO] [stdout] error[E0425]: cannot find value `ATTR_KEY_EXTRA` in module `attr_op_attr_names`
[INFO] [stdout]    --> tests/op_tests.rs:356:1
[INFO] [stdout]     |
[INFO] [stdout] 356 | #[derive_attr_get_set(count: IntegerAttr, label: StringAttr, extra)]
[INFO] [stdout]     | ^^^^^^^^^^^^^^^^^^^^^^^^^^^^^^^^^^^^^^^^^^^^^^^^^^^^^^^^^^^^^^^^^^^^ not found in `attr_op_attr_names`
[INFO] [stdout]     |
[INFO] [stdout]     = note: this error originates in the attribute macro `derive_attr_get_set` (in Nightly builds, run with -Z macro-backtrace for more info)
[INFO] [stdout] 
[INFO] [stdout] 
[INFO] [stdout] error[E0433]: cannot find `pliron` in the list of imported crates
[INFO] [stdout]    --> tests/op_tests.rs:357:1
[INFO] [stdout]     |
[INFO] [stdout] 357 | #[verify_succ]
[INFO] [stdout]     | ^^^^^^^^^^^^^^ could not find `pliron` in the list of imported crates
[INFO] [stdout]     |
[INFO] [stdout]     = note: this error originates in the attribute macro `verify_succ` (in Nightly builds, run with -Z macro-backtrace for more info)
[INFO] [stdout] help: consider importing this module
[INFO] [stdout]     |
[INFO] [stdout]   9 + use std::result;
[INFO] [stdout]     |
[INFO] [stdout] 
[INFO] [stdout] 
[INFO] [stdout] error[E0433]: cannot find `pliron` in the list of imported crates
[INFO] [stdout]    --> tests/op_tests.rs:354:1
[INFO] [stdout]     |
[INFO] [stdout] 354 | #[def_op("test.attr_op")]
[INFO] [stdout]     | ^^^^^^^^^^^^^^^^^^^^^^^^^ could not find `pliron` in the list of imported crates
[INFO] [stdout]     |
[INFO] [stdout]     = note: this error originates in the attribute macro `def_op` (in Nightly builds, run with -Z macro-backtrace for more info)
[INFO] [stdout] help: consider importing this module
[INFO] [stdout]     |
[INFO] [stdout]   9 + use std::result;
[INFO] [stdout]     |
[INFO] [stdout] 
[INFO] [stdout] 
[INFO] [stdout] error[E0433]: cannot find module or crate `pliron` in this scope
[INFO] [stdout]    --> tests/op_tests.rs:458:48
[INFO] [stdout]     |
[INFO] [stdout] 458 |     fn verify(_op: &dyn Op, _ctx: &Context) -> pliron::result::Result<()>
[INFO] [stdout]     |                                                ^^^^^^ use of unresolved module or unlinked crate `pliron`
[INFO] [stdout]     |
[INFO] [stdout]     = help: if you wanted to use a crate named `pliron`, use `cargo add pliron` to add it to your `Cargo.toml`
[INFO] [stdout] help: consider importing this module
[INFO] [stdout]     |
[INFO] [stdout]   9 + use std::result;
[INFO] [stdout]     |
[INFO] [stdout] help: if you import `result`, refer to it directly
[INFO] [stdout]     |
[INFO] [stdout] 458 -     fn verify(_op: &dyn Op, _ctx: &Context) -> pliron::result::Result<()>
[INFO] [stdout] 458 +     fn verify(_op: &dyn Op, _ctx: &Context) -> result::Result<()>
[INFO] [stdout]     |
[INFO] [stdout] 
[INFO] [stdout] 
[INFO] [stdout] error[E0433]: cannot find `pliron` in the list of imported crates
[INFO] [stdout]    --> tests/op_tests.rs:456:1
[INFO] [stdout]     |
[INFO] [stdout] 456 | #[op_interface]
[INFO] [stdout]     | ^^^^^^^^^^^^^^^ could not find `pliron` in the list of imported crates
[INFO] [stdout]     |
[INFO] [stdout]     = note: this error originates in the attribute macro `op_interface` (in Nightly builds, run with -Z macro-backtrace for more info)
[INFO] [stdout] help: consider importing this module
[INFO] [stdout]     |
[INFO] [stdout]   9 + use std::vec;
[INFO] [stdout]     |
[INFO] [stdout] 
[INFO] [stdout] 
[INFO] [stdout] error[E0433]: cannot find `pliron` in the list of imported crates
[INFO] [stdout]    --> tests/op_tests.rs:456:1
[INFO] [stdout]     |
[INFO] [stdout] 456 | #[op_interface]
[INFO] [stdout]     | ^^^^^^^^^^^^^^^ could not find `pliron` in the list of imported crates
[INFO] [stdout]     |
[INFO] [stdout]     = note: this error originates in the attribute macro `op_interface` (in Nightly builds, run with -Z macro-backtrace for more info)
[INFO] [stdout] help: consider importing this struct
[INFO] [stdout]     |
[INFO] [stdout]   9 + use std::vec::Vec;
[INFO] [stdout]     |
[INFO] [stdout] 
[INFO] [stdout] 
[INFO] [stdout] error[E0433]: cannot find module or crate `pliron` in this scope
[INFO] [stdout]    --> tests/op_tests.rs:468:48
[INFO] [stdout]     |
[INFO] [stdout] 468 |     fn verify(_op: &dyn Op, _ctx: &Context) -> pliron::result::Result<()>
[INFO] [stdout]     |                                                ^^^^^^ use of unresolved module or unlinked crate `pliron`
[INFO] [stdout]     |
[INFO] [stdout]     = help: if you wanted to use a crate named `pliron`, use `cargo add pliron` to add it to your `Cargo.toml`
[INFO] [stdout] help: consider importing this module
[INFO] [stdout]     |
[INFO] [stdout]   9 + use std::result;
[INFO] [stdout]     |
[INFO] [stdout] help: if you import `result`, refer to it directly
[INFO] [stdout]     |
[INFO] [stdout] 468 -     fn verify(_op: &dyn Op, _ctx: &Context) -> pliron::result::Result<()>
[INFO] [stdout] 468 +     fn verify(_op: &dyn Op, _ctx: &Context) -> result::Result<()>
[INFO] [stdout]     |
[INFO] [stdout] 
[INFO] [stdout] 
[INFO] [stdout] error[E0433]: cannot find `pliron` in the list of imported crates
[INFO] [stdout]    --> tests/op_tests.rs:466:1
[INFO] [stdout]     |
[INFO] [stdout] 466 | #[op_interface]
[INFO] [stdout]     | ^^^^^^^^^^^^^^^ could not find `pliron` in the list of imported crates
[INFO] [stdout]     |
[INFO] [stdout]     = note: this error originates in the attribute macro `op_interface` (in Nightly builds, run with -Z macro-backtrace for more info)
[INFO] [stdout] help: consider importing this module
[INFO] [stdout]     |
[INFO] [stdout]   9 + use std::vec;
[INFO] [stdout]     |
[INFO] [stdout] 
[INFO] [stdout] 
[INFO] [stdout] error[E0433]: cannot find `pliron` in the list of imported crates
[INFO] [stdout]    --> tests/op_tests.rs:466:1
[INFO] [stdout]     |
[INFO] [stdout] 466 | #[op_interface]
[INFO] [stdout]     | ^^^^^^^^^^^^^^^ could not find `pliron` in the list of imported crates
[INFO] [stdout]     |
[INFO] [stdout]     = note: this error originates in the attribute macro `op_interface` (in Nightly builds, run with -Z macro-backtrace for more info)
[INFO] [stdout] help: consider importing this struct
[INFO] [stdout]     |
[INFO] [stdout]   9 + use std::vec::Vec;
[INFO] [stdout]     |
[INFO] [stdout] 
[INFO] [stdout] 
[INFO] [stdout] error[E0433]: cannot find `pliron` in the list of imported crates
[INFO] [stdout]    --> tests/op_tests.rs:479:1
[INFO] [stdout]     |
[INFO] [stdout] 479 | #[format_op]
[INFO] [stdout]     | ^^^^^^^^^^^^ could not find `pliron` in the list of imported crates
[INFO] [stdout]     |
[INFO] [stdout]     = note: this error originates in the attribute macro `format_op` (in Nightly builds, run with -Z macro-backtrace for more info)
[INFO] [stdout] help: consider importing this module
[INFO] [stdout]     |
[INFO] [stdout]   9 + use std::vec;
[INFO] [stdout]     |
[INFO] [stdout] 
[INFO] [stdout] 
[INFO] [stdout] error[E0433]: cannot find `pliron` in the list of imported crates
[INFO] [stdout]    --> tests/op_tests.rs:481:1
[INFO] [stdout]     |
[INFO] [stdout] 481 | #[verify_succ]
[INFO] [stdout]     | ^^^^^^^^^^^^^^ could not find `pliron` in the list of imported crates
[INFO] [stdout]     |
[INFO] [stdout]     = note: this error originates in the attribute macro `verify_succ` (in Nightly builds, run with -Z macro-backtrace for more info)
[INFO] [stdout] help: consider importing this module
[INFO] [stdout]     |
[INFO] [stdout]   9 + use std::result;
[INFO] [stdout]     |
[INFO] [stdout] 
[INFO] [stdout] 
[INFO] [stdout] error[E0433]: cannot find `pliron` in the list of imported crates
[INFO] [stdout]    --> tests/op_tests.rs:478:1
[INFO] [stdout]     |
[INFO] [stdout] 478 | #[def_op("test.compute_op")]
[INFO] [stdout]     | ^^^^^^^^^^^^^^^^^^^^^^^^^^^^ could not find `pliron` in the list of imported crates
[INFO] [stdout]     |
[INFO] [stdout]     = note: this error originates in the attribute macro `def_op` (in Nightly builds, run with -Z macro-backtrace for more info)
[INFO] [stdout] help: consider importing this module
[INFO] [stdout]     |
[INFO] [stdout]   9 + use std::result;
[INFO] [stdout]     |
[INFO] [stdout] 
[INFO] [stdout] 
[INFO] [stdout] error[E0433]: cannot find `pliron` in the list of imported crates
[INFO] [stdout]    --> tests/op_tests.rs:494:1
[INFO] [stdout]     |
[INFO] [stdout] 494 | #[format_op]
[INFO] [stdout]     | ^^^^^^^^^^^^ could not find `pliron` in the list of imported crates
[INFO] [stdout]     |
[INFO] [stdout]     = note: this error originates in the attribute macro `format_op` (in Nightly builds, run with -Z macro-backtrace for more info)
[INFO] [stdout] help: consider importing this module
[INFO] [stdout]     |
[INFO] [stdout]   9 + use std::vec;
[INFO] [stdout]     |
[INFO] [stdout] 
[INFO] [stdout] 
[INFO] [stdout] error[E0433]: cannot find `pliron` in the list of imported crates
[INFO] [stdout]    --> tests/op_tests.rs:495:1
[INFO] [stdout]     |
[INFO] [stdout] 495 | #[verify_succ]
[INFO] [stdout]     | ^^^^^^^^^^^^^^ could not find `pliron` in the list of imported crates
[INFO] [stdout]     |
[INFO] [stdout]     = note: this error originates in the attribute macro `verify_succ` (in Nightly builds, run with -Z macro-backtrace for more info)
[INFO] [stdout] help: consider importing this module
[INFO] [stdout]     |
[INFO] [stdout]   9 + use std::result;
[INFO] [stdout]     |
[INFO] [stdout] 
[INFO] [stdout] 
[INFO] [stdout] error[E0433]: cannot find `pliron` in the list of imported crates
[INFO] [stdout]    --> tests/op_tests.rs:493:1
[INFO] [stdout]     |
[INFO] [stdout] 493 | #[def_op("test.manual_compute_op")]
[INFO] [stdout]     | ^^^^^^^^^^^^^^^^^^^^^^^^^^^^^^^^^^^ could not find `pliron` in the list of imported crates
[INFO] [stdout]     |
[INFO] [stdout]     = note: this error originates in the attribute macro `def_op` (in Nightly builds, run with -Z macro-backtrace for more info)
[INFO] [stdout] help: consider importing this module
[INFO] [stdout]     |
[INFO] [stdout]   9 + use std::result;
[INFO] [stdout]     |
[INFO] [stdout] 
[INFO] [stdout] 
[INFO] [stdout] Some errors have detailed explanations: E0425, E0432, E0433.
[INFO] [stdout] 
[INFO] [stdout] For more information about an error, try `rustc --explain E0425`.
[INFO] [stdout] 
[INFO] [stderr] error: could not compile `pliron-derive` (test "op_tests") due to 100 previous errors
[INFO] [stdout] error[E0433]: cannot find `pliron` in the list of imported crates
[INFO] [stdout]    --> tests/format_op.rs:254:1
[INFO] [stdout]     |
[INFO] [stdout] 254 | #[verify_succ]
[INFO] [stdout]     | ^^^^^^^^^^^^^^ could not find `pliron` in the list of imported crates
[INFO] [stdout]     |
[INFO] [stdout]     = note: this error originates in the attribute macro `verify_succ` (in Nightly builds, run with -Z macro-backtrace for more info)
[INFO] [stdout] 
[INFO] [stdout] 
[INFO] [stdout] error[E0433]: cannot find `pliron` in the list of imported crates
[INFO] [stdout]  --> tests/common/mod.rs:8:1
[INFO] [stdout]   |
[INFO] [stdout] 8 | #[format_op("$0")]
[INFO] [stdout]   | ^^^^^^^^^^^^^^^^^^ could not find `pliron` in the list of imported crates
[INFO] [stdout]   |
[INFO] [stdout]   = note: this error originates in the attribute macro `format_op` (in Nightly builds, run with -Z macro-backtrace for more info)
[INFO] [stdout] help: consider importing this module
[INFO] [stdout]   |
[INFO] [stdout] 4 + use std::vec;
[INFO] [stdout]   |
[INFO] [stdout] 
[INFO] [stdout] 
[INFO] [stdout] error[E0433]: cannot find `pliron` in the list of imported crates
[INFO] [stdout]   --> tests/common/mod.rs:10:1
[INFO] [stdout]    |
[INFO] [stdout] 10 | #[verify_succ]
[INFO] [stdout]    | ^^^^^^^^^^^^^^ could not find `pliron` in the list of imported crates
[INFO] [stdout]    |
[INFO] [stdout]    = note: this error originates in the attribute macro `verify_succ` (in Nightly builds, run with -Z macro-backtrace for more info)
[INFO] [stdout] help: consider importing this module
[INFO] [stdout]    |
[INFO] [stdout]  4 + use std::result;
[INFO] [stdout]    |
[INFO] [stdout] 
[INFO] [stdout] 
[INFO] [stdout] error[E0433]: cannot find `pliron` in the list of imported crates
[INFO] [stdout]  --> tests/common/mod.rs:7:1
[INFO] [stdout]   |
[INFO] [stdout] 7 | #[def_op("test.return")]
[INFO] [stdout]   | ^^^^^^^^^^^^^^^^^^^^^^^^ could not find `pliron` in the list of imported crates
[INFO] [stdout]   |
[INFO] [stdout]   = note: this error originates in the attribute macro `def_op` (in Nightly builds, run with -Z macro-backtrace for more info)
[INFO] [stdout] help: consider importing this module
[INFO] [stdout]   |
[INFO] [stdout] 4 + use std::result;
[INFO] [stdout]   |
[INFO] [stdout] 
[INFO] [stdout] 
[INFO] [stdout] error[E0433]: cannot find `pliron` in the list of imported crates
[INFO] [stdout]   --> tests/format_base.rs:85:1
[INFO] [stdout]    |
[INFO] [stdout] 85 | #[format]
[INFO] [stdout]    | ^^^^^^^^^ could not find `pliron` in the list of imported crates
[INFO] [stdout]    |
[INFO] [stdout]    = note: this error originates in the attribute macro `format` (in Nightly builds, run with -Z macro-backtrace for more info)
[INFO] [stdout] help: consider importing this trait
[INFO] [stdout]    |
[INFO] [stdout]  6 + use std::string::ToString;
[INFO] [stdout]    |
[INFO] [stdout] 
[INFO] [stdout] 
[INFO] [stdout] error[E0433]: cannot find `pliron` in the list of imported crates
[INFO] [stdout]   --> tests/format_base.rs:85:1
[INFO] [stdout]    |
[INFO] [stdout] 85 | #[format]
[INFO] [stdout]    | ^^^^^^^^^ could not find `pliron` in the list of imported crates
[INFO] [stdout]    |
[INFO] [stdout]    = note: this error originates in the attribute macro `format` (in Nightly builds, run with -Z macro-backtrace for more info)
[INFO] [stdout] help: consider importing this module
[INFO] [stdout]    |
[INFO] [stdout]  6 + use std::vec;
[INFO] [stdout]    |
[INFO] [stdout] 
[INFO] [stdout] 
[INFO] [stdout] error[E0433]: cannot find `pliron` in the list of imported crates
[INFO] [stdout]    --> tests/format_base.rs:195:1
[INFO] [stdout]     |
[INFO] [stdout] 195 | #[format]
[INFO] [stdout]     | ^^^^^^^^^ could not find `pliron` in the list of imported crates
[INFO] [stdout]     |
[INFO] [stdout]     = note: this error originates in the attribute macro `format` (in Nightly builds, run with -Z macro-backtrace for more info)
[INFO] [stdout] help: consider importing this trait
[INFO] [stdout]     |
[INFO] [stdout]   6 + use std::string::ToString;
[INFO] [stdout]     |
[INFO] [stdout] 
[INFO] [stdout] 
[INFO] [stdout] error[E0433]: cannot find `pliron` in the list of imported crates
[INFO] [stdout]    --> tests/format_base.rs:392:1
[INFO] [stdout]     |
[INFO] [stdout] 392 | #[format("`<` vec($a, Char(`,`)) `>`")]
[INFO] [stdout]     | ^^^^^^^^^^^^^^^^^^^^^^^^^^^^^^^^^^^^^^^ could not find `pliron` in the list of imported crates
[INFO] [stdout]     |
[INFO] [stdout]     = note: this error originates in the attribute macro `format` (in Nightly builds, run with -Z macro-backtrace for more info)
[INFO] [stdout] help: consider importing this module
[INFO] [stdout]     |
[INFO] [stdout]   6 + use std::vec;
[INFO] [stdout]     |
[INFO] [stdout] 
[INFO] [stdout] 
[INFO] [stdout] error[E0433]: cannot find `pliron` in the list of imported crates
[INFO] [stdout]    --> tests/format_base.rs:417:1
[INFO] [stdout]     |
[INFO] [stdout] 417 | #[format("`<` opt($a) `;` vec($b, Char(`,`)) `>`")]
[INFO] [stdout]     | ^^^^^^^^^^^^^^^^^^^^^^^^^^^^^^^^^^^^^^^^^^^^^^^^^^^ could not find `pliron` in the list of imported crates
[INFO] [stdout]     |
[INFO] [stdout]     = note: this error originates in the attribute macro `format` (in Nightly builds, run with -Z macro-backtrace for more info)
[INFO] [stdout] help: consider importing this module
[INFO] [stdout]     |
[INFO] [stdout]   6 + use std::vec;
[INFO] [stdout]     |
[INFO] [stdout] 
[INFO] [stdout] 
[INFO] [stdout] error[E0433]: cannot find `pliron` in the list of imported crates
[INFO] [stdout]    --> tests/format_base.rs:446:1
[INFO] [stdout]     |
[INFO] [stdout] 446 | #[format("`<` opt($0) `;` vec($1, NewLine) `>`")]
[INFO] [stdout]     | ^^^^^^^^^^^^^^^^^^^^^^^^^^^^^^^^^^^^^^^^^^^^^^^^^ could not find `pliron` in the list of imported crates
[INFO] [stdout]     |
[INFO] [stdout]     = note: this error originates in the attribute macro `format` (in Nightly builds, run with -Z macro-backtrace for more info)
[INFO] [stdout] help: consider importing this module
[INFO] [stdout]     |
[INFO] [stdout]   6 + use std::vec;
[INFO] [stdout]     |
[INFO] [stdout] 
[INFO] [stdout] 
[INFO] [stdout] error[E0433]: cannot find `pliron` in the list of imported crates
[INFO] [stdout]    --> tests/format_base.rs:469:1
[INFO] [stdout]     |
[INFO] [stdout] 469 | #[format("vec($a, Char(`,`))")]
[INFO] [stdout]     | ^^^^^^^^^^^^^^^^^^^^^^^^^^^^^^^ could not find `pliron` in the list of imported crates
[INFO] [stdout]     |
[INFO] [stdout]     = note: this error originates in the attribute macro `format` (in Nightly builds, run with -Z macro-backtrace for more info)
[INFO] [stdout] help: consider importing this module
[INFO] [stdout]     |
[INFO] [stdout]   6 + use std::vec;
[INFO] [stdout]     |
[INFO] [stdout] 
[INFO] [stdout] 
[INFO] [stdout] Some errors have detailed explanations: E0432, E0433.
[INFO] [stdout] 
[INFO] [stdout] For more information about an error, try `rustc --explain E0432`.
[INFO] [stdout] 
[INFO] [stderr] error: could not compile `pliron-derive` (test "format_base") due to 55 previous errors
[INFO] [stdout] error[E0433]: cannot find `pliron` in the list of imported crates
[INFO] [stdout]    --> tests/format_op.rs:294:1
[INFO] [stdout]     |
[INFO] [stdout] 294 | #[verify_succ]
[INFO] [stdout]     | ^^^^^^^^^^^^^^ could not find `pliron` in the list of imported crates
[INFO] [stdout]     |
[INFO] [stdout]     = note: this error originates in the attribute macro `verify_succ` (in Nightly builds, run with -Z macro-backtrace for more info)
[INFO] [stdout] 
[INFO] [stdout] 
[INFO] [stdout] error[E0433]: cannot find `pliron` in the list of imported crates
[INFO] [stdout]    --> tests/format_op.rs:333:1
[INFO] [stdout]     |
[INFO] [stdout] 333 | #[verify_succ]
[INFO] [stdout]     | ^^^^^^^^^^^^^^ could not find `pliron` in the list of imported crates
[INFO] [stdout]     |
[INFO] [stdout]     = note: this error originates in the attribute macro `verify_succ` (in Nightly builds, run with -Z macro-backtrace for more info)
[INFO] [stdout] 
[INFO] [stdout] 
[INFO] [stdout] error[E0433]: cannot find `pliron` in the list of imported crates
[INFO] [stdout]    --> tests/format_op.rs:374:1
[INFO] [stdout]     |
[INFO] [stdout] 374 | #[verify_succ]
[INFO] [stdout]     | ^^^^^^^^^^^^^^ could not find `pliron` in the list of imported crates
[INFO] [stdout]     |
[INFO] [stdout]     = note: this error originates in the attribute macro `verify_succ` (in Nightly builds, run with -Z macro-backtrace for more info)
[INFO] [stdout] 
[INFO] [stdout] 
[INFO] [stdout] error[E0433]: cannot find module or crate `pliron` in this scope
[INFO] [stdout]    --> tests/format_op.rs:408:1
[INFO] [stdout]     |
[INFO] [stdout] 408 | / #[format_op(
[INFO] [stdout] 409 | |     "attr($attr, `pliron::builtin::attributes::StringAttr`) ` ` \
[INFO] [stdout] 410 | |     opt_attr($opt_attr, `pliron::builtin::attributes::IntegerAttr`) `:` type($0)"
[INFO] [stdout] 411 | | )]
[INFO] [stdout]     | |__^ use of unresolved module or unlinked crate `pliron`
[INFO] [stdout]     |
[INFO] [stdout]     = help: if you wanted to use a crate named `pliron`, use `cargo add pliron` to add it to your `Cargo.toml`
[INFO] [stdout]     = note: this error originates in the attribute macro `format_op` (in Nightly builds, run with -Z macro-backtrace for more info)
[INFO] [stdout] 
[INFO] [stdout] 
[INFO] [stdout] error[E0433]: cannot find `pliron` in the list of imported crates
[INFO] [stdout]    --> tests/format_op.rs:413:1
[INFO] [stdout]     |
[INFO] [stdout] 413 | #[verify_succ]
[INFO] [stdout]     | ^^^^^^^^^^^^^^ could not find `pliron` in the list of imported crates
[INFO] [stdout]     |
[INFO] [stdout]     = note: this error originates in the attribute macro `verify_succ` (in Nightly builds, run with -Z macro-backtrace for more info)
[INFO] [stdout] 
[INFO] [stdout] 
[INFO] [stdout] error[E0433]: cannot find module or crate `pliron` in this scope
[INFO] [stdout]    --> tests/format_op.rs:474:1
[INFO] [stdout]     |
[INFO] [stdout] 474 | / #[format_op(
[INFO] [stdout] 475 | |     "attr($attr, `pliron::builtin::attributes::StringAttr`, label($name)) ` ` \
[INFO] [stdout] 476 | |     opt_attr($opt_attr, `pliron::builtin::attributes::IntegerAttr`, label($value)) `:` type($0)"
[INFO] [stdout] 477 | | )]
[INFO] [stdout]     | |__^ use of unresolved module or unlinked crate `pliron`
[INFO] [stdout]     |
[INFO] [stdout]     = help: if you wanted to use a crate named `pliron`, use `cargo add pliron` to add it to your `Cargo.toml`
[INFO] [stdout]     = note: this error originates in the attribute macro `format_op` (in Nightly builds, run with -Z macro-backtrace for more info)
[INFO] [stdout] 
[INFO] [stdout] 
[INFO] [stdout] error[E0433]: cannot find `pliron` in the list of imported crates
[INFO] [stdout]    --> tests/format_op.rs:479:1
[INFO] [stdout]     |
[INFO] [stdout] 479 | #[verify_succ]
[INFO] [stdout]     | ^^^^^^^^^^^^^^ could not find `pliron` in the list of imported crates
[INFO] [stdout]     |
[INFO] [stdout]     = note: this error originates in the attribute macro `verify_succ` (in Nightly builds, run with -Z macro-backtrace for more info)
[INFO] [stdout] 
[INFO] [stdout] 
[INFO] [stdout] error[E0433]: cannot find module or crate `pliron` in this scope
[INFO] [stdout]    --> tests/format_op.rs:540:1
[INFO] [stdout]     |
[INFO] [stdout] 540 | / #[format_op(
[INFO] [stdout] 541 | |     "attr($attr, `pliron::builtin::attributes::StringAttr`, label($name), delimiters(`<`, `>`)) ` ` \
[INFO] [stdout] 542 | |     opt_attr($opt_attr, `pliron::builtin::attributes::IntegerAttr`, label($value), delimiters(`<<`, `>>`)) `:` type($0)"
[INFO] [stdout] 543 | | )]
[INFO] [stdout]     | |__^ use of unresolved module or unlinked crate `pliron`
[INFO] [stdout]     |
[INFO] [stdout]     = help: if you wanted to use a crate named `pliron`, use `cargo add pliron` to add it to your `Cargo.toml`
[INFO] [stdout]     = note: this error originates in the attribute macro `format_op` (in Nightly builds, run with -Z macro-backtrace for more info)
[INFO] [stdout] 
[INFO] [stdout] 
[INFO] [stdout] error[E0433]: cannot find `pliron` in the list of imported crates
[INFO] [stdout]    --> tests/format_op.rs:545:1
[INFO] [stdout]     |
[INFO] [stdout] 545 | #[verify_succ]
[INFO] [stdout]     | ^^^^^^^^^^^^^^ could not find `pliron` in the list of imported crates
[INFO] [stdout]     |
[INFO] [stdout]     = note: this error originates in the attribute macro `verify_succ` (in Nightly builds, run with -Z macro-backtrace for more info)
[INFO] [stdout] 
[INFO] [stdout] 
[INFO] [stdout] error[E0433]: cannot find module or crate `pliron` in this scope
[INFO] [stdout]    --> tests/format_op.rs:606:1
[INFO] [stdout]     |
[INFO] [stdout] 606 | / #[format_op(
[INFO] [stdout] 607 | |     "attr($attr, `pliron::builtin::attributes::StringAttr`, delimiters(`<`, `>`)) ` ` \
[INFO] [stdout] 608 | |     opt_attr($opt_attr, `pliron::builtin::attributes::IntegerAttr`, delimiters(`[[`, `]]`)) `:` type($0)"
[INFO] [stdout] 609 | | )]
[INFO] [stdout]     | |__^ use of unresolved module or unlinked crate `pliron`
[INFO] [stdout]     |
[INFO] [stdout]     = help: if you wanted to use a crate named `pliron`, use `cargo add pliron` to add it to your `Cargo.toml`
[INFO] [stdout]     = note: this error originates in the attribute macro `format_op` (in Nightly builds, run with -Z macro-backtrace for more info)
[INFO] [stdout] 
[INFO] [stdout] 
[INFO] [stdout] error[E0433]: cannot find `pliron` in the list of imported crates
[INFO] [stdout]    --> tests/format_op.rs:611:1
[INFO] [stdout]     |
[INFO] [stdout] 611 | #[verify_succ]
[INFO] [stdout]     | ^^^^^^^^^^^^^^ could not find `pliron` in the list of imported crates
[INFO] [stdout]     |
[INFO] [stdout]     = note: this error originates in the attribute macro `verify_succ` (in Nightly builds, run with -Z macro-backtrace for more info)
[INFO] [stdout] 
[INFO] [stdout] 
[INFO] [stdout] error[E0433]: cannot find `pliron` in the list of imported crates
[INFO] [stdout]    --> tests/format_op.rs:674:1
[INFO] [stdout]     |
[INFO] [stdout] 674 | #[verify_succ]
[INFO] [stdout]     | ^^^^^^^^^^^^^^ could not find `pliron` in the list of imported crates
[INFO] [stdout]     |
[INFO] [stdout]     = note: this error originates in the attribute macro `verify_succ` (in Nightly builds, run with -Z macro-backtrace for more info)
[INFO] [stdout] 
[INFO] [stdout] 
[INFO] [stdout] error[E0433]: cannot find `pliron` in the list of imported crates
[INFO] [stdout]    --> tests/format_op.rs:711:1
[INFO] [stdout]     |
[INFO] [stdout] 711 | #[verify_succ]
[INFO] [stdout]     | ^^^^^^^^^^^^^^ could not find `pliron` in the list of imported crates
[INFO] [stdout]     |
[INFO] [stdout]     = note: this error originates in the attribute macro `verify_succ` (in Nightly builds, run with -Z macro-backtrace for more info)
[INFO] [stdout] 
[INFO] [stdout] 
[INFO] [stdout] error[E0433]: cannot find `pliron` in the list of imported crates
[INFO] [stdout]    --> tests/format_op.rs:763:1
[INFO] [stdout]     |
[INFO] [stdout] 763 | #[verify_succ]
[INFO] [stdout]     | ^^^^^^^^^^^^^^ could not find `pliron` in the list of imported crates
[INFO] [stdout]     |
[INFO] [stdout]     = note: this error originates in the attribute macro `verify_succ` (in Nightly builds, run with -Z macro-backtrace for more info)
[INFO] [stdout] 
[INFO] [stdout] 
[INFO] [stdout] error[E0433]: cannot find `pliron` in the list of imported crates
[INFO] [stdout]    --> tests/format_op.rs:827:1
[INFO] [stdout]     |
[INFO] [stdout] 827 | #[verify_succ]
[INFO] [stdout]     | ^^^^^^^^^^^^^^ could not find `pliron` in the list of imported crates
[INFO] [stdout]     |
[INFO] [stdout]     = note: this error originates in the attribute macro `verify_succ` (in Nightly builds, run with -Z macro-backtrace for more info)
[INFO] [stdout] 
[INFO] [stdout] 
[INFO] [stdout] error[E0433]: cannot find `pliron` in the list of imported crates
[INFO] [stdout]    --> tests/format_op.rs:871:1
[INFO] [stdout]     |
[INFO] [stdout] 871 | #[verify_succ]
[INFO] [stdout]     | ^^^^^^^^^^^^^^ could not find `pliron` in the list of imported crates
[INFO] [stdout]     |
[INFO] [stdout]     = note: this error originates in the attribute macro `verify_succ` (in Nightly builds, run with -Z macro-backtrace for more info)
[INFO] [stdout] 
[INFO] [stdout] 
[INFO] [stdout] error[E0433]: cannot find `pliron` in the list of imported crates
[INFO] [stdout]    --> tests/format_op.rs:921:1
[INFO] [stdout]     |
[INFO] [stdout] 921 | #[verify_succ]
[INFO] [stdout]     | ^^^^^^^^^^^^^^ could not find `pliron` in the list of imported crates
[INFO] [stdout]     |
[INFO] [stdout]     = note: this error originates in the attribute macro `verify_succ` (in Nightly builds, run with -Z macro-backtrace for more info)
[INFO] [stdout] 
[INFO] [stdout] 
[INFO] [stdout] error[E0433]: cannot find `pliron` in the list of imported crates
[INFO] [stdout]    --> tests/format_op.rs:987:1
[INFO] [stdout]     |
[INFO] [stdout] 987 | #[verify_succ]
[INFO] [stdout]     | ^^^^^^^^^^^^^^ could not find `pliron` in the list of imported crates
[INFO] [stdout]     |
[INFO] [stdout]     = note: this error originates in the attribute macro `verify_succ` (in Nightly builds, run with -Z macro-backtrace for more info)
[INFO] [stdout] 
[INFO] [stdout] 
[INFO] [stdout] error[E0433]: cannot find `pliron` in the list of imported crates
[INFO] [stdout]     --> tests/format_op.rs:1029:1
[INFO] [stdout]      |
[INFO] [stdout] 1029 | #[verify_succ]
[INFO] [stdout]      | ^^^^^^^^^^^^^^ could not find `pliron` in the list of imported crates
[INFO] [stdout]      |
[INFO] [stdout]      = note: this error originates in the attribute macro `verify_succ` (in Nightly builds, run with -Z macro-backtrace for more info)
[INFO] [stdout] 
[INFO] [stdout] 
[INFO] [stdout] error[E0433]: cannot find `pliron` in the list of imported crates
[INFO] [stdout]     --> tests/format_op.rs:1061:1
[INFO] [stdout]      |
[INFO] [stdout] 1061 | #[verify_succ]
[INFO] [stdout]      | ^^^^^^^^^^^^^^ could not find `pliron` in the list of imported crates
[INFO] [stdout]      |
[INFO] [stdout]      = note: this error originates in the attribute macro `verify_succ` (in Nightly builds, run with -Z macro-backtrace for more info)
[INFO] [stdout] 
[INFO] [stdout] 
[INFO] [stdout] error[E0433]: cannot find `pliron` in the list of imported crates
[INFO] [stdout]     --> tests/format_op.rs:1095:1
[INFO] [stdout]      |
[INFO] [stdout] 1095 | #[verify_succ]
[INFO] [stdout]      | ^^^^^^^^^^^^^^ could not find `pliron` in the list of imported crates
[INFO] [stdout]      |
[INFO] [stdout]      = note: this error originates in the attribute macro `verify_succ` (in Nightly builds, run with -Z macro-backtrace for more info)
[INFO] [stdout] 
[INFO] [stdout] 
[INFO] [stdout] error[E0433]: cannot find `pliron` in the list of imported crates
[INFO] [stdout]     --> tests/format_op.rs:1149:1
[INFO] [stdout]      |
[INFO] [stdout] 1149 | #[verify_succ]
[INFO] [stdout]      | ^^^^^^^^^^^^^^ could not find `pliron` in the list of imported crates
[INFO] [stdout]      |
[INFO] [stdout]      = note: this error originates in the attribute macro `verify_succ` (in Nightly builds, run with -Z macro-backtrace for more info)
[INFO] [stdout] 
[INFO] [stdout] 
[INFO] [stdout] error[E0433]: cannot find module or crate `pliron` in this scope
[INFO] [stdout]     --> tests/format_op.rs:1152:1
[INFO] [stdout]      |
[INFO] [stdout] 1152 | #[format_op("attr($outlined, `pliron::builtin::attributes::GivenNamesAttr`)")]
[INFO] [stdout]      | ^^^^^^^^^^^^^^^^^^^^^^^^^^^^^^^^^^^^^^^^^^^^^^^^^^^^^^^^^^^^^^^^^^^^^^^^^^^^^^ use of unresolved module or unlinked crate `pliron`
[INFO] [stdout]      |
[INFO] [stdout]      = help: if you wanted to use a crate named `pliron`, use `cargo add pliron` to add it to your `Cargo.toml`
[INFO] [stdout]      = note: this error originates in the attribute macro `format_op` (in Nightly builds, run with -Z macro-backtrace for more info)
[INFO] [stdout] 
[INFO] [stdout] 
[INFO] [stdout] error[E0433]: cannot find `pliron` in the list of imported crates
[INFO] [stdout]     --> tests/format_op.rs:1154:1
[INFO] [stdout]      |
[INFO] [stdout] 1154 | #[verify_succ]
[INFO] [stdout]      | ^^^^^^^^^^^^^^ could not find `pliron` in the list of imported crates
[INFO] [stdout]      |
[INFO] [stdout]      = note: this error originates in the attribute macro `verify_succ` (in Nightly builds, run with -Z macro-backtrace for more info)
[INFO] [stdout] 
[INFO] [stdout] 
[INFO] [stdout] error[E0433]: cannot find module or crate `pliron` in this scope
[INFO] [stdout]     --> tests/format_op.rs:1157:1
[INFO] [stdout]      |
[INFO] [stdout] 1157 | #[format_op("opt_attr($outlined, `pliron::builtin::attributes::GivenNamesAttr`)")]
[INFO] [stdout]      | ^^^^^^^^^^^^^^^^^^^^^^^^^^^^^^^^^^^^^^^^^^^^^^^^^^^^^^^^^^^^^^^^^^^^^^^^^^^^^^^^^^ use of unresolved module or unlinked crate `pliron`
[INFO] [stdout]      |
[INFO] [stdout]      = help: if you wanted to use a crate named `pliron`, use `cargo add pliron` to add it to your `Cargo.toml`
[INFO] [stdout]      = note: this error originates in the attribute macro `format_op` (in Nightly builds, run with -Z macro-backtrace for more info)
[INFO] [stdout] 
[INFO] [stdout] 
[INFO] [stdout] error[E0433]: cannot find `pliron` in the list of imported crates
[INFO] [stdout]     --> tests/format_op.rs:1159:1
[INFO] [stdout]      |
[INFO] [stdout] 1159 | #[verify_succ]
[INFO] [stdout]      | ^^^^^^^^^^^^^^ could not find `pliron` in the list of imported crates
[INFO] [stdout]      |
[INFO] [stdout]      = note: this error originates in the attribute macro `verify_succ` (in Nightly builds, run with -Z macro-backtrace for more info)
[INFO] [stdout] 
[INFO] [stdout] 
[INFO] [stdout] error[E0433]: cannot find `pliron` in the list of imported crates
[INFO] [stdout]     --> tests/format_op.rs:1164:1
[INFO] [stdout]      |
[INFO] [stdout] 1164 | #[verify_succ]
[INFO] [stdout]      | ^^^^^^^^^^^^^^ could not find `pliron` in the list of imported crates
[INFO] [stdout]      |
[INFO] [stdout]      = note: this error originates in the attribute macro `verify_succ` (in Nightly builds, run with -Z macro-backtrace for more info)
[INFO] [stdout] 
[INFO] [stdout] 
[INFO] [stdout] error[E0433]: cannot find `pliron` in the list of imported crates
[INFO] [stdout]  --> tests/common/mod.rs:8:1
[INFO] [stdout]   |
[INFO] [stdout] 8 | #[format_op("$0")]
[INFO] [stdout]   | ^^^^^^^^^^^^^^^^^^ could not find `pliron` in the list of imported crates
[INFO] [stdout]   |
[INFO] [stdout]   = note: this error originates in the attribute macro `format_op` (in Nightly builds, run with -Z macro-backtrace for more info)
[INFO] [stdout] help: consider importing this module
[INFO] [stdout]   |
[INFO] [stdout] 4 + use std::vec;
[INFO] [stdout]   |
[INFO] [stdout] 
[INFO] [stdout] 
[INFO] [stdout] error[E0433]: cannot find `pliron` in the list of imported crates
[INFO] [stdout]   --> tests/common/mod.rs:10:1
[INFO] [stdout]    |
[INFO] [stdout] 10 | #[verify_succ]
[INFO] [stdout]    | ^^^^^^^^^^^^^^ could not find `pliron` in the list of imported crates
[INFO] [stdout]    |
[INFO] [stdout]    = note: this error originates in the attribute macro `verify_succ` (in Nightly builds, run with -Z macro-backtrace for more info)
[INFO] [stdout] help: consider importing this module
[INFO] [stdout]    |
[INFO] [stdout]  4 + use std::result;
[INFO] [stdout]    |
[INFO] [stdout] 
[INFO] [stdout] 
[INFO] [stdout] error[E0433]: cannot find `pliron` in the list of imported crates
[INFO] [stdout]  --> tests/common/mod.rs:7:1
[INFO] [stdout]   |
[INFO] [stdout] 7 | #[def_op("test.return")]
[INFO] [stdout]   | ^^^^^^^^^^^^^^^^^^^^^^^^ could not find `pliron` in the list of imported crates
[INFO] [stdout]   |
[INFO] [stdout]   = note: this error originates in the attribute macro `def_op` (in Nightly builds, run with -Z macro-backtrace for more info)
[INFO] [stdout] help: consider importing this module
[INFO] [stdout]   |
[INFO] [stdout] 4 + use std::result;
[INFO] [stdout]   |
[INFO] [stdout] 
[INFO] [stdout] 
[INFO] [stdout] error[E0433]: cannot find `pliron` in the list of imported crates
[INFO] [stdout]   --> tests/format_op.rs:27:1
[INFO] [stdout]    |
[INFO] [stdout] 27 | #[format_op("")]
[INFO] [stdout]    | ^^^^^^^^^^^^^^^^ could not find `pliron` in the list of imported crates
[INFO] [stdout]    |
[INFO] [stdout]    = note: this error originates in the attribute macro `format_op` (in Nightly builds, run with -Z macro-backtrace for more info)
[INFO] [stdout] help: consider importing this module
[INFO] [stdout]    |
[INFO] [stdout]  6 + use std::vec;
[INFO] [stdout]    |
[INFO] [stdout] 
[INFO] [stdout] 
[INFO] [stdout] error[E0433]: cannot find `pliron` in the list of imported crates
[INFO] [stdout]   --> tests/format_op.rs:30:1
[INFO] [stdout]    |
[INFO] [stdout] 30 | #[verify_succ]
[INFO] [stdout]    | ^^^^^^^^^^^^^^ could not find `pliron` in the list of imported crates
[INFO] [stdout]    |
[INFO] [stdout]    = note: this error originates in the attribute macro `verify_succ` (in Nightly builds, run with -Z macro-backtrace for more info)
[INFO] [stdout] help: consider importing this module
[INFO] [stdout]    |
[INFO] [stdout]  6 + use std::result;
[INFO] [stdout]    |
[INFO] [stdout] 
[INFO] [stdout] 
[INFO] [stdout] error[E0433]: cannot find `pliron` in the list of imported crates
[INFO] [stdout]   --> tests/format_op.rs:28:1
[INFO] [stdout]    |
[INFO] [stdout] 28 | #[def_op("test.zero_results_zero_operands")]
[INFO] [stdout]    | ^^^^^^^^^^^^^^^^^^^^^^^^^^^^^^^^^^^^^^^^^^^^ could not find `pliron` in the list of imported crates
[INFO] [stdout]    |
[INFO] [stdout]    = note: this error originates in the attribute macro `def_op` (in Nightly builds, run with -Z macro-backtrace for more info)
[INFO] [stdout] help: consider importing this module
[INFO] [stdout]    |
[INFO] [stdout]  6 + use std::result;
[INFO] [stdout]    |
[INFO] [stdout] 
[INFO] [stdout] 
[INFO] [stdout] error[E0433]: cannot find `pliron` in the list of imported crates
[INFO] [stdout]   --> tests/format_op.rs:60:1
[INFO] [stdout]    |
[INFO] [stdout] 60 | #[format_op("`: ` type($0)")]
[INFO] [stdout]    | ^^^^^^^^^^^^^^^^^^^^^^^^^^^^^ could not find `pliron` in the list of imported crates
[INFO] [stdout]    |
[INFO] [stdout]    = note: this error originates in the attribute macro `format_op` (in Nightly builds, run with -Z macro-backtrace for more info)
[INFO] [stdout] help: consider importing this module
[INFO] [stdout]    |
[INFO] [stdout]  6 + use std::vec;
[INFO] [stdout]    |
[INFO] [stdout] 
[INFO] [stdout] 
[INFO] [stdout] error[E0433]: cannot find `pliron` in the list of imported crates
[INFO] [stdout]   --> tests/format_op.rs:63:1
[INFO] [stdout]    |
[INFO] [stdout] 63 | #[verify_succ]
[INFO] [stdout]    | ^^^^^^^^^^^^^^ could not find `pliron` in the list of imported crates
[INFO] [stdout]    |
[INFO] [stdout]    = note: this error originates in the attribute macro `verify_succ` (in Nightly builds, run with -Z macro-backtrace for more info)
[INFO] [stdout] help: consider importing this module
[INFO] [stdout]    |
[INFO] [stdout]  6 + use std::result;
[INFO] [stdout]    |
[INFO] [stdout] 
[INFO] [stdout] 
[INFO] [stdout] error[E0433]: cannot find `pliron` in the list of imported crates
[INFO] [stdout]   --> tests/format_op.rs:61:1
[INFO] [stdout]    |
[INFO] [stdout] 61 | #[def_op("test.one_result_zero_operands")]
[INFO] [stdout]    | ^^^^^^^^^^^^^^^^^^^^^^^^^^^^^^^^^^^^^^^^^^ could not find `pliron` in the list of imported crates
[INFO] [stdout]    |
[INFO] [stdout]    = note: this error originates in the attribute macro `def_op` (in Nightly builds, run with -Z macro-backtrace for more info)
[INFO] [stdout] help: consider importing this module
[INFO] [stdout]    |
[INFO] [stdout]  6 + use std::result;
[INFO] [stdout]    |
[INFO] [stdout] 
[INFO] [stdout] 
[INFO] [stdout] error[E0433]: cannot find `pliron` in the list of imported crates
[INFO] [stdout]   --> tests/format_op.rs:97:1
[INFO] [stdout]    |
[INFO] [stdout] 97 | #[format_op]
[INFO] [stdout]    | ^^^^^^^^^^^^ could not find `pliron` in the list of imported crates
[INFO] [stdout]    |
[INFO] [stdout]    = note: this error originates in the attribute macro `format_op` (in Nightly builds, run with -Z macro-backtrace for more info)
[INFO] [stdout] help: consider importing this module
[INFO] [stdout]    |
[INFO] [stdout]  6 + use std::vec;
[INFO] [stdout]    |
[INFO] [stdout] 
[INFO] [stdout] 
[INFO] [stdout] error[E0433]: cannot find `pliron` in the list of imported crates
[INFO] [stdout]    --> tests/format_op.rs:100:1
[INFO] [stdout]     |
[INFO] [stdout] 100 | #[verify_succ]
[INFO] [stdout]     | ^^^^^^^^^^^^^^ could not find `pliron` in the list of imported crates
[INFO] [stdout]     |
[INFO] [stdout]     = note: this error originates in the attribute macro `verify_succ` (in Nightly builds, run with -Z macro-backtrace for more info)
[INFO] [stdout] help: consider importing this module
[INFO] [stdout]     |
[INFO] [stdout]   6 + use std::result;
[INFO] [stdout]     |
[INFO] [stdout] 
[INFO] [stdout] 
[INFO] [stdout] error[E0433]: cannot find `pliron` in the list of imported crates
[INFO] [stdout]   --> tests/format_op.rs:98:1
[INFO] [stdout]    |
[INFO] [stdout] 98 | #[def_op("test.one_result_zero_operands_canonical")]
[INFO] [stdout]    | ^^^^^^^^^^^^^^^^^^^^^^^^^^^^^^^^^^^^^^^^^^^^^^^^^^^^ could not find `pliron` in the list of imported crates
[INFO] [stdout]    |
[INFO] [stdout]    = note: this error originates in the attribute macro `def_op` (in Nightly builds, run with -Z macro-backtrace for more info)
[INFO] [stdout] help: consider importing this module
[INFO] [stdout]    |
[INFO] [stdout]  6 + use std::result;
[INFO] [stdout]    |
[INFO] [stdout] 
[INFO] [stdout] 
[INFO] [stdout] error[E0433]: cannot find `pliron` in the list of imported crates
[INFO] [stdout]    --> tests/format_op.rs:134:1
[INFO] [stdout]     |
[INFO] [stdout] 134 | #[format_op("$0 `:` type($0)")]
[INFO] [stdout]     | ^^^^^^^^^^^^^^^^^^^^^^^^^^^^^^^ could not find `pliron` in the list of imported crates
[INFO] [stdout]     |
[INFO] [stdout]     = note: this error originates in the attribute macro `format_op` (in Nightly builds, run with -Z macro-backtrace for more info)
[INFO] [stdout] help: consider importing this module
[INFO] [stdout]     |
[INFO] [stdout]   6 + use std::vec;
[INFO] [stdout]     |
[INFO] [stdout] 
[INFO] [stdout] 
[INFO] [stdout] error[E0433]: cannot find `pliron` in the list of imported crates
[INFO] [stdout]    --> tests/format_op.rs:137:1
[INFO] [stdout]     |
[INFO] [stdout] 137 | #[verify_succ]
[INFO] [stdout]     | ^^^^^^^^^^^^^^ could not find `pliron` in the list of imported crates
[INFO] [stdout]     |
[INFO] [stdout]     = note: this error originates in the attribute macro `verify_succ` (in Nightly builds, run with -Z macro-backtrace for more info)
[INFO] [stdout] help: consider importing this module
[INFO] [stdout]     |
[INFO] [stdout]   6 + use std::result;
[INFO] [stdout]     |
[INFO] [stdout] 
[INFO] [stdout] 
[INFO] [stdout] error[E0433]: cannot find `pliron` in the list of imported crates
[INFO] [stdout]    --> tests/format_op.rs:135:1
[INFO] [stdout]     |
[INFO] [stdout] 135 | #[def_op("test.one_result_one_operand")]
[INFO] [stdout]     | ^^^^^^^^^^^^^^^^^^^^^^^^^^^^^^^^^^^^^^^^ could not find `pliron` in the list of imported crates
[INFO] [stdout]     |
[INFO] [stdout]     = note: this error originates in the attribute macro `def_op` (in Nightly builds, run with -Z macro-backtrace for more info)
[INFO] [stdout] help: consider importing this module
[INFO] [stdout]     |
[INFO] [stdout]   6 + use std::result;
[INFO] [stdout]     |
[INFO] [stdout] 
[INFO] [stdout] 
[INFO] [stdout] error[E0433]: cannot find `pliron` in the list of imported crates
[INFO] [stdout]    --> tests/format_op.rs:174:1
[INFO] [stdout]     |
[INFO] [stdout] 174 | #[format_op("$0 `,` $1 `:` `(` type($0) `,` type($1) `)`")]
[INFO] [stdout]     | ^^^^^^^^^^^^^^^^^^^^^^^^^^^^^^^^^^^^^^^^^^^^^^^^^^^^^^^^^^^ could not find `pliron` in the list of imported crates
[INFO] [stdout]     |
[INFO] [stdout]     = note: this error originates in the attribute macro `format_op` (in Nightly builds, run with -Z macro-backtrace for more info)
[INFO] [stdout] help: consider importing this module
[INFO] [stdout]     |
[INFO] [stdout]   6 + use std::vec;
[INFO] [stdout]     |
[INFO] [stdout] 
[INFO] [stdout] 
[INFO] [stdout] error[E0433]: cannot find `pliron` in the list of imported crates
[INFO] [stdout]    --> tests/format_op.rs:176:1
[INFO] [stdout]     |
[INFO] [stdout] 176 | #[verify_succ]
[INFO] [stdout]     | ^^^^^^^^^^^^^^ could not find `pliron` in the list of imported crates
[INFO] [stdout]     |
[INFO] [stdout]     = note: this error originates in the attribute macro `verify_succ` (in Nightly builds, run with -Z macro-backtrace for more info)
[INFO] [stdout] help: consider importing this module
[INFO] [stdout]     |
[INFO] [stdout]   6 + use std::result;
[INFO] [stdout]     |
[INFO] [stdout] 
[INFO] [stdout] 
[INFO] [stdout] error[E0433]: cannot find `pliron` in the list of imported crates
[INFO] [stdout]    --> tests/format_op.rs:175:1
[INFO] [stdout]     |
[INFO] [stdout] 175 | #[def_op("test.two_results_two_operands")]
[INFO] [stdout]     | ^^^^^^^^^^^^^^^^^^^^^^^^^^^^^^^^^^^^^^^^^^ could not find `pliron` in the list of imported crates
[INFO] [stdout]     |
[INFO] [stdout]     = note: this error originates in the attribute macro `def_op` (in Nightly builds, run with -Z macro-backtrace for more info)
[INFO] [stdout] help: consider importing this module
[INFO] [stdout]     |
[INFO] [stdout]   6 + use std::result;
[INFO] [stdout]     |
[INFO] [stdout] 
[INFO] [stdout] 
[INFO] [stdout] error[E0433]: cannot find `pliron` in the list of imported crates
[INFO] [stdout]    --> tests/format_op.rs:213:1
[INFO] [stdout]     |
[INFO] [stdout] 213 | #[format_op("$0 `: ` `(` types(CharSpace(`,`)) `)`")]
[INFO] [stdout]     | ^^^^^^^^^^^^^^^^^^^^^^^^^^^^^^^^^^^^^^^^^^^^^^^^^^^^^ could not find `pliron` in the list of imported crates
[INFO] [stdout]     |
[INFO] [stdout]     = note: this error originates in the attribute macro `format_op` (in Nightly builds, run with -Z macro-backtrace for more info)
[INFO] [stdout] help: consider importing this module
[INFO] [stdout]     |
[INFO] [stdout]   6 + use std::vec;
[INFO] [stdout]     |
[INFO] [stdout] 
[INFO] [stdout] 
[INFO] [stdout] error[E0433]: cannot find `pliron` in the list of imported crates
[INFO] [stdout]    --> tests/format_op.rs:215:1
[INFO] [stdout]     |
[INFO] [stdout] 215 | #[verify_succ]
[INFO] [stdout]     | ^^^^^^^^^^^^^^ could not find `pliron` in the list of imported crates
[INFO] [stdout]     |
[INFO] [stdout]     = note: this error originates in the attribute macro `verify_succ` (in Nightly builds, run with -Z macro-backtrace for more info)
[INFO] [stdout] help: consider importing this module
[INFO] [stdout]     |
[INFO] [stdout]   6 + use std::result;
[INFO] [stdout]     |
[INFO] [stdout] 
[INFO] [stdout] 
[INFO] [stdout] error[E0433]: cannot find `pliron` in the list of imported crates
[INFO] [stdout]    --> tests/format_op.rs:214:1
[INFO] [stdout]     |
[INFO] [stdout] 214 | #[def_op("test.two_results_one_operand")]
[INFO] [stdout]     | ^^^^^^^^^^^^^^^^^^^^^^^^^^^^^^^^^^^^^^^^^ could not find `pliron` in the list of imported crates
[INFO] [stdout]     |
[INFO] [stdout]     = note: this error originates in the attribute macro `def_op` (in Nightly builds, run with -Z macro-backtrace for more info)
[INFO] [stdout] help: consider importing this module
[INFO] [stdout]     |
[INFO] [stdout]   6 + use std::result;
[INFO] [stdout]     |
[INFO] [stdout] 
[INFO] [stdout] 
[INFO] [stdout] error[E0433]: cannot find `pliron` in the list of imported crates
[INFO] [stdout]    --> tests/format_op.rs:252:1
[INFO] [stdout]     |
[INFO] [stdout] 252 | #[format_op("$0 `, ` $1 `: (` opdtypes(CharSpace(`,`)) `) -> (` types(CharSpace(`,`)) `)`")]
[INFO] [stdout]     | ^^^^^^^^^^^^^^^^^^^^^^^^^^^^^^^^^^^^^^^^^^^^^^^^^^^^^^^^^^^^^^^^^^^^^^^^^^^^^^^^^^^^^^^^^^^^ could not find `pliron` in the list of imported crates
[INFO] [stdout]     |
[INFO] [stdout]     = note: this error originates in the attribute macro `format_op` (in Nightly builds, run with -Z macro-backtrace for more info)
[INFO] [stdout] help: consider importing this module
[INFO] [stdout]     |
[INFO] [stdout]   6 + use std::vec;
[INFO] [stdout]     |
[INFO] [stdout] 
[INFO] [stdout] 
[INFO] [stdout] error[E0433]: cannot find `pliron` in the list of imported crates
[INFO] [stdout]    --> tests/format_op.rs:254:1
[INFO] [stdout]     |
[INFO] [stdout] 254 | #[verify_succ]
[INFO] [stdout]     | ^^^^^^^^^^^^^^ could not find `pliron` in the list of imported crates
[INFO] [stdout]     |
[INFO] [stdout]     = note: this error originates in the attribute macro `verify_succ` (in Nightly builds, run with -Z macro-backtrace for more info)
[INFO] [stdout] help: consider importing this module
[INFO] [stdout]     |
[INFO] [stdout]   6 + use std::result;
[INFO] [stdout]     |
[INFO] [stdout] 
[INFO] [stdout] 
[INFO] [stdout] error[E0433]: cannot find `pliron` in the list of imported crates
[INFO] [stdout]    --> tests/format_op.rs:253:1
[INFO] [stdout]     |
[INFO] [stdout] 253 | #[def_op("test.one_result_two_operands")]
[INFO] [stdout]     | ^^^^^^^^^^^^^^^^^^^^^^^^^^^^^^^^^^^^^^^^^ could not find `pliron` in the list of imported crates
[INFO] [stdout]     |
[INFO] [stdout]     = note: this error originates in the attribute macro `def_op` (in Nightly builds, run with -Z macro-backtrace for more info)
[INFO] [stdout] help: consider importing this module
[INFO] [stdout]     |
[INFO] [stdout]   6 + use std::result;
[INFO] [stdout]     |
[INFO] [stdout] 
[INFO] [stdout] 
[INFO] [stdout] error[E0433]: cannot find `pliron` in the list of imported crates
[INFO] [stdout]    --> tests/format_op.rs:291:1
[INFO] [stdout]     |
[INFO] [stdout] 291 | #[format_op("$0 ` : ` typesig")]
[INFO] [stdout]     | ^^^^^^^^^^^^^^^^^^^^^^^^^^^^^^^^ could not find `pliron` in the list of imported crates
[INFO] [stdout]     |
[INFO] [stdout]     = note: this error originates in the attribute macro `format_op` (in Nightly builds, run with -Z macro-backtrace for more info)
[INFO] [stdout] help: consider importing this module
[INFO] [stdout]     |
[INFO] [stdout]   6 + use std::vec;
[INFO] [stdout]     |
[INFO] [stdout] 
[INFO] [stdout] 
[INFO] [stdout] error[E0433]: cannot find `pliron` in the list of imported crates
[INFO] [stdout]    --> tests/format_op.rs:294:1
[INFO] [stdout]     |
[INFO] [stdout] 294 | #[verify_succ]
[INFO] [stdout]     | ^^^^^^^^^^^^^^ could not find `pliron` in the list of imported crates
[INFO] [stdout]     |
[INFO] [stdout]     = note: this error originates in the attribute macro `verify_succ` (in Nightly builds, run with -Z macro-backtrace for more info)
[INFO] [stdout] help: consider importing this module
[INFO] [stdout]     |
[INFO] [stdout]   6 + use std::result;
[INFO] [stdout]     |
[INFO] [stdout] 
[INFO] [stdout] 
[INFO] [stdout] error[E0433]: cannot find `pliron` in the list of imported crates
[INFO] [stdout]    --> tests/format_op.rs:292:1
[INFO] [stdout]     |
[INFO] [stdout] 292 | #[def_op("test.one_result_one_operand_typesig")]
[INFO] [stdout]     | ^^^^^^^^^^^^^^^^^^^^^^^^^^^^^^^^^^^^^^^^^^^^^^^^ could not find `pliron` in the list of imported crates
[INFO] [stdout]     |
[INFO] [stdout]     = note: this error originates in the attribute macro `def_op` (in Nightly builds, run with -Z macro-backtrace for more info)
[INFO] [stdout] help: consider importing this module
[INFO] [stdout]     |
[INFO] [stdout]   6 + use std::result;
[INFO] [stdout]     |
[INFO] [stdout] 
[INFO] [stdout] 
[INFO] [stdout] error[E0433]: cannot find `pliron` in the list of imported crates
[INFO] [stdout]    --> tests/format_op.rs:331:1
[INFO] [stdout]     |
[INFO] [stdout] 331 | #[format_op("$0 ` : (` opdtype($0) `)`")]
[INFO] [stdout]     | ^^^^^^^^^^^^^^^^^^^^^^^^^^^^^^^^^^^^^^^^^ could not find `pliron` in the list of imported crates
[INFO] [stdout]     |
[INFO] [stdout]     = note: this error originates in the attribute macro `format_op` (in Nightly builds, run with -Z macro-backtrace for more info)
[INFO] [stdout] help: consider importing this module
[INFO] [stdout]     |
[INFO] [stdout]   6 + use std::vec;
[INFO] [stdout]     |
[INFO] [stdout] 
[INFO] [stdout] 
[INFO] [stdout] error[E0433]: cannot find `pliron` in the list of imported crates
[INFO] [stdout]    --> tests/format_op.rs:333:1
[INFO] [stdout]     |
[INFO] [stdout] 333 | #[verify_succ]
[INFO] [stdout]     | ^^^^^^^^^^^^^^ could not find `pliron` in the list of imported crates
[INFO] [stdout]     |
[INFO] [stdout]     = note: this error originates in the attribute macro `verify_succ` (in Nightly builds, run with -Z macro-backtrace for more info)
[INFO] [stdout] help: consider importing this module
[INFO] [stdout]     |
[INFO] [stdout]   6 + use std::result;
[INFO] [stdout]     |
[INFO] [stdout] 
[INFO] [stdout] 
[INFO] [stdout] error[E0433]: cannot find `pliron` in the list of imported crates
[INFO] [stdout]    --> tests/format_op.rs:332:1
[INFO] [stdout]     |
[INFO] [stdout] 332 | #[def_op("test.zero_results_one_operand")]
[INFO] [stdout]     | ^^^^^^^^^^^^^^^^^^^^^^^^^^^^^^^^^^^^^^^^^^ could not find `pliron` in the list of imported crates
[INFO] [stdout]     |
[INFO] [stdout]     = note: this error originates in the attribute macro `def_op` (in Nightly builds, run with -Z macro-backtrace for more info)
[INFO] [stdout] help: consider importing this module
[INFO] [stdout]     |
[INFO] [stdout]   6 + use std::result;
[INFO] [stdout]     |
[INFO] [stdout] 
[INFO] [stdout] 
[INFO] [stdout] error[E0433]: cannot find `pliron` in the list of imported crates
[INFO] [stdout]    --> tests/format_op.rs:372:1
[INFO] [stdout]     |
[INFO] [stdout] 372 | #[format_op("attr($attr, $IntegerAttr) `:` type($0)")]
[INFO] [stdout]     | ^^^^^^^^^^^^^^^^^^^^^^^^^^^^^^^^^^^^^^^^^^^^^^^^^^^^^^ could not find `pliron` in the list of imported crates
[INFO] [stdout]     |
[INFO] [stdout]     = note: this error originates in the attribute macro `format_op` (in Nightly builds, run with -Z macro-backtrace for more info)
[INFO] [stdout] help: consider importing this module
[INFO] [stdout]     |
[INFO] [stdout]   6 + use std::vec;
[INFO] [stdout]     |
[INFO] [stdout] 
[INFO] [stdout] 
[INFO] [stdout] error[E0433]: cannot find `pliron` in the list of imported crates
[INFO] [stdout]    --> tests/format_op.rs:372:1
[INFO] [stdout]     |
[INFO] [stdout] 372 | #[format_op("attr($attr, $IntegerAttr) `:` type($0)")]
[INFO] [stdout]     | ^^^^^^^^^^^^^^^^^^^^^^^^^^^^^^^^^^^^^^^^^^^^^^^^^^^^^^ could not find `pliron` in the list of imported crates
[INFO] [stdout]     |
[INFO] [stdout]     = note: this error originates in the attribute macro `format_op` (in Nightly builds, run with -Z macro-backtrace for more info)
[INFO] [stdout] help: consider importing this struct
[INFO] [stdout]     |
[INFO] [stdout]   6 + use std::boxed::Box;
[INFO] [stdout]     |
[INFO] [stdout] 
[INFO] [stdout] 
[INFO] [stdout] error[E0433]: cannot find `pliron` in the list of imported crates
[INFO] [stdout]    --> tests/format_op.rs:374:1
[INFO] [stdout]     |
[INFO] [stdout] 374 | #[verify_succ]
[INFO] [stdout]     | ^^^^^^^^^^^^^^ could not find `pliron` in the list of imported crates
[INFO] [stdout]     |
[INFO] [stdout]     = note: this error originates in the attribute macro `verify_succ` (in Nightly builds, run with -Z macro-backtrace for more info)
[INFO] [stdout] help: consider importing this module
[INFO] [stdout]     |
[INFO] [stdout]   6 + use std::result;
[INFO] [stdout]     |
[INFO] [stdout] 
[INFO] [stdout] 
[INFO] [stdout] error[E0433]: cannot find `pliron` in the list of imported crates
[INFO] [stdout]    --> tests/format_op.rs:373:1
[INFO] [stdout]     |
[INFO] [stdout] 373 | #[def_op("test.attr_op")]
[INFO] [stdout]     | ^^^^^^^^^^^^^^^^^^^^^^^^^ could not find `pliron` in the list of imported crates
[INFO] [stdout]     |
[INFO] [stdout]     = note: this error originates in the attribute macro `def_op` (in Nightly builds, run with -Z macro-backtrace for more info)
[INFO] [stdout] help: consider importing this module
[INFO] [stdout]     |
[INFO] [stdout]   6 + use std::result;
[INFO] [stdout]     |
[INFO] [stdout] 
[INFO] [stdout] 
[INFO] [stdout] error[E0433]: cannot find `pliron` in the list of imported crates
[INFO] [stdout]    --> tests/format_op.rs:408:1
[INFO] [stdout]     |
[INFO] [stdout] 408 | / #[format_op(
[INFO] [stdout] 409 | |     "attr($attr, `pliron::builtin::attributes::StringAttr`) ` ` \
[INFO] [stdout] 410 | |     opt_attr($opt_attr, `pliron::builtin::attributes::IntegerAttr`) `:` type($0)"
[INFO] [stdout] 411 | | )]
[INFO] [stdout]     | |__^ could not find `pliron` in the list of imported crates
[INFO] [stdout]     |
[INFO] [stdout]     = note: this error originates in the attribute macro `format_op` (in Nightly builds, run with -Z macro-backtrace for more info)
[INFO] [stdout] help: consider importing this module
[INFO] [stdout]     |
[INFO] [stdout]   6 + use std::vec;
[INFO] [stdout]     |
[INFO] [stdout] 
[INFO] [stdout] 
[INFO] [stdout] error[E0433]: cannot find `pliron` in the list of imported crates
[INFO] [stdout]    --> tests/format_op.rs:408:1
[INFO] [stdout]     |
[INFO] [stdout] 408 | / #[format_op(
[INFO] [stdout] 409 | |     "attr($attr, `pliron::builtin::attributes::StringAttr`) ` ` \
[INFO] [stdout] 410 | |     opt_attr($opt_attr, `pliron::builtin::attributes::IntegerAttr`) `:` type($0)"
[INFO] [stdout] 411 | | )]
[INFO] [stdout]     | |__^ could not find `pliron` in the list of imported crates
[INFO] [stdout]     |
[INFO] [stdout]     = note: this error originates in the attribute macro `format_op` (in Nightly builds, run with -Z macro-backtrace for more info)
[INFO] [stdout] help: consider importing this struct
[INFO] [stdout]     |
[INFO] [stdout]   6 + use std::boxed::Box;
[INFO] [stdout]     |
[INFO] [stdout] 
[INFO] [stdout] 
[INFO] [stdout] error[E0433]: cannot find `pliron` in the list of imported crates
[INFO] [stdout]    --> tests/format_op.rs:413:1
[INFO] [stdout]     |
[INFO] [stdout] 413 | #[verify_succ]
[INFO] [stdout]     | ^^^^^^^^^^^^^^ could not find `pliron` in the list of imported crates
[INFO] [stdout]     |
[INFO] [stdout]     = note: this error originates in the attribute macro `verify_succ` (in Nightly builds, run with -Z macro-backtrace for more info)
[INFO] [stdout] help: consider importing this module
[INFO] [stdout]     |
[INFO] [stdout]   6 + use std::result;
[INFO] [stdout]     |
[INFO] [stdout] 
[INFO] [stdout] 
[INFO] [stdout] error[E0433]: cannot find `pliron` in the list of imported crates
[INFO] [stdout]    --> tests/format_op.rs:412:1
[INFO] [stdout]     |
[INFO] [stdout] 412 | #[def_op("test.attr_op2")]
[INFO] [stdout]     | ^^^^^^^^^^^^^^^^^^^^^^^^^^ could not find `pliron` in the list of imported crates
[INFO] [stdout]     |
[INFO] [stdout]     = note: this error originates in the attribute macro `def_op` (in Nightly builds, run with -Z macro-backtrace for more info)
[INFO] [stdout] help: consider importing this module
[INFO] [stdout]     |
[INFO] [stdout]   6 + use std::result;
[INFO] [stdout]     |
[INFO] [stdout] 
[INFO] [stdout] 
[INFO] [stdout] error[E0433]: cannot find `pliron` in the list of imported crates
[INFO] [stdout]    --> tests/format_op.rs:474:1
[INFO] [stdout]     |
[INFO] [stdout] 474 | / #[format_op(
[INFO] [stdout] 475 | |     "attr($attr, `pliron::builtin::attributes::StringAttr`, label($name)) ` ` \
[INFO] [stdout] 476 | |     opt_attr($opt_attr, `pliron::builtin::attributes::IntegerAttr`, label($value)) `:` type($0)"
[INFO] [stdout] 477 | | )]
[INFO] [stdout]     | |__^ could not find `pliron` in the list of imported crates
[INFO] [stdout]     |
[INFO] [stdout]     = note: this error originates in the attribute macro `format_op` (in Nightly builds, run with -Z macro-backtrace for more info)
[INFO] [stdout] help: consider importing this module
[INFO] [stdout]     |
[INFO] [stdout]   6 + use std::vec;
[INFO] [stdout]     |
[INFO] [stdout] 
[INFO] [stdout] 
[INFO] [stdout] error[E0433]: cannot find `pliron` in the list of imported crates
[INFO] [stdout]    --> tests/format_op.rs:474:1
[INFO] [stdout]     |
[INFO] [stdout] 474 | / #[format_op(
[INFO] [stdout] 475 | |     "attr($attr, `pliron::builtin::attributes::StringAttr`, label($name)) ` ` \
[INFO] [stdout] 476 | |     opt_attr($opt_attr, `pliron::builtin::attributes::IntegerAttr`, label($value)) `:` type($0)"
[INFO] [stdout] 477 | | )]
[INFO] [stdout]     | |__^ could not find `pliron` in the list of imported crates
[INFO] [stdout]     |
[INFO] [stdout]     = note: this error originates in the attribute macro `format_op` (in Nightly builds, run with -Z macro-backtrace for more info)
[INFO] [stdout] help: consider importing this struct
[INFO] [stdout]     |
[INFO] [stdout]   6 + use std::boxed::Box;
[INFO] [stdout]     |
[INFO] [stdout] 
[INFO] [stdout] 
[INFO] [stdout] error[E0433]: cannot find `pliron` in the list of imported crates
[INFO] [stdout]    --> tests/format_op.rs:479:1
[INFO] [stdout]     |
[INFO] [stdout] 479 | #[verify_succ]
[INFO] [stdout]     | ^^^^^^^^^^^^^^ could not find `pliron` in the list of imported crates
[INFO] [stdout]     |
[INFO] [stdout]     = note: this error originates in the attribute macro `verify_succ` (in Nightly builds, run with -Z macro-backtrace for more info)
[INFO] [stdout] help: consider importing this module
[INFO] [stdout]     |
[INFO] [stdout]   6 + use std::result;
[INFO] [stdout]     |
[INFO] [stdout] 
[INFO] [stdout] 
[INFO] [stdout] error[E0433]: cannot find `pliron` in the list of imported crates
[INFO] [stdout]    --> tests/format_op.rs:478:1
[INFO] [stdout]     |
[INFO] [stdout] 478 | #[def_op("test.attr_op2_labeled")]
[INFO] [stdout]     | ^^^^^^^^^^^^^^^^^^^^^^^^^^^^^^^^^^ could not find `pliron` in the list of imported crates
[INFO] [stdout]     |
[INFO] [stdout]     = note: this error originates in the attribute macro `def_op` (in Nightly builds, run with -Z macro-backtrace for more info)
[INFO] [stdout] help: consider importing this module
[INFO] [stdout]     |
[INFO] [stdout]   6 + use std::result;
[INFO] [stdout]     |
[INFO] [stdout] 
[INFO] [stdout] 
[INFO] [stdout] error[E0433]: cannot find `pliron` in the list of imported crates
[INFO] [stdout]    --> tests/format_op.rs:540:1
[INFO] [stdout]     |
[INFO] [stdout] 540 | / #[format_op(
[INFO] [stdout] 541 | |     "attr($attr, `pliron::builtin::attributes::StringAttr`, label($name), delimiters(`<`, `>`)) ` ` \
[INFO] [stdout] 542 | |     opt_attr($opt_attr, `pliron::builtin::attributes::IntegerAttr`, label($value), delimiters(`<<`, `>>`)) `:` type($0)"
[INFO] [stdout] 543 | | )]
[INFO] [stdout]     | |__^ could not find `pliron` in the list of imported crates
[INFO] [stdout]     |
[INFO] [stdout]     = note: this error originates in the attribute macro `format_op` (in Nightly builds, run with -Z macro-backtrace for more info)
[INFO] [stdout] help: consider importing this module
[INFO] [stdout]     |
[INFO] [stdout]   6 + use std::vec;
[INFO] [stdout]     |
[INFO] [stdout] 
[INFO] [stdout] 
[INFO] [stdout] error[E0433]: cannot find `pliron` in the list of imported crates
[INFO] [stdout]    --> tests/format_op.rs:540:1
[INFO] [stdout]     |
[INFO] [stdout] 540 | / #[format_op(
[INFO] [stdout] 541 | |     "attr($attr, `pliron::builtin::attributes::StringAttr`, label($name), delimiters(`<`, `>`)) ` ` \
[INFO] [stdout] 542 | |     opt_attr($opt_attr, `pliron::builtin::attributes::IntegerAttr`, label($value), delimiters(`<<`, `>>`)) `:` type($0)"
[INFO] [stdout] 543 | | )]
[INFO] [stdout]     | |__^ could not find `pliron` in the list of imported crates
[INFO] [stdout]     |
[INFO] [stdout]     = note: this error originates in the attribute macro `format_op` (in Nightly builds, run with -Z macro-backtrace for more info)
[INFO] [stdout] help: consider importing this struct
[INFO] [stdout]     |
[INFO] [stdout]   6 + use std::boxed::Box;
[INFO] [stdout]     |
[INFO] [stdout] 
[INFO] [stdout] 
[INFO] [stdout] error[E0433]: cannot find `pliron` in the list of imported crates
[INFO] [stdout]    --> tests/format_op.rs:545:1
[INFO] [stdout]     |
[INFO] [stdout] 545 | #[verify_succ]
[INFO] [stdout]     | ^^^^^^^^^^^^^^ could not find `pliron` in the list of imported crates
[INFO] [stdout]     |
[INFO] [stdout]     = note: this error originates in the attribute macro `verify_succ` (in Nightly builds, run with -Z macro-backtrace for more info)
[INFO] [stdout] help: consider importing this module
[INFO] [stdout]     |
[INFO] [stdout]   6 + use std::result;
[INFO] [stdout]     |
[INFO] [stdout] 
[INFO] [stdout] 
[INFO] [stdout] error[E0433]: cannot find `pliron` in the list of imported crates
[INFO] [stdout]    --> tests/format_op.rs:544:1
[INFO] [stdout]     |
[INFO] [stdout] 544 | #[def_op("test.attr_op2_labeled_delimited")]
[INFO] [stdout]     | ^^^^^^^^^^^^^^^^^^^^^^^^^^^^^^^^^^^^^^^^^^^^ could not find `pliron` in the list of imported crates
[INFO] [stdout]     |
[INFO] [stdout]     = note: this error originates in the attribute macro `def_op` (in Nightly builds, run with -Z macro-backtrace for more info)
[INFO] [stdout] help: consider importing this module
[INFO] [stdout]     |
[INFO] [stdout]   6 + use std::result;
[INFO] [stdout]     |
[INFO] [stdout] 
[INFO] [stdout] 
[INFO] [stdout] error[E0433]: cannot find `pliron` in the list of imported crates
[INFO] [stdout]    --> tests/format_op.rs:606:1
[INFO] [stdout]     |
[INFO] [stdout] 606 | / #[format_op(
[INFO] [stdout] 607 | |     "attr($attr, `pliron::builtin::attributes::StringAttr`, delimiters(`<`, `>`)) ` ` \
[INFO] [stdout] 608 | |     opt_attr($opt_attr, `pliron::builtin::attributes::IntegerAttr`, delimiters(`[[`, `]]`)) `:` type($0)"
[INFO] [stdout] 609 | | )]
[INFO] [stdout]     | |__^ could not find `pliron` in the list of imported crates
[INFO] [stdout]     |
[INFO] [stdout]     = note: this error originates in the attribute macro `format_op` (in Nightly builds, run with -Z macro-backtrace for more info)
[INFO] [stdout] help: consider importing this module
[INFO] [stdout]     |
[INFO] [stdout]   6 + use std::vec;
[INFO] [stdout]     |
[INFO] [stdout] 
[INFO] [stdout] 
[INFO] [stdout] error[E0433]: cannot find `pliron` in the list of imported crates
[INFO] [stdout]    --> tests/format_op.rs:606:1
[INFO] [stdout]     |
[INFO] [stdout] 606 | / #[format_op(
[INFO] [stdout] 607 | |     "attr($attr, `pliron::builtin::attributes::StringAttr`, delimiters(`<`, `>`)) ` ` \
[INFO] [stdout] 608 | |     opt_attr($opt_attr, `pliron::builtin::attributes::IntegerAttr`, delimiters(`[[`, `]]`)) `:` type($0)"
[INFO] [stdout] 609 | | )]
[INFO] [stdout]     | |__^ could not find `pliron` in the list of imported crates
[INFO] [stdout]     |
[INFO] [stdout]     = note: this error originates in the attribute macro `format_op` (in Nightly builds, run with -Z macro-backtrace for more info)
[INFO] [stdout] help: consider importing this struct
[INFO] [stdout]     |
[INFO] [stdout]   6 + use std::boxed::Box;
[INFO] [stdout]     |
[INFO] [stdout] 
[INFO] [stdout] 
[INFO] [stdout] error[E0433]: cannot find `pliron` in the list of imported crates
[INFO] [stdout]    --> tests/format_op.rs:611:1
[INFO] [stdout]     |
[INFO] [stdout] 611 | #[verify_succ]
[INFO] [stdout]     | ^^^^^^^^^^^^^^ could not find `pliron` in the list of imported crates
[INFO] [stdout]     |
[INFO] [stdout]     = note: this error originates in the attribute macro `verify_succ` (in Nightly builds, run with -Z macro-backtrace for more info)
[INFO] [stdout] help: consider importing this module
[INFO] [stdout]     |
[INFO] [stdout]   6 + use std::result;
[INFO] [stdout]     |
[INFO] [stdout] 
[INFO] [stdout] 
[INFO] [stdout] error[E0433]: cannot find `pliron` in the list of imported crates
[INFO] [stdout]    --> tests/format_op.rs:610:1
[INFO] [stdout]     |
[INFO] [stdout] 610 | #[def_op("test.attr_op2_delimited")]
[INFO] [stdout]     | ^^^^^^^^^^^^^^^^^^^^^^^^^^^^^^^^^^^^ could not find `pliron` in the list of imported crates
[INFO] [stdout]     |
[INFO] [stdout]     = note: this error originates in the attribute macro `def_op` (in Nightly builds, run with -Z macro-backtrace for more info)
[INFO] [stdout] help: consider importing this module
[INFO] [stdout]     |
[INFO] [stdout]   6 + use std::result;
[INFO] [stdout]     |
[INFO] [stdout] 
[INFO] [stdout] 
[INFO] [stdout] error[E0433]: cannot find `pliron` in the list of imported crates
[INFO] [stdout]    --> tests/format_op.rs:672:1
[INFO] [stdout]     |
[INFO] [stdout] 672 | #[format_op("$attr `:` type($0)")]
[INFO] [stdout]     | ^^^^^^^^^^^^^^^^^^^^^^^^^^^^^^^^^^ could not find `pliron` in the list of imported crates
[INFO] [stdout]     |
[INFO] [stdout]     = note: this error originates in the attribute macro `format_op` (in Nightly builds, run with -Z macro-backtrace for more info)
[INFO] [stdout] help: consider importing this module
[INFO] [stdout]     |
[INFO] [stdout]   6 + use std::vec;
[INFO] [stdout]     |
[INFO] [stdout] 
[INFO] [stdout] 
[INFO] [stdout] error[E0433]: cannot find `pliron` in the list of imported crates
[INFO] [stdout]    --> tests/format_op.rs:674:1
[INFO] [stdout]     |
[INFO] [stdout] 674 | #[verify_succ]
[INFO] [stdout]     | ^^^^^^^^^^^^^^ could not find `pliron` in the list of imported crates
[INFO] [stdout]     |
[INFO] [stdout]     = note: this error originates in the attribute macro `verify_succ` (in Nightly builds, run with -Z macro-backtrace for more info)
[INFO] [stdout] help: consider importing this module
[INFO] [stdout]     |
[INFO] [stdout]   6 + use std::result;
[INFO] [stdout]     |
[INFO] [stdout] 
[INFO] [stdout] 
[INFO] [stdout] error[E0433]: cannot find `pliron` in the list of imported crates
[INFO] [stdout]    --> tests/format_op.rs:673:1
[INFO] [stdout]     |
[INFO] [stdout] 673 | #[def_op("test.attr_op3")]
[INFO] [stdout]     | ^^^^^^^^^^^^^^^^^^^^^^^^^^ could not find `pliron` in the list of imported crates
[INFO] [stdout]     |
[INFO] [stdout]     = note: this error originates in the attribute macro `def_op` (in Nightly builds, run with -Z macro-backtrace for more info)
[INFO] [stdout] help: consider importing this module
[INFO] [stdout]     |
[INFO] [stdout]   6 + use std::result;
[INFO] [stdout]     |
[INFO] [stdout] 
[INFO] [stdout] 
[INFO] [stdout] error[E0433]: cannot find `pliron` in the list of imported crates
[INFO] [stdout]    --> tests/format_op.rs:708:1
[INFO] [stdout]     |
[INFO] [stdout] 708 | #[format_op("`(`$0`)` region($0)")]
[INFO] [stdout]     | ^^^^^^^^^^^^^^^^^^^^^^^^^^^^^^^^^^^ could not find `pliron` in the list of imported crates
[INFO] [stdout]     |
[INFO] [stdout]     = note: this error originates in the attribute macro `format_op` (in Nightly builds, run with -Z macro-backtrace for more info)
[INFO] [stdout] help: consider importing this module
[INFO] [stdout]     |
[INFO] [stdout]   6 + use std::vec;
[INFO] [stdout]     |
[INFO] [stdout] 
[INFO] [stdout] 
[INFO] [stdout] error[E0433]: cannot find `pliron` in the list of imported crates
[INFO] [stdout]    --> tests/format_op.rs:711:1
[INFO] [stdout]     |
[INFO] [stdout] 711 | #[verify_succ]
[INFO] [stdout]     | ^^^^^^^^^^^^^^ could not find `pliron` in the list of imported crates
[INFO] [stdout]     |
[INFO] [stdout]     = note: this error originates in the attribute macro `verify_succ` (in Nightly builds, run with -Z macro-backtrace for more info)
[INFO] [stdout] help: consider importing this module
[INFO] [stdout]     |
[INFO] [stdout]   6 + use std::result;
[INFO] [stdout]     |
[INFO] [stdout] 
[INFO] [stdout] 
[INFO] [stdout] error[E0433]: cannot find `pliron` in the list of imported crates
[INFO] [stdout]    --> tests/format_op.rs:709:1
[INFO] [stdout]     |
[INFO] [stdout] 709 | #[def_op("test.if_op")]
[INFO] [stdout]     | ^^^^^^^^^^^^^^^^^^^^^^^ could not find `pliron` in the list of imported crates
[INFO] [stdout]     |
[INFO] [stdout]     = note: this error originates in the attribute macro `def_op` (in Nightly builds, run with -Z macro-backtrace for more info)
[INFO] [stdout] help: consider importing this module
[INFO] [stdout]     |
[INFO] [stdout]   6 + use std::result;
[INFO] [stdout]     |
[INFO] [stdout] 
[INFO] [stdout] 
[INFO] [stdout] error[E0433]: cannot find `pliron` in the list of imported crates
[INFO] [stdout]    --> tests/format_op.rs:760:1
[INFO] [stdout]     |
[INFO] [stdout] 760 | #[format_op("`(`$0`)` region($0) `else` region($1)")]
[INFO] [stdout]     | ^^^^^^^^^^^^^^^^^^^^^^^^^^^^^^^^^^^^^^^^^^^^^^^^^^^^^ could not find `pliron` in the list of imported crates
[INFO] [stdout]     |
[INFO] [stdout]     = note: this error originates in the attribute macro `format_op` (in Nightly builds, run with -Z macro-backtrace for more info)
[INFO] [stdout] help: consider importing this module
[INFO] [stdout]     |
[INFO] [stdout]   6 + use std::vec;
[INFO] [stdout]     |
[INFO] [stdout] 
[INFO] [stdout] 
[INFO] [stdout] error[E0433]: cannot find `pliron` in the list of imported crates
[INFO] [stdout]    --> tests/format_op.rs:763:1
[INFO] [stdout]     |
[INFO] [stdout] 763 | #[verify_succ]
[INFO] [stdout]     | ^^^^^^^^^^^^^^ could not find `pliron` in the list of imported crates
[INFO] [stdout]     |
[INFO] [stdout]     = note: this error originates in the attribute macro `verify_succ` (in Nightly builds, run with -Z macro-backtrace for more info)
[INFO] [stdout] help: consider importing this module
[INFO] [stdout]     |
[INFO] [stdout]   6 + use std::result;
[INFO] [stdout]     |
[INFO] [stdout] 
[INFO] [stdout] 
[INFO] [stdout] error[E0433]: cannot find `pliron` in the list of imported crates
[INFO] [stdout]    --> tests/format_op.rs:761:1
[INFO] [stdout]     |
[INFO] [stdout] 761 | #[def_op("test.if_else_op")]
[INFO] [stdout]     | ^^^^^^^^^^^^^^^^^^^^^^^^^^^^ could not find `pliron` in the list of imported crates
[INFO] [stdout]     |
[INFO] [stdout]     = note: this error originates in the attribute macro `def_op` (in Nightly builds, run with -Z macro-backtrace for more info)
[INFO] [stdout] help: consider importing this module
[INFO] [stdout]     |
[INFO] [stdout]   6 + use std::result;
[INFO] [stdout]     |
[INFO] [stdout] 
[INFO] [stdout] 
[INFO] [stdout] error[E0433]: cannot find `pliron` in the list of imported crates
[INFO] [stdout]    --> tests/format_op.rs:825:1
[INFO] [stdout]     |
[INFO] [stdout] 825 | #[format_op("succ($0) `(` operands(CharSpace(`,`)) `)`")]
[INFO] [stdout]     | ^^^^^^^^^^^^^^^^^^^^^^^^^^^^^^^^^^^^^^^^^^^^^^^^^^^^^^^^^ could not find `pliron` in the list of imported crates
[INFO] [stdout]     |
[INFO] [stdout]     = note: this error originates in the attribute macro `format_op` (in Nightly builds, run with -Z macro-backtrace for more info)
[INFO] [stdout] help: consider importing this module
[INFO] [stdout]     |
[INFO] [stdout]   6 + use std::vec;
[INFO] [stdout]     |
[INFO] [stdout] 
[INFO] [stdout] 
[INFO] [stdout] error[E0433]: cannot find `pliron` in the list of imported crates
[INFO] [stdout]    --> tests/format_op.rs:827:1
[INFO] [stdout]     |
[INFO] [stdout] 827 | #[verify_succ]
[INFO] [stdout]     | ^^^^^^^^^^^^^^ could not find `pliron` in the list of imported crates
[INFO] [stdout]     |
[INFO] [stdout]     = note: this error originates in the attribute macro `verify_succ` (in Nightly builds, run with -Z macro-backtrace for more info)
[INFO] [stdout] help: consider importing this module
[INFO] [stdout]     |
[INFO] [stdout]   6 + use std::result;
[INFO] [stdout]     |
[INFO] [stdout] 
[INFO] [stdout] 
[INFO] [stdout] error[E0433]: cannot find `pliron` in the list of imported crates
[INFO] [stdout]    --> tests/format_op.rs:824:1
[INFO] [stdout]     |
[INFO] [stdout] 824 | #[def_op("test.br")]
[INFO] [stdout]     | ^^^^^^^^^^^^^^^^^^^^ could not find `pliron` in the list of imported crates
[INFO] [stdout]     |
[INFO] [stdout]     = note: this error originates in the attribute macro `def_op` (in Nightly builds, run with -Z macro-backtrace for more info)
[INFO] [stdout] help: consider importing this module
[INFO] [stdout]     |
[INFO] [stdout]   6 + use std::result;
[INFO] [stdout]     |
[INFO] [stdout] 
[INFO] [stdout] 
[INFO] [stdout] error[E0433]: cannot find `pliron` in the list of imported crates
[INFO] [stdout]    --> tests/format_op.rs:869:1
[INFO] [stdout]     |
[INFO] [stdout] 869 | #[format_op("`[` successors(CharSpace(`,`)) `]`")]
[INFO] [stdout]     | ^^^^^^^^^^^^^^^^^^^^^^^^^^^^^^^^^^^^^^^^^^^^^^^^^^ could not find `pliron` in the list of imported crates
[INFO] [stdout]     |
[INFO] [stdout]     = note: this error originates in the attribute macro `format_op` (in Nightly builds, run with -Z macro-backtrace for more info)
[INFO] [stdout] help: consider importing this module
[INFO] [stdout]     |
[INFO] [stdout]   6 + use std::vec;
[INFO] [stdout]     |
[INFO] [stdout] 
[INFO] [stdout] 
[INFO] [stdout] error[E0433]: cannot find `pliron` in the list of imported crates
[INFO] [stdout]    --> tests/format_op.rs:871:1
[INFO] [stdout]     |
[INFO] [stdout] 871 | #[verify_succ]
[INFO] [stdout]     | ^^^^^^^^^^^^^^ could not find `pliron` in the list of imported crates
[INFO] [stdout]     |
[INFO] [stdout]     = note: this error originates in the attribute macro `verify_succ` (in Nightly builds, run with -Z macro-backtrace for more info)
[INFO] [stdout] help: consider importing this module
[INFO] [stdout]     |
[INFO] [stdout]   6 + use std::result;
[INFO] [stdout]     |
[INFO] [stdout] 
[INFO] [stdout] 
[INFO] [stdout] error[E0433]: cannot find `pliron` in the list of imported crates
[INFO] [stdout]    --> tests/format_op.rs:868:1
[INFO] [stdout]     |
[INFO] [stdout] 868 | #[def_op("test.multiple_successors")]
[INFO] [stdout]     | ^^^^^^^^^^^^^^^^^^^^^^^^^^^^^^^^^^^^^ could not find `pliron` in the list of imported crates
[INFO] [stdout]     |
[INFO] [stdout]     = note: this error originates in the attribute macro `def_op` (in Nightly builds, run with -Z macro-backtrace for more info)
[INFO] [stdout] help: consider importing this module
[INFO] [stdout]     |
[INFO] [stdout]   6 + use std::result;
[INFO] [stdout]     |
[INFO] [stdout] 
[INFO] [stdout] 
[INFO] [stdout] error[E0433]: cannot find `pliron` in the list of imported crates
[INFO] [stdout]    --> tests/format_op.rs:920:1
[INFO] [stdout]     |
[INFO] [stdout] 920 | #[format_op("`[` regions(CharSpace(`,`)) `]`")]
[INFO] [stdout]     | ^^^^^^^^^^^^^^^^^^^^^^^^^^^^^^^^^^^^^^^^^^^^^^^ could not find `pliron` in the list of imported crates
[INFO] [stdout]     |
[INFO] [stdout]     = note: this error originates in the attribute macro `format_op` (in Nightly builds, run with -Z macro-backtrace for more info)
[INFO] [stdout] help: consider importing this module
[INFO] [stdout]     |
[INFO] [stdout]   6 + use std::vec;
[INFO] [stdout]     |
[INFO] [stdout] 
[INFO] [stdout] 
[INFO] [stdout] error[E0433]: cannot find `pliron` in the list of imported crates
[INFO] [stdout]    --> tests/format_op.rs:921:1
[INFO] [stdout]     |
[INFO] [stdout] 921 | #[verify_succ]
[INFO] [stdout]     | ^^^^^^^^^^^^^^ could not find `pliron` in the list of imported crates
[INFO] [stdout]     |
[INFO] [stdout]     = note: this error originates in the attribute macro `verify_succ` (in Nightly builds, run with -Z macro-backtrace for more info)
[INFO] [stdout] help: consider importing this module
[INFO] [stdout]     |
[INFO] [stdout]   6 + use std::result;
[INFO] [stdout]     |
[INFO] [stdout] 
[INFO] [stdout] 
[INFO] [stdout] error[E0433]: cannot find `pliron` in the list of imported crates
[INFO] [stdout]    --> tests/format_op.rs:919:1
[INFO] [stdout]     |
[INFO] [stdout] 919 | #[def_op("test.multiple_regions")]
[INFO] [stdout]     | ^^^^^^^^^^^^^^^^^^^^^^^^^^^^^^^^^^ could not find `pliron` in the list of imported crates
[INFO] [stdout]     |
[INFO] [stdout]     = note: this error originates in the attribute macro `def_op` (in Nightly builds, run with -Z macro-backtrace for more info)
[INFO] [stdout] help: consider importing this module
[INFO] [stdout]     |
[INFO] [stdout]   6 + use std::result;
[INFO] [stdout]     |
[INFO] [stdout] 
[INFO] [stdout] 
[INFO] [stdout] error[E0433]: cannot find `pliron` in the list of imported crates
[INFO] [stdout]    --> tests/format_op.rs:986:1
[INFO] [stdout]     |
[INFO] [stdout] 986 | #[format_op("attr_dict")]
[INFO] [stdout]     | ^^^^^^^^^^^^^^^^^^^^^^^^^ could not find `pliron` in the list of imported crates
[INFO] [stdout]     |
[INFO] [stdout]     = note: this error originates in the attribute macro `format_op` (in Nightly builds, run with -Z macro-backtrace for more info)
[INFO] [stdout] help: consider importing this module
[INFO] [stdout]     |
[INFO] [stdout]   6 + use std::vec;
[INFO] [stdout]     |
[INFO] [stdout] 
[INFO] [stdout] 
[INFO] [stdout] error[E0433]: cannot find `pliron` in the list of imported crates
[INFO] [stdout]    --> tests/format_op.rs:987:1
[INFO] [stdout]     |
[INFO] [stdout] 987 | #[verify_succ]
[INFO] [stdout]     | ^^^^^^^^^^^^^^ could not find `pliron` in the list of imported crates
[INFO] [stdout]     |
[INFO] [stdout]     = note: this error originates in the attribute macro `verify_succ` (in Nightly builds, run with -Z macro-backtrace for more info)
[INFO] [stdout] help: consider importing this module
[INFO] [stdout]     |
[INFO] [stdout]   6 + use std::result;
[INFO] [stdout]     |
[INFO] [stdout] 
[INFO] [stdout] 
[INFO] [stdout] error[E0433]: cannot find `pliron` in the list of imported crates
[INFO] [stdout]    --> tests/format_op.rs:985:1
[INFO] [stdout]     |
[INFO] [stdout] 985 | #[def_op("test.attr_dict")]
[INFO] [stdout]     | ^^^^^^^^^^^^^^^^^^^^^^^^^^^ could not find `pliron` in the list of imported crates
[INFO] [stdout]     |
[INFO] [stdout]     = note: this error originates in the attribute macro `def_op` (in Nightly builds, run with -Z macro-backtrace for more info)
[INFO] [stdout] help: consider importing this module
[INFO] [stdout]     |
[INFO] [stdout]   6 + use std::result;
[INFO] [stdout]     |
[INFO] [stdout] 
[INFO] [stdout] 
[INFO] [stdout] error[E0433]: cannot find `pliron` in the list of imported crates
[INFO] [stdout]     --> tests/format_op.rs:1028:1
[INFO] [stdout]      |
[INFO] [stdout] 1028 | #[format_op]
[INFO] [stdout]      | ^^^^^^^^^^^^ could not find `pliron` in the list of imported crates
[INFO] [stdout]      |
[INFO] [stdout]      = note: this error originates in the attribute macro `format_op` (in Nightly builds, run with -Z macro-backtrace for more info)
[INFO] [stdout] help: consider importing this module
[INFO] [stdout]      |
[INFO] [stdout]    6 + use std::vec;
[INFO] [stdout]      |
[INFO] [stdout] 
[INFO] [stdout] 
[INFO] [stdout] error[E0433]: cannot find `pliron` in the list of imported crates
[INFO] [stdout]     --> tests/format_op.rs:1029:1
[INFO] [stdout]      |
[INFO] [stdout] 1029 | #[verify_succ]
[INFO] [stdout]      | ^^^^^^^^^^^^^^ could not find `pliron` in the list of imported crates
[INFO] [stdout]      |
[INFO] [stdout]      = note: this error originates in the attribute macro `verify_succ` (in Nightly builds, run with -Z macro-backtrace for more info)
[INFO] [stdout] help: consider importing this module
[INFO] [stdout]      |
[INFO] [stdout]    6 + use std::result;
[INFO] [stdout]      |
[INFO] [stdout] 
[INFO] [stdout] 
[INFO] [stdout] error[E0433]: cannot find `pliron` in the list of imported crates
[INFO] [stdout]     --> tests/format_op.rs:1027:1
[INFO] [stdout]      |
[INFO] [stdout] 1027 | #[def_op("test.multiple_regions2")]
[INFO] [stdout]      | ^^^^^^^^^^^^^^^^^^^^^^^^^^^^^^^^^^^ could not find `pliron` in the list of imported crates
[INFO] [stdout]      |
[INFO] [stdout]      = note: this error originates in the attribute macro `def_op` (in Nightly builds, run with -Z macro-backtrace for more info)
[INFO] [stdout] help: consider importing this module
[INFO] [stdout]      |
[INFO] [stdout]    6 + use std::result;
[INFO] [stdout]      |
[INFO] [stdout] 
[INFO] [stdout] 
[INFO] [stdout] error[E0433]: cannot find `pliron` in the list of imported crates
[INFO] [stdout]     --> tests/format_op.rs:1060:1
[INFO] [stdout]      |
[INFO] [stdout] 1060 | #[format_op("`[` regions(CharSpace(`,`)) `]`")]
[INFO] [stdout]      | ^^^^^^^^^^^^^^^^^^^^^^^^^^^^^^^^^^^^^^^^^^^^^^^ could not find `pliron` in the list of imported crates
[INFO] [stdout]      |
[INFO] [stdout]      = note: this error originates in the attribute macro `format_op` (in Nightly builds, run with -Z macro-backtrace for more info)
[INFO] [stdout] help: consider importing this module
[INFO] [stdout]      |
[INFO] [stdout]    6 + use std::vec;
[INFO] [stdout]      |
[INFO] [stdout] 
[INFO] [stdout] 
[INFO] [stdout] error[E0433]: cannot find `pliron` in the list of imported crates
[INFO] [stdout]     --> tests/format_op.rs:1061:1
[INFO] [stdout]      |
[INFO] [stdout] 1061 | #[verify_succ]
[INFO] [stdout]      | ^^^^^^^^^^^^^^ could not find `pliron` in the list of imported crates
[INFO] [stdout]      |
[INFO] [stdout]      = note: this error originates in the attribute macro `verify_succ` (in Nightly builds, run with -Z macro-backtrace for more info)
[INFO] [stdout] help: consider importing this module
[INFO] [stdout]      |
[INFO] [stdout]    6 + use std::result;
[INFO] [stdout]      |
[INFO] [stdout] 
[INFO] [stdout] 
[INFO] [stdout] error[E0433]: cannot find `pliron` in the list of imported crates
[INFO] [stdout]     --> tests/format_op.rs:1059:1
[INFO] [stdout]      |
[INFO] [stdout] 1059 | #[def_op("test.multiple_regions3")]
[INFO] [stdout]      | ^^^^^^^^^^^^^^^^^^^^^^^^^^^^^^^^^^^ could not find `pliron` in the list of imported crates
[INFO] [stdout]      |
[INFO] [stdout]      = note: this error originates in the attribute macro `def_op` (in Nightly builds, run with -Z macro-backtrace for more info)
[INFO] [stdout] help: consider importing this module
[INFO] [stdout]      |
[INFO] [stdout]    6 + use std::result;
[INFO] [stdout]      |
[INFO] [stdout] 
[INFO] [stdout] 
[INFO] [stdout] error[E0433]: cannot find `pliron` in the list of imported crates
[INFO] [stdout]     --> tests/format_op.rs:1093:1
[INFO] [stdout]      |
[INFO] [stdout] 1093 | #[format_op("`[` regions(CharSpace(`,`)) `]`")]
[INFO] [stdout]      | ^^^^^^^^^^^^^^^^^^^^^^^^^^^^^^^^^^^^^^^^^^^^^^^ could not find `pliron` in the list of imported crates
[INFO] [stdout]      |
[INFO] [stdout]      = note: this error originates in the attribute macro `format_op` (in Nightly builds, run with -Z macro-backtrace for more info)
[INFO] [stdout] help: consider importing this module
[INFO] [stdout]      |
[INFO] [stdout]    6 + use std::vec;
[INFO] [stdout]      |
[INFO] [stdout] 
[INFO] [stdout] 
[INFO] [stdout] error[E0433]: cannot find `pliron` in the list of imported crates
[INFO] [stdout]     --> tests/format_op.rs:1095:1
[INFO] [stdout]      |
[INFO] [stdout] 1095 | #[verify_succ]
[INFO] [stdout]      | ^^^^^^^^^^^^^^ could not find `pliron` in the list of imported crates
[INFO] [stdout]      |
[INFO] [stdout]      = note: this error originates in the attribute macro `verify_succ` (in Nightly builds, run with -Z macro-backtrace for more info)
[INFO] [stdout] help: consider importing this module
[INFO] [stdout]      |
[INFO] [stdout]    6 + use std::result;
[INFO] [stdout]      |
[INFO] [stdout] 
[INFO] [stdout] 
[INFO] [stdout] error[E0433]: cannot find `pliron` in the list of imported crates
[INFO] [stdout]     --> tests/format_op.rs:1092:1
[INFO] [stdout]      |
[INFO] [stdout] 1092 | #[def_op("test.multiple_regions4")]
[INFO] [stdout]      | ^^^^^^^^^^^^^^^^^^^^^^^^^^^^^^^^^^^ could not find `pliron` in the list of imported crates
[INFO] [stdout]      |
[INFO] [stdout]      = note: this error originates in the attribute macro `def_op` (in Nightly builds, run with -Z macro-backtrace for more info)
[INFO] [stdout] help: consider importing this module
[INFO] [stdout]      |
[INFO] [stdout]    6 + use std::result;
[INFO] [stdout]      |
[INFO] [stdout] 
[INFO] [stdout] 
[INFO] [stdout] error[E0433]: cannot find `pliron` in the list of imported crates
[INFO] [stdout]     --> tests/format_op.rs:1147:1
[INFO] [stdout]      |
[INFO] [stdout] 1147 | #[format_op("`<` $outlined `>`")]
[INFO] [stdout]      | ^^^^^^^^^^^^^^^^^^^^^^^^^^^^^^^^^ could not find `pliron` in the list of imported crates
[INFO] [stdout]      |
[INFO] [stdout]      = note: this error originates in the attribute macro `format_op` (in Nightly builds, run with -Z macro-backtrace for more info)
[INFO] [stdout] help: consider importing this module
[INFO] [stdout]      |
[INFO] [stdout]    6 + use std::vec;
[INFO] [stdout]      |
[INFO] [stdout] 
[INFO] [stdout] 
[INFO] [stdout] error[E0433]: cannot find `pliron` in the list of imported crates
[INFO] [stdout]     --> tests/format_op.rs:1149:1
[INFO] [stdout]      |
[INFO] [stdout] 1149 | #[verify_succ]
[INFO] [stdout]      | ^^^^^^^^^^^^^^ could not find `pliron` in the list of imported crates
[INFO] [stdout]      |
[INFO] [stdout]      = note: this error originates in the attribute macro `verify_succ` (in Nightly builds, run with -Z macro-backtrace for more info)
[INFO] [stdout] help: consider importing this module
[INFO] [stdout]      |
[INFO] [stdout]    6 + use std::result;
[INFO] [stdout]      |
[INFO] [stdout] 
[INFO] [stdout] 
[INFO] [stdout] error[E0433]: cannot find `pliron` in the list of imported crates
[INFO] [stdout]     --> tests/format_op.rs:1148:1
[INFO] [stdout]      |
[INFO] [stdout] 1148 | #[def_op("test.outlined_named_attr")]
[INFO] [stdout]      | ^^^^^^^^^^^^^^^^^^^^^^^^^^^^^^^^^^^^^ could not find `pliron` in the list of imported crates
[INFO] [stdout]      |
[INFO] [stdout]      = note: this error originates in the attribute macro `def_op` (in Nightly builds, run with -Z macro-backtrace for more info)
[INFO] [stdout] help: consider importing this module
[INFO] [stdout]      |
[INFO] [stdout]    6 + use std::result;
[INFO] [stdout]      |
[INFO] [stdout] 
[INFO] [stdout] 
[INFO] [stdout] error[E0433]: cannot find `pliron` in the list of imported crates
[INFO] [stdout]     --> tests/format_op.rs:1152:1
[INFO] [stdout]      |
[INFO] [stdout] 1152 | #[format_op("attr($outlined, `pliron::builtin::attributes::GivenNamesAttr`)")]
[INFO] [stdout]      | ^^^^^^^^^^^^^^^^^^^^^^^^^^^^^^^^^^^^^^^^^^^^^^^^^^^^^^^^^^^^^^^^^^^^^^^^^^^^^^ could not find `pliron` in the list of imported crates
[INFO] [stdout]      |
[INFO] [stdout]      = note: this error originates in the attribute macro `format_op` (in Nightly builds, run with -Z macro-backtrace for more info)
[INFO] [stdout] help: consider importing this module
[INFO] [stdout]      |
[INFO] [stdout]    6 + use std::vec;
[INFO] [stdout]      |
[INFO] [stdout] 
[INFO] [stdout] 
[INFO] [stdout] error[E0433]: cannot find `pliron` in the list of imported crates
[INFO] [stdout]     --> tests/format_op.rs:1152:1
[INFO] [stdout]      |
[INFO] [stdout] 1152 | #[format_op("attr($outlined, `pliron::builtin::attributes::GivenNamesAttr`)")]
[INFO] [stdout]      | ^^^^^^^^^^^^^^^^^^^^^^^^^^^^^^^^^^^^^^^^^^^^^^^^^^^^^^^^^^^^^^^^^^^^^^^^^^^^^^ could not find `pliron` in the list of imported crates
[INFO] [stdout]      |
[INFO] [stdout]      = note: this error originates in the attribute macro `format_op` (in Nightly builds, run with -Z macro-backtrace for more info)
[INFO] [stdout] help: consider importing this struct
[INFO] [stdout]      |
[INFO] [stdout]    6 + use std::boxed::Box;
[INFO] [stdout]      |
[INFO] [stdout] 
[INFO] [stdout] 
[INFO] [stdout] error[E0433]: cannot find `pliron` in the list of imported crates
[INFO] [stdout]     --> tests/format_op.rs:1154:1
[INFO] [stdout]      |
[INFO] [stdout] 1154 | #[verify_succ]
[INFO] [stdout]      | ^^^^^^^^^^^^^^ could not find `pliron` in the list of imported crates
[INFO] [stdout]      |
[INFO] [stdout]      = note: this error originates in the attribute macro `verify_succ` (in Nightly builds, run with -Z macro-backtrace for more info)
[INFO] [stdout] help: consider importing this module
[INFO] [stdout]      |
[INFO] [stdout]    6 + use std::result;
[INFO] [stdout]      |
[INFO] [stdout] 
[INFO] [stdout] 
[INFO] [stdout] error[E0433]: cannot find `pliron` in the list of imported crates
[INFO] [stdout]     --> tests/format_op.rs:1153:1
[INFO] [stdout]      |
[INFO] [stdout] 1153 | #[def_op("test.outlined_attr_directive")]
[INFO] [stdout]      | ^^^^^^^^^^^^^^^^^^^^^^^^^^^^^^^^^^^^^^^^^ could not find `pliron` in the list of imported crates
[INFO] [stdout]      |
[INFO] [stdout]      = note: this error originates in the attribute macro `def_op` (in Nightly builds, run with -Z macro-backtrace for more info)
[INFO] [stdout] help: consider importing this module
[INFO] [stdout]      |
[INFO] [stdout]    6 + use std::result;
[INFO] [stdout]      |
[INFO] [stdout] 
[INFO] [stdout] 
[INFO] [stdout] error[E0433]: cannot find `pliron` in the list of imported crates
[INFO] [stdout]     --> tests/format_op.rs:1157:1
[INFO] [stdout]      |
[INFO] [stdout] 1157 | #[format_op("opt_attr($outlined, `pliron::builtin::attributes::GivenNamesAttr`)")]
[INFO] [stdout]      | ^^^^^^^^^^^^^^^^^^^^^^^^^^^^^^^^^^^^^^^^^^^^^^^^^^^^^^^^^^^^^^^^^^^^^^^^^^^^^^^^^^ could not find `pliron` in the list of imported crates
[INFO] [stdout]      |
[INFO] [stdout]      = note: this error originates in the attribute macro `format_op` (in Nightly builds, run with -Z macro-backtrace for more info)
[INFO] [stdout] help: consider importing this module
[INFO] [stdout]      |
[INFO] [stdout]    6 + use std::vec;
[INFO] [stdout]      |
[INFO] [stdout] 
[INFO] [stdout] 
[INFO] [stdout] error[E0433]: cannot find `pliron` in the list of imported crates
[INFO] [stdout]     --> tests/format_op.rs:1157:1
[INFO] [stdout]      |
[INFO] [stdout] 1157 | #[format_op("opt_attr($outlined, `pliron::builtin::attributes::GivenNamesAttr`)")]
[INFO] [stdout]      | ^^^^^^^^^^^^^^^^^^^^^^^^^^^^^^^^^^^^^^^^^^^^^^^^^^^^^^^^^^^^^^^^^^^^^^^^^^^^^^^^^^ could not find `pliron` in the list of imported crates
[INFO] [stdout]      |
[INFO] [stdout]      = note: this error originates in the attribute macro `format_op` (in Nightly builds, run with -Z macro-backtrace for more info)
[INFO] [stdout] help: consider importing this struct
[INFO] [stdout]      |
[INFO] [stdout]    6 + use std::boxed::Box;
[INFO] [stdout]      |
[INFO] [stdout] 
[INFO] [stdout] 
[INFO] [stdout] error[E0433]: cannot find `pliron` in the list of imported crates
[INFO] [stdout]     --> tests/format_op.rs:1159:1
[INFO] [stdout]      |
[INFO] [stdout] 1159 | #[verify_succ]
[INFO] [stdout]      | ^^^^^^^^^^^^^^ could not find `pliron` in the list of imported crates
[INFO] [stdout]      |
[INFO] [stdout]      = note: this error originates in the attribute macro `verify_succ` (in Nightly builds, run with -Z macro-backtrace for more info)
[INFO] [stdout] help: consider importing this module
[INFO] [stdout]      |
[INFO] [stdout]    6 + use std::result;
[INFO] [stdout]      |
[INFO] [stdout] 
[INFO] [stdout] 
[INFO] [stdout] error[E0433]: cannot find `pliron` in the list of imported crates
[INFO] [stdout]     --> tests/format_op.rs:1158:1
[INFO] [stdout]      |
[INFO] [stdout] 1158 | #[def_op("test.outlined_opt_attr_directive")]
[INFO] [stdout]      | ^^^^^^^^^^^^^^^^^^^^^^^^^^^^^^^^^^^^^^^^^^^^^ could not find `pliron` in the list of imported crates
[INFO] [stdout]      |
[INFO] [stdout]      = note: this error originates in the attribute macro `def_op` (in Nightly builds, run with -Z macro-backtrace for more info)
[INFO] [stdout] help: consider importing this module
[INFO] [stdout]      |
[INFO] [stdout]    6 + use std::result;
[INFO] [stdout]      |
[INFO] [stdout] 
[INFO] [stdout] 
[INFO] [stdout] error[E0433]: cannot find `pliron` in the list of imported crates
[INFO] [stdout]     --> tests/format_op.rs:1162:1
[INFO] [stdout]      |
[INFO] [stdout] 1162 | #[format_op("attr_dict")]
[INFO] [stdout]      | ^^^^^^^^^^^^^^^^^^^^^^^^^ could not find `pliron` in the list of imported crates
[INFO] [stdout]      |
[INFO] [stdout]      = note: this error originates in the attribute macro `format_op` (in Nightly builds, run with -Z macro-backtrace for more info)
[INFO] [stdout] help: consider importing this module
[INFO] [stdout]      |
[INFO] [stdout]    6 + use std::vec;
[INFO] [stdout]      |
[INFO] [stdout] 
[INFO] [stdout] 
[INFO] [stdout] error[E0433]: cannot find `pliron` in the list of imported crates
[INFO] [stdout]     --> tests/format_op.rs:1164:1
[INFO] [stdout]      |
[INFO] [stdout] 1164 | #[verify_succ]
[INFO] [stdout]      | ^^^^^^^^^^^^^^ could not find `pliron` in the list of imported crates
[INFO] [stdout]      |
[INFO] [stdout]      = note: this error originates in the attribute macro `verify_succ` (in Nightly builds, run with -Z macro-backtrace for more info)
[INFO] [stdout] help: consider importing this module
[INFO] [stdout]      |
[INFO] [stdout]    6 + use std::result;
[INFO] [stdout]      |
[INFO] [stdout] 
[INFO] [stdout] 
[INFO] [stdout] error[E0433]: cannot find `pliron` in the list of imported crates
[INFO] [stdout]     --> tests/format_op.rs:1163:1
[INFO] [stdout]      |
[INFO] [stdout] 1163 | #[def_op("test.outlined_attr_dict")]
[INFO] [stdout]      | ^^^^^^^^^^^^^^^^^^^^^^^^^^^^^^^^^^^^ could not find `pliron` in the list of imported crates
[INFO] [stdout]      |
[INFO] [stdout]      = note: this error originates in the attribute macro `def_op` (in Nightly builds, run with -Z macro-backtrace for more info)
[INFO] [stdout] help: consider importing this module
[INFO] [stdout]      |
[INFO] [stdout]    6 + use std::result;
[INFO] [stdout]      |
[INFO] [stdout] 
[INFO] [stdout] 
[INFO] [stdout] Some errors have detailed explanations: E0432, E0433.
[INFO] [stdout] 
[INFO] [stderr] error: could not compile `pliron-derive` (test "format_op") due to 242 previous errors
[INFO] [stdout] For more information about an error, try `rustc --explain E0432`.
[INFO] [stdout] 
[INFO] running `Command { std: "docker" "inspect" "7eab4538ecd399720c2e320de673f2033f20d9e8f6318f90a4b83ae0349d5253", kill_on_drop: false }`
[INFO] running `Command { std: "docker" "rm" "-f" "7eab4538ecd399720c2e320de673f2033f20d9e8f6318f90a4b83ae0349d5253", kill_on_drop: false }`
[INFO] [stdout] 7eab4538ecd399720c2e320de673f2033f20d9e8f6318f90a4b83ae0349d5253
