[INFO] fetching crate plexus-engine 0.3.6...
[INFO] testing plexus-engine-0.3.6 against 1.99.0-beta.8+cargoflags=--release for beta-release-1.100-2
[INFO] extracting crate plexus-engine 0.3.6 into /workspace/builds/worker-2-tc1/source
[INFO] started tweaking crates.io crate plexus-engine 0.3.6
[INFO] removed 0 missing examples
[INFO] finished tweaking crates.io crate plexus-engine 0.3.6
[INFO] tweaked toml for crates.io crate plexus-engine 0.3.6 written to /workspace/builds/worker-2-tc1/source/Cargo.toml
[INFO] validating manifest of crates.io crate plexus-engine 0.3.6 on toolchain 1.99.0-beta.8
[INFO] running `Command { std: CARGO_HOME="/workspace/cargo-home" RUSTUP_HOME="/workspace/rustup-home" "/workspace/cargo-home/bin/cargo" "+1.99.0-beta.8" "metadata" "--manifest-path" "Cargo.toml" "--no-deps", kill_on_drop: false }`
[INFO] crate crates.io crate plexus-engine 0.3.6 already has a lockfile, it will not be regenerated
[INFO] running `Command { std: CARGO_HOME="/workspace/cargo-home" RUSTUP_HOME="/workspace/rustup-home" "/workspace/cargo-home/bin/cargo" "+1.99.0-beta.8" "fetch" "--manifest-path" "Cargo.toml", kill_on_drop: false }`
[INFO] [stderr]     Updating crates.io index
[INFO] [stderr]  Downloading crates ...
[INFO] [stderr]   Downloaded plexus-serde v0.3.6
[INFO] running `Command { std: "docker" "create" "-v" "/var/lib/crater-agent-workspace/builds/worker-2-tc1/source:/opt/rustwide/workdir:ro,Z" "-v" "/var/lib/crater-agent-workspace/builds/worker-2-tc1/target:/opt/rustwide/target:rw,Z" "-v" "/var/lib/crater-agent-workspace/cargo-home:/opt/rustwide/cargo-home:ro,Z" "-v" "/var/lib/crater-agent-workspace/rustup-home:/opt/rustwide/rustup-home:ro,Z" "-m" "1610612736" "--network" "none" "ghcr.io/rust-lang/crates-build-env/linux@sha256:77db811e55d90add9212f6832c23229e3de5f1c1f9905e8cb07319ea15df73ac" "sleep" "infinity", kill_on_drop: false }`
[INFO] [stdout] a12e809a92b7406e4ac8076e0bbb17a567c0e8c961fc0efa73a503c9321fdb1b
[INFO] running `Command { std: "docker" "start" "a12e809a92b7406e4ac8076e0bbb17a567c0e8c961fc0efa73a503c9321fdb1b", kill_on_drop: false }`
[INFO] running `Command { std: "docker" "inspect" "a12e809a92b7406e4ac8076e0bbb17a567c0e8c961fc0efa73a503c9321fdb1b", kill_on_drop: false }`
[INFO] running `Command { std: "docker" "exec" "-e" "SOURCE_DIR=/opt/rustwide/workdir" "-e" "CARGO_HOME=/opt/rustwide/cargo-home" "-e" "RUSTUP_HOME=/opt/rustwide/rustup-home" "-e" "CARGO_TARGET_DIR=/opt/rustwide/target" "-w" "/opt/rustwide/workdir" "--user" "0:0" "a12e809a92b7406e4ac8076e0bbb17a567c0e8c961fc0efa73a503c9321fdb1b" "/opt/rustwide/cargo-home/bin/cargo" "+1.99.0-beta.8" "metadata" "--no-deps" "--format-version=1", kill_on_drop: false }`
[INFO] running `Command { std: "docker" "inspect" "a12e809a92b7406e4ac8076e0bbb17a567c0e8c961fc0efa73a503c9321fdb1b", kill_on_drop: false }`
[INFO] running `Command { std: "docker" "exec" "-e" "SOURCE_DIR=/opt/rustwide/workdir" "-e" "CARGO_HOME=/opt/rustwide/cargo-home" "-e" "RUSTUP_HOME=/opt/rustwide/rustup-home" "-e" "CARGO_TARGET_DIR=/opt/rustwide/target" "-e" "CARGO_INCREMENTAL=0" "-e" "RUST_BACKTRACE=full" "-e" "RUSTFLAGS=--cap-lints=warn" "-e" "RUSTDOCFLAGS=--cap-lints=warn" "-w" "/opt/rustwide/workdir" "--user" "0:0" "a12e809a92b7406e4ac8076e0bbb17a567c0e8c961fc0efa73a503c9321fdb1b" "/opt/rustwide/cargo-home/bin/cargo" "+1.99.0-beta.8" "build" "--frozen" "--message-format=json" "--release", kill_on_drop: false }`
[INFO] [stderr]    Compiling flatbuffers v25.12.19
[INFO] [stderr]    Compiling serde_json v1.0.149
[INFO] [stderr]    Compiling digest v0.10.7
[INFO] [stderr]    Compiling sha2 v0.10.9
[INFO] [stderr]    Compiling plexus-serde v0.3.6
[INFO] [stderr]    Compiling plexus-engine v0.3.6 (/opt/rustwide/workdir)
[INFO] [stderr]     Finished `release` profile [optimized] target(s) in 16.97s
[INFO] running `Command { std: "docker" "inspect" "a12e809a92b7406e4ac8076e0bbb17a567c0e8c961fc0efa73a503c9321fdb1b", kill_on_drop: false }`
[INFO] running `Command { std: "docker" "exec" "-e" "SOURCE_DIR=/opt/rustwide/workdir" "-e" "CARGO_HOME=/opt/rustwide/cargo-home" "-e" "RUSTUP_HOME=/opt/rustwide/rustup-home" "-e" "CARGO_TARGET_DIR=/opt/rustwide/target" "-e" "CARGO_INCREMENTAL=0" "-e" "RUST_BACKTRACE=full" "-e" "RUSTFLAGS=--cap-lints=warn" "-e" "RUSTDOCFLAGS=--cap-lints=warn" "-w" "/opt/rustwide/workdir" "--user" "0:0" "a12e809a92b7406e4ac8076e0bbb17a567c0e8c961fc0efa73a503c9321fdb1b" "/opt/rustwide/cargo-home/bin/cargo" "+1.99.0-beta.8" "test" "--frozen" "--no-run" "--message-format=json" "--release", kill_on_drop: false }`
[INFO] [stderr]    Compiling plexus-engine v0.3.6 (/opt/rustwide/workdir)
[INFO] [stdout] error[E0432]: unresolved import `plexus_ir`
[INFO] [stdout]  --> src/tests.rs:2:5
[INFO] [stdout]   |
[INFO] [stdout] 2 | use plexus_ir::{
[INFO] [stdout]   |     ^^^^^^^^^ use of unresolved module or unlinked crate `plexus_ir`
[INFO] [stdout]   |
[INFO] [stdout]   = help: if you wanted to use a crate named `plexus_ir`, use `cargo add plexus_ir` to add it to your `Cargo.toml`
[INFO] [stdout] 
[INFO] [stdout] 
[INFO] [stdout] error[E0432]: unresolved import `plexus_parser`
[INFO] [stdout]  --> src/tests.rs:6:5
[INFO] [stdout]   |
[INFO] [stdout] 6 | use plexus_parser::parse;
[INFO] [stdout]   |     ^^^^^^^^^^^^^ use of unresolved module or unlinked crate `plexus_parser`
[INFO] [stdout]   |
[INFO] [stdout] help: there is a crate or module with a similar name
[INFO] [stdout]   |
[INFO] [stdout] 6 - use plexus_parser::parse;
[INFO] [stdout] 6 + use plexus_serde::parse;
[INFO] [stdout]   |
[INFO] [stdout] 
[INFO] [stdout] 
[INFO] [stdout] error[E0432]: unresolved import `plexus_conformance`
[INFO] [stdout]  --> src/tests/embedded_profile.rs:2:5
[INFO] [stdout]   |
[INFO] [stdout] 2 | use plexus_conformance::load_cases_from_path;
[INFO] [stdout]   |     ^^^^^^^^^^^^^^^^^^ use of unresolved module or unlinked crate `plexus_conformance`
[INFO] [stdout]   |
[INFO] [stdout]   = help: if you wanted to use a crate named `plexus_conformance`, use `cargo add plexus_conformance` to add it to your `Cargo.toml`
[INFO] [stdout] 
[INFO] [stdout] 
[INFO] [stdout] error[E0432]: unresolved import `plexus_ir`
[INFO] [stdout]  --> src/tests/embedded_profile.rs:3:5
[INFO] [stdout]   |
[INFO] [stdout] 3 | use plexus_ir::mlir_text_to_plan;
[INFO] [stdout]   |     ^^^^^^^^^ use of unresolved module or unlinked crate `plexus_ir`
[INFO] [stdout]   |
[INFO] [stdout]   = help: if you wanted to use a crate named `plexus_ir`, use `cargo add plexus_ir` to add it to your `Cargo.toml`
[INFO] [stdout] 
[INFO] [stdout] 
[INFO] [stdout] error[E0432]: unresolved import `plexus_gql`
[INFO] [stdout]  --> src/tests/gql_pipeline.rs:2:5
[INFO] [stdout]   |
[INFO] [stdout] 2 | use plexus_gql::parse_gql_with_metadata;
[INFO] [stdout]   |     ^^^^^^^^^^ use of unresolved module or unlinked crate `plexus_gql`
[INFO] [stdout]   |
[INFO] [stdout]   = help: if you wanted to use a crate named `plexus_gql`, use `cargo add plexus_gql` to add it to your `Cargo.toml`
[INFO] [stdout] 
[INFO] [stdout] 
[INFO] [stdout] error[E0432]: unresolved import `plexus_ir`
[INFO] [stdout]  --> src/tests/gql_pipeline.rs:3:5
[INFO] [stdout]   |
[INFO] [stdout] 3 | use plexus_ir::{lower_to_flatbuffer_with_match_graph_refs, lower_to_plan_with_match_graph_refs};
[INFO] [stdout]   |     ^^^^^^^^^ use of unresolved module or unlinked crate `plexus_ir`
[INFO] [stdout]   |
[INFO] [stdout]   = help: if you wanted to use a crate named `plexus_ir`, use `cargo add plexus_ir` to add it to your `Cargo.toml`
[INFO] [stdout] 
[INFO] [stdout] 
[INFO] [stdout] error[E0432]: unresolved import `plexus_conformance`
[INFO] [stdout]  --> src/tests/tck_readonly.rs:2:5
[INFO] [stdout]   |
[INFO] [stdout] 2 | use plexus_conformance::{
[INFO] [stdout]   |     ^^^^^^^^^^^^^^^^^^ use of unresolved module or unlinked crate `plexus_conformance`
[INFO] [stdout]   |
[INFO] [stdout]   = help: if you wanted to use a crate named `plexus_conformance`, use `cargo add plexus_conformance` to add it to your `Cargo.toml`
[INFO] [stdout] 
[INFO] [stdout] 
[INFO] [stdout] error[E0432]: unresolved import `plexus_conformance`
[INFO] [stdout]  --> src/tests/tck_readonly/runner.rs:2:5
[INFO] [stdout]   |
[INFO] [stdout] 2 | use plexus_conformance::{
[INFO] [stdout]   |     ^^^^^^^^^^^^^^^^^^ use of unresolved module or unlinked crate `plexus_conformance`
[INFO] [stdout]   |
[INFO] [stdout]   = help: if you wanted to use a crate named `plexus_conformance`, use `cargo add plexus_conformance` to add it to your `Cargo.toml`
[INFO] [stdout] 
[INFO] [stdout] 
[INFO] [stdout] error[E0432]: unresolved import `plexus_gql`
[INFO] [stdout]  --> src/tests/tck_readonly/runner.rs:6:5
[INFO] [stdout]   |
[INFO] [stdout] 6 | use plexus_gql::parse_gql_with_metadata;
[INFO] [stdout]   |     ^^^^^^^^^^ use of unresolved module or unlinked crate `plexus_gql`
[INFO] [stdout]   |
[INFO] [stdout]   = help: if you wanted to use a crate named `plexus_gql`, use `cargo add plexus_gql` to add it to your `Cargo.toml`
[INFO] [stdout] 
[INFO] [stdout] 
[INFO] [stdout] error[E0432]: unresolved import `plexus_ir`
[INFO] [stdout]  --> src/tests/tck_readonly/runner.rs:7:5
[INFO] [stdout]   |
[INFO] [stdout] 7 | use plexus_ir::{lower_to_plan, lower_to_plan_with_match_graph_refs};
[INFO] [stdout]   |     ^^^^^^^^^ use of unresolved module or unlinked crate `plexus_ir`
[INFO] [stdout]   |
[INFO] [stdout]   = help: if you wanted to use a crate named `plexus_ir`, use `cargo add plexus_ir` to add it to your `Cargo.toml`
[INFO] [stdout] 
[INFO] [stdout] 
[INFO] [stdout] error[E0432]: unresolved import `plexus_parser`
[INFO] [stdout]  --> src/tests/test_compiler.rs:2:5
[INFO] [stdout]   |
[INFO] [stdout] 2 | use plexus_parser::{
[INFO] [stdout]   |     ^^^^^^^^^^^^^ use of unresolved module or unlinked crate `plexus_parser`
[INFO] [stdout]   |
[INFO] [stdout] help: there is a crate or module with a similar name
[INFO] [stdout]   |
[INFO] [stdout] 2 - use plexus_parser::{
[INFO] [stdout] 2 + use plexus_serde::{
[INFO] [stdout]   |
[INFO] [stdout] 
[INFO] [stdout] 
[INFO] [stdout] error[E0432]: unresolved import `plexus_conformance`
[INFO] [stdout]  --> src/tests/vector_conformance.rs:2:5
[INFO] [stdout]   |
[INFO] [stdout] 2 | use plexus_conformance::{
[INFO] [stdout]   |     ^^^^^^^^^^^^^^^^^^ use of unresolved module or unlinked crate `plexus_conformance`
[INFO] [stdout]   |
[INFO] [stdout]   = help: if you wanted to use a crate named `plexus_conformance`, use `cargo add plexus_conformance` to add it to your `Cargo.toml`
[INFO] [stdout] 
[INFO] [stdout] 
[INFO] [stdout] error[E0432]: unresolved import `plexus_ir`
[INFO] [stdout]  --> src/tests/vector_conformance.rs:6:5
[INFO] [stdout]   |
[INFO] [stdout] 6 | use plexus_ir::mlir_text_to_plan;
[INFO] [stdout]   |     ^^^^^^^^^ use of unresolved module or unlinked crate `plexus_ir`
[INFO] [stdout]   |
[INFO] [stdout]   = help: if you wanted to use a crate named `plexus_ir`, use `cargo add plexus_ir` to add it to your `Cargo.toml`
[INFO] [stdout] 
[INFO] [stdout] 
[INFO] [stdout] For more information about this error, try `rustc --explain E0432`.
[INFO] [stdout] 
[INFO] [stderr] error: could not compile `plexus-engine` (lib test) due to 13 previous errors
[INFO] running `Command { std: "docker" "inspect" "a12e809a92b7406e4ac8076e0bbb17a567c0e8c961fc0efa73a503c9321fdb1b", kill_on_drop: false }`
[INFO] running `Command { std: "docker" "rm" "-f" "a12e809a92b7406e4ac8076e0bbb17a567c0e8c961fc0efa73a503c9321fdb1b", kill_on_drop: false }`
[INFO] [stdout] a12e809a92b7406e4ac8076e0bbb17a567c0e8c961fc0efa73a503c9321fdb1b
