[INFO] fetching crate pleme-codegen 0.1.2...
[INFO] testing pleme-codegen-0.1.2 against 1.99.0-beta.8+cargoflags=--release for beta-release-1.100-2
[INFO] extracting crate pleme-codegen 0.1.2 into /workspace/builds/worker-6-tc1/source
[INFO] started tweaking crates.io crate pleme-codegen 0.1.2
[INFO] removed 0 missing tests
[INFO] finished tweaking crates.io crate pleme-codegen 0.1.2
[INFO] tweaked toml for crates.io crate pleme-codegen 0.1.2 written to /workspace/builds/worker-6-tc1/source/Cargo.toml
[INFO] validating manifest of crates.io crate pleme-codegen 0.1.2 on toolchain 1.99.0-beta.8
[INFO] running `Command { std: CARGO_HOME="/workspace/cargo-home" RUSTUP_HOME="/workspace/rustup-home" "/workspace/cargo-home/bin/cargo" "+1.99.0-beta.8" "metadata" "--manifest-path" "Cargo.toml" "--no-deps", kill_on_drop: false }`
[INFO] crate crates.io crate pleme-codegen 0.1.2 already has a lockfile, it will not be regenerated
[INFO] running `Command { std: CARGO_HOME="/workspace/cargo-home" RUSTUP_HOME="/workspace/rustup-home" "/workspace/cargo-home/bin/cargo" "+1.99.0-beta.8" "fetch" "--manifest-path" "Cargo.toml", kill_on_drop: false }`
[INFO] [stderr]     Updating crates.io index
[INFO] [stderr]  Downloading crates ...
[INFO] [stderr]   Downloaded sqlx-sqlite v0.7.4
[INFO] [stderr]   Downloaded log v0.4.31
[INFO] [stderr]   Downloaded trybuild v1.0.116
[INFO] [stderr]   Downloaded sqlx v0.7.4
[INFO] [stderr]   Downloaded sqlx-core v0.7.4
[INFO] [stderr]   Downloaded rust_decimal v1.42.0
[INFO] [stderr]   Downloaded sqlx-postgres v0.7.4
[INFO] [stderr]   Downloaded sqlx-mysql v0.7.4
[INFO] [stderr]   Downloaded sqlx-macros v0.7.4
[INFO] [stderr]   Downloaded sqlx-macros-core v0.7.4
[INFO] [stderr]   Downloaded redis v0.24.1
[INFO] [stderr]   Downloaded dummy v0.8.0
[INFO] [stderr]   Downloaded fake v2.10.0
[INFO] [stderr]   Downloaded deadpool-redis v0.14.0
[INFO] [stderr]   Downloaded deadpool v0.10.0
[INFO] [stderr]   Downloaded libsqlite3-sys v0.27.0
[INFO] [stderr]   Downloaded handlebars v4.5.0
[INFO] [stderr]   Downloaded ascii_utils v0.9.3
[INFO] [stderr]   Downloaded fast_chemail v0.9.6
[INFO] [stderr]   Downloaded async-graphql-value v6.0.11
[INFO] [stderr]   Downloaded async-graphql v6.0.11
[INFO] [stderr]   Downloaded multer v2.1.0
[INFO] [stderr]   Downloaded async-graphql-derive v6.0.11
[INFO] [stderr]   Downloaded async-graphql-parser v6.0.11
[INFO] running `Command { std: "docker" "create" "-v" "/var/lib/crater-agent-workspace/builds/worker-6-tc1/source:/opt/rustwide/workdir:ro,Z" "-v" "/var/lib/crater-agent-workspace/builds/worker-6-tc1/target:/opt/rustwide/target:rw,Z" "-v" "/var/lib/crater-agent-workspace/cargo-home:/opt/rustwide/cargo-home:ro,Z" "-v" "/var/lib/crater-agent-workspace/rustup-home:/opt/rustwide/rustup-home:ro,Z" "-m" "1610612736" "--network" "none" "ghcr.io/rust-lang/crates-build-env/linux@sha256:77db811e55d90add9212f6832c23229e3de5f1c1f9905e8cb07319ea15df73ac" "sleep" "infinity", kill_on_drop: false }`
[INFO] [stdout] 7028f3f84cafb4eb7849f2ccee01ac9660c0766c5619a591e54a5a7bf4378c13
[INFO] running `Command { std: "docker" "start" "7028f3f84cafb4eb7849f2ccee01ac9660c0766c5619a591e54a5a7bf4378c13", kill_on_drop: false }`
[INFO] running `Command { std: "docker" "inspect" "7028f3f84cafb4eb7849f2ccee01ac9660c0766c5619a591e54a5a7bf4378c13", kill_on_drop: false }`
[INFO] running `Command { std: "docker" "exec" "-e" "SOURCE_DIR=/opt/rustwide/workdir" "-e" "CARGO_HOME=/opt/rustwide/cargo-home" "-e" "RUSTUP_HOME=/opt/rustwide/rustup-home" "-e" "CARGO_TARGET_DIR=/opt/rustwide/target" "-w" "/opt/rustwide/workdir" "--user" "0:0" "7028f3f84cafb4eb7849f2ccee01ac9660c0766c5619a591e54a5a7bf4378c13" "/opt/rustwide/cargo-home/bin/cargo" "+1.99.0-beta.8" "metadata" "--no-deps" "--format-version=1", kill_on_drop: false }`
[INFO] running `Command { std: "docker" "inspect" "7028f3f84cafb4eb7849f2ccee01ac9660c0766c5619a591e54a5a7bf4378c13", kill_on_drop: false }`
[INFO] running `Command { std: "docker" "exec" "-e" "SOURCE_DIR=/opt/rustwide/workdir" "-e" "CARGO_HOME=/opt/rustwide/cargo-home" "-e" "RUSTUP_HOME=/opt/rustwide/rustup-home" "-e" "CARGO_TARGET_DIR=/opt/rustwide/target" "-e" "CARGO_INCREMENTAL=0" "-e" "RUST_BACKTRACE=full" "-e" "RUSTFLAGS=--cap-lints=warn" "-e" "RUSTDOCFLAGS=--cap-lints=warn" "-w" "/opt/rustwide/workdir" "--user" "0:0" "7028f3f84cafb4eb7849f2ccee01ac9660c0766c5619a591e54a5a7bf4378c13" "/opt/rustwide/cargo-home/bin/cargo" "+1.99.0-beta.8" "build" "--frozen" "--message-format=json" "--release", kill_on_drop: false }`
[INFO] [stderr]    Compiling syn v2.0.117
[INFO] [stderr]    Compiling serde_core v1.0.228
[INFO] [stderr]    Compiling serde v1.0.228
[INFO] [stderr]    Compiling zerocopy v0.8.50
[INFO] [stderr]    Compiling getrandom v0.2.17
[INFO] [stderr]    Compiling socket2 v0.6.4
[INFO] [stderr]    Compiling mio v1.2.1
[INFO] [stderr]    Compiling futures-sink v0.3.32
[INFO] [stderr]    Compiling cc v1.2.63
[INFO] [stderr]    Compiling rand_core v0.6.4
[INFO] [stderr]    Compiling serde_json v1.0.150
[INFO] [stderr]    Compiling num-traits v0.2.19
[INFO] [stderr]    Compiling crypto-common v0.1.7
[INFO] [stderr]    Compiling block-buffer v0.10.4
[INFO] [stderr]    Compiling futures-io v0.3.32
[INFO] [stderr]    Compiling futures-task v0.3.32
[INFO] [stderr]    Compiling getrandom v0.3.4
[INFO] [stderr]    Compiling digest v0.10.7
[INFO] [stderr]    Compiling ahash v0.8.12
[INFO] [stderr]    Compiling log v0.4.31
[INFO] [stderr]    Compiling phf_shared v0.11.3
[INFO] [stderr]    Compiling heck v0.4.1
[INFO] [stderr]    Compiling parking_lot_core v0.9.12
[INFO] [stderr]    Compiling rustix v1.1.4
[INFO] [stderr]    Compiling rustls v0.21.12
[INFO] [stderr]    Compiling bitflags v2.12.1
[INFO] [stderr]    Compiling tinyvec_macros v0.1.1
[INFO] [stderr]    Compiling tinyvec v1.11.0
[INFO] [stderr]    Compiling parking_lot v0.12.5
[INFO] [stderr]    Compiling nom v7.1.3
[INFO] [stderr]    Compiling chrono v0.4.44
[INFO] [stderr]    Compiling unicode_categories v0.1.1
[INFO] [stderr]    Compiling base64 v0.21.7
[INFO] [stderr]    Compiling rustls-pemfile v1.0.4
[INFO] [stderr]    Compiling sha2 v0.10.9
[INFO] [stderr]    Compiling ring v0.17.14
[INFO] [stderr]    Compiling crossbeam-queue v0.3.12
[INFO] [stderr]    Compiling unicode-normalization v0.1.25
[INFO] [stderr]    Compiling sqlformat v0.2.6
[INFO] [stderr]    Compiling futures-intrusive v0.5.0
[INFO] [stderr]    Compiling atoi v2.0.0
[INFO] [stderr]    Compiling hmac v0.12.1
[INFO] [stderr]    Compiling indexmap v2.14.0
[INFO] [stderr]    Compiling uuid v1.23.2
[INFO] [stderr]    Compiling futures-channel v0.3.32
[INFO] [stderr]    Compiling fastrand v2.4.1
[INFO] [stderr]    Compiling event-listener v2.5.3
[INFO] [stderr]    Compiling byteorder v1.5.0
[INFO] [stderr]    Compiling unicode-properties v0.1.4
[INFO] [stderr]    Compiling unicode-bidi v0.3.18
[INFO] [stderr]    Compiling webpki-roots v0.25.4
[INFO] [stderr]    Compiling syn v1.0.109
[INFO] [stderr]    Compiling tempfile v3.27.0
[INFO] [stderr]    Compiling stringprep v0.1.5
[INFO] [stderr]    Compiling hkdf v0.12.4
[INFO] [stderr]    Compiling synstructure v0.13.2
[INFO] [stderr]    Compiling darling_core v0.20.11
[INFO] [stderr]    Compiling ppv-lite86 v0.2.21
[INFO] [stderr]    Compiling phf v0.11.3
[INFO] [stderr]    Compiling hashbrown v0.14.5
[INFO] [stderr]    Compiling md-5 v0.10.6
[INFO] [stderr]    Compiling rand_chacha v0.3.1
[INFO] [stderr]    Compiling parse-zoneinfo v0.3.1
[INFO] [stderr]    Compiling rand v0.8.6
[INFO] [stderr]    Compiling whoami v1.6.1
[INFO] [stderr]    Compiling toml_datetime v0.6.11
[INFO] [stderr]    Compiling hashlink v0.8.4
[INFO] [stderr]    Compiling home v0.5.12
[INFO] [stderr]    Compiling toml_edit v0.19.15
[INFO] [stderr]    Compiling httparse v1.10.1
[INFO] [stderr]    Compiling pest_generator v2.8.6
[INFO] [stderr]    Compiling phf_generator v0.11.3
[INFO] [stderr]    Compiling phf_codegen v0.11.3
[INFO] [stderr]    Compiling chrono-tz-build v0.2.1
[INFO] [stderr]    Compiling serde_derive v1.0.228
[INFO] [stderr]    Compiling zerofrom-derive v0.1.7
[INFO] [stderr]    Compiling yoke-derive v0.8.2
[INFO] [stderr]    Compiling zerovec-derive v0.11.3
[INFO] [stderr]    Compiling displaydoc v0.2.6
[INFO] [stderr]    Compiling futures-macro v0.3.32
[INFO] [stderr]    Compiling thiserror-impl v1.0.69
[INFO] [stderr]    Compiling sct v0.7.1
[INFO] [stderr]    Compiling zerofrom v0.1.8
[INFO] [stderr]    Compiling yoke v0.8.2
[INFO] [stderr]    Compiling rustls-webpki v0.101.7
[INFO] [stderr]    Compiling zerotrie v0.2.4
[INFO] [stderr]    Compiling futures-util v0.3.32
[INFO] [stderr]    Compiling tracing-attributes v0.1.31
[INFO] [stderr]    Compiling zerovec v0.11.6
[INFO] [stderr]    Compiling tinystr v0.8.3
[INFO] [stderr]    Compiling potential_utf v0.1.5
[INFO] [stderr]    Compiling thiserror v1.0.69
[INFO] [stderr]    Compiling async-trait v0.1.89
[INFO] [stderr]    Compiling icu_locale_core v2.2.0
[INFO] [stderr]    Compiling icu_collections v2.2.0
[INFO] [stderr]    Compiling darling_macro v0.20.11
[INFO] [stderr]    Compiling tracing v0.1.44
[INFO] [stderr]    Compiling strum_macros v0.25.3
[INFO] [stderr]    Compiling multer v2.1.0
[INFO] [stderr]    Compiling Inflector v0.11.4
[INFO] [stderr]    Compiling darling v0.20.11
[INFO] [stderr]    Compiling proc-macro-crate v1.3.1
[INFO] [stderr]    Compiling pest_derive v2.8.6
[INFO] [stderr]    Compiling icu_provider v2.2.0
[INFO] [stderr]    Compiling chrono-tz v0.8.6
[INFO] [stderr]    Compiling async-stream-impl v0.3.6
[INFO] [stderr]    Compiling icu_normalizer v2.2.0
[INFO] [stderr]    Compiling icu_properties v2.2.0
[INFO] [stderr]    Compiling socket2 v0.4.10
[INFO] [stderr]    Compiling num_cpus v1.17.0
[INFO] [stderr]    Compiling bytes v1.11.1
[INFO] [stderr]    Compiling either v1.16.0
[INFO] [stderr]    Compiling encoding_rs v0.8.35
[INFO] [stderr]    Compiling spin v0.9.8
[INFO] [stderr]    Compiling sha1_smol v1.0.1
[INFO] [stderr]    Compiling ascii_utils v0.9.3
[INFO] [stderr]    Compiling strum v0.25.0
[INFO] [stderr]    Compiling rust_decimal v1.42.0
[INFO] [stderr]    Compiling fast_chemail v0.9.6
[INFO] [stderr]    Compiling serde_urlencoded v0.7.1
[INFO] [stderr]    Compiling handlebars v4.5.0
[INFO] [stderr]    Compiling tokio v1.52.3
[INFO] [stderr]    Compiling async-graphql-value v6.0.11
[INFO] [stderr]    Compiling http v0.2.12
[INFO] [stderr]    Compiling async-stream v0.3.6
[INFO] [stderr]    Compiling static_assertions v1.1.0
[INFO] [stderr]    Compiling arrayvec v0.7.6
[INFO] [stderr]    Compiling idna_adapter v1.2.2
[INFO] [stderr]    Compiling idna v1.1.0
[INFO] [stderr]    Compiling async-graphql-parser v6.0.11
[INFO] [stderr]    Compiling base64 v0.13.1
[INFO] [stderr]    Compiling url v2.5.8
[INFO] [stderr]    Compiling async-graphql-derive v6.0.11
[INFO] [stderr]    Compiling tokio-stream v0.1.18
[INFO] [stderr]    Compiling tokio-util v0.7.18
[INFO] [stderr]    Compiling deadpool-runtime v0.1.4
[INFO] [stderr]    Compiling deadpool v0.10.0
[INFO] [stderr]    Compiling sqlx-core v0.7.4
[INFO] [stderr]    Compiling combine v4.6.7
[INFO] [stderr]    Compiling async-graphql v6.0.11
[INFO] [stderr]    Compiling sqlx-postgres v0.7.4
[INFO] [stderr]    Compiling redis v0.24.1
[INFO] [stderr]    Compiling sqlx-macros-core v0.7.4
[INFO] [stderr]    Compiling sqlx-macros v0.7.4
[INFO] [stderr]    Compiling deadpool-redis v0.14.0
[INFO] [stderr]    Compiling sqlx v0.7.4
[INFO] [stderr]    Compiling pleme-codegen v0.1.2 (/opt/rustwide/workdir)
[INFO] [stderr]     Finished `release` profile [optimized] target(s) in 2m 41s
[INFO] [stderr] warning: the following packages contain code that will be rejected by a future version of Rust: sqlx-postgres v0.7.4
[INFO] [stderr] note: to see what the problems were, use the option `--future-incompat-report`, or run `cargo report future-incompatibilities --id 2`
[INFO] running `Command { std: "docker" "inspect" "7028f3f84cafb4eb7849f2ccee01ac9660c0766c5619a591e54a5a7bf4378c13", kill_on_drop: false }`
[INFO] running `Command { std: "docker" "exec" "-e" "SOURCE_DIR=/opt/rustwide/workdir" "-e" "CARGO_HOME=/opt/rustwide/cargo-home" "-e" "RUSTUP_HOME=/opt/rustwide/rustup-home" "-e" "CARGO_TARGET_DIR=/opt/rustwide/target" "-e" "CARGO_INCREMENTAL=0" "-e" "RUST_BACKTRACE=full" "-e" "RUSTFLAGS=--cap-lints=warn" "-e" "RUSTDOCFLAGS=--cap-lints=warn" "-w" "/opt/rustwide/workdir" "--user" "0:0" "7028f3f84cafb4eb7849f2ccee01ac9660c0766c5619a591e54a5a7bf4378c13" "/opt/rustwide/cargo-home/bin/cargo" "+1.99.0-beta.8" "test" "--frozen" "--no-run" "--message-format=json" "--release", kill_on_drop: false }`
[INFO] [stderr]    Compiling zerocopy v0.8.50
[INFO] [stderr]    Compiling serde_core v1.0.228
[INFO] [stderr]    Compiling serde v1.0.228
[INFO] [stderr]    Compiling zerocopy-derive v0.8.50
[INFO] [stderr]    Compiling tokio-macros v2.7.0
[INFO] [stderr]    Compiling errno v0.3.14
[INFO] [stderr]    Compiling zerofrom v0.1.8
[INFO] [stderr]    Compiling getrandom v0.3.4
[INFO] [stderr]    Compiling crossbeam-utils v0.8.21
[INFO] [stderr]    Compiling signal-hook-registry v1.4.8
[INFO] [stderr]    Compiling yoke v0.8.2
[INFO] [stderr]    Compiling rust_decimal v1.42.0
[INFO] [stderr]    Compiling zerovec v0.11.6
[INFO] [stderr]    Compiling parking_lot_core v0.9.12
[INFO] [stderr]    Compiling either v1.16.0
[INFO] [stderr]    Compiling bytemuck v1.25.0
[INFO] [stderr]    Compiling parking_lot v0.12.5
[INFO] [stderr]    Compiling tokio v1.52.3
[INFO] [stderr]    Compiling chrono v0.4.44
[INFO] [stderr]    Compiling atomic v0.6.1
[INFO] [stderr]    Compiling uuid v1.23.2
[INFO] [stderr]    Compiling crypto-common v0.1.7
[INFO] [stderr]    Compiling zerotrie v0.2.4
[INFO] [stderr]    Compiling tinystr v0.8.3
[INFO] [stderr]    Compiling icu_locale_core v2.2.0
[INFO] [stderr]    Compiling potential_utf v0.1.5
[INFO] [stderr]    Compiling serde_json v1.0.150
[INFO] [stderr]    Compiling getrandom v0.2.17
[INFO] [stderr]    Compiling digest v0.10.7
[INFO] [stderr]    Compiling icu_collections v2.2.0
[INFO] [stderr]    Compiling getrandom v0.4.2
[INFO] [stderr]    Compiling crossbeam-queue v0.3.12
[INFO] [stderr]    Compiling ring v0.17.14
[INFO] [stderr]    Compiling target-triple v1.0.0
[INFO] [stderr]    Compiling futures-util v0.3.32
[INFO] [stderr]    Compiling icu_provider v2.2.0
[INFO] [stderr]    Compiling icu_properties v2.2.0
[INFO] [stderr]    Compiling bytes v1.11.1
[INFO] [stderr]    Compiling icu_normalizer v2.2.0
[INFO] [stderr]    Compiling idna_adapter v1.2.2
[INFO] [stderr]    Compiling tokio-stream v0.1.18
[INFO] [stderr]    Compiling ppv-lite86 v0.2.21
[INFO] [stderr]    Compiling ahash v0.8.12
[INFO] [stderr]    Compiling hashbrown v0.14.5
[INFO] [stderr]    Compiling log v0.4.31
[INFO] [stderr]    Compiling rand_chacha v0.3.1
[INFO] [stderr]    Compiling indexmap v2.14.0
[INFO] [stderr]    Compiling rand v0.8.6
[INFO] [stderr]    Compiling hashlink v0.8.4
[INFO] [stderr]    Compiling sqlx-core v0.7.4
[INFO] [stderr]    Compiling phf_generator v0.11.3
[INFO] [stderr]    Compiling phf_codegen v0.11.3
[INFO] [stderr]    Compiling tokio-util v0.7.18
[INFO] [stderr]    Compiling idna v1.1.0
[INFO] [stderr]    Compiling md-5 v0.10.6
[INFO] [stderr]    Compiling chrono-tz-build v0.2.1
[INFO] [stderr]    Compiling thiserror v1.0.69
[INFO] [stderr]    Compiling chrono-tz v0.8.6
[INFO] [stderr]    Compiling combine v4.6.7
[INFO] [stderr]    Compiling url v2.5.8
[INFO] [stderr]    Compiling deadpool-runtime v0.1.4
[INFO] [stderr]    Compiling rand_core v0.6.4
[INFO] [stderr]    Compiling rustix v1.1.4
[INFO] [stderr]    Compiling minimal-lexical v0.2.1
[INFO] [stderr]    Compiling nom v7.1.3
[INFO] [stderr]    Compiling sqlx-postgres v0.7.4
[INFO] [stderr]    Compiling deadpool v0.10.0
[INFO] [stderr]    Compiling dummy v0.8.0
[INFO] [stderr]    Compiling rustls v0.21.12
[INFO] [stderr]    Compiling crossbeam-epoch v0.9.18
[INFO] [stderr]    Compiling rand_core v0.9.5
[INFO] [stderr]    Compiling aho-corasick v1.1.4
[INFO] [stderr]    Compiling unicode_categories v0.1.1
[INFO] [stderr]    Compiling arrayvec v0.7.6
[INFO] [stderr]    Compiling async-graphql v6.0.11
[INFO] [stderr]    Compiling redis v0.24.1
[INFO] [stderr]    Compiling sha2 v0.10.9
[INFO] [stderr]    Compiling sqlx-macros-core v0.7.4
[INFO] [stderr]    Compiling sct v0.7.1
[INFO] [stderr]    Compiling rustls-webpki v0.101.7
[INFO] [stderr]    Compiling regex-automata v0.4.14
[INFO] [stderr]    Compiling sqlx-macros v0.7.4
[INFO] [stderr]    Compiling deadpool-redis v0.14.0
[INFO] [stderr]    Compiling sqlformat v0.2.6
[INFO] [stderr]    Compiling tempfile v3.27.0
[INFO] [stderr]    Compiling sqlx v0.7.4
[INFO] [stderr]    Compiling crossbeam-deque v0.8.6
[INFO] [stderr]    Compiling tracing v0.1.44
[INFO] [stderr]    Compiling unicode-normalization v0.1.25
[INFO] [stderr]    Compiling half v2.7.1
[INFO] [stderr]    Compiling hmac v0.12.1
[INFO] [stderr]    Compiling futures-channel v0.3.32
[INFO] [stderr]    Compiling futures-intrusive v0.5.0
[INFO] [stderr]    Compiling atoi v2.0.0
[INFO] [stderr]    Compiling proc-macro2 v1.0.106
[INFO] [stderr]    Compiling winnow v1.0.3
[INFO] [stderr]    Compiling byteorder v1.5.0
[INFO] [stderr]    Compiling unicode-bidi v0.3.18
[INFO] [stderr]    Compiling unicode-properties v0.1.4
[INFO] [stderr]    Compiling event-listener v2.5.3
[INFO] [stderr]    Compiling clap_builder v4.6.0
[INFO] [stderr]    Compiling stringprep v0.1.5
[INFO] [stderr]    Compiling ciborium-ll v0.2.2
[INFO] [stderr]    Compiling phf_shared v0.11.3
[INFO] [stderr]    Compiling toml_parser v1.1.2+spec-1.1.0
[INFO] [stderr]    Compiling rayon-core v1.13.0
[INFO] [stderr]    Compiling hkdf v0.12.4
[INFO] [stderr]    Compiling regex v1.12.3
[INFO] [stderr]    Compiling http v0.2.12
[INFO] [stderr]    Compiling async-graphql-value v6.0.11
[INFO] [stderr]    Compiling itertools v0.10.5
[INFO] [stderr]    Compiling serde_spanned v1.1.1
[INFO] [stderr]    Compiling toml_datetime v1.1.1+spec-1.1.0
[INFO] [stderr]    Compiling multer v2.1.0
[INFO] [stderr]    Compiling num_cpus v1.17.0
[INFO] [stderr]    Compiling socket2 v0.4.10
[INFO] [stderr]    Compiling wait-timeout v0.2.1
[INFO] [stderr]    Compiling quote v1.0.45
[INFO] [stderr]    Compiling ascii_utils v0.9.3
[INFO] [stderr]    Compiling spin v0.9.8
[INFO] [stderr]    Compiling whoami v1.6.1
[INFO] [stderr]    Compiling toml_writer v1.1.1+spec-1.1.0
[INFO] [stderr]    Compiling bit-vec v0.8.0
[INFO] [stderr]    Compiling rusty-fork v0.3.1
[INFO] [stderr]    Compiling criterion-plot v0.5.0
[INFO] [stderr]    Compiling bit-set v0.8.0
[INFO] [stderr]    Compiling toml v1.1.2+spec-1.1.0
[INFO] [stderr]    Compiling fast_chemail v0.9.6
[INFO] [stderr]    Compiling async-graphql-parser v6.0.11
[INFO] [stderr]    Compiling rayon v1.12.0
[INFO] [stderr]    Compiling pleme-codegen v0.1.2 (/opt/rustwide/workdir)
[INFO] [stderr]    Compiling clap v4.6.1
[INFO] [stderr]    Compiling phf v0.11.3
[INFO] [stderr]    Compiling ciborium v0.2.2
[INFO] [stderr]    Compiling handlebars v4.5.0
[INFO] [stderr]    Compiling serde_urlencoded v0.7.1
[INFO] [stderr]    Compiling rand v0.9.4
[INFO] [stderr]    Compiling rand_xorshift v0.4.0
[INFO] [stderr]    Compiling rand_chacha v0.9.0
[INFO] [stderr]    Compiling async-stream v0.3.6
[INFO] [stderr]    Compiling tinytemplate v1.2.1
[INFO] [stderr]    Compiling is-terminal v0.4.17
[INFO] [stderr]    Compiling anstyle v1.0.14
[INFO] [stderr]    Compiling clap_lex v1.1.0
[INFO] [stderr]    Compiling glob v0.3.3
[INFO] [stderr]    Compiling plotters-backend v0.3.7
[INFO] [stderr]    Compiling ciborium-io v0.2.2
[INFO] [stderr]    Compiling fake v2.10.0
[INFO] [stderr]    Compiling criterion v0.5.1
[INFO] [stderr]    Compiling proptest v1.11.0
[INFO] [stderr]    Compiling trybuild v1.0.116
[INFO] [stderr]    Compiling plotters-svg v0.3.7
[INFO] [stderr]    Compiling syn v2.0.117
[INFO] [stderr]    Compiling tokio-test v0.4.5
[INFO] [stderr]    Compiling cast v0.3.0
[INFO] [stderr]    Compiling quick-error v1.2.3
[INFO] [stderr]    Compiling heck v0.4.1
[INFO] [stderr]    Compiling plotters v0.3.7
[INFO] [stderr]    Compiling deunicode v1.6.2
[INFO] [stderr]    Compiling unarray v0.1.4
[INFO] [stderr]    Compiling anes v0.1.6
[INFO] [stderr]    Compiling termcolor v1.4.1
[INFO] [stderr]    Compiling oorandom v11.1.5
[INFO] [stderr] [pleme-codegen] DomainModel pattern applied to TestEntity
[INFO] [stderr] [pleme-codegen] GraphQLBridge pattern applied to TestEntity
[INFO] [stdout] warning: unused import: `pleme_codegen::*`
[INFO] [stdout]  --> tests/payment_macros_test.rs:6:5
[INFO] [stdout]   |
[INFO] [stdout] 6 | use pleme_codegen::*;
[INFO] [stdout]   |     ^^^^^^^^^^^^^^^^
[INFO] [stdout]   |
[INFO] [stdout]   = note: `#[warn(unused_imports)]` (part of `#[warn(unused)]`) on by default
[INFO] [stdout] 
[INFO] [stdout] 
[INFO] [stdout] warning: unused import: `ToTokens`
[INFO] [stdout]  --> tests/payment_macros_test.rs:8:20
[INFO] [stdout]   |
[INFO] [stdout] 8 | use quote::{quote, ToTokens};
[INFO] [stdout]   |                    ^^^^^^^^
[INFO] [stdout] 
[INFO] [stdout] 
[INFO] [stderr] [pleme-codegen] BrazilianEntity pattern applied to TestEntity
[INFO] [stdout] warning: unused variable: `attrs`
[INFO] [stdout]   --> tests/payment_macros_test.rs:80:17
[INFO] [stdout]    |
[INFO] [stdout] 80 |             let attrs: Vec<Attribute> = vec![
[INFO] [stdout]    |                 ^^^^^ help: if this is intentional, prefix it with an underscore: `_attrs`
[INFO] [stdout]    |
[INFO] [stdout]    = note: `#[warn(unused_variables)]` (part of `#[warn(unused)]`) on by default
[INFO] [stdout] 
[INFO] [stdout] 
[INFO] [stdout] warning: unused variable: `attrs`
[INFO] [stdout]    --> tests/payment_macros_test.rs:114:17
[INFO] [stdout]     |
[INFO] [stdout] 114 |             let attrs: Vec<Attribute> = vec![
[INFO] [stdout]     |                 ^^^^^ help: if this is intentional, prefix it with an underscore: `_attrs`
[INFO] [stdout] 
[INFO] [stdout] 
[INFO] [stdout] warning: variable does not need to be mutable
[INFO] [stdout]    --> tests/payment_macros_test.rs:622:13
[INFO] [stdout]     |
[INFO] [stdout] 622 |         let mut payment = MockPayment::new(
[INFO] [stdout]     |             ----^^^^^^^
[INFO] [stdout]     |             |
[INFO] [stdout]     |             help: remove this `mut`
[INFO] [stdout]     |
[INFO] [stdout]     = note: `#[warn(unused_mut)]` (part of `#[warn(unused)]`) on by default
[INFO] [stdout] 
[INFO] [stdout] 
[INFO] [stdout] warning: type `PaymentStatus` is more private than the item `PaymentError::InvalidStateTransition::from`
[INFO] [stdout]   --> tests/payment_macros_test.rs:57:30
[INFO] [stdout]    |
[INFO] [stdout] 57 |     InvalidStateTransition { from: PaymentStatus, to: PaymentStatus },
[INFO] [stdout]    |                              ^^^^^^^^^^^^^^^^^^^ field `PaymentError::InvalidStateTransition::from` is reachable at visibility `pub`
[INFO] [stdout]    |
[INFO] [stdout] note: but type `PaymentStatus` is only usable at visibility `pub(crate)`
[INFO] [stdout]   --> tests/payment_macros_test.rs:14:1
[INFO] [stdout]    |
[INFO] [stdout] 14 | enum PaymentStatus {
[INFO] [stdout]    | ^^^^^^^^^^^^^^^^^^
[INFO] [stdout]    = note: `#[warn(private_interfaces)]` on by default
[INFO] [stdout] 
[INFO] [stdout] 
[INFO] [stdout] warning: type `PaymentStatus` is more private than the item `PaymentError::InvalidStateTransition::to`
[INFO] [stdout]   --> tests/payment_macros_test.rs:57:51
[INFO] [stdout]    |
[INFO] [stdout] 57 |     InvalidStateTransition { from: PaymentStatus, to: PaymentStatus },
[INFO] [stdout]    |                                                   ^^^^^^^^^^^^^^^^^ field `PaymentError::InvalidStateTransition::to` is reachable at visibility `pub`
[INFO] [stdout]    |
[INFO] [stdout] note: but type `PaymentStatus` is only usable at visibility `pub(crate)`
[INFO] [stdout]   --> tests/payment_macros_test.rs:14:1
[INFO] [stdout]    |
[INFO] [stdout] 14 | enum PaymentStatus {
[INFO] [stdout]    | ^^^^^^^^^^^^^^^^^^
[INFO] [stdout] 
[INFO] [stdout] 
[INFO] [stdout] warning: method `as_str` is never used
[INFO] [stdout]   --> tests/payment_macros_test.rs:24:8
[INFO] [stdout]    |
[INFO] [stdout] 23 | impl PaymentStatus {
[INFO] [stdout]    | ------------------ method in this implementation
[INFO] [stdout] 24 |     fn as_str(&self) -> &'static str {
[INFO] [stdout]    |        ^^^^^^
[INFO] [stdout]    |
[INFO] [stdout]    = note: `#[warn(dead_code)]` (part of `#[warn(unused)]`) on by default
[INFO] [stdout] 
[INFO] [stdout] 
[INFO] [stdout] warning: variants `Level2` and `Level3` are never constructed
[INFO] [stdout]    --> tests/payment_macros_test.rs:904:5
[INFO] [stdout]     |
[INFO] [stdout] 901 | enum ArchitecturalLevel {
[INFO] [stdout]     |      ------------------ variants in this enum
[INFO] [stdout] ...
[INFO] [stdout] 904 |     Level2,
[INFO] [stdout]     |     ^^^^^^
[INFO] [stdout] 905 |     Level3,
[INFO] [stdout]     |     ^^^^^^
[INFO] [stdout]     |
[INFO] [stdout]     = note: `ArchitecturalLevel` has derived impls for the traits `Clone` and `Debug`, but these are intentionally ignored during dead code analysis
[INFO] [stdout] 
[INFO] [stdout] 
[INFO] [stdout] warning: variants `Level1`, `Level2`, and `Level3` are never constructed
[INFO] [stdout]    --> tests/payment_macros_test.rs:193:13
[INFO] [stdout]     |
[INFO] [stdout] 191 |         enum ArchitecturalLevel {
[INFO] [stdout]     |              ------------------ variants in this enum
[INFO] [stdout] 192 |             Level0,
[INFO] [stdout] 193 |             Level1,
[INFO] [stdout]     |             ^^^^^^
[INFO] [stdout] 194 |             Level2,
[INFO] [stdout]     |             ^^^^^^
[INFO] [stdout] 195 |             Level3,
[INFO] [stdout]     |             ^^^^^^
[INFO] [stdout]     |
[INFO] [stdout]     = note: `ArchitecturalLevel` has derived impls for the traits `Clone` and `Debug`, but these are intentionally ignored during dead code analysis
[INFO] [stdout] 
[INFO] [stdout] 
[INFO] [stdout] warning: trait `ArchitecturalHealth` is never used
[INFO] [stdout]    --> tests/payment_macros_test.rs:442:15
[INFO] [stdout]     |
[INFO] [stdout] 442 |         trait ArchitecturalHealth {
[INFO] [stdout]     |               ^^^^^^^^^^^^^^^^^^^
[INFO] [stdout] 
[INFO] [stdout] 
[INFO] [stdout] warning: field `user_id` is never read
[INFO] [stdout]    --> tests/payment_macros_test.rs:645:9
[INFO] [stdout]     |
[INFO] [stdout] 642 |     struct MockPayment {
[INFO] [stdout]     |            ----------- field in this struct
[INFO] [stdout] ...
[INFO] [stdout] 645 |         user_id: uuid::Uuid,
[INFO] [stdout]     |         ^^^^^^^
[INFO] [stdout] 
[INFO] [stdout] 
[INFO] [stdout] error[E0432]: unresolved import `crate::PixKeyType`
[INFO] [stdout]    --> tests/macro_tests.rs:275:9
[INFO] [stdout]     |
[INFO] [stdout] 275 |     use crate::PixKeyType;
[INFO] [stdout]     |         ^^^^^^^----------
[INFO] [stdout]     |                |
[INFO] [stdout]     |                no `PixKeyType` in the root
[INFO] [stdout] 
[INFO] [stdout] 
[INFO] [stdout] error: cannot find derive macro `CachedRepository` in this scope
[INFO] [stdout]   --> tests/macro_tests.rs:87:10
[INFO] [stdout]    |
[INFO] [stdout] 87 | #[derive(CachedRepository)]
[INFO] [stdout]    |          ^^^^^^^^^^^^^^^^
[INFO] [stdout] 
[INFO] [stdout] 
[INFO] [stdout] warning: method `as_str` is never used
[INFO] [stdout]   --> tests/performance_test.rs:23:8
[INFO] [stdout]    |
[INFO] [stdout] 22 | impl PaymentStatus {
[INFO] [stdout]    | ------------------ method in this implementation
[INFO] [stdout] 23 |     fn as_str(&self) -> &'static str {
[INFO] [stdout]    |        ^^^^^^
[INFO] [stdout]    |
[INFO] [stdout]    = note: `#[warn(dead_code)]` (part of `#[warn(unused)]`) on by default
[INFO] [stdout] 
[INFO] [stdout] 
[INFO] [stdout] warning: fields `id` and `user_id` are never read
[INFO] [stdout]   --> tests/performance_test.rs:64:9
[INFO] [stdout]    |
[INFO] [stdout] 63 | struct GeneratedPayment {
[INFO] [stdout]    |        ---------------- fields in this struct
[INFO] [stdout] 64 |     pub id: Uuid,
[INFO] [stdout]    |         ^^
[INFO] [stdout] ...
[INFO] [stdout] 67 |     pub user_id: Uuid,
[INFO] [stdout]    |         ^^^^^^^
[INFO] [stdout]    |
[INFO] [stdout]    = note: `GeneratedPayment` has derived impls for the traits `Clone` and `Debug`, but these are intentionally ignored during dead code analysis
[INFO] [stdout] 
[INFO] [stdout] 
[INFO] [stdout] warning: methods `mark_completed`, `is_refundable`, and `can_transition_to` are never used
[INFO] [stdout]    --> tests/performance_test.rs:91:8
[INFO] [stdout]     |
[INFO] [stdout]  70 | impl GeneratedPayment {
[INFO] [stdout]     | --------------------- methods in this implementation
[INFO] [stdout] ...
[INFO] [stdout]  91 |     fn mark_completed(&mut self) -> Result<(), PaymentError> {
[INFO] [stdout]     |        ^^^^^^^^^^^^^^
[INFO] [stdout] ...
[INFO] [stdout] 114 |     fn is_refundable(&self) -> bool {
[INFO] [stdout]     |        ^^^^^^^^^^^^^
[INFO] [stdout] ...
[INFO] [stdout] 124 |     fn can_transition_to(&self, new_status: PaymentStatus) -> bool {
[INFO] [stdout]     |        ^^^^^^^^^^^^^^^^^
[INFO] [stdout] 
[INFO] [stdout] 
[INFO] [stdout] warning: fields `id` and `user_id` are never read
[INFO] [stdout]    --> tests/performance_test.rs:147:9
[INFO] [stdout]     |
[INFO] [stdout] 146 | struct ManualPayment {
[INFO] [stdout]     |        ------------- fields in this struct
[INFO] [stdout] 147 |     pub id: Uuid,
[INFO] [stdout]     |         ^^
[INFO] [stdout] ...
[INFO] [stdout] 150 |     pub user_id: Uuid,
[INFO] [stdout]     |         ^^^^^^^
[INFO] [stdout]     |
[INFO] [stdout]     = note: `ManualPayment` has derived impls for the traits `Clone` and `Debug`, but these are intentionally ignored during dead code analysis
[INFO] [stdout] 
[INFO] [stdout] 
[INFO] [stdout] warning: methods `mark_completed`, `is_refundable`, and `can_transition_to` are never used
[INFO] [stdout]    --> tests/performance_test.rs:174:8
[INFO] [stdout]     |
[INFO] [stdout] 153 | impl ManualPayment {
[INFO] [stdout]     | ------------------ methods in this implementation
[INFO] [stdout] ...
[INFO] [stdout] 174 |     fn mark_completed(&mut self) -> Result<(), PaymentError> {
[INFO] [stdout]     |        ^^^^^^^^^^^^^^
[INFO] [stdout] ...
[INFO] [stdout] 196 |     fn is_refundable(&self) -> bool {
[INFO] [stdout]     |        ^^^^^^^^^^^^^
[INFO] [stdout] ...
[INFO] [stdout] 205 |     fn can_transition_to(&self, new_status: PaymentStatus) -> bool {
[INFO] [stdout]     |        ^^^^^^^^^^^^^^^^^
[INFO] [stdout] 
[INFO] [stdout] 
[INFO] [stdout] warning: fields `id` and `qr_code` are never read
[INFO] [stdout]    --> tests/performance_test.rs:226:9
[INFO] [stdout]     |
[INFO] [stdout] 225 | struct GeneratedPixPayment {
[INFO] [stdout]     |        ------------------- fields in this struct
[INFO] [stdout] 226 |     pub id: Uuid,
[INFO] [stdout]     |         ^^
[INFO] [stdout] ...
[INFO] [stdout] 230 |     pub qr_code: String,
[INFO] [stdout]     |         ^^^^^^^
[INFO] [stdout]     |
[INFO] [stdout]     = note: `GeneratedPixPayment` has derived impls for the traits `Clone` and `Debug`, but these are intentionally ignored during dead code analysis
[INFO] [stdout] 
[INFO] [stdout] 
[INFO] [stdout] warning: method `is_expired` is never used
[INFO] [stdout]    --> tests/performance_test.rs:294:8
[INFO] [stdout]     |
[INFO] [stdout] 233 | impl GeneratedPixPayment {
[INFO] [stdout]     | ------------------------ method in this implementation
[INFO] [stdout] ...
[INFO] [stdout] 294 |     fn is_expired(&self) -> bool {
[INFO] [stdout]     |        ^^^^^^^^^^
[INFO] [stdout] 
[INFO] [stdout] 
[INFO] [stdout] warning: fields `id` and `qr_code` are never read
[INFO] [stdout]    --> tests/performance_test.rs:302:9
[INFO] [stdout]     |
[INFO] [stdout] 301 | struct ManualPixPayment {
[INFO] [stdout]     |        ---------------- fields in this struct
[INFO] [stdout] 302 |     pub id: Uuid,
[INFO] [stdout]     |         ^^
[INFO] [stdout] ...
[INFO] [stdout] 306 |     pub qr_code: String,
[INFO] [stdout]     |         ^^^^^^^
[INFO] [stdout]     |
[INFO] [stdout]     = note: `ManualPixPayment` has derived impls for the traits `Clone` and `Debug`, but these are intentionally ignored during dead code analysis
[INFO] [stdout] 
[INFO] [stdout] 
[INFO] [stdout] warning: method `is_expired` is never used
[INFO] [stdout]    --> tests/performance_test.rs:364:8
[INFO] [stdout]     |
[INFO] [stdout] 309 | impl ManualPixPayment {
[INFO] [stdout]     | --------------------- method in this implementation
[INFO] [stdout] ...
[INFO] [stdout] 364 |     fn is_expired(&self) -> bool {
[INFO] [stdout]     |        ^^^^^^^^^^
[INFO] [stdout] 
[INFO] [stdout] 
[INFO] [stdout] error: cannot find attribute `cached` in this scope
[INFO] [stdout]   --> tests/macro_tests.rs:88:3
[INFO] [stdout]    |
[INFO] [stdout] 88 | #[cached(
[INFO] [stdout]    |   ^^^^^^
[INFO] [stdout] 
[INFO] [stdout] 
[INFO] [stdout] error: cannot find derive macro `DatabaseMapper` in this scope
[INFO] [stdout]    --> tests/macro_tests.rs:118:10
[INFO] [stdout]     |
[INFO] [stdout] 118 | #[derive(DatabaseMapper)]
[INFO] [stdout]     |          ^^^^^^^^^^^^^^
[INFO] [stdout] 
[INFO] [stdout] 
[INFO] [stdout] error: cannot find attribute `database` in this scope
[INFO] [stdout]    --> tests/macro_tests.rs:119:3
[INFO] [stdout]     |
[INFO] [stdout] 119 | #[database(table = "test_payments", primary_key = "id")]
[INFO] [stdout]     |   ^^^^^^^^
[INFO] [stdout] 
[INFO] [stdout] 
[INFO] [stdout] error: cannot find attribute `db` in this scope
[INFO] [stdout]    --> tests/macro_tests.rs:122:7
[INFO] [stdout]     |
[INFO] [stdout] 122 |     #[db(column = "user_id")]
[INFO] [stdout]     |       ^^
[INFO] [stdout] 
[INFO] [stdout] 
[INFO] [stdout] error: cannot find attribute `db` in this scope
[INFO] [stdout]    --> tests/macro_tests.rs:125:7
[INFO] [stdout]     |
[INFO] [stdout] 125 |     #[db(enum)]
[INFO] [stdout]     |       ^^
[INFO] [stdout] 
[INFO] [stdout] 
[INFO] [stdout] error: cannot find derive macro `TransactionalRepository` in this scope
[INFO] [stdout]    --> tests/macro_tests.rs:176:10
[INFO] [stdout]     |
[INFO] [stdout] 176 | #[derive(TransactionalRepository)]
[INFO] [stdout]     |          ^^^^^^^^^^^^^^^^^^^^^^^
[INFO] [stdout] 
[INFO] [stdout] 
[INFO] [stdout] error: cannot find attribute `transactional` in this scope
[INFO] [stdout]    --> tests/macro_tests.rs:177:3
[INFO] [stdout]     |
[INFO] [stdout] 177 | #[transactional(
[INFO] [stdout]     |   ^^^^^^^^^^^^^
[INFO] [stdout] 
[INFO] [stdout] 
[INFO] [stdout] error: cannot find derive macro `BrazilianPaymentEntity` in this scope
[INFO] [stdout]    --> tests/macro_tests.rs:204:10
[INFO] [stdout]     |
[INFO] [stdout] 204 | #[derive(BrazilianPaymentEntity)]
[INFO] [stdout]     |          ^^^^^^^^^^^^^^^^^^^^^^
[INFO] [stdout]     |
[INFO] [stdout]    ::: src/lib.rs:658:1
[INFO] [stdout]     |
[INFO] [stdout] 658 | pub fn derive_brazilian_tax_entity(input: TokenStream) -> TokenStream {
[INFO] [stdout]     | --------------------------------------------------------------------- similarly named derive macro `BrazilianTaxEntity` defined here
[INFO] [stdout]     |
[INFO] [stdout] help: a derive macro with a similar name exists
[INFO] [stdout]     |
[INFO] [stdout] 204 - #[derive(BrazilianPaymentEntity)]
[INFO] [stdout] 204 + #[derive(BrazilianTaxEntity)]
[INFO] [stdout]     |
[INFO] [stdout] 
[INFO] [stdout] 
[INFO] [stdout] error: cannot find attribute `brazilian_payment` in this scope
[INFO] [stdout]    --> tests/macro_tests.rs:205:3
[INFO] [stdout]     |
[INFO] [stdout] 205 | #[brazilian_payment(
[INFO] [stdout]     |   ^^^^^^^^^^^^^^^^^
[INFO] [stdout] 
[INFO] [stdout] 
[INFO] [stdout] error: cannot find derive macro `DatabaseMapper` in this scope
[INFO] [stdout]    --> tests/macro_tests.rs:351:14
[INFO] [stdout]     |
[INFO] [stdout] 351 |     #[derive(DatabaseMapper, BrazilianPaymentEntity)]
[INFO] [stdout]     |              ^^^^^^^^^^^^^^
[INFO] [stdout] 
[INFO] [stdout] 
[INFO] [stdout] error: cannot find derive macro `BrazilianPaymentEntity` in this scope
[INFO] [stdout]    --> tests/macro_tests.rs:351:30
[INFO] [stdout]     |
[INFO] [stdout] 351 |     #[derive(DatabaseMapper, BrazilianPaymentEntity)]
[INFO] [stdout]     |                              ^^^^^^^^^^^^^^^^^^^^^^
[INFO] [stdout]     |
[INFO] [stdout]    ::: src/lib.rs:658:1
[INFO] [stdout]     |
[INFO] [stdout] 658 | pub fn derive_brazilian_tax_entity(input: TokenStream) -> TokenStream {
[INFO] [stdout]     | --------------------------------------------------------------------- similarly named derive macro `BrazilianTaxEntity` defined here
[INFO] [stdout]     |
[INFO] [stdout] help: a derive macro with a similar name exists
[INFO] [stdout]     |
[INFO] [stdout] 351 -     #[derive(DatabaseMapper, BrazilianPaymentEntity)]
[INFO] [stdout] 351 +     #[derive(DatabaseMapper, BrazilianTaxEntity)]
[INFO] [stdout]     |
[INFO] [stdout] 
[INFO] [stdout] 
[INFO] [stdout] error: cannot find attribute `database` in this scope
[INFO] [stdout]    --> tests/macro_tests.rs:352:7
[INFO] [stdout]     |
[INFO] [stdout] 352 |     #[database(table = "payments")]
[INFO] [stdout]     |       ^^^^^^^^
[INFO] [stdout] 
[INFO] [stdout] 
[INFO] [stdout] error: cannot find attribute `brazilian_payment` in this scope
[INFO] [stdout]    --> tests/macro_tests.rs:353:7
[INFO] [stdout]     |
[INFO] [stdout] 353 |     #[brazilian_payment(currency = "BRL")]
[INFO] [stdout]     |       ^^^^^^^^^^^^^^^^^
[INFO] [stdout] 
[INFO] [stdout] 
[INFO] [stdout] error[E0433]: cannot find `PixKeyType` in the crate root
[INFO] [stdout]    --> tests/macro_tests.rs:387:73
[INFO] [stdout]     |
[INFO] [stdout] 387 |     let invalid_pix = TestBrazilianPayment::validate_pix_key("", crate::PixKeyType::Cpf);
[INFO] [stdout]     |                                                                         ^^^^^^^^^^ could not find `PixKeyType` in the crate root
[INFO] [stdout] 
[INFO] [stdout] 
[INFO] [stdout] warning: unused import: `pleme_codegen::*`
[INFO] [stdout]  --> tests/macro_tests.rs:5:5
[INFO] [stdout]   |
[INFO] [stdout] 5 | use pleme_codegen::*;
[INFO] [stdout]   |     ^^^^^^^^^^^^^^^^
[INFO] [stdout]   |
[INFO] [stdout]   = note: `#[warn(unused_imports)]` (part of `#[warn(unused)]`) on by default
[INFO] [stdout] 
[INFO] [stdout] 
[INFO] [stdout] warning: unused import: `std::collections::HashMap`
[INFO] [stdout]   --> tests/macro_tests.rs:10:5
[INFO] [stdout]    |
[INFO] [stdout] 10 | use std::collections::HashMap;
[INFO] [stdout]    |     ^^^^^^^^^^^^^^^^^^^^^^^^^
[INFO] [stdout] 
[INFO] [stdout] 
[INFO] [stdout] error[E0599]: no associated function or constant named `insert_sql` found for struct `TestMappedEntity` in the current scope
[INFO] [stdout]    --> tests/macro_tests.rs:133:31
[INFO] [stdout]     |
[INFO] [stdout] 120 | pub struct TestMappedEntity {
[INFO] [stdout]     | --------------------------- associated function or constant `insert_sql` not found for this struct
[INFO] [stdout] ...
[INFO] [stdout] 133 |     assert!(TestMappedEntity::insert_sql().contains("INSERT INTO test_payments"));
[INFO] [stdout]     |                               ^^^^^^^^^^ associated function or constant not found in `TestMappedEntity`
[INFO] [stdout] 
[INFO] [stdout] 
[INFO] [stdout] error[E0599]: no associated function or constant named `find_by_id_sql` found for struct `TestMappedEntity` in the current scope
[INFO] [stdout]    --> tests/macro_tests.rs:134:31
[INFO] [stdout]     |
[INFO] [stdout] 120 | pub struct TestMappedEntity {
[INFO] [stdout]     | --------------------------- associated function or constant `find_by_id_sql` not found for this struct
[INFO] [stdout] ...
[INFO] [stdout] 134 |     assert!(TestMappedEntity::find_by_id_sql().contains("SELECT"));
[INFO] [stdout]     |                               ^^^^^^^^^^^^^^ associated function or constant not found in `TestMappedEntity`
[INFO] [stdout] 
[INFO] [stdout] 
[INFO] [stdout] error[E0599]: no associated function or constant named `update_sql` found for struct `TestMappedEntity` in the current scope
[INFO] [stdout]    --> tests/macro_tests.rs:135:31
[INFO] [stdout]     |
[INFO] [stdout] 120 | pub struct TestMappedEntity {
[INFO] [stdout]     | --------------------------- associated function or constant `update_sql` not found for this struct
[INFO] [stdout] ...
[INFO] [stdout] 135 |     assert!(TestMappedEntity::update_sql().contains("UPDATE test_payments"));
[INFO] [stdout]     |                               ^^^^^^^^^^ associated function or constant not found in `TestMappedEntity`
[INFO] [stdout] 
[INFO] [stdout] 
[INFO] [stdout] error[E0599]: no associated function or constant named `delete_sql` found for struct `TestMappedEntity` in the current scope
[INFO] [stdout]    --> tests/macro_tests.rs:136:31
[INFO] [stdout]     |
[INFO] [stdout] 120 | pub struct TestMappedEntity {
[INFO] [stdout]     | --------------------------- associated function or constant `delete_sql` not found for this struct
[INFO] [stdout] ...
[INFO] [stdout] 136 |     assert!(TestMappedEntity::delete_sql().contains("DELETE FROM test_payments"));
[INFO] [stdout]     |                               ^^^^^^^^^^ associated function or constant not found in `TestMappedEntity`
[INFO] [stdout] 
[INFO] [stdout] 
[INFO] [stdout] error[E0599]: no associated function or constant named `table_name` found for struct `TestMappedEntity` in the current scope
[INFO] [stdout]    --> tests/macro_tests.rs:139:34
[INFO] [stdout]     |
[INFO] [stdout] 120 | pub struct TestMappedEntity {
[INFO] [stdout]     | --------------------------- associated function or constant `table_name` not found for this struct
[INFO] [stdout] ...
[INFO] [stdout] 139 |     assert_eq!(TestMappedEntity::table_name(), "test_payments");
[INFO] [stdout]     |                                  ^^^^^^^^^^ associated function or constant not found in `TestMappedEntity`
[INFO] [stdout] 
[INFO] [stdout] 
[INFO] [stdout] error[E0599]: no associated function or constant named `primary_key` found for struct `TestMappedEntity` in the current scope
[INFO] [stdout]    --> tests/macro_tests.rs:140:34
[INFO] [stdout]     |
[INFO] [stdout] 120 | pub struct TestMappedEntity {
[INFO] [stdout]     | --------------------------- associated function or constant `primary_key` not found for this struct
[INFO] [stdout] ...
[INFO] [stdout] 140 |     assert_eq!(TestMappedEntity::primary_key(), "id");
[INFO] [stdout]     |                                  ^^^^^^^^^^^ associated function or constant not found in `TestMappedEntity`
[INFO] [stdout] 
[INFO] [stdout] 
[INFO] [stdout] error[E0599]: no associated function or constant named `columns` found for struct `TestMappedEntity` in the current scope
[INFO] [stdout]    --> tests/macro_tests.rs:141:32
[INFO] [stdout]     |
[INFO] [stdout] 120 | pub struct TestMappedEntity {
[INFO] [stdout]     | --------------------------- associated function or constant `columns` not found for this struct
[INFO] [stdout] ...
[INFO] [stdout] 141 |     assert!(!TestMappedEntity::columns().is_empty());
[INFO] [stdout]     |                                ^^^^^^^ associated function or constant not found in `TestMappedEntity`
[INFO] [stdout]     |
[INFO] [stdout]     = help: items from traits can only be used if the trait is implemented and in scope
[INFO] [stdout]     = note: the following traits define an item `columns`, perhaps you need to implement one of them:
[INFO] [stdout]             candidate #1: `sqlx::Row`
[INFO] [stdout]             candidate #2: `sqlx::Statement`
[INFO] [stdout] 
[INFO] [stdout] 
[INFO] [stdout] error[E0599]: no associated function or constant named `query_builder` found for struct `TestMappedEntity` in the current scope
[INFO] [stdout]    --> tests/macro_tests.rs:146:37
[INFO] [stdout]     |
[INFO] [stdout] 120 | pub struct TestMappedEntity {
[INFO] [stdout]     | --------------------------- associated function or constant `query_builder` not found for this struct
[INFO] [stdout] ...
[INFO] [stdout] 146 |     let builder = TestMappedEntity::query_builder()
[INFO] [stdout]     |                                     ^^^^^^^^^^^^^ associated function or constant not found in `TestMappedEntity`
[INFO] [stdout] 
[INFO] [stdout] 
[INFO] [stdout] error[E0599]: no associated function or constant named `entity_metadata` found for struct `TestMappedEntity` in the current scope
[INFO] [stdout]    --> tests/macro_tests.rs:160:38
[INFO] [stdout]     |
[INFO] [stdout] 120 | pub struct TestMappedEntity {
[INFO] [stdout]     | --------------------------- associated function or constant `entity_metadata` not found for this struct
[INFO] [stdout] ...
[INFO] [stdout] 160 |     let metadata = TestMappedEntity::entity_metadata();
[INFO] [stdout]     |                                      ^^^^^^^^^^^^^^^ associated function or constant not found in `TestMappedEntity`
[INFO] [stdout]     |
[INFO] [stdout] help: there is an associated function `pointer_to_metadata` with a similar name
[INFO] [stdout]    --> /opt/rustwide/cargo-home/registry/src/index.crates.io-1949cf8c6b5b557f/zerocopy-0.8.50/src/lib.rs:808:5
[INFO] [stdout]     |
[INFO] [stdout] 808 |     fn pointer_to_metadata(ptr: *mut Self) -> Self::PointerMetadata;
[INFO] [stdout]     |     ^^^^^^^^^^^^^^^^^^^^^^^^^^^^^^^^^^^^^^^^^^^^^^^^^^^^^^^^^^^^^^^^
[INFO] [stdout] 
[INFO] [stdout] 
[INFO] [stdout] error[E0599]: no associated function or constant named `format_brl_amount` found for struct `TestBrazilianPayment` in the current scope
[INFO] [stdout]    --> tests/macro_tests.rs:252:43
[INFO] [stdout]     |
[INFO] [stdout] 212 | pub struct TestBrazilianPayment {
[INFO] [stdout]     | ------------------------------- associated function or constant `format_brl_amount` not found for this struct
[INFO] [stdout] ...
[INFO] [stdout] 252 |     let formatted = TestBrazilianPayment::format_brl_amount(amount);
[INFO] [stdout]     |                                           ^^^^^^^^^^^^^^^^^ associated function or constant not found in `TestBrazilianPayment`
[INFO] [stdout] 
[INFO] [stdout] 
[INFO] [stdout] error[E0599]: no associated function or constant named `parse_brl_amount` found for struct `TestBrazilianPayment` in the current scope
[INFO] [stdout]    --> tests/macro_tests.rs:255:40
[INFO] [stdout]     |
[INFO] [stdout] 212 | pub struct TestBrazilianPayment {
[INFO] [stdout]     | ------------------------------- associated function or constant `parse_brl_amount` not found for this struct
[INFO] [stdout] ...
[INFO] [stdout] 255 |     let parsed = TestBrazilianPayment::parse_brl_amount("R$ 1.234,56").unwrap();
[INFO] [stdout]     |                                        ^^^^^^^^^^^^^^^^ associated function or constant not found in `TestBrazilianPayment`
[INFO] [stdout]     |
[INFO] [stdout] help: there is a method `get_amount` with a similar name, but with different arguments
[INFO] [stdout]    --> tests/macro_tests.rs:228:5
[INFO] [stdout]     |
[INFO] [stdout] 228 |     fn get_amount(&self) -> Option<Decimal> {
[INFO] [stdout]     |     ^^^^^^^^^^^^^^^^^^^^^^^^^^^^^^^^^^^^^^^
[INFO] [stdout] 
[INFO] [stdout] 
[INFO] [stdout] error[E0599]: no associated function or constant named `parse_brl_amount` found for struct `TestBrazilianPayment` in the current scope
[INFO] [stdout]    --> tests/macro_tests.rs:268:44
[INFO] [stdout]     |
[INFO] [stdout] 212 | pub struct TestBrazilianPayment {
[INFO] [stdout]     | ------------------------------- associated function or constant `parse_brl_amount` not found for this struct
[INFO] [stdout] ...
[INFO] [stdout] 268 |         let parsed = TestBrazilianPayment::parse_brl_amount(input).unwrap();
[INFO] [stdout]     |                                            ^^^^^^^^^^^^^^^^ associated function or constant not found in `TestBrazilianPayment`
[INFO] [stdout]     |
[INFO] [stdout] help: there is a method `get_amount` with a similar name, but with different arguments
[INFO] [stdout]    --> tests/macro_tests.rs:228:5
[INFO] [stdout]     |
[INFO] [stdout] 228 |     fn get_amount(&self) -> Option<Decimal> {
[INFO] [stdout]     |     ^^^^^^^^^^^^^^^^^^^^^^^^^^^^^^^^^^^^^^^
[INFO] [stdout] 
[INFO] [stdout] 
[INFO] [stdout] error[E0599]: no associated function or constant named `validate_pix_key` found for struct `TestBrazilianPayment` in the current scope
[INFO] [stdout]    --> tests/macro_tests.rs:278:35
[INFO] [stdout]     |
[INFO] [stdout] 212 | pub struct TestBrazilianPayment {
[INFO] [stdout]     | ------------------------------- associated function or constant `validate_pix_key` not found for this struct
[INFO] [stdout] ...
[INFO] [stdout] 278 |     assert!(TestBrazilianPayment::validate_pix_key("123.456.789-00", PixKeyType::Cpf).is_ok());
[INFO] [stdout]     |                                   ^^^^^^^^^^^^^^^^ associated function or constant not found in `TestBrazilianPayment`
[INFO] [stdout] 
[INFO] [stdout] 
[INFO] [stdout] error[E0599]: no associated function or constant named `validate_pix_key` found for struct `TestBrazilianPayment` in the current scope
[INFO] [stdout]    --> tests/macro_tests.rs:279:35
[INFO] [stdout]     |
[INFO] [stdout] 212 | pub struct TestBrazilianPayment {
[INFO] [stdout]     | ------------------------------- associated function or constant `validate_pix_key` not found for this struct
[INFO] [stdout] ...
[INFO] [stdout] 279 |     assert!(TestBrazilianPayment::validate_pix_key("invalid-cpf", PixKeyType::Cpf).is_err());
[INFO] [stdout]     |                                   ^^^^^^^^^^^^^^^^ associated function or constant not found in `TestBrazilianPayment`
[INFO] [stdout] 
[INFO] [stdout] 
[INFO] [stdout] error[E0599]: no associated function or constant named `validate_pix_key` found for struct `TestBrazilianPayment` in the current scope
[INFO] [stdout]    --> tests/macro_tests.rs:282:35
[INFO] [stdout]     |
[INFO] [stdout] 212 | pub struct TestBrazilianPayment {
[INFO] [stdout]     | ------------------------------- associated function or constant `validate_pix_key` not found for this struct
[INFO] [stdout] ...
[INFO] [stdout] 282 |     assert!(TestBrazilianPayment::validate_pix_key("user@example.com", PixKeyType::Email).is_ok());
[INFO] [stdout]     |                                   ^^^^^^^^^^^^^^^^ associated function or constant not found in `TestBrazilianPayment`
[INFO] [stdout] 
[INFO] [stdout] 
[INFO] [stdout] error[E0599]: no associated function or constant named `validate_pix_key` found for struct `TestBrazilianPayment` in the current scope
[INFO] [stdout]    --> tests/macro_tests.rs:283:35
[INFO] [stdout]     |
[INFO] [stdout] 212 | pub struct TestBrazilianPayment {
[INFO] [stdout]     | ------------------------------- associated function or constant `validate_pix_key` not found for this struct
[INFO] [stdout] ...
[INFO] [stdout] 283 |     assert!(TestBrazilianPayment::validate_pix_key("invalid-email", PixKeyType::Email).is_err());
[INFO] [stdout]     |                                   ^^^^^^^^^^^^^^^^ associated function or constant not found in `TestBrazilianPayment`
[INFO] [stdout] 
[INFO] [stdout] 
[INFO] [stdout] error[E0599]: no associated function or constant named `validate_pix_key` found for struct `TestBrazilianPayment` in the current scope
[INFO] [stdout]    --> tests/macro_tests.rs:286:35
[INFO] [stdout]     |
[INFO] [stdout] 212 | pub struct TestBrazilianPayment {
[INFO] [stdout]     | ------------------------------- associated function or constant `validate_pix_key` not found for this struct
[INFO] [stdout] ...
[INFO] [stdout] 286 |     assert!(TestBrazilianPayment::validate_pix_key("11987654321", PixKeyType::Phone).is_ok());
[INFO] [stdout]     |                                   ^^^^^^^^^^^^^^^^ associated function or constant not found in `TestBrazilianPayment`
[INFO] [stdout] 
[INFO] [stdout] 
[INFO] [stdout] error[E0599]: no associated function or constant named `validate_pix_key` found for struct `TestBrazilianPayment` in the current scope
[INFO] [stdout]    --> tests/macro_tests.rs:287:35
[INFO] [stdout]     |
[INFO] [stdout] 212 | pub struct TestBrazilianPayment {
[INFO] [stdout]     | ------------------------------- associated function or constant `validate_pix_key` not found for this struct
[INFO] [stdout] ...
[INFO] [stdout] 287 |     assert!(TestBrazilianPayment::validate_pix_key("123", PixKeyType::Phone).is_err());
[INFO] [stdout]     |                                   ^^^^^^^^^^^^^^^^ associated function or constant not found in `TestBrazilianPayment`
[INFO] [stdout] 
[INFO] [stdout] 
[INFO] [stdout] error[E0599]: no method named `calculate_brazilian_taxes` found for struct `TestBrazilianPayment` in the current scope
[INFO] [stdout]    --> tests/macro_tests.rs:302:33
[INFO] [stdout]     |
[INFO] [stdout] 212 | pub struct TestBrazilianPayment {
[INFO] [stdout]     | ------------------------------- method `calculate_brazilian_taxes` not found for this struct
[INFO] [stdout] ...
[INFO] [stdout] 302 |     let tax_breakdown = payment.calculate_brazilian_taxes().unwrap();
[INFO] [stdout]     |                                 ^^^^^^^^^^^^^^^^^^^^^^^^^ method not found in `TestBrazilianPayment`
[INFO] [stdout] 
[INFO] [stdout] 
[INFO] [stdout] error[E0599]: no method named `generate_brazilian_receipt` found for struct `TestBrazilianPayment` in the current scope
[INFO] [stdout]    --> tests/macro_tests.rs:335:27
[INFO] [stdout]     |
[INFO] [stdout] 212 | pub struct TestBrazilianPayment {
[INFO] [stdout]     | ------------------------------- method `generate_brazilian_receipt` not found for this struct
[INFO] [stdout] ...
[INFO] [stdout] 335 |     let receipt = payment.generate_brazilian_receipt().unwrap();
[INFO] [stdout]     |                           ^^^^^^^^^^^^^^^^^^^^^^^^^^ method not found in `TestBrazilianPayment`
[INFO] [stdout] 
[INFO] [stdout] 
[INFO] [stdout] error[E0599]: no associated function or constant named `table_name` found for struct `ComposedEntity` in the current scope
[INFO] [stdout]    --> tests/macro_tests.rs:374:32
[INFO] [stdout]     |
[INFO] [stdout] 354 |     pub struct ComposedEntity {
[INFO] [stdout]     |     ------------------------- associated function or constant `table_name` not found for this struct
[INFO] [stdout] ...
[INFO] [stdout] 374 |     assert_eq!(ComposedEntity::table_name(), "payments");
[INFO] [stdout]     |                                ^^^^^^^^^^ associated function or constant not found in `ComposedEntity`
[INFO] [stdout] 
[INFO] [stdout] 
[INFO] [stdout] error[E0599]: no associated function or constant named `format_brl_amount` found for struct `ComposedEntity` in the current scope
[INFO] [stdout]    --> tests/macro_tests.rs:377:37
[INFO] [stdout]     |
[INFO] [stdout] 354 |     pub struct ComposedEntity {
[INFO] [stdout]     |     ------------------------- associated function or constant `format_brl_amount` not found for this struct
[INFO] [stdout] ...
[INFO] [stdout] 377 |     let formatted = ComposedEntity::format_brl_amount(amount);
[INFO] [stdout]     |                                     ^^^^^^^^^^^^^^^^^ associated function or constant not found in `ComposedEntity`
[INFO] [stdout] 
[INFO] [stdout] 
[INFO] [stdout] error[E0599]: no associated function or constant named `parse_brl_amount` found for struct `TestBrazilianPayment` in the current scope
[INFO] [stdout]    --> tests/macro_tests.rs:384:48
[INFO] [stdout]     |
[INFO] [stdout] 212 | pub struct TestBrazilianPayment {
[INFO] [stdout]     | ------------------------------- associated function or constant `parse_brl_amount` not found for this struct
[INFO] [stdout] ...
[INFO] [stdout] 384 |     let invalid_amount = TestBrazilianPayment::parse_brl_amount("invalid");
[INFO] [stdout]     |                                                ^^^^^^^^^^^^^^^^ associated function or constant not found in `TestBrazilianPayment`
[INFO] [stdout]     |
[INFO] [stdout] help: there is a method `get_amount` with a similar name, but with different arguments
[INFO] [stdout]    --> tests/macro_tests.rs:228:5
[INFO] [stdout]     |
[INFO] [stdout] 228 |     fn get_amount(&self) -> Option<Decimal> {
[INFO] [stdout]     |     ^^^^^^^^^^^^^^^^^^^^^^^^^^^^^^^^^^^^^^^
[INFO] [stdout] 
[INFO] [stdout] 
[INFO] [stdout] error[E0599]: no associated function or constant named `validate_pix_key` found for struct `TestBrazilianPayment` in the current scope
[INFO] [stdout]    --> tests/macro_tests.rs:387:45
[INFO] [stdout]     |
[INFO] [stdout] 212 | pub struct TestBrazilianPayment {
[INFO] [stdout]     | ------------------------------- associated function or constant `validate_pix_key` not found for this struct
[INFO] [stdout] ...
[INFO] [stdout] 387 |     let invalid_pix = TestBrazilianPayment::validate_pix_key("", crate::PixKeyType::Cpf);
[INFO] [stdout]     |                                             ^^^^^^^^^^^^^^^^ associated function or constant not found in `TestBrazilianPayment`
[INFO] [stdout] 
[INFO] [stdout] 
[INFO] [stdout] warning: unused variable: `repo`
[INFO] [stdout]    --> tests/macro_tests.rs:101:9
[INFO] [stdout]     |
[INFO] [stdout] 101 |     let repo = TestCachedRepository {
[INFO] [stdout]     |         ^^^^ help: if this is intentional, prefix it with an underscore: `_repo`
[INFO] [stdout]     |
[INFO] [stdout]     = note: `#[warn(unused_variables)]` (part of `#[warn(unused)]`) on by default
[INFO] [stdout] 
[INFO] [stdout] 
[INFO] [stdout] warning: unused variable: `repo`
[INFO] [stdout]    --> tests/macro_tests.rs:189:9
[INFO] [stdout]     |
[INFO] [stdout] 189 |     let repo = TestTransactionalRepository {
[INFO] [stdout]     |         ^^^^ help: if this is intentional, prefix it with an underscore: `_repo`
[INFO] [stdout] 
[INFO] [stdout] 
[INFO] [stdout] Some errors have detailed explanations: E0432, E0433, E0599.
[INFO] [stdout] 
[INFO] [stdout] For more information about an error, try `rustc --explain E0432`.
[INFO] [stdout] 
[INFO] [stderr] error: could not compile `pleme-codegen` (test "macro_tests") due to 40 previous errors; 4 warnings emitted
[INFO] [stderr] warning: build failed, waiting for other jobs to finish...
[INFO] running `Command { std: "docker" "inspect" "7028f3f84cafb4eb7849f2ccee01ac9660c0766c5619a591e54a5a7bf4378c13", kill_on_drop: false }`
[INFO] running `Command { std: "docker" "rm" "-f" "7028f3f84cafb4eb7849f2ccee01ac9660c0766c5619a591e54a5a7bf4378c13", kill_on_drop: false }`
[INFO] [stdout] 7028f3f84cafb4eb7849f2ccee01ac9660c0766c5619a591e54a5a7bf4378c13
