[INFO] fetching crate pleiades-eclipse 0.8.0...
[INFO] testing pleiades-eclipse-0.8.0 against 1.100.0-beta.1+cargoflags=--release for beta-release-1.100-2
[INFO] extracting crate pleiades-eclipse 0.8.0 into /workspace/builds/worker-2-tc2/source
[INFO] started tweaking crates.io crate pleiades-eclipse 0.8.0
[INFO] removed 0 missing tests
[INFO] finished tweaking crates.io crate pleiades-eclipse 0.8.0
[INFO] tweaked toml for crates.io crate pleiades-eclipse 0.8.0 written to /workspace/builds/worker-2-tc2/source/Cargo.toml
[INFO] validating manifest of crates.io crate pleiades-eclipse 0.8.0 on toolchain 1.100.0-beta.1
[INFO] running `Command { std: CARGO_HOME="/workspace/cargo-home" RUSTUP_HOME="/workspace/rustup-home" "/workspace/cargo-home/bin/cargo" "+1.100.0-beta.1" "metadata" "--manifest-path" "Cargo.toml" "--no-deps", kill_on_drop: false }`
[INFO] crate crates.io crate pleiades-eclipse 0.8.0 already has a lockfile, it will not be regenerated
[INFO] running `Command { std: CARGO_HOME="/workspace/cargo-home" RUSTUP_HOME="/workspace/rustup-home" "/workspace/cargo-home/bin/cargo" "+1.100.0-beta.1" "fetch" "--manifest-path" "Cargo.toml", kill_on_drop: false }`
[INFO] [stderr] warning: `package.homepage` is redundant with `package.repository`
[INFO] [stderr]   --> Cargo.toml:38:12
[INFO] [stderr]    |
[INFO] [stderr] 38 | homepage = "https://github.com/rahulmutt/pleiades"
[INFO] [stderr]    |            ^^^^^^^^^^^^^^^^^^^^^^^^^^^^^^^^^^^^^^^
[INFO] [stderr] ...
[INFO] [stderr] 43 | repository = "https://github.com/rahulmutt/pleiades"
[INFO] [stderr]    |              ---------------------------------------
[INFO] [stderr]    |
[INFO] [stderr]    = note: `cargo::redundant_homepage` is set to `warn` by default
[INFO] [stderr] help: consider removing `package.homepage`
[INFO] [stderr] warning: `pleiades-eclipse` (manifest) generated 1 warning
[INFO] running `Command { std: "docker" "create" "-v" "/var/lib/crater-agent-workspace/builds/worker-2-tc2/source:/opt/rustwide/workdir:ro,Z" "-v" "/var/lib/crater-agent-workspace/builds/worker-2-tc2/target:/opt/rustwide/target:rw,Z" "-v" "/var/lib/crater-agent-workspace/cargo-home:/opt/rustwide/cargo-home:ro,Z" "-v" "/var/lib/crater-agent-workspace/rustup-home:/opt/rustwide/rustup-home:ro,Z" "-m" "1610612736" "--network" "none" "ghcr.io/rust-lang/crates-build-env/linux@sha256:77db811e55d90add9212f6832c23229e3de5f1c1f9905e8cb07319ea15df73ac" "sleep" "infinity", kill_on_drop: false }`
[INFO] [stdout] b921f760691f16d3845d18c3d2d1e5f8a0b626198eb04d2357391a69dc24cab7
[INFO] running `Command { std: "docker" "start" "b921f760691f16d3845d18c3d2d1e5f8a0b626198eb04d2357391a69dc24cab7", kill_on_drop: false }`
[INFO] running `Command { std: "docker" "inspect" "b921f760691f16d3845d18c3d2d1e5f8a0b626198eb04d2357391a69dc24cab7", kill_on_drop: false }`
[INFO] running `Command { std: "docker" "exec" "-e" "SOURCE_DIR=/opt/rustwide/workdir" "-e" "CARGO_HOME=/opt/rustwide/cargo-home" "-e" "RUSTUP_HOME=/opt/rustwide/rustup-home" "-e" "CARGO_TARGET_DIR=/opt/rustwide/target" "-w" "/opt/rustwide/workdir" "--user" "0:0" "b921f760691f16d3845d18c3d2d1e5f8a0b626198eb04d2357391a69dc24cab7" "/opt/rustwide/cargo-home/bin/cargo" "+1.100.0-beta.1" "metadata" "--no-deps" "--format-version=1", kill_on_drop: false }`
[INFO] running `Command { std: "docker" "inspect" "b921f760691f16d3845d18c3d2d1e5f8a0b626198eb04d2357391a69dc24cab7", kill_on_drop: false }`
[INFO] running `Command { std: "docker" "exec" "-e" "SOURCE_DIR=/opt/rustwide/workdir" "-e" "CARGO_HOME=/opt/rustwide/cargo-home" "-e" "RUSTUP_HOME=/opt/rustwide/rustup-home" "-e" "CARGO_TARGET_DIR=/opt/rustwide/target" "-e" "CARGO_INCREMENTAL=0" "-e" "RUST_BACKTRACE=full" "-e" "RUSTFLAGS=--cap-lints=warn" "-e" "RUSTDOCFLAGS=--cap-lints=warn" "-w" "/opt/rustwide/workdir" "--user" "0:0" "b921f760691f16d3845d18c3d2d1e5f8a0b626198eb04d2357391a69dc24cab7" "/opt/rustwide/cargo-home/bin/cargo" "+1.100.0-beta.1" "build" "--frozen" "--message-format=json" "--release", kill_on_drop: false }`
[INFO] [stderr] warning: `package.homepage` is redundant with `package.repository`
[INFO] [stderr]   --> Cargo.toml:38:12
[INFO] [stderr]    |
[INFO] [stderr] 38 | homepage = "https://github.com/rahulmutt/pleiades"
[INFO] [stderr]    |            ^^^^^^^^^^^^^^^^^^^^^^^^^^^^^^^^^^^^^^^
[INFO] [stderr] ...
[INFO] [stderr] 43 | repository = "https://github.com/rahulmutt/pleiades"
[INFO] [stderr]    |              ---------------------------------------
[INFO] [stderr]    |
[INFO] [stderr]    = note: `cargo::redundant_homepage` is set to `warn` by default
[INFO] [stderr] help: consider removing `package.homepage`
[INFO] [stderr] warning: `pleiades-eclipse` (manifest) generated 1 warning
[INFO] [stderr]    Compiling pleiades-types v0.6.0
[INFO] [stderr]    Compiling pleiades-time v0.7.2
[INFO] [stderr]    Compiling pleiades-backend v0.5.6
[INFO] [stderr]    Compiling pleiades-apparent v0.9.0
[INFO] [stderr]    Compiling pleiades-eclipse v0.8.0 (/opt/rustwide/workdir)
[INFO] [stderr]     Finished `release` profile [optimized] target(s) in 2.49s
[INFO] running `Command { std: "docker" "inspect" "b921f760691f16d3845d18c3d2d1e5f8a0b626198eb04d2357391a69dc24cab7", kill_on_drop: false }`
[INFO] running `Command { std: "docker" "exec" "-e" "SOURCE_DIR=/opt/rustwide/workdir" "-e" "CARGO_HOME=/opt/rustwide/cargo-home" "-e" "RUSTUP_HOME=/opt/rustwide/rustup-home" "-e" "CARGO_TARGET_DIR=/opt/rustwide/target" "-e" "CARGO_INCREMENTAL=0" "-e" "RUST_BACKTRACE=full" "-e" "RUSTFLAGS=--cap-lints=warn" "-e" "RUSTDOCFLAGS=--cap-lints=warn" "-w" "/opt/rustwide/workdir" "--user" "0:0" "b921f760691f16d3845d18c3d2d1e5f8a0b626198eb04d2357391a69dc24cab7" "/opt/rustwide/cargo-home/bin/cargo" "+1.100.0-beta.1" "test" "--frozen" "--no-run" "--message-format=json" "--release", kill_on_drop: false }`
[INFO] [stderr] warning: `package.homepage` is redundant with `package.repository`
[INFO] [stderr]   --> Cargo.toml:38:12
[INFO] [stderr]    |
[INFO] [stderr] 38 | homepage = "https://github.com/rahulmutt/pleiades"
[INFO] [stderr]    |            ^^^^^^^^^^^^^^^^^^^^^^^^^^^^^^^^^^^^^^^
[INFO] [stderr] ...
[INFO] [stderr] 43 | repository = "https://github.com/rahulmutt/pleiades"
[INFO] [stderr]    |              ---------------------------------------
[INFO] [stderr]    |
[INFO] [stderr]    = note: `cargo::redundant_homepage` is set to `warn` by default
[INFO] [stderr] help: consider removing `package.homepage`
[INFO] [stderr] warning: `pleiades-eclipse` (manifest) generated 1 warning
[INFO] [stderr]    Compiling pleiades-eclipse v0.8.0 (/opt/rustwide/workdir)
[INFO] [stdout] error[E0432]: unresolved import `pleiades_backend::test_backend`
[INFO] [stdout]    --> src/engine.rs:403:27
[INFO] [stdout]     |
[INFO] [stdout] 403 |     use pleiades_backend::test_backend::LinearSunMoon;
[INFO] [stdout]     |                           ^^^^^^^^^^^^ could not find `test_backend` in `pleiades_backend`
[INFO] [stdout]     |
[INFO] [stdout] note: found an item that was configured out
[INFO] [stdout]    --> /opt/rustwide/cargo-home/registry/src/index.crates.io-1949cf8c6b5b557f/pleiades-backend-0.5.6/src/lib.rs:85:9
[INFO] [stdout]     |
[INFO] [stdout]  84 | #[cfg(any(test, feature = "test-backend"))]
[INFO] [stdout]     |          -------------------------------- the item is gated here
[INFO] [stdout]  85 | pub mod test_backend;
[INFO] [stdout]     |         ^^^^^^^^^^^^
[INFO] [stdout] 
[INFO] [stdout] 
[INFO] [stdout] error[E0432]: unresolved import `pleiades_backend::test_backend`
[INFO] [stdout]    --> src/ephemeris.rs:174:27
[INFO] [stdout]     |
[INFO] [stdout] 174 |     use pleiades_backend::test_backend::LinearSunMoon;
[INFO] [stdout]     |                           ^^^^^^^^^^^^ could not find `test_backend` in `pleiades_backend`
[INFO] [stdout]     |
[INFO] [stdout] note: found an item that was configured out
[INFO] [stdout]    --> /opt/rustwide/cargo-home/registry/src/index.crates.io-1949cf8c6b5b557f/pleiades-backend-0.5.6/src/lib.rs:85:9
[INFO] [stdout]     |
[INFO] [stdout]  84 | #[cfg(any(test, feature = "test-backend"))]
[INFO] [stdout]     |          -------------------------------- the item is gated here
[INFO] [stdout]  85 | pub mod test_backend;
[INFO] [stdout]     |         ^^^^^^^^^^^^
[INFO] [stdout] 
[INFO] [stdout] 
[INFO] [stdout] error[E0432]: unresolved import `pleiades_backend::test_backend`
[INFO] [stdout]    --> src/local.rs:200:27
[INFO] [stdout]     |
[INFO] [stdout] 200 |     use pleiades_backend::test_backend::LinearSunMoon;
[INFO] [stdout]     |                           ^^^^^^^^^^^^ could not find `test_backend` in `pleiades_backend`
[INFO] [stdout]     |
[INFO] [stdout] note: found an item that was configured out
[INFO] [stdout]    --> /opt/rustwide/cargo-home/registry/src/index.crates.io-1949cf8c6b5b557f/pleiades-backend-0.5.6/src/lib.rs:85:9
[INFO] [stdout]     |
[INFO] [stdout]  84 | #[cfg(any(test, feature = "test-backend"))]
[INFO] [stdout]     |          -------------------------------- the item is gated here
[INFO] [stdout]  85 | pub mod test_backend;
[INFO] [stdout]     |         ^^^^^^^^^^^^
[INFO] [stdout] 
[INFO] [stdout] 
[INFO] [stdout] error[E0432]: unresolved import `pleiades_backend::test_backend`
[INFO] [stdout]    --> src/local.rs:534:27
[INFO] [stdout]     |
[INFO] [stdout] 534 |     use pleiades_backend::test_backend::LinearSunMoon;
[INFO] [stdout]     |                           ^^^^^^^^^^^^ could not find `test_backend` in `pleiades_backend`
[INFO] [stdout]     |
[INFO] [stdout] note: found an item that was configured out
[INFO] [stdout]    --> /opt/rustwide/cargo-home/registry/src/index.crates.io-1949cf8c6b5b557f/pleiades-backend-0.5.6/src/lib.rs:85:9
[INFO] [stdout]     |
[INFO] [stdout]  84 | #[cfg(any(test, feature = "test-backend"))]
[INFO] [stdout]     |          -------------------------------- the item is gated here
[INFO] [stdout]  85 | pub mod test_backend;
[INFO] [stdout]     |         ^^^^^^^^^^^^
[INFO] [stdout] 
[INFO] [stdout] 
[INFO] [stdout] error[E0432]: unresolved import `pleiades_backend::test_backend`
[INFO] [stdout]    --> src/local.rs:741:27
[INFO] [stdout]     |
[INFO] [stdout] 741 |     use pleiades_backend::test_backend::LinearSunMoon;
[INFO] [stdout]     |                           ^^^^^^^^^^^^ could not find `test_backend` in `pleiades_backend`
[INFO] [stdout]     |
[INFO] [stdout] note: found an item that was configured out
[INFO] [stdout]    --> /opt/rustwide/cargo-home/registry/src/index.crates.io-1949cf8c6b5b557f/pleiades-backend-0.5.6/src/lib.rs:85:9
[INFO] [stdout]     |
[INFO] [stdout]  84 | #[cfg(any(test, feature = "test-backend"))]
[INFO] [stdout]     |          -------------------------------- the item is gated here
[INFO] [stdout]  85 | pub mod test_backend;
[INFO] [stdout]     |         ^^^^^^^^^^^^
[INFO] [stdout] 
[INFO] [stdout] 
[INFO] [stdout] error[E0432]: unresolved import `pleiades_backend::test_backend`
[INFO] [stdout]    --> src/local.rs:821:27
[INFO] [stdout]     |
[INFO] [stdout] 821 |     use pleiades_backend::test_backend::LinearSunMoon;
[INFO] [stdout]     |                           ^^^^^^^^^^^^ could not find `test_backend` in `pleiades_backend`
[INFO] [stdout]     |
[INFO] [stdout] note: found an item that was configured out
[INFO] [stdout]    --> /opt/rustwide/cargo-home/registry/src/index.crates.io-1949cf8c6b5b557f/pleiades-backend-0.5.6/src/lib.rs:85:9
[INFO] [stdout]     |
[INFO] [stdout]  84 | #[cfg(any(test, feature = "test-backend"))]
[INFO] [stdout]     |          -------------------------------- the item is gated here
[INFO] [stdout]  85 | pub mod test_backend;
[INFO] [stdout]     |         ^^^^^^^^^^^^
[INFO] [stdout] 
[INFO] [stdout] 
[INFO] [stdout] error[E0432]: unresolved import `pleiades_backend::test_backend`
[INFO] [stdout]    --> src/local.rs:986:27
[INFO] [stdout]     |
[INFO] [stdout] 986 |     use pleiades_backend::test_backend::LinearSunMoon;
[INFO] [stdout]     |                           ^^^^^^^^^^^^ could not find `test_backend` in `pleiades_backend`
[INFO] [stdout]     |
[INFO] [stdout] note: found an item that was configured out
[INFO] [stdout]    --> /opt/rustwide/cargo-home/registry/src/index.crates.io-1949cf8c6b5b557f/pleiades-backend-0.5.6/src/lib.rs:85:9
[INFO] [stdout]     |
[INFO] [stdout]  84 | #[cfg(any(test, feature = "test-backend"))]
[INFO] [stdout]     |          -------------------------------- the item is gated here
[INFO] [stdout]  85 | pub mod test_backend;
[INFO] [stdout]     |         ^^^^^^^^^^^^
[INFO] [stdout] 
[INFO] [stdout] 
[INFO] [stdout] error[E0432]: unresolved import `pleiades_backend::test_backend`
[INFO] [stdout]    --> src/syzygy.rs:118:27
[INFO] [stdout]     |
[INFO] [stdout] 118 |     use pleiades_backend::test_backend::LinearSunMoon;
[INFO] [stdout]     |                           ^^^^^^^^^^^^ could not find `test_backend` in `pleiades_backend`
[INFO] [stdout]     |
[INFO] [stdout] note: found an item that was configured out
[INFO] [stdout]    --> /opt/rustwide/cargo-home/registry/src/index.crates.io-1949cf8c6b5b557f/pleiades-backend-0.5.6/src/lib.rs:85:9
[INFO] [stdout]     |
[INFO] [stdout]  84 | #[cfg(any(test, feature = "test-backend"))]
[INFO] [stdout]     |          -------------------------------- the item is gated here
[INFO] [stdout]  85 | pub mod test_backend;
[INFO] [stdout]     |         ^^^^^^^^^^^^
[INFO] [stdout] 
[INFO] [stdout] 
[INFO] [stdout] error[E0432]: unresolved import `pleiades_data`
[INFO] [stdout]  --> tests/known_eclipses.rs:4:5
[INFO] [stdout]   |
[INFO] [stdout] 4 | use pleiades_data::packaged_backend;
[INFO] [stdout]   |     ^^^^^^^^^^^^^ use of unresolved module or unlinked crate `pleiades_data`
[INFO] [stdout]   |
[INFO] [stdout] help: there is a crate or module with a similar name
[INFO] [stdout]   |
[INFO] [stdout] 4 - use pleiades_data::packaged_backend;
[INFO] [stdout] 4 + use pleiades_time::packaged_backend;
[INFO] [stdout]   |
[INFO] [stdout] 
[INFO] [stdout] 
[INFO] [stdout] For more information about this error, try `rustc --explain E0432`.
[INFO] [stdout] 
[INFO] [stderr] error: could not compile `pleiades-eclipse` (test "known_eclipses") due to 1 previous error
[INFO] [stderr] warning: build failed, waiting for other jobs to finish...
[INFO] [stdout] error[E0433]: cannot find module or crate `pleiades_data` in this scope
[INFO] [stdout]    --> src/engine.rs:439:41
[INFO] [stdout]     |
[INFO] [stdout] 439 |         let engine = EclipseEngine::new(pleiades_data::packaged_backend());
[INFO] [stdout]     |                                         ^^^^^^^^^^^^^ use of unresolved module or unlinked crate `pleiades_data`
[INFO] [stdout]     |
[INFO] [stdout] help: there is a crate or module with a similar name
[INFO] [stdout]     |
[INFO] [stdout] 439 -         let engine = EclipseEngine::new(pleiades_data::packaged_backend());
[INFO] [stdout] 439 +         let engine = EclipseEngine::new(pleiades_time::packaged_backend());
[INFO] [stdout]     |
[INFO] [stdout] 
[INFO] [stdout] 
[INFO] [stderr] error: could not compile `pleiades-eclipse` (lib test) due to 9 previous errors
[INFO] [stdout] Some errors have detailed explanations: E0432, E0433.
[INFO] [stdout] 
[INFO] [stdout] For more information about an error, try `rustc --explain E0432`.
[INFO] [stdout] 
[INFO] running `Command { std: "docker" "inspect" "b921f760691f16d3845d18c3d2d1e5f8a0b626198eb04d2357391a69dc24cab7", kill_on_drop: false }`
[INFO] running `Command { std: "docker" "rm" "-f" "b921f760691f16d3845d18c3d2d1e5f8a0b626198eb04d2357391a69dc24cab7", kill_on_drop: false }`
[INFO] [stdout] b921f760691f16d3845d18c3d2d1e5f8a0b626198eb04d2357391a69dc24cab7
