[INFO] fetching crate playwright-core 0.6.2...
[INFO] testing playwright-core-0.6.2 against 1.99.0-beta.8+cargoflags=--release for beta-release-1.100-2
[INFO] extracting crate playwright-core 0.6.2 into /workspace/builds/worker-0-tc1/source
[INFO] started tweaking crates.io crate playwright-core 0.6.2
[INFO] removed 0 missing tests
[INFO] finished tweaking crates.io crate playwright-core 0.6.2
[INFO] tweaked toml for crates.io crate playwright-core 0.6.2 written to /workspace/builds/worker-0-tc1/source/Cargo.toml
[INFO] validating manifest of crates.io crate playwright-core 0.6.2 on toolchain 1.99.0-beta.8
[INFO] running `Command { std: CARGO_HOME="/workspace/cargo-home" RUSTUP_HOME="/workspace/rustup-home" "/workspace/cargo-home/bin/cargo" "+1.99.0-beta.8" "metadata" "--manifest-path" "Cargo.toml" "--no-deps", kill_on_drop: false }`
[INFO] crate crates.io crate playwright-core 0.6.2 already has a lockfile, it will not be regenerated
[INFO] running `Command { std: CARGO_HOME="/workspace/cargo-home" RUSTUP_HOME="/workspace/rustup-home" "/workspace/cargo-home/bin/cargo" "+1.99.0-beta.8" "fetch" "--manifest-path" "Cargo.toml", kill_on_drop: false }`
[INFO] [stderr]     Updating crates.io index
[INFO] [stderr]  Downloading crates ...
[INFO] [stderr]   Downloaded zip v2.4.2
[INFO] [stderr]   Downloaded xz2 v0.1.7
[INFO] [stderr]   Downloaded deflate64 v0.1.10
[INFO] [stderr]   Downloaded bzip2 v0.5.2
[INFO] [stderr]   Downloaded wasm-bindgen-futures v0.4.55
[INFO] [stderr]   Downloaded cc v1.2.44
[INFO] [stderr]   Downloaded iri-string v0.7.9
[INFO] [stderr]   Downloaded syn v2.0.108
[INFO] [stderr]   Downloaded lzma-sys v0.1.20
[INFO] running `Command { std: "docker" "create" "-v" "/var/lib/crater-agent-workspace/builds/worker-0-tc1/source:/opt/rustwide/workdir:ro,Z" "-v" "/var/lib/crater-agent-workspace/builds/worker-0-tc1/target:/opt/rustwide/target:rw,Z" "-v" "/var/lib/crater-agent-workspace/cargo-home:/opt/rustwide/cargo-home:ro,Z" "-v" "/var/lib/crater-agent-workspace/rustup-home:/opt/rustwide/rustup-home:ro,Z" "-m" "1610612736" "--network" "none" "ghcr.io/rust-lang/crates-build-env/linux@sha256:77db811e55d90add9212f6832c23229e3de5f1c1f9905e8cb07319ea15df73ac" "sleep" "infinity", kill_on_drop: false }`
[INFO] [stdout] 66787d76166982e7abfc60a4b75fb4ff5c26a8b0e9e36818c3be0e5447e29923
[INFO] running `Command { std: "docker" "start" "66787d76166982e7abfc60a4b75fb4ff5c26a8b0e9e36818c3be0e5447e29923", kill_on_drop: false }`
[INFO] running `Command { std: "docker" "inspect" "66787d76166982e7abfc60a4b75fb4ff5c26a8b0e9e36818c3be0e5447e29923", kill_on_drop: false }`
[INFO] running `Command { std: "docker" "exec" "-e" "SOURCE_DIR=/opt/rustwide/workdir" "-e" "CARGO_HOME=/opt/rustwide/cargo-home" "-e" "RUSTUP_HOME=/opt/rustwide/rustup-home" "-e" "CARGO_TARGET_DIR=/opt/rustwide/target" "-w" "/opt/rustwide/workdir" "--user" "0:0" "66787d76166982e7abfc60a4b75fb4ff5c26a8b0e9e36818c3be0e5447e29923" "/opt/rustwide/cargo-home/bin/cargo" "+1.99.0-beta.8" "metadata" "--no-deps" "--format-version=1", kill_on_drop: false }`
[INFO] running `Command { std: "docker" "inspect" "66787d76166982e7abfc60a4b75fb4ff5c26a8b0e9e36818c3be0e5447e29923", kill_on_drop: false }`
[INFO] running `Command { std: "docker" "exec" "-e" "SOURCE_DIR=/opt/rustwide/workdir" "-e" "CARGO_HOME=/opt/rustwide/cargo-home" "-e" "RUSTUP_HOME=/opt/rustwide/rustup-home" "-e" "CARGO_TARGET_DIR=/opt/rustwide/target" "-e" "CARGO_INCREMENTAL=0" "-e" "RUST_BACKTRACE=full" "-e" "RUSTFLAGS=--cap-lints=warn" "-e" "RUSTDOCFLAGS=--cap-lints=warn" "-w" "/opt/rustwide/workdir" "--user" "0:0" "66787d76166982e7abfc60a4b75fb4ff5c26a8b0e9e36818c3be0e5447e29923" "/opt/rustwide/cargo-home/bin/cargo" "+1.99.0-beta.8" "build" "--frozen" "--message-format=json" "--release", kill_on_drop: false }`
[INFO] [stderr]    Compiling quote v1.0.41
[INFO] [stderr]    Compiling libc v0.2.177
[INFO] [stderr]    Compiling find-msvc-tools v0.1.4
[INFO] [stderr]    Compiling bytes v1.10.1
[INFO] [stderr]    Compiling pin-project-lite v0.2.16
[INFO] [stderr]    Compiling futures-core v0.3.31
[INFO] [stderr]    Compiling futures-sink v0.3.31
[INFO] [stderr]    Compiling generic-array v0.14.9
[INFO] [stderr]    Compiling itoa v1.0.15
[INFO] [stderr]    Compiling slab v0.4.11
[INFO] [stderr]    Compiling smallvec v1.15.1
[INFO] [stderr]    Compiling writeable v0.6.2
[INFO] [stderr]    Compiling litemap v0.8.1
[INFO] [stderr]    Compiling pin-utils v0.1.0
[INFO] [stderr]    Compiling icu_properties_data v2.1.1
[INFO] [stderr]    Compiling memchr v2.7.6
[INFO] [stderr]    Compiling hashbrown v0.16.0
[INFO] [stderr]    Compiling icu_normalizer_data v2.1.1
[INFO] [stderr]    Compiling tracing-core v0.1.34
[INFO] [stderr]    Compiling openssl v0.10.74
[INFO] [stderr]    Compiling futures-task v0.3.31
[INFO] [stderr]    Compiling foreign-types-shared v0.1.1
[INFO] [stderr]    Compiling futures-io v0.3.31
[INFO] [stderr]    Compiling foreign-types v0.3.2
[INFO] [stderr]    Compiling httparse v1.10.1
[INFO] [stderr]    Compiling try-lock v0.2.5
[INFO] [stderr]    Compiling native-tls v0.2.14
[INFO] [stderr]    Compiling atomic-waker v1.1.2
[INFO] [stderr]    Compiling subtle v2.6.1
[INFO] [stderr]    Compiling tower-service v0.3.3
[INFO] [stderr]    Compiling crc32fast v1.5.0
[INFO] [stderr]    Compiling futures-channel v0.3.31
[INFO] [stderr]    Compiling want v0.3.1
[INFO] [stderr]    Compiling zstd-safe v7.2.4
[INFO] [stderr]    Compiling openssl-probe v0.1.6
[INFO] [stderr]    Compiling simd-adler32 v0.3.7
[INFO] [stderr]    Compiling futures-util v0.3.31
[INFO] [stderr]    Compiling tracing v0.1.41
[INFO] [stderr]    Compiling form_urlencoded v1.2.2
[INFO] [stderr]    Compiling sync_wrapper v1.0.2
[INFO] [stderr]    Compiling getrandom v0.3.4
[INFO] [stderr]    Compiling crc-catalog v2.4.0
[INFO] [stderr]    Compiling tower-layer v0.3.3
[INFO] [stderr]    Compiling thiserror v2.0.17
[INFO] [stderr]    Compiling powerfmt v0.2.0
[INFO] [stderr]    Compiling syn v2.0.108
[INFO] [stderr]    Compiling base64 v0.22.1
[INFO] [stderr]    Compiling adler2 v2.0.1
[INFO] [stderr]    Compiling ipnet v2.11.0
[INFO] [stderr]    Compiling crc v3.3.0
[INFO] [stderr]    Compiling miniz_oxide v0.8.9
[INFO] [stderr]    Compiling deranged v0.5.5
[INFO] [stderr]    Compiling bumpalo v3.19.0
[INFO] [stderr]    Compiling ryu v1.0.20
[INFO] [stderr]    Compiling zip v2.4.2
[INFO] [stderr]    Compiling iri-string v0.7.9
[INFO] [stderr]    Compiling option-ext v0.2.0
[INFO] [stderr]    Compiling lzma-rs v0.3.0
[INFO] [stderr]    Compiling encoding_rs v0.8.35
[INFO] [stderr]    Compiling constant_time_eq v0.3.1
[INFO] [stderr]    Compiling deflate64 v0.1.10
[INFO] [stderr]    Compiling http v1.3.1
[INFO] [stderr]    Compiling parking_lot_core v0.9.12
[INFO] [stderr]    Compiling crypto-common v0.1.6
[INFO] [stderr]    Compiling block-buffer v0.10.4
[INFO] [stderr]    Compiling inout v0.1.4
[INFO] [stderr]    Compiling zopfli v0.8.3
[INFO] [stderr]    Compiling serde_json v1.0.145
[INFO] [stderr]    Compiling regex-automata v0.4.13
[INFO] [stderr]    Compiling indexmap v2.12.0
[INFO] [stderr]    Compiling digest v0.10.7
[INFO] [stderr]    Compiling cipher v0.4.4
[INFO] [stderr]    Compiling parking_lot v0.12.5
[INFO] [stderr]    Compiling signal-hook-registry v1.4.6
[INFO] [stderr]    Compiling aes v0.8.4
[INFO] [stderr]    Compiling hmac v0.12.1
[INFO] [stderr]    Compiling pbkdf2 v0.12.2
[INFO] [stderr]    Compiling http-body v1.0.1
[INFO] [stderr]    Compiling jobserver v0.1.34
[INFO] [stderr]    Compiling mio v1.1.0
[INFO] [stderr]    Compiling socket2 v0.6.1
[INFO] [stderr]    Compiling http-body-util v0.1.3
[INFO] [stderr]    Compiling dirs-sys v0.4.1
[INFO] [stderr]    Compiling flate2 v1.1.5
[INFO] [stderr]    Compiling cc v1.2.44
[INFO] [stderr]    Compiling sha1 v0.10.6
[INFO] [stderr]    Compiling dirs v5.0.1
[INFO] [stderr]    Compiling tokio v1.48.0
[INFO] [stderr]    Compiling time v0.3.44
[INFO] [stderr]    Compiling openssl-sys v0.9.110
[INFO] [stderr]    Compiling zstd-sys v2.0.16+zstd.1.5.7
[INFO] [stderr]    Compiling lzma-sys v0.1.20
[INFO] [stderr]    Compiling bzip2-sys v0.1.13+1.0.8
[INFO] [stderr]    Compiling bzip2 v0.5.2
[INFO] [stderr]    Compiling xz2 v0.1.7
[INFO] [stderr]    Compiling regex v1.12.2
[INFO] [stderr]    Compiling synstructure v0.13.2
[INFO] [stderr]    Compiling zerofrom-derive v0.1.6
[INFO] [stderr]    Compiling yoke-derive v0.8.1
[INFO] [stderr]    Compiling zerovec-derive v0.11.2
[INFO] [stderr]    Compiling displaydoc v0.2.5
[INFO] [stderr]    Compiling serde_derive v1.0.228
[INFO] [stderr]    Compiling openssl-macros v0.1.1
[INFO] [stderr]    Compiling zeroize_derive v1.4.2
[INFO] [stderr]    Compiling thiserror-impl v2.0.17
[INFO] [stderr]    Compiling thiserror-impl v1.0.69
[INFO] [stderr]    Compiling tracing-attributes v0.1.30
[INFO] [stderr]    Compiling tokio-macros v2.6.0
[INFO] [stderr]    Compiling tokio-util v0.7.17
[INFO] [stderr]    Compiling tower v0.5.2
[INFO] [stderr]    Compiling zeroize v1.8.2
[INFO] [stderr]    Compiling h2 v0.4.12
[INFO] [stderr]    Compiling rustls-pki-types v1.13.0
[INFO] [stderr]    Compiling tower-http v0.6.6
[INFO] [stderr]    Compiling zstd v0.13.3
[INFO] [stderr]    Compiling zerofrom v0.1.6
[INFO] [stderr]    Compiling thiserror v1.0.69
[INFO] [stderr]    Compiling yoke v0.8.1
[INFO] [stderr]    Compiling zerovec v0.11.5
[INFO] [stderr]    Compiling zerotrie v0.2.3
[INFO] [stderr]    Compiling serde v1.0.228
[INFO] [stderr]    Compiling tinystr v0.8.2
[INFO] [stderr]    Compiling potential_utf v0.1.4
[INFO] [stderr]    Compiling icu_collections v2.1.1
[INFO] [stderr]    Compiling icu_locale_core v2.1.1
[INFO] [stderr]    Compiling serde_urlencoded v0.7.1
[INFO] [stderr]    Compiling icu_provider v2.1.1
[INFO] [stderr]    Compiling icu_properties v2.1.1
[INFO] [stderr]    Compiling icu_normalizer v2.1.1
[INFO] [stderr]    Compiling hyper v1.7.0
[INFO] [stderr]    Compiling tokio-native-tls v0.3.1
[INFO] [stderr]    Compiling idna_adapter v1.2.1
[INFO] [stderr]    Compiling idna v1.1.0
[INFO] [stderr]    Compiling url v2.5.7
[INFO] [stderr]    Compiling hyper-util v0.1.17
[INFO] [stderr]    Compiling hyper-tls v0.6.0
[INFO] [stderr]    Compiling reqwest v0.12.24
[INFO] [stderr]    Compiling playwright-core v0.6.2 (/opt/rustwide/workdir)
[INFO] [stderr] warning: playwright-core@0.6.2: No workspace found, using cache directory: /root/.cache/playwright-rust/drivers
[INFO] [stderr] warning: playwright-core@0.6.2: This matches playwright-python's approach for system-wide driver installation
[INFO] [stderr] warning: playwright-core@0.6.2: Downloading Playwright driver 1.56.1 for linux...
[INFO] [stderr] warning: playwright-core@0.6.2: Downloading from: https://playwright.azureedge.net/builds/driver/playwright-1.56.1-linux.zip
[INFO] [stderr] warning: playwright-core@0.6.2: Failed to download Playwright driver: Download failed: error sending request for url (https://playwright.azureedge.net/builds/driver/playwright-1.56.1-linux.zip)
[INFO] [stderr] warning: playwright-core@0.6.2: The driver will need to be installed manually or via npm.
[INFO] [stderr] warning: playwright-core@0.6.2: You can set PLAYWRIGHT_DRIVER_PATH to specify driver location.
[INFO] [stderr]     Finished `release` profile [optimized] target(s) in 1m 09s
[INFO] running `Command { std: "docker" "inspect" "66787d76166982e7abfc60a4b75fb4ff5c26a8b0e9e36818c3be0e5447e29923", kill_on_drop: false }`
[INFO] running `Command { std: "docker" "exec" "-e" "SOURCE_DIR=/opt/rustwide/workdir" "-e" "CARGO_HOME=/opt/rustwide/cargo-home" "-e" "RUSTUP_HOME=/opt/rustwide/rustup-home" "-e" "CARGO_TARGET_DIR=/opt/rustwide/target" "-e" "CARGO_INCREMENTAL=0" "-e" "RUST_BACKTRACE=full" "-e" "RUSTFLAGS=--cap-lints=warn" "-e" "RUSTDOCFLAGS=--cap-lints=warn" "-w" "/opt/rustwide/workdir" "--user" "0:0" "66787d76166982e7abfc60a4b75fb4ff5c26a8b0e9e36818c3be0e5447e29923" "/opt/rustwide/cargo-home/bin/cargo" "+1.99.0-beta.8" "test" "--frozen" "--no-run" "--message-format=json" "--release", kill_on_drop: false }`
[INFO] [stderr]    Compiling smallvec v1.15.1
[INFO] [stderr]    Compiling tracing-core v0.1.34
[INFO] [stderr]    Compiling http v1.3.1
[INFO] [stderr]    Compiling log v0.4.28
[INFO] [stderr]    Compiling memchr v2.7.6
[INFO] [stderr]    Compiling serde_json v1.0.145
[INFO] [stderr]    Compiling futures-task v0.3.31
[INFO] [stderr]    Compiling serde v1.0.228
[INFO] [stderr]    Compiling futures-channel v0.3.31
[INFO] [stderr]    Compiling sync_wrapper v1.0.2
[INFO] [stderr]    Compiling async-trait v0.1.89
[INFO] [stderr]    Compiling anyhow v1.0.100
[INFO] [stderr] warning: playwright-core@0.6.2: No workspace found, using cache directory: /root/.cache/playwright-rust/drivers
[INFO] [stderr] warning: playwright-core@0.6.2: This matches playwright-python's approach for system-wide driver installation
[INFO] [stderr] warning: playwright-core@0.6.2: Downloading Playwright driver 1.56.1 for linux...
[INFO] [stderr] warning: playwright-core@0.6.2: Downloading from: https://playwright.azureedge.net/builds/driver/playwright-1.56.1-linux.zip
[INFO] [stderr] warning: playwright-core@0.6.2: Failed to download Playwright driver: Download failed: error sending request for url (https://playwright.azureedge.net/builds/driver/playwright-1.56.1-linux.zip)
[INFO] [stderr] warning: playwright-core@0.6.2: The driver will need to be installed manually or via npm.
[INFO] [stderr] warning: playwright-core@0.6.2: You can set PLAYWRIGHT_DRIVER_PATH to specify driver location.
[INFO] [stderr]    Compiling serde_path_to_error v0.1.20
[INFO] [stderr]    Compiling bitflags v2.10.0
[INFO] [stderr]    Compiling matchit v0.7.3
[INFO] [stderr]    Compiling futures-util v0.3.31
[INFO] [stderr]    Compiling parking_lot_core v0.9.12
[INFO] [stderr]    Compiling parking_lot v0.12.5
[INFO] [stderr]    Compiling tracing v0.1.41
[INFO] [stderr]    Compiling tracing-log v0.2.0
[INFO] [stderr]    Compiling tokio v1.48.0
[INFO] [stderr]    Compiling tracing-subscriber v0.3.20
[INFO] [stderr]    Compiling serde_urlencoded v0.7.1
[INFO] [stderr]    Compiling aho-corasick v1.1.4
[INFO] [stderr]    Compiling http-body v1.0.1
[INFO] [stderr]    Compiling tower-http v0.6.6
[INFO] [stderr]    Compiling http-body-util v0.1.3
[INFO] [stderr]    Compiling axum-core v0.4.5
[INFO] [stderr]    Compiling regex-automata v0.4.13
[INFO] [stderr]    Compiling regex v1.12.2
[INFO] [stderr]    Compiling hyper v1.7.0
[INFO] [stderr]    Compiling tower v0.5.2
[INFO] [stderr]    Compiling playwright-core v0.6.2 (/opt/rustwide/workdir)
[INFO] [stderr]    Compiling hyper-util v0.1.17
[INFO] [stderr]    Compiling axum v0.7.9
[INFO] [stderr] warning: playwright-core@0.6.2: No workspace found, using cache directory: /root/.cache/playwright-rust/drivers
[INFO] [stderr] warning: playwright-core@0.6.2: This matches playwright-python's approach for system-wide driver installation
[INFO] [stderr] warning: playwright-core@0.6.2: Downloading Playwright driver 1.56.1 for linux...
[INFO] [stderr] warning: playwright-core@0.6.2: Downloading from: https://playwright.azureedge.net/builds/driver/playwright-1.56.1-linux.zip
[INFO] [stderr] warning: playwright-core@0.6.2: Failed to download Playwright driver: Download failed: error sending request for url (https://playwright.azureedge.net/builds/driver/playwright-1.56.1-linux.zip)
[INFO] [stderr] warning: playwright-core@0.6.2: The driver will need to be installed manually or via npm.
[INFO] [stderr] warning: playwright-core@0.6.2: You can set PLAYWRIGHT_DRIVER_PATH to specify driver location.
[INFO] [stderr] error: could not compile `playwright-core` (test "checkbox_test")
[INFO] [stderr] 
[INFO] [stderr] Caused by:
[INFO] [stderr]   process didn't exit successfully: `/opt/rustwide/rustup-home/toolchains/1.99.0-beta.8-x86_64-unknown-linux-gnu/bin/rustc --crate-name checkbox_test --edition=2021 tests/checkbox_test.rs --error-format=json --json=diagnostic-rendered-ansi,artifacts,future-incompat --emit=dep-info,link -C opt-level=3 -C embed-bitcode=no --test --check-cfg 'cfg(docsrs,test)' --check-cfg 'cfg(feature, values())' -C metadata=9cd95c624a550e07 -C extra-filename=-a4bc09edcc0e6073 --out-dir /opt/rustwide/target/release/deps -C strip=debuginfo -L dependency=/opt/rustwide/target/release/deps --extern anyhow=/opt/rustwide/target/release/deps/libanyhow-d0294ab4c4b496f2.rlib --extern axum=/opt/rustwide/target/release/deps/libaxum-20ec3670f0253ed9.rlib --extern base64=/opt/rustwide/target/release/deps/libbase64-5ba8d8f2fe9c6ccd.rlib --extern glob=/opt/rustwide/target/release/deps/libglob-b2a784793da3d48f.rlib --extern parking_lot=/opt/rustwide/target/release/deps/libparking_lot-c215304520bf47ad.rlib --extern playwright_core=/opt/rustwide/target/release/deps/libplaywright_core-d2e471fd6a8cac55.rlib --extern regex=/opt/rustwide/target/release/deps/libregex-016880b2bf1996be.rlib --extern serde=/opt/rustwide/target/release/deps/libserde-d9a4fa4ca82684ce.rlib --extern serde_json=/opt/rustwide/target/release/deps/libserde_json-6ec914d64456de34.rlib --extern thiserror=/opt/rustwide/target/release/deps/libthiserror-2f11e62cd9e33f83.rlib --extern tokio=/opt/rustwide/target/release/deps/libtokio-a317da9577607453.rlib --extern tower=/opt/rustwide/target/release/deps/libtower-6c7c04e13c3462d1.rlib --extern tower_http=/opt/rustwide/target/release/deps/libtower_http-ec889b2d16e26943.rlib --extern tracing=/opt/rustwide/target/release/deps/libtracing-12ee77f578ad8c8c.rlib --extern tracing_subscriber=/opt/rustwide/target/release/deps/libtracing_subscriber-109b95c3b00a94c1.rlib --cap-lints=warn` (signal: 9, SIGKILL: kill)
[INFO] [stderr] warning: build failed, waiting for other jobs to finish...
[INFO] [stderr] warning: playwright-core@0.6.2: No workspace found, using cache directory: /root/.cache/playwright-rust/drivers
[INFO] [stderr] warning: playwright-core@0.6.2: This matches playwright-python's approach for system-wide driver installation
[INFO] [stderr] warning: playwright-core@0.6.2: Downloading Playwright driver 1.56.1 for linux...
[INFO] [stderr] warning: playwright-core@0.6.2: Downloading from: https://playwright.azureedge.net/builds/driver/playwright-1.56.1-linux.zip
[INFO] [stderr] warning: playwright-core@0.6.2: Failed to download Playwright driver: Download failed: error sending request for url (https://playwright.azureedge.net/builds/driver/playwright-1.56.1-linux.zip)
[INFO] [stderr] warning: playwright-core@0.6.2: The driver will need to be installed manually or via npm.
[INFO] [stderr] warning: playwright-core@0.6.2: You can set PLAYWRIGHT_DRIVER_PATH to specify driver location.
[INFO] [stderr] error: could not compile `playwright-core` (test "state_assertions_test")
[INFO] [stderr] 
[INFO] [stderr] Caused by:
[INFO] [stderr]   process didn't exit successfully: `/opt/rustwide/rustup-home/toolchains/1.99.0-beta.8-x86_64-unknown-linux-gnu/bin/rustc --crate-name state_assertions_test --edition=2021 tests/state_assertions_test.rs --error-format=json --json=diagnostic-rendered-ansi,artifacts,future-incompat --emit=dep-info,link -C opt-level=3 -C embed-bitcode=no --test --check-cfg 'cfg(docsrs,test)' --check-cfg 'cfg(feature, values())' -C metadata=3386c79de344fbcd -C extra-filename=-4d902347fda86cfa --out-dir /opt/rustwide/target/release/deps -C strip=debuginfo -L dependency=/opt/rustwide/target/release/deps --extern anyhow=/opt/rustwide/target/release/deps/libanyhow-d0294ab4c4b496f2.rlib --extern axum=/opt/rustwide/target/release/deps/libaxum-20ec3670f0253ed9.rlib --extern base64=/opt/rustwide/target/release/deps/libbase64-5ba8d8f2fe9c6ccd.rlib --extern glob=/opt/rustwide/target/release/deps/libglob-b2a784793da3d48f.rlib --extern parking_lot=/opt/rustwide/target/release/deps/libparking_lot-c215304520bf47ad.rlib --extern playwright_core=/opt/rustwide/target/release/deps/libplaywright_core-d2e471fd6a8cac55.rlib --extern regex=/opt/rustwide/target/release/deps/libregex-016880b2bf1996be.rlib --extern serde=/opt/rustwide/target/release/deps/libserde-d9a4fa4ca82684ce.rlib --extern serde_json=/opt/rustwide/target/release/deps/libserde_json-6ec914d64456de34.rlib --extern thiserror=/opt/rustwide/target/release/deps/libthiserror-2f11e62cd9e33f83.rlib --extern tokio=/opt/rustwide/target/release/deps/libtokio-a317da9577607453.rlib --extern tower=/opt/rustwide/target/release/deps/libtower-6c7c04e13c3462d1.rlib --extern tower_http=/opt/rustwide/target/release/deps/libtower_http-ec889b2d16e26943.rlib --extern tracing=/opt/rustwide/target/release/deps/libtracing-12ee77f578ad8c8c.rlib --extern tracing_subscriber=/opt/rustwide/target/release/deps/libtracing_subscriber-109b95c3b00a94c1.rlib --cap-lints=warn` (signal: 9, SIGKILL: kill)
[INFO] [stderr] warning: playwright-core@0.6.2: No workspace found, using cache directory: /root/.cache/playwright-rust/drivers
[INFO] [stderr] warning: playwright-core@0.6.2: This matches playwright-python's approach for system-wide driver installation
[INFO] [stderr] warning: playwright-core@0.6.2: Downloading Playwright driver 1.56.1 for linux...
[INFO] [stderr] warning: playwright-core@0.6.2: Downloading from: https://playwright.azureedge.net/builds/driver/playwright-1.56.1-linux.zip
[INFO] [stderr] warning: playwright-core@0.6.2: Failed to download Playwright driver: Download failed: error sending request for url (https://playwright.azureedge.net/builds/driver/playwright-1.56.1-linux.zip)
[INFO] [stderr] warning: playwright-core@0.6.2: The driver will need to be installed manually or via npm.
[INFO] [stderr] warning: playwright-core@0.6.2: You can set PLAYWRIGHT_DRIVER_PATH to specify driver location.
[INFO] [stderr] error: could not compile `playwright-core` (lib test)
[INFO] [stderr] 
[INFO] [stderr] Caused by:
[INFO] [stderr]   process didn't exit successfully: `/opt/rustwide/rustup-home/toolchains/1.99.0-beta.8-x86_64-unknown-linux-gnu/bin/rustc --crate-name playwright_core --edition=2021 src/lib.rs --error-format=json --json=diagnostic-rendered-ansi,artifacts,future-incompat --emit=dep-info,link -C opt-level=3 -C embed-bitcode=no --test --check-cfg 'cfg(docsrs,test)' --check-cfg 'cfg(feature, values())' -C metadata=a828b45264cc4a79 -C extra-filename=-ae7647f9f9022d91 --out-dir /opt/rustwide/target/release/deps -C strip=debuginfo -L dependency=/opt/rustwide/target/release/deps --extern anyhow=/opt/rustwide/target/release/deps/libanyhow-d0294ab4c4b496f2.rlib --extern axum=/opt/rustwide/target/release/deps/libaxum-20ec3670f0253ed9.rlib --extern base64=/opt/rustwide/target/release/deps/libbase64-5ba8d8f2fe9c6ccd.rlib --extern glob=/opt/rustwide/target/release/deps/libglob-b2a784793da3d48f.rlib --extern parking_lot=/opt/rustwide/target/release/deps/libparking_lot-c215304520bf47ad.rlib --extern regex=/opt/rustwide/target/release/deps/libregex-016880b2bf1996be.rlib --extern serde=/opt/rustwide/target/release/deps/libserde-d9a4fa4ca82684ce.rlib --extern serde_json=/opt/rustwide/target/release/deps/libserde_json-6ec914d64456de34.rlib --extern thiserror=/opt/rustwide/target/release/deps/libthiserror-2f11e62cd9e33f83.rlib --extern tokio=/opt/rustwide/target/release/deps/libtokio-a317da9577607453.rlib --extern tower=/opt/rustwide/target/release/deps/libtower-6c7c04e13c3462d1.rlib --extern tower_http=/opt/rustwide/target/release/deps/libtower_http-ec889b2d16e26943.rlib --extern tracing=/opt/rustwide/target/release/deps/libtracing-12ee77f578ad8c8c.rlib --extern tracing_subscriber=/opt/rustwide/target/release/deps/libtracing_subscriber-109b95c3b00a94c1.rlib --cap-lints=warn` (signal: 9, SIGKILL: kill)
[INFO] running `Command { std: "docker" "inspect" "66787d76166982e7abfc60a4b75fb4ff5c26a8b0e9e36818c3be0e5447e29923", kill_on_drop: false }`
[INFO] running `Command { std: "docker" "rm" "-f" "66787d76166982e7abfc60a4b75fb4ff5c26a8b0e9e36818c3be0e5447e29923", kill_on_drop: false }`
[INFO] [stdout] 66787d76166982e7abfc60a4b75fb4ff5c26a8b0e9e36818c3be0e5447e29923
