[INFO] fetching crate player-wasm 0.1.6...
[INFO] testing player-wasm-0.1.6 against 1.99.0-beta.8+cargoflags=--release for beta-release-1.100-2
[INFO] extracting crate player-wasm 0.1.6 into /workspace/builds/worker-6-tc1/source
[INFO] started tweaking crates.io crate player-wasm 0.1.6
[INFO] finished tweaking crates.io crate player-wasm 0.1.6
[INFO] tweaked toml for crates.io crate player-wasm 0.1.6 written to /workspace/builds/worker-6-tc1/source/Cargo.toml
[INFO] validating manifest of crates.io crate player-wasm 0.1.6 on toolchain 1.99.0-beta.8
[INFO] running `Command { std: CARGO_HOME="/workspace/cargo-home" RUSTUP_HOME="/workspace/rustup-home" "/workspace/cargo-home/bin/cargo" "+1.99.0-beta.8" "metadata" "--manifest-path" "Cargo.toml" "--no-deps", kill_on_drop: false }`
[INFO] crate crates.io crate player-wasm 0.1.6 already has a lockfile, it will not be regenerated
[INFO] running `Command { std: CARGO_HOME="/workspace/cargo-home" RUSTUP_HOME="/workspace/rustup-home" "/workspace/cargo-home/bin/cargo" "+1.99.0-beta.8" "fetch" "--manifest-path" "Cargo.toml", kill_on_drop: false }`
[INFO] [stderr]     Updating crates.io index
[INFO] [stderr]  Downloading crates ...
[INFO] [stderr]   Downloaded record-core v0.1.4
[INFO] [stderr]   Downloaded encodec-rs v0.1.1
[INFO] running `Command { std: "docker" "create" "-v" "/var/lib/crater-agent-workspace/builds/worker-6-tc1/source:/opt/rustwide/workdir:ro,Z" "-v" "/var/lib/crater-agent-workspace/builds/worker-6-tc1/target:/opt/rustwide/target:rw,Z" "-v" "/var/lib/crater-agent-workspace/cargo-home:/opt/rustwide/cargo-home:ro,Z" "-v" "/var/lib/crater-agent-workspace/rustup-home:/opt/rustwide/rustup-home:ro,Z" "-m" "1610612736" "--network" "none" "ghcr.io/rust-lang/crates-build-env/linux@sha256:77db811e55d90add9212f6832c23229e3de5f1c1f9905e8cb07319ea15df73ac" "sleep" "infinity", kill_on_drop: false }`
[INFO] [stdout] 6ed53c1eebeee3e6aadfc66c4ed1f1fed80784c2955195188f3ae957226e9775
[INFO] running `Command { std: "docker" "start" "6ed53c1eebeee3e6aadfc66c4ed1f1fed80784c2955195188f3ae957226e9775", kill_on_drop: false }`
[INFO] running `Command { std: "docker" "inspect" "6ed53c1eebeee3e6aadfc66c4ed1f1fed80784c2955195188f3ae957226e9775", kill_on_drop: false }`
[INFO] running `Command { std: "docker" "exec" "-e" "SOURCE_DIR=/opt/rustwide/workdir" "-e" "CARGO_HOME=/opt/rustwide/cargo-home" "-e" "RUSTUP_HOME=/opt/rustwide/rustup-home" "-e" "CARGO_TARGET_DIR=/opt/rustwide/target" "-w" "/opt/rustwide/workdir" "--user" "0:0" "6ed53c1eebeee3e6aadfc66c4ed1f1fed80784c2955195188f3ae957226e9775" "/opt/rustwide/cargo-home/bin/cargo" "+1.99.0-beta.8" "metadata" "--no-deps" "--format-version=1", kill_on_drop: false }`
[INFO] running `Command { std: "docker" "inspect" "6ed53c1eebeee3e6aadfc66c4ed1f1fed80784c2955195188f3ae957226e9775", kill_on_drop: false }`
[INFO] running `Command { std: "docker" "exec" "-e" "SOURCE_DIR=/opt/rustwide/workdir" "-e" "CARGO_HOME=/opt/rustwide/cargo-home" "-e" "RUSTUP_HOME=/opt/rustwide/rustup-home" "-e" "CARGO_TARGET_DIR=/opt/rustwide/target" "-e" "CARGO_INCREMENTAL=0" "-e" "RUST_BACKTRACE=full" "-e" "RUSTFLAGS=--cap-lints=warn" "-e" "RUSTDOCFLAGS=--cap-lints=warn" "-w" "/opt/rustwide/workdir" "--user" "0:0" "6ed53c1eebeee3e6aadfc66c4ed1f1fed80784c2955195188f3ae957226e9775" "/opt/rustwide/cargo-home/bin/cargo" "+1.99.0-beta.8" "build" "--frozen" "--message-format=json" "--release", kill_on_drop: false }`
[INFO] [stderr]    Compiling syn v2.0.117
[INFO] [stderr]    Compiling wasm-bindgen-shared v0.2.125
[INFO] [stderr]    Compiling num-traits v0.2.19
[INFO] [stderr]    Compiling matrixmultiply v0.3.10
[INFO] [stderr]    Compiling inout v0.1.4
[INFO] [stderr]    Compiling zeroize v1.8.2
[INFO] [stderr]    Compiling once_cell v1.21.4
[INFO] [stderr]    Compiling wasm-bindgen v0.2.125
[INFO] [stderr]    Compiling serde_json v1.0.150
[INFO] [stderr]    Compiling universal-hash v0.5.1
[INFO] [stderr]    Compiling memchr v2.8.1
[INFO] [stderr]    Compiling futures-util v0.3.32
[INFO] [stderr]    Compiling aead v0.5.2
[INFO] [stderr]    Compiling cipher v0.4.4
[INFO] [stderr]    Compiling poly1305 v0.8.0
[INFO] [stderr]    Compiling chacha20 v0.9.1
[INFO] [stderr]    Compiling chacha20poly1305 v0.10.1
[INFO] [stderr]    Compiling num-integer v0.1.46
[INFO] [stderr]    Compiling num-complex v0.4.6
[INFO] [stderr]    Compiling ndarray v0.17.2
[INFO] [stderr]    Compiling wasm-bindgen-macro-support v0.2.125
[INFO] [stderr]    Compiling serde_derive v1.0.228
[INFO] [stderr]    Compiling clap_derive v4.6.1
[INFO] [stderr]    Compiling thiserror-impl v1.0.69
[INFO] [stderr]    Compiling thiserror v1.0.69
[INFO] [stderr]    Compiling clap v4.6.1
[INFO] [stderr]    Compiling serde v1.0.228
[INFO] [stderr]    Compiling wasm-bindgen-macro v0.2.125
[INFO] [stderr]    Compiling js-sys v0.3.102
[INFO] [stderr]    Compiling console_error_panic_hook v0.1.7
[INFO] [stderr]    Compiling encodec-rs v0.1.1
[INFO] [stderr]    Compiling record-core v0.1.4
[INFO] [stderr]    Compiling serde-wasm-bindgen v0.6.5
[INFO] [stderr]    Compiling player-wasm v0.1.6 (/opt/rustwide/workdir)
[INFO] [stderr]     Finished `release` profile [optimized] target(s) in 33.28s
[INFO] running `Command { std: "docker" "inspect" "6ed53c1eebeee3e6aadfc66c4ed1f1fed80784c2955195188f3ae957226e9775", kill_on_drop: false }`
[INFO] running `Command { std: "docker" "exec" "-e" "SOURCE_DIR=/opt/rustwide/workdir" "-e" "CARGO_HOME=/opt/rustwide/cargo-home" "-e" "RUSTUP_HOME=/opt/rustwide/rustup-home" "-e" "CARGO_TARGET_DIR=/opt/rustwide/target" "-e" "CARGO_INCREMENTAL=0" "-e" "RUST_BACKTRACE=full" "-e" "RUSTFLAGS=--cap-lints=warn" "-e" "RUSTDOCFLAGS=--cap-lints=warn" "-w" "/opt/rustwide/workdir" "--user" "0:0" "6ed53c1eebeee3e6aadfc66c4ed1f1fed80784c2955195188f3ae957226e9775" "/opt/rustwide/cargo-home/bin/cargo" "+1.99.0-beta.8" "test" "--frozen" "--no-run" "--message-format=json" "--release", kill_on_drop: false }`
[INFO] [stderr]    Compiling player-wasm v0.1.6 (/opt/rustwide/workdir)
[INFO] [stdout] error[E0433]: cannot find module or crate `record_cut` in this scope
[INFO] [stdout]     --> src/lib.rs:2380:39
[INFO] [stdout]      |
[INFO] [stdout] 2380 |             payload_descriptors: vec![record_cut::PayloadDescriptorInput::from_container("TEST")],
[INFO] [stdout]      |                                       ^^^^^^^^^^ use of unresolved module or unlinked crate `record_cut`
[INFO] [stdout]      |
[INFO] [stdout] help: there is a crate or module with a similar name
[INFO] [stdout]      |
[INFO] [stdout] 2380 -             payload_descriptors: vec![record_cut::PayloadDescriptorInput::from_container("TEST")],
[INFO] [stdout] 2380 +             payload_descriptors: vec![record_core::PayloadDescriptorInput::from_container("TEST")],
[INFO] [stdout]      |
[INFO] [stdout] 
[INFO] [stdout] 
[INFO] [stdout] error[E0433]: cannot find module or crate `record_cut` in this scope
[INFO] [stdout]     --> src/lib.rs:2398:22
[INFO] [stdout]      |
[INFO] [stdout] 2398 |         let stream = record_cut::encode_record_stream(&input, &entries).unwrap();
[INFO] [stdout]      |                      ^^^^^^^^^^ use of unresolved module or unlinked crate `record_cut`
[INFO] [stdout]      |
[INFO] [stdout] help: there is a crate or module with a similar name
[INFO] [stdout]      |
[INFO] [stdout] 2398 -         let stream = record_cut::encode_record_stream(&input, &entries).unwrap();
[INFO] [stdout] 2398 +         let stream = record_core::encode_record_stream(&input, &entries).unwrap();
[INFO] [stdout]      |
[INFO] [stdout] 
[INFO] [stdout] 
[INFO] [stdout] error[E0433]: cannot find module or crate `record_cut` in this scope
[INFO] [stdout]     --> src/lib.rs:2379:21
[INFO] [stdout]      |
[INFO] [stdout] 2379 |         let input = record_cut::RecordStreamInput {
[INFO] [stdout]      |                     ^^^^^^^^^^ use of unresolved module or unlinked crate `record_cut`
[INFO] [stdout]      |
[INFO] [stdout] help: there is a crate or module with a similar name
[INFO] [stdout]      |
[INFO] [stdout] 2379 -         let input = record_cut::RecordStreamInput {
[INFO] [stdout] 2379 +         let input = record_core::RecordStreamInput {
[INFO] [stdout]      |
[INFO] [stdout] 
[INFO] [stdout] 
[INFO] [stdout] error[E0433]: cannot find module or crate `record_cut` in this scope
[INFO] [stdout]     --> src/lib.rs:2381:26
[INFO] [stdout]      |
[INFO] [stdout] 2381 |             tracks: vec![record_cut::TrackInput {
[INFO] [stdout]      |                          ^^^^^^^^^^ use of unresolved module or unlinked crate `record_cut`
[INFO] [stdout]      |
[INFO] [stdout] help: there is a crate or module with a similar name
[INFO] [stdout]      |
[INFO] [stdout] 2381 -             tracks: vec![record_cut::TrackInput {
[INFO] [stdout] 2381 +             tracks: vec![record_core::TrackInput {
[INFO] [stdout]      |
[INFO] [stdout] 
[INFO] [stdout] 
[INFO] [stdout] error[E0433]: cannot find module or crate `record_cut` in this scope
[INFO] [stdout]     --> src/lib.rs:2389:13
[INFO] [stdout]      |
[INFO] [stdout] 2389 |             record_cut::PayloadEntryInput {
[INFO] [stdout]      |             ^^^^^^^^^^ use of unresolved module or unlinked crate `record_cut`
[INFO] [stdout]      |
[INFO] [stdout] help: there is a crate or module with a similar name
[INFO] [stdout]      |
[INFO] [stdout] 2389 -             record_cut::PayloadEntryInput {
[INFO] [stdout] 2389 +             record_core::PayloadEntryInput {
[INFO] [stdout]      |
[INFO] [stdout] 
[INFO] [stdout] 
[INFO] [stdout] error[E0433]: cannot find module or crate `record_cut` in this scope
[INFO] [stdout]     --> src/lib.rs:2393:13
[INFO] [stdout]      |
[INFO] [stdout] 2393 |             record_cut::PayloadEntryInput {
[INFO] [stdout]      |             ^^^^^^^^^^ use of unresolved module or unlinked crate `record_cut`
[INFO] [stdout]      |
[INFO] [stdout] help: there is a crate or module with a similar name
[INFO] [stdout]      |
[INFO] [stdout] 2393 -             record_cut::PayloadEntryInput {
[INFO] [stdout] 2393 +             record_core::PayloadEntryInput {
[INFO] [stdout]      |
[INFO] [stdout] 
[INFO] [stdout] 
[INFO] [stdout] For more information about this error, try `rustc --explain E0433`.
[INFO] [stdout] 
[INFO] [stderr] error: could not compile `player-wasm` (lib test) due to 6 previous errors
[INFO] running `Command { std: "docker" "inspect" "6ed53c1eebeee3e6aadfc66c4ed1f1fed80784c2955195188f3ae957226e9775", kill_on_drop: false }`
[INFO] running `Command { std: "docker" "rm" "-f" "6ed53c1eebeee3e6aadfc66c4ed1f1fed80784c2955195188f3ae957226e9775", kill_on_drop: false }`
[INFO] [stdout] 6ed53c1eebeee3e6aadfc66c4ed1f1fed80784c2955195188f3ae957226e9775
