[INFO] fetching crate planif 1.0.0...
[INFO] testing planif-1.0.0 against 1.100.0-beta.1+cargoflags=--release for beta-release-1.100-2
[INFO] extracting crate planif 1.0.0 into /workspace/builds/worker-6-tc2/source
[INFO] started tweaking crates.io crate planif 1.0.0
[INFO] finished tweaking crates.io crate planif 1.0.0
[INFO] tweaked toml for crates.io crate planif 1.0.0 written to /workspace/builds/worker-6-tc2/source/Cargo.toml
[INFO] validating manifest of crates.io crate planif 1.0.0 on toolchain 1.100.0-beta.1
[INFO] running `Command { std: CARGO_HOME="/workspace/cargo-home" RUSTUP_HOME="/workspace/rustup-home" "/workspace/cargo-home/bin/cargo" "+1.100.0-beta.1" "metadata" "--manifest-path" "Cargo.toml" "--no-deps", kill_on_drop: false }`
[INFO] crate crates.io crate planif 1.0.0 already has a lockfile, it will not be regenerated
[INFO] running `Command { std: CARGO_HOME="/workspace/cargo-home" RUSTUP_HOME="/workspace/rustup-home" "/workspace/cargo-home/bin/cargo" "+1.100.0-beta.1" "fetch" "--manifest-path" "Cargo.toml", kill_on_drop: false }`
[INFO] running `Command { std: "docker" "create" "-v" "/var/lib/crater-agent-workspace/builds/worker-6-tc2/source:/opt/rustwide/workdir:ro,Z" "-v" "/var/lib/crater-agent-workspace/builds/worker-6-tc2/target:/opt/rustwide/target:rw,Z" "-v" "/var/lib/crater-agent-workspace/cargo-home:/opt/rustwide/cargo-home:ro,Z" "-v" "/var/lib/crater-agent-workspace/rustup-home:/opt/rustwide/rustup-home:ro,Z" "-m" "1610612736" "--network" "none" "ghcr.io/rust-lang/crates-build-env/linux@sha256:77db811e55d90add9212f6832c23229e3de5f1c1f9905e8cb07319ea15df73ac" "sleep" "infinity", kill_on_drop: false }`
[INFO] [stdout] 314ebe3a83fb93163c25aaa5c0b301c51a116135964ea10228730e9b34876d44
[INFO] running `Command { std: "docker" "start" "314ebe3a83fb93163c25aaa5c0b301c51a116135964ea10228730e9b34876d44", kill_on_drop: false }`
[INFO] running `Command { std: "docker" "inspect" "314ebe3a83fb93163c25aaa5c0b301c51a116135964ea10228730e9b34876d44", kill_on_drop: false }`
[INFO] running `Command { std: "docker" "exec" "-e" "SOURCE_DIR=/opt/rustwide/workdir" "-e" "CARGO_HOME=/opt/rustwide/cargo-home" "-e" "RUSTUP_HOME=/opt/rustwide/rustup-home" "-e" "CARGO_TARGET_DIR=/opt/rustwide/target" "-w" "/opt/rustwide/workdir" "--user" "0:0" "314ebe3a83fb93163c25aaa5c0b301c51a116135964ea10228730e9b34876d44" "/opt/rustwide/cargo-home/bin/cargo" "+1.100.0-beta.1" "metadata" "--no-deps" "--format-version=1", kill_on_drop: false }`
[INFO] running `Command { std: "docker" "inspect" "314ebe3a83fb93163c25aaa5c0b301c51a116135964ea10228730e9b34876d44", kill_on_drop: false }`
[INFO] running `Command { std: "docker" "exec" "-e" "SOURCE_DIR=/opt/rustwide/workdir" "-e" "CARGO_HOME=/opt/rustwide/cargo-home" "-e" "RUSTUP_HOME=/opt/rustwide/rustup-home" "-e" "CARGO_TARGET_DIR=/opt/rustwide/target" "-e" "CARGO_INCREMENTAL=0" "-e" "RUST_BACKTRACE=full" "-e" "RUSTFLAGS=--cap-lints=warn" "-e" "RUSTDOCFLAGS=--cap-lints=warn" "-w" "/opt/rustwide/workdir" "--user" "0:0" "314ebe3a83fb93163c25aaa5c0b301c51a116135964ea10228730e9b34876d44" "/opt/rustwide/cargo-home/bin/cargo" "+1.100.0-beta.1" "build" "--frozen" "--message-format=json" "--release", kill_on_drop: false }`
[INFO] [stderr]    Compiling windows_x86_64_gnu v0.48.5
[INFO] [stderr]    Compiling windows-targets v0.48.5
[INFO] [stderr]    Compiling windows v0.48.0
[INFO] [stderr]    Compiling planif v1.0.0 (/opt/rustwide/workdir)
[INFO] [stdout] warning: field `0` is never read
[INFO] [stdout]  --> src/com.rs:8:23
[INFO] [stdout]   |
[INFO] [stdout] 8 | pub struct ComRuntime(Rc<Com>);
[INFO] [stdout]   |            ---------- ^^^^^^^
[INFO] [stdout]   |            |
[INFO] [stdout]   |            field in this struct
[INFO] [stdout]   |
[INFO] [stdout]   = help: consider removing this field
[INFO] [stdout]   = note: `ComRuntime` has a derived impl for the trait `Clone`, but this is intentionally ignored during dead code analysis
[INFO] [stdout]   = note: `#[warn(dead_code)]` (part of `#[warn(unused)]`) on by default
[INFO] [stdout] 
[INFO] [stdout] 
[INFO] [stderr]     Finished `release` profile [optimized] target(s) in 13.04s
[INFO] running `Command { std: "docker" "inspect" "314ebe3a83fb93163c25aaa5c0b301c51a116135964ea10228730e9b34876d44", kill_on_drop: false }`
[INFO] running `Command { std: "docker" "exec" "-e" "SOURCE_DIR=/opt/rustwide/workdir" "-e" "CARGO_HOME=/opt/rustwide/cargo-home" "-e" "RUSTUP_HOME=/opt/rustwide/rustup-home" "-e" "CARGO_TARGET_DIR=/opt/rustwide/target" "-e" "CARGO_INCREMENTAL=0" "-e" "RUST_BACKTRACE=full" "-e" "RUSTFLAGS=--cap-lints=warn" "-e" "RUSTDOCFLAGS=--cap-lints=warn" "-w" "/opt/rustwide/workdir" "--user" "0:0" "314ebe3a83fb93163c25aaa5c0b301c51a116135964ea10228730e9b34876d44" "/opt/rustwide/cargo-home/bin/cargo" "+1.100.0-beta.1" "test" "--frozen" "--no-run" "--message-format=json" "--release", kill_on_drop: false }`
[INFO] [stderr]    Compiling libc v0.2.147
[INFO] [stderr]    Compiling iana-time-zone v0.1.57
[INFO] [stderr]    Compiling num-traits v0.2.16
[INFO] [stdout] warning: field `0` is never read
[INFO] [stdout]  --> src/com.rs:8:23
[INFO] [stdout]   |
[INFO] [stdout] 8 | pub struct ComRuntime(Rc<Com>);
[INFO] [stdout]   |            ---------- ^^^^^^^
[INFO] [stdout]   |            |
[INFO] [stdout]   |            field in this struct
[INFO] [stdout]   |
[INFO] [stdout]   = help: consider removing this field
[INFO] [stdout]   = note: `ComRuntime` has a derived impl for the trait `Clone`, but this is intentionally ignored during dead code analysis
[INFO] [stdout]   = note: `#[warn(dead_code)]` (part of `#[warn(unused)]`) on by default
[INFO] [stdout] 
[INFO] [stdout] 
[INFO] [stderr]    Compiling time v0.1.45
[INFO] [stderr]    Compiling chrono v0.4.26
[INFO] [stderr]    Compiling planif v1.0.0 (/opt/rustwide/workdir)
[INFO] [stdout] error: linking with `cc` failed: exit status: 1
[INFO] [stdout]   |
[INFO] [stdout]   = note:  "cc" "-m64" "/opt/rustwide/target/release/build/planif/7eb66369d8f0625f/out/rustcXa0e18/symbols.o" "<2 object files omitted>" "-Wl,--as-needed" "-Wl,-Bstatic" "/opt/rustwide/target/release/build/planif/e1c6ed246c276b21/out/libplanif-e1c6ed246c276b21.rlib" "/opt/rustwide/target/release/build/windows/a496d52dc5477a6f/out/libwindows-a496d52dc5477a6f.rlib" "/opt/rustwide/target/release/build/windows-targets/7d1e2880fe441718/out/libwindows_targets-7d1e2880fe441718.rlib" "<sysroot>/lib/rustlib/x86_64-unknown-linux-gnu/lib/{libstd-*,libpanic_unwind-*,libobject-*,libmemchr-*,libaddr2line-*,libgimli-*,libcfg_if-*,librustc_demangle-*,libstd_detect-*,libhashbrown-*,librustc_std_workspace_alloc-*,libminiz_oxide-*,libadler2-*,libunwind-*,liblibc-*,librustc_std_workspace_core-*,liballoc-*,libcore-*,libcompiler_builtins-*}.rlib" "-Wl,-Bdynamic" "-lgcc_s" "-lutil" "-lrt" "-lpthread" "-lm" "-ldl" "-lc" "-L" "/opt/rustwide/target/release/build/planif/7eb66369d8f0625f/out/rustcXa0e18/raw-dylibs" "-B<sysroot>/lib/rustlib/x86_64-unknown-linux-gnu/bin/gcc-ld" "-fuse-ld=lld" "-Wl,--eh-frame-hdr" "-Wl,-z,noexecstack" "-L" "<sysroot>/lib/rustlib/x86_64-unknown-linux-gnu/lib" "-o" "/opt/rustwide/target/release/build/planif/7eb66369d8f0625f/out/boot_task" "-Wl,--gc-sections" "-pie" "-Wl,-z,relro,-z,now" "-Wl,-O1" "-Wl,--strip-debug" "-nodefaultlibs"
[INFO] [stdout]   = note: some arguments are omitted. use `--verbose` to show all linker arguments
[INFO] [stdout]   = note: rust-lld: error: undefined symbol: CoCreateInstance
[INFO] [stdout]           >>> referenced by planif.878036421afcd7fa-cgu.0
[INFO] [stdout]           >>>               planif-e1c6ed246c276b21.planif.878036421afcd7fa-cgu.0.rcgu.o:(<planif::schedule_builder::ScheduleBuilder>::new) in archive /opt/rustwide/target/release/build/planif/e1c6ed246c276b21/out/libplanif-e1c6ed246c276b21.rlib
[INFO] [stdout]           
[INFO] [stdout]           rust-lld: error: undefined symbol: CoInitializeEx
[INFO] [stdout]           >>> referenced by planif.878036421afcd7fa-cgu.1
[INFO] [stdout]           >>>               planif-e1c6ed246c276b21.planif.878036421afcd7fa-cgu.1.rcgu.o:(<planif::com::ComRuntime>::new) in archive /opt/rustwide/target/release/build/planif/e1c6ed246c276b21/out/libplanif-e1c6ed246c276b21.rlib
[INFO] [stdout]           
[INFO] [stdout]           rust-lld: error: undefined symbol: CoUninitialize
[INFO] [stdout]           >>> referenced by planif.878036421afcd7fa-cgu.1
[INFO] [stdout]           >>>               planif-e1c6ed246c276b21.planif.878036421afcd7fa-cgu.1.rcgu.o:(<planif::com::ComRuntime>::new) in archive /opt/rustwide/target/release/build/planif/e1c6ed246c276b21/out/libplanif-e1c6ed246c276b21.rlib
[INFO] [stdout]           >>> referenced by planif.878036421afcd7fa-cgu.1
[INFO] [stdout]           >>>               planif-e1c6ed246c276b21.planif.878036421afcd7fa-cgu.1.rcgu.o:(<alloc::rc::Rc<planif::com::Com>>::drop_slow) in archive /opt/rustwide/target/release/build/planif/e1c6ed246c276b21/out/libplanif-e1c6ed246c276b21.rlib
[INFO] [stdout]           
[INFO] [stdout]           rust-lld: error: undefined symbol: SysAllocStringLen
[INFO] [stdout]           >>> referenced by windows.791ed2120174c9ea-cgu.07
[INFO] [stdout]           >>>               windows-a496d52dc5477a6f.windows.791ed2120174c9ea-cgu.07.rcgu.o:(<windows::core::strings::bstr::BSTR as core::convert::From<&str>>::from) in archive /opt/rustwide/target/release/build/windows/a496d52dc5477a6f/out/libwindows-a496d52dc5477a6f.rlib
[INFO] [stdout]           
[INFO] [stdout]           rust-lld: error: undefined symbol: SysStringLen
[INFO] [stdout]           >>> referenced by windows.791ed2120174c9ea-cgu.07
[INFO] [stdout]           >>>               windows-a496d52dc5477a6f.windows.791ed2120174c9ea-cgu.07.rcgu.o:(<windows::core::strings::bstr::BSTR as core::convert::From<&str>>::from) in archive /opt/rustwide/target/release/build/windows/a496d52dc5477a6f/out/libwindows-a496d52dc5477a6f.rlib
[INFO] [stdout]           >>> referenced by windows.791ed2120174c9ea-cgu.09
[INFO] [stdout]           >>>               windows-a496d52dc5477a6f.windows.791ed2120174c9ea-cgu.09.rcgu.o:(<windows::core::error::Error>::message) in archive /opt/rustwide/target/release/build/windows/a496d52dc5477a6f/out/libwindows-a496d52dc5477a6f.rlib
[INFO] [stdout]           >>> referenced by windows.791ed2120174c9ea-cgu.09
[INFO] [stdout]           >>>               windows-a496d52dc5477a6f.windows.791ed2120174c9ea-cgu.09.rcgu.o:(<windows::core::error::Error>::message) in archive /opt/rustwide/target/release/build/windows/a496d52dc5477a6f/out/libwindows-a496d52dc5477a6f.rlib
[INFO] [stdout]           >>> referenced 1 more times
[INFO] [stdout]           
[INFO] [stdout]           rust-lld: error: undefined symbol: SysFreeString
[INFO] [stdout]           >>> referenced by windows.791ed2120174c9ea-cgu.07
[INFO] [stdout]           >>>               windows-a496d52dc5477a6f.windows.791ed2120174c9ea-cgu.07.rcgu.o:(<windows::core::strings::bstr::BSTR as core::convert::From<&str>>::from) in archive /opt/rustwide/target/release/build/windows/a496d52dc5477a6f/out/libwindows-a496d52dc5477a6f.rlib
[INFO] [stdout]           >>> referenced by windows.791ed2120174c9ea-cgu.07
[INFO] [stdout]           >>>               windows-a496d52dc5477a6f.windows.791ed2120174c9ea-cgu.07.rcgu.o:(<windows::core::strings::bstr::BSTR as core::convert::From<&str>>::from) in archive /opt/rustwide/target/release/build/windows/a496d52dc5477a6f/out/libwindows-a496d52dc5477a6f.rlib
[INFO] [stdout]           >>> referenced by windows.791ed2120174c9ea-cgu.07
[INFO] [stdout]           >>>               windows-a496d52dc5477a6f.windows.791ed2120174c9ea-cgu.07.rcgu.o:(<windows::core::strings::bstr::BSTR as core::ops::drop::Drop>::drop) in archive /opt/rustwide/target/release/build/windows/a496d52dc5477a6f/out/libwindows-a496d52dc5477a6f.rlib
[INFO] [stdout]           >>> referenced 11 more times
[INFO] [stdout]           
[INFO] [stdout]           rust-lld: error: undefined symbol: GetProcessHeap
[INFO] [stdout]           >>> referenced by windows.791ed2120174c9ea-cgu.06
[INFO] [stdout]           >>>               windows-a496d52dc5477a6f.windows.791ed2120174c9ea-cgu.06.rcgu.o:(<windows::core::strings::hstring::HSTRING as core::ops::drop::Drop>::drop) in archive /opt/rustwide/target/release/build/windows/a496d52dc5477a6f/out/libwindows-a496d52dc5477a6f.rlib
[INFO] [stdout]           >>> referenced by windows.791ed2120174c9ea-cgu.04
[INFO] [stdout]           >>>               windows-a496d52dc5477a6f.windows.791ed2120174c9ea-cgu.04.rcgu.o:(<windows::core::hresult::HRESULT>::message) in archive /opt/rustwide/target/release/build/windows/a496d52dc5477a6f/out/libwindows-a496d52dc5477a6f.rlib
[INFO] [stdout]           >>> referenced by windows.791ed2120174c9ea-cgu.04
[INFO] [stdout]           >>>               windows-a496d52dc5477a6f.windows.791ed2120174c9ea-cgu.04.rcgu.o:(<windows::core::hresult::HRESULT>::message) in archive /opt/rustwide/target/release/build/windows/a496d52dc5477a6f/out/libwindows-a496d52dc5477a6f.rlib
[INFO] [stdout]           >>> referenced 8 more times
[INFO] [stdout]           
[INFO] [stdout]           rust-lld: error: undefined symbol: HeapFree
[INFO] [stdout]           >>> referenced by windows.791ed2120174c9ea-cgu.06
[INFO] [stdout]           >>>               windows-a496d52dc5477a6f.windows.791ed2120174c9ea-cgu.06.rcgu.o:(<windows::core::strings::hstring::HSTRING as core::ops::drop::Drop>::drop) in archive /opt/rustwide/target/release/build/windows/a496d52dc5477a6f/out/libwindows-a496d52dc5477a6f.rlib
[INFO] [stdout]           >>> referenced by windows.791ed2120174c9ea-cgu.04
[INFO] [stdout]           >>>               windows-a496d52dc5477a6f.windows.791ed2120174c9ea-cgu.04.rcgu.o:(<windows::core::hresult::HRESULT>::message) in archive /opt/rustwide/target/release/build/windows/a496d52dc5477a6f/out/libwindows-a496d52dc5477a6f.rlib
[INFO] [stdout]           >>> referenced by windows.791ed2120174c9ea-cgu.04
[INFO] [stdout]           >>>               windows-a496d52dc5477a6f.windows.791ed2120174c9ea-cgu.04.rcgu.o:(<windows::core::hresult::HRESULT>::message) in archive /opt/rustwide/target/release/build/windows/a496d52dc5477a6f/out/libwindows-a496d52dc5477a6f.rlib
[INFO] [stdout]           >>> referenced 5 more times
[INFO] [stdout]           
[INFO] [stdout]           rust-lld: error: undefined symbol: FormatMessageW
[INFO] [stdout]           >>> referenced by windows.791ed2120174c9ea-cgu.04
[INFO] [stdout]           >>>               windows-a496d52dc5477a6f.windows.791ed2120174c9ea-cgu.04.rcgu.o:(<windows::core::hresult::HRESULT>::message) in archive /opt/rustwide/target/release/build/windows/a496d52dc5477a6f/out/libwindows-a496d52dc5477a6f.rlib
[INFO] [stdout]           
[INFO] [stdout]           rust-lld: error: undefined symbol: HeapAlloc
[INFO] [stdout]           >>> referenced by windows.791ed2120174c9ea-cgu.04
[INFO] [stdout]           >>>               windows-a496d52dc5477a6f.windows.791ed2120174c9ea-cgu.04.rcgu.o:(<windows::core::hresult::HRESULT>::message) in archive /opt/rustwide/target/release/build/windows/a496d52dc5477a6f/out/libwindows-a496d52dc5477a6f.rlib
[INFO] [stdout]           >>> referenced by windows.791ed2120174c9ea-cgu.09
[INFO] [stdout]           >>>               windows-a496d52dc5477a6f.windows.791ed2120174c9ea-cgu.09.rcgu.o:(<windows::core::error::Error>::message) in archive /opt/rustwide/target/release/build/windows/a496d52dc5477a6f/out/libwindows-a496d52dc5477a6f.rlib
[INFO] [stdout]           >>> referenced by windows.791ed2120174c9ea-cgu.09
[INFO] [stdout]           >>>               windows-a496d52dc5477a6f.windows.791ed2120174c9ea-cgu.09.rcgu.o:(<windows::core::error::Error as core::convert::From<windows::core::hresult::HRESULT>>::from) in archive /opt/rustwide/target/release/build/windows/a496d52dc5477a6f/out/libwindows-a496d52dc5477a6f.rlib
[INFO] [stdout]           
[INFO] [stdout]           rust-lld: error: undefined symbol: LoadLibraryA
[INFO] [stdout]           >>> referenced by windows.791ed2120174c9ea-cgu.09
[INFO] [stdout]           >>>               windows-a496d52dc5477a6f.windows.791ed2120174c9ea-cgu.09.rcgu.o:(<windows::core::error::Error>::new) in archive /opt/rustwide/target/release/build/windows/a496d52dc5477a6f/out/libwindows-a496d52dc5477a6f.rlib
[INFO] [stdout]           
[INFO] [stdout]           rust-lld: error: undefined symbol: GetProcAddress
[INFO] [stdout]           >>> referenced by windows.791ed2120174c9ea-cgu.09
[INFO] [stdout]           >>>               windows-a496d52dc5477a6f.windows.791ed2120174c9ea-cgu.09.rcgu.o:(<windows::core::error::Error>::new) in archive /opt/rustwide/target/release/build/windows/a496d52dc5477a6f/out/libwindows-a496d52dc5477a6f.rlib
[INFO] [stdout]           
[INFO] [stdout]           rust-lld: error: undefined symbol: FreeLibrary
[INFO] [stdout]           >>> referenced by windows.791ed2120174c9ea-cgu.09
[INFO] [stdout]           >>>               windows-a496d52dc5477a6f.windows.791ed2120174c9ea-cgu.09.rcgu.o:(<windows::core::error::Error>::new) in archive /opt/rustwide/target/release/build/windows/a496d52dc5477a6f/out/libwindows-a496d52dc5477a6f.rlib
[INFO] [stdout]           
[INFO] [stdout]           rust-lld: error: undefined symbol: GetErrorInfo
[INFO] [stdout]           >>> referenced by windows.791ed2120174c9ea-cgu.09
[INFO] [stdout]           >>>               windows-a496d52dc5477a6f.windows.791ed2120174c9ea-cgu.09.rcgu.o:(<windows::core::error::Error>::new) in archive /opt/rustwide/target/release/build/windows/a496d52dc5477a6f/out/libwindows-a496d52dc5477a6f.rlib
[INFO] [stdout]           >>> referenced by windows.791ed2120174c9ea-cgu.09
[INFO] [stdout]           >>>               windows-a496d52dc5477a6f.windows.791ed2120174c9ea-cgu.09.rcgu.o:(<windows::core::error::Error as core::convert::From<windows::core::hresult::HRESULT>>::from) in archive /opt/rustwide/target/release/build/windows/a496d52dc5477a6f/out/libwindows-a496d52dc5477a6f.rlib
[INFO] [stdout]           >>> referenced by windows.791ed2120174c9ea-cgu.09
[INFO] [stdout]           >>>               windows-a496d52dc5477a6f.windows.791ed2120174c9ea-cgu.09.rcgu.o:(<windows::core::error::Error as core::convert::From<windows::core::hresult::HRESULT>>::from) in archive /opt/rustwide/target/release/build/windows/a496d52dc5477a6f/out/libwindows-a496d52dc5477a6f.rlib
[INFO] [stdout]           collect2: error: ld returned 1 exit status
[INFO] [stdout]           
[INFO] [stdout] 
[INFO] [stdout] 
[INFO] [stderr] error: could not compile `planif` (example "boot_task") due to 1 previous error
[INFO] [stderr] warning: build failed, waiting for other jobs to finish...
[INFO] [stdout] error: linking with `cc` failed: exit status: 1
[INFO] [stdout]   |
[INFO] [stdout]   = note:  "cc" "-m64" "/opt/rustwide/target/release/build/planif/2acba0ca9301758a/out/rustcwnTsin/symbols.o" "<2 object files omitted>" "-Wl,--as-needed" "-Wl,-Bstatic" "/opt/rustwide/target/release/build/planif/e1c6ed246c276b21/out/libplanif-e1c6ed246c276b21.rlib" "/opt/rustwide/target/release/build/windows/a496d52dc5477a6f/out/libwindows-a496d52dc5477a6f.rlib" "/opt/rustwide/target/release/build/windows-targets/7d1e2880fe441718/out/libwindows_targets-7d1e2880fe441718.rlib" "/opt/rustwide/target/release/build/chrono/f44a8a865e2546b5/out/libchrono-f44a8a865e2546b5.rlib" "/opt/rustwide/target/release/build/num-traits/d4972db947534fa1/out/libnum_traits-d4972db947534fa1.rlib" "/opt/rustwide/target/release/build/iana-time-zone/15d0ddd995693048/out/libiana_time_zone-15d0ddd995693048.rlib" "/opt/rustwide/target/release/build/time/a4f180098d39f359/out/libtime-a4f180098d39f359.rlib" "/opt/rustwide/target/release/build/libc/606dfe81cc4fd386/out/liblibc-606dfe81cc4fd386.rlib" "<sysroot>/lib/rustlib/x86_64-unknown-linux-gnu/lib/{libstd-*,libpanic_unwind-*,libobject-*,libmemchr-*,libaddr2line-*,libgimli-*,libcfg_if-*,librustc_demangle-*,libstd_detect-*,libhashbrown-*,librustc_std_workspace_alloc-*,libminiz_oxide-*,libadler2-*,libunwind-*,liblibc-*,librustc_std_workspace_core-*,liballoc-*,libcore-*,libcompiler_builtins-*}.rlib" "-Wl,-Bdynamic" "-lgcc_s" "-lutil" "-lrt" "-lpthread" "-lm" "-ldl" "-lc" "-L" "/opt/rustwide/target/release/build/planif/2acba0ca9301758a/out/rustcwnTsin/raw-dylibs" "-B<sysroot>/lib/rustlib/x86_64-unknown-linux-gnu/bin/gcc-ld" "-fuse-ld=lld" "-Wl,--eh-frame-hdr" "-Wl,-z,noexecstack" "-L" "<sysroot>/lib/rustlib/x86_64-unknown-linux-gnu/lib" "-o" "/opt/rustwide/target/release/build/planif/2acba0ca9301758a/out/multiple_tasks" "-Wl,--gc-sections" "-pie" "-Wl,-z,relro,-z,now" "-Wl,-O1" "-Wl,--strip-debug" "-nodefaultlibs"
[INFO] [stdout]   = note: some arguments are omitted. use `--verbose` to show all linker arguments
[INFO] [stdout]   = note: rust-lld: error: undefined symbol: CoCreateInstance
[INFO] [stdout]           >>> referenced by planif.878036421afcd7fa-cgu.0
[INFO] [stdout]           >>>               planif-e1c6ed246c276b21.planif.878036421afcd7fa-cgu.0.rcgu.o:(<planif::schedule_builder::ScheduleBuilder>::new) in archive /opt/rustwide/target/release/build/planif/e1c6ed246c276b21/out/libplanif-e1c6ed246c276b21.rlib
[INFO] [stdout]           
[INFO] [stdout]           rust-lld: error: undefined symbol: CoInitializeEx
[INFO] [stdout]           >>> referenced by planif.878036421afcd7fa-cgu.1
[INFO] [stdout]           >>>               planif-e1c6ed246c276b21.planif.878036421afcd7fa-cgu.1.rcgu.o:(<planif::com::ComRuntime>::new) in archive /opt/rustwide/target/release/build/planif/e1c6ed246c276b21/out/libplanif-e1c6ed246c276b21.rlib
[INFO] [stdout]           
[INFO] [stdout]           rust-lld: error: undefined symbol: CoUninitialize
[INFO] [stdout]           >>> referenced by planif.878036421afcd7fa-cgu.1
[INFO] [stdout]           >>>               planif-e1c6ed246c276b21.planif.878036421afcd7fa-cgu.1.rcgu.o:(<planif::com::ComRuntime>::new) in archive /opt/rustwide/target/release/build/planif/e1c6ed246c276b21/out/libplanif-e1c6ed246c276b21.rlib
[INFO] [stdout]           >>> referenced by planif.878036421afcd7fa-cgu.1
[INFO] [stdout]           >>>               planif-e1c6ed246c276b21.planif.878036421afcd7fa-cgu.1.rcgu.o:(<alloc::rc::Rc<planif::com::Com>>::drop_slow) in archive /opt/rustwide/target/release/build/planif/e1c6ed246c276b21/out/libplanif-e1c6ed246c276b21.rlib
[INFO] [stdout]           
[INFO] [stdout]           rust-lld: error: undefined symbol: SysAllocStringLen
[INFO] [stdout]           >>> referenced by windows.791ed2120174c9ea-cgu.07
[INFO] [stdout]           >>>               windows-a496d52dc5477a6f.windows.791ed2120174c9ea-cgu.07.rcgu.o:(<windows::core::strings::bstr::BSTR as core::convert::From<&str>>::from) in archive /opt/rustwide/target/release/build/windows/a496d52dc5477a6f/out/libwindows-a496d52dc5477a6f.rlib
[INFO] [stdout]           
[INFO] [stdout]           rust-lld: error: undefined symbol: SysStringLen
[INFO] [stdout]           >>> referenced by windows.791ed2120174c9ea-cgu.07
[INFO] [stdout]           >>>               windows-a496d52dc5477a6f.windows.791ed2120174c9ea-cgu.07.rcgu.o:(<windows::core::strings::bstr::BSTR as core::convert::From<&str>>::from) in archive /opt/rustwide/target/release/build/windows/a496d52dc5477a6f/out/libwindows-a496d52dc5477a6f.rlib
[INFO] [stdout]           >>> referenced by windows.791ed2120174c9ea-cgu.09
[INFO] [stdout]           >>>               windows-a496d52dc5477a6f.windows.791ed2120174c9ea-cgu.09.rcgu.o:(<windows::core::error::Error>::message) in archive /opt/rustwide/target/release/build/windows/a496d52dc5477a6f/out/libwindows-a496d52dc5477a6f.rlib
[INFO] [stdout]           >>> referenced by windows.791ed2120174c9ea-cgu.09
[INFO] [stdout]           >>>               windows-a496d52dc5477a6f.windows.791ed2120174c9ea-cgu.09.rcgu.o:(<windows::core::error::Error>::message) in archive /opt/rustwide/target/release/build/windows/a496d52dc5477a6f/out/libwindows-a496d52dc5477a6f.rlib
[INFO] [stdout]           >>> referenced 1 more times
[INFO] [stdout]           
[INFO] [stdout]           rust-lld: error: undefined symbol: SysFreeString
[INFO] [stdout]           >>> referenced by windows.791ed2120174c9ea-cgu.07
[INFO] [stdout]           >>>               windows-a496d52dc5477a6f.windows.791ed2120174c9ea-cgu.07.rcgu.o:(<windows::core::strings::bstr::BSTR as core::convert::From<&str>>::from) in archive /opt/rustwide/target/release/build/windows/a496d52dc5477a6f/out/libwindows-a496d52dc5477a6f.rlib
[INFO] [stdout]           >>> referenced by windows.791ed2120174c9ea-cgu.07
[INFO] [stdout]           >>>               windows-a496d52dc5477a6f.windows.791ed2120174c9ea-cgu.07.rcgu.o:(<windows::core::strings::bstr::BSTR as core::convert::From<&str>>::from) in archive /opt/rustwide/target/release/build/windows/a496d52dc5477a6f/out/libwindows-a496d52dc5477a6f.rlib
[INFO] [stdout]           >>> referenced by windows.791ed2120174c9ea-cgu.07
[INFO] [stdout]           >>>               windows-a496d52dc5477a6f.windows.791ed2120174c9ea-cgu.07.rcgu.o:(<windows::core::strings::bstr::BSTR as core::ops::drop::Drop>::drop) in archive /opt/rustwide/target/release/build/windows/a496d52dc5477a6f/out/libwindows-a496d52dc5477a6f.rlib
[INFO] [stdout]           >>> referenced 11 more times
[INFO] [stdout]           
[INFO] [stdout]           rust-lld: error: undefined symbol: GetProcessHeap
[INFO] [stdout]           >>> referenced by windows.791ed2120174c9ea-cgu.06
[INFO] [stdout]           >>>               windows-a496d52dc5477a6f.windows.791ed2120174c9ea-cgu.06.rcgu.o:(<windows::core::strings::hstring::HSTRING as core::ops::drop::Drop>::drop) in archive /opt/rustwide/target/release/build/windows/a496d52dc5477a6f/out/libwindows-a496d52dc5477a6f.rlib
[INFO] [stdout]           >>> referenced by windows.791ed2120174c9ea-cgu.04
[INFO] [stdout]           >>>               windows-a496d52dc5477a6f.windows.791ed2120174c9ea-cgu.04.rcgu.o:(<windows::core::hresult::HRESULT>::message) in archive /opt/rustwide/target/release/build/windows/a496d52dc5477a6f/out/libwindows-a496d52dc5477a6f.rlib
[INFO] [stdout]           >>> referenced by windows.791ed2120174c9ea-cgu.04
[INFO] [stdout]           >>>               windows-a496d52dc5477a6f.windows.791ed2120174c9ea-cgu.04.rcgu.o:(<windows::core::hresult::HRESULT>::message) in archive /opt/rustwide/target/release/build/windows/a496d52dc5477a6f/out/libwindows-a496d52dc5477a6f.rlib
[INFO] [stdout]           >>> referenced 8 more times
[INFO] [stdout]           
[INFO] [stdout]           rust-lld: error: undefined symbol: HeapFree
[INFO] [stdout]           >>> referenced by windows.791ed2120174c9ea-cgu.06
[INFO] [stdout]           >>>               windows-a496d52dc5477a6f.windows.791ed2120174c9ea-cgu.06.rcgu.o:(<windows::core::strings::hstring::HSTRING as core::ops::drop::Drop>::drop) in archive /opt/rustwide/target/release/build/windows/a496d52dc5477a6f/out/libwindows-a496d52dc5477a6f.rlib
[INFO] [stdout]           >>> referenced by windows.791ed2120174c9ea-cgu.04
[INFO] [stdout]           >>>               windows-a496d52dc5477a6f.windows.791ed2120174c9ea-cgu.04.rcgu.o:(<windows::core::hresult::HRESULT>::message) in archive /opt/rustwide/target/release/build/windows/a496d52dc5477a6f/out/libwindows-a496d52dc5477a6f.rlib
[INFO] [stdout]           >>> referenced by windows.791ed2120174c9ea-cgu.04
[INFO] [stdout]           >>>               windows-a496d52dc5477a6f.windows.791ed2120174c9ea-cgu.04.rcgu.o:(<windows::core::hresult::HRESULT>::message) in archive /opt/rustwide/target/release/build/windows/a496d52dc5477a6f/out/libwindows-a496d52dc5477a6f.rlib
[INFO] [stdout]           >>> referenced 5 more times
[INFO] [stdout]           
[INFO] [stdout]           rust-lld: error: undefined symbol: FormatMessageW
[INFO] [stdout]           >>> referenced by windows.791ed2120174c9ea-cgu.04
[INFO] [stdout]           >>>               windows-a496d52dc5477a6f.windows.791ed2120174c9ea-cgu.04.rcgu.o:(<windows::core::hresult::HRESULT>::message) in archive /opt/rustwide/target/release/build/windows/a496d52dc5477a6f/out/libwindows-a496d52dc5477a6f.rlib
[INFO] [stdout]           
[INFO] [stdout]           rust-lld: error: undefined symbol: HeapAlloc
[INFO] [stdout]           >>> referenced by windows.791ed2120174c9ea-cgu.04
[INFO] [stdout]           >>>               windows-a496d52dc5477a6f.windows.791ed2120174c9ea-cgu.04.rcgu.o:(<windows::core::hresult::HRESULT>::message) in archive /opt/rustwide/target/release/build/windows/a496d52dc5477a6f/out/libwindows-a496d52dc5477a6f.rlib
[INFO] [stdout]           >>> referenced by windows.791ed2120174c9ea-cgu.09
[INFO] [stdout]           >>>               windows-a496d52dc5477a6f.windows.791ed2120174c9ea-cgu.09.rcgu.o:(<windows::core::error::Error>::message) in archive /opt/rustwide/target/release/build/windows/a496d52dc5477a6f/out/libwindows-a496d52dc5477a6f.rlib
[INFO] [stdout]           >>> referenced by windows.791ed2120174c9ea-cgu.09
[INFO] [stdout]           >>>               windows-a496d52dc5477a6f.windows.791ed2120174c9ea-cgu.09.rcgu.o:(<windows::core::error::Error as core::convert::From<windows::core::hresult::HRESULT>>::from) in archive /opt/rustwide/target/release/build/windows/a496d52dc5477a6f/out/libwindows-a496d52dc5477a6f.rlib
[INFO] [stdout]           
[INFO] [stdout]           rust-lld: error: undefined symbol: LoadLibraryA
[INFO] [stdout]           >>> referenced by windows.791ed2120174c9ea-cgu.09
[INFO] [stdout]           >>>               windows-a496d52dc5477a6f.windows.791ed2120174c9ea-cgu.09.rcgu.o:(<windows::core::error::Error>::new) in archive /opt/rustwide/target/release/build/windows/a496d52dc5477a6f/out/libwindows-a496d52dc5477a6f.rlib
[INFO] [stdout]           
[INFO] [stdout]           rust-lld: error: undefined symbol: GetProcAddress
[INFO] [stdout]           >>> referenced by windows.791ed2120174c9ea-cgu.09
[INFO] [stdout]           >>>               windows-a496d52dc5477a6f.windows.791ed2120174c9ea-cgu.09.rcgu.o:(<windows::core::error::Error>::new) in archive /opt/rustwide/target/release/build/windows/a496d52dc5477a6f/out/libwindows-a496d52dc5477a6f.rlib
[INFO] [stdout]           
[INFO] [stdout]           rust-lld: error: undefined symbol: FreeLibrary
[INFO] [stdout]           >>> referenced by windows.791ed2120174c9ea-cgu.09
[INFO] [stdout]           >>>               windows-a496d52dc5477a6f.windows.791ed2120174c9ea-cgu.09.rcgu.o:(<windows::core::error::Error>::new) in archive /opt/rustwide/target/release/build/windows/a496d52dc5477a6f/out/libwindows-a496d52dc5477a6f.rlib
[INFO] [stdout]           
[INFO] [stdout]           rust-lld: error: undefined symbol: GetErrorInfo
[INFO] [stdout]           >>> referenced by windows.791ed2120174c9ea-cgu.09
[INFO] [stdout]           >>>               windows-a496d52dc5477a6f.windows.791ed2120174c9ea-cgu.09.rcgu.o:(<windows::core::error::Error>::new) in archive /opt/rustwide/target/release/build/windows/a496d52dc5477a6f/out/libwindows-a496d52dc5477a6f.rlib
[INFO] [stdout]           >>> referenced by windows.791ed2120174c9ea-cgu.09
[INFO] [stdout]           >>>               windows-a496d52dc5477a6f.windows.791ed2120174c9ea-cgu.09.rcgu.o:(<windows::core::error::Error as core::convert::From<windows::core::hresult::HRESULT>>::from) in archive /opt/rustwide/target/release/build/windows/a496d52dc5477a6f/out/libwindows-a496d52dc5477a6f.rlib
[INFO] [stdout]           >>> referenced by windows.791ed2120174c9ea-cgu.09
[INFO] [stdout]           >>>               windows-a496d52dc5477a6f.windows.791ed2120174c9ea-cgu.09.rcgu.o:(<windows::core::error::Error as core::convert::From<windows::core::hresult::HRESULT>>::from) in archive /opt/rustwide/target/release/build/windows/a496d52dc5477a6f/out/libwindows-a496d52dc5477a6f.rlib
[INFO] [stdout]           collect2: error: ld returned 1 exit status
[INFO] [stdout]           
[INFO] [stdout] 
[INFO] [stdout] 
[INFO] [stderr] error: could not compile `planif` (example "multiple_tasks") due to 1 previous error
[INFO] [stdout] error: linking with `cc` failed: exit status: 1
[INFO] [stdout]   |
[INFO] [stdout]   = note:  "cc" "-m64" "/opt/rustwide/target/release/build/planif/c320115738c9fa60/out/rustcjAFnhQ/symbols.o" "<2 object files omitted>" "-Wl,--as-needed" "-Wl,-Bstatic" "/opt/rustwide/target/release/build/planif/e1c6ed246c276b21/out/libplanif-e1c6ed246c276b21.rlib" "/opt/rustwide/target/release/build/windows/a496d52dc5477a6f/out/libwindows-a496d52dc5477a6f.rlib" "/opt/rustwide/target/release/build/windows-targets/7d1e2880fe441718/out/libwindows_targets-7d1e2880fe441718.rlib" "/opt/rustwide/target/release/build/chrono/f44a8a865e2546b5/out/libchrono-f44a8a865e2546b5.rlib" "/opt/rustwide/target/release/build/num-traits/d4972db947534fa1/out/libnum_traits-d4972db947534fa1.rlib" "/opt/rustwide/target/release/build/iana-time-zone/15d0ddd995693048/out/libiana_time_zone-15d0ddd995693048.rlib" "/opt/rustwide/target/release/build/time/a4f180098d39f359/out/libtime-a4f180098d39f359.rlib" "/opt/rustwide/target/release/build/libc/606dfe81cc4fd386/out/liblibc-606dfe81cc4fd386.rlib" "<sysroot>/lib/rustlib/x86_64-unknown-linux-gnu/lib/{libstd-*,libpanic_unwind-*,libobject-*,libmemchr-*,libaddr2line-*,libgimli-*,libcfg_if-*,librustc_demangle-*,libstd_detect-*,libhashbrown-*,librustc_std_workspace_alloc-*,libminiz_oxide-*,libadler2-*,libunwind-*,liblibc-*,librustc_std_workspace_core-*,liballoc-*,libcore-*,libcompiler_builtins-*}.rlib" "-Wl,-Bdynamic" "-lgcc_s" "-lutil" "-lrt" "-lpthread" "-lm" "-ldl" "-lc" "-L" "/opt/rustwide/target/release/build/planif/c320115738c9fa60/out/rustcjAFnhQ/raw-dylibs" "-B<sysroot>/lib/rustlib/x86_64-unknown-linux-gnu/bin/gcc-ld" "-fuse-ld=lld" "-Wl,--eh-frame-hdr" "-Wl,-z,noexecstack" "-L" "<sysroot>/lib/rustlib/x86_64-unknown-linux-gnu/lib" "-o" "/opt/rustwide/target/release/build/planif/c320115738c9fa60/out/daily_task" "-Wl,--gc-sections" "-pie" "-Wl,-z,relro,-z,now" "-Wl,-O1" "-Wl,--strip-debug" "-nodefaultlibs"
[INFO] [stdout]   = note: some arguments are omitted. use `--verbose` to show all linker arguments
[INFO] [stdout]   = note: rust-lld: error: undefined symbol: CoCreateInstance
[INFO] [stdout]           >>> referenced by planif.878036421afcd7fa-cgu.0
[INFO] [stdout]           >>>               planif-e1c6ed246c276b21.planif.878036421afcd7fa-cgu.0.rcgu.o:(<planif::schedule_builder::ScheduleBuilder>::new) in archive /opt/rustwide/target/release/build/planif/e1c6ed246c276b21/out/libplanif-e1c6ed246c276b21.rlib
[INFO] [stdout]           
[INFO] [stdout]           rust-lld: error: undefined symbol: CoInitializeEx
[INFO] [stdout]           >>> referenced by planif.878036421afcd7fa-cgu.1
[INFO] [stdout]           >>>               planif-e1c6ed246c276b21.planif.878036421afcd7fa-cgu.1.rcgu.o:(<planif::com::ComRuntime>::new) in archive /opt/rustwide/target/release/build/planif/e1c6ed246c276b21/out/libplanif-e1c6ed246c276b21.rlib
[INFO] [stdout]           
[INFO] [stdout]           rust-lld: error: undefined symbol: CoUninitialize
[INFO] [stdout]           >>> referenced by planif.878036421afcd7fa-cgu.1
[INFO] [stdout]           >>>               planif-e1c6ed246c276b21.planif.878036421afcd7fa-cgu.1.rcgu.o:(<planif::com::ComRuntime>::new) in archive /opt/rustwide/target/release/build/planif/e1c6ed246c276b21/out/libplanif-e1c6ed246c276b21.rlib
[INFO] [stdout]           >>> referenced by planif.878036421afcd7fa-cgu.1
[INFO] [stdout]           >>>               planif-e1c6ed246c276b21.planif.878036421afcd7fa-cgu.1.rcgu.o:(<alloc::rc::Rc<planif::com::Com>>::drop_slow) in archive /opt/rustwide/target/release/build/planif/e1c6ed246c276b21/out/libplanif-e1c6ed246c276b21.rlib
[INFO] [stdout]           
[INFO] [stdout]           rust-lld: error: undefined symbol: SysAllocStringLen
[INFO] [stdout]           >>> referenced by windows.791ed2120174c9ea-cgu.07
[INFO] [stdout]           >>>               windows-a496d52dc5477a6f.windows.791ed2120174c9ea-cgu.07.rcgu.o:(<windows::core::strings::bstr::BSTR as core::convert::From<&str>>::from) in archive /opt/rustwide/target/release/build/windows/a496d52dc5477a6f/out/libwindows-a496d52dc5477a6f.rlib
[INFO] [stdout]           
[INFO] [stdout]           rust-lld: error: undefined symbol: SysStringLen
[INFO] [stdout]           >>> referenced by windows.791ed2120174c9ea-cgu.07
[INFO] [stdout]           >>>               windows-a496d52dc5477a6f.windows.791ed2120174c9ea-cgu.07.rcgu.o:(<windows::core::strings::bstr::BSTR as core::convert::From<&str>>::from) in archive /opt/rustwide/target/release/build/windows/a496d52dc5477a6f/out/libwindows-a496d52dc5477a6f.rlib
[INFO] [stdout]           >>> referenced by windows.791ed2120174c9ea-cgu.09
[INFO] [stdout]           >>>               windows-a496d52dc5477a6f.windows.791ed2120174c9ea-cgu.09.rcgu.o:(<windows::core::error::Error>::message) in archive /opt/rustwide/target/release/build/windows/a496d52dc5477a6f/out/libwindows-a496d52dc5477a6f.rlib
[INFO] [stdout]           >>> referenced by windows.791ed2120174c9ea-cgu.09
[INFO] [stdout]           >>>               windows-a496d52dc5477a6f.windows.791ed2120174c9ea-cgu.09.rcgu.o:(<windows::core::error::Error>::message) in archive /opt/rustwide/target/release/build/windows/a496d52dc5477a6f/out/libwindows-a496d52dc5477a6f.rlib
[INFO] [stdout]           >>> referenced 1 more times
[INFO] [stdout]           
[INFO] [stdout]           rust-lld: error: undefined symbol: SysFreeString
[INFO] [stdout]           >>> referenced by windows.791ed2120174c9ea-cgu.07
[INFO] [stdout]           >>>               windows-a496d52dc5477a6f.windows.791ed2120174c9ea-cgu.07.rcgu.o:(<windows::core::strings::bstr::BSTR as core::convert::From<&str>>::from) in archive /opt/rustwide/target/release/build/windows/a496d52dc5477a6f/out/libwindows-a496d52dc5477a6f.rlib
[INFO] [stdout]           >>> referenced by windows.791ed2120174c9ea-cgu.07
[INFO] [stdout]           >>>               windows-a496d52dc5477a6f.windows.791ed2120174c9ea-cgu.07.rcgu.o:(<windows::core::strings::bstr::BSTR as core::convert::From<&str>>::from) in archive /opt/rustwide/target/release/build/windows/a496d52dc5477a6f/out/libwindows-a496d52dc5477a6f.rlib
[INFO] [stdout]           >>> referenced by windows.791ed2120174c9ea-cgu.07
[INFO] [stdout]           >>>               windows-a496d52dc5477a6f.windows.791ed2120174c9ea-cgu.07.rcgu.o:(<windows::core::strings::bstr::BSTR as core::ops::drop::Drop>::drop) in archive /opt/rustwide/target/release/build/windows/a496d52dc5477a6f/out/libwindows-a496d52dc5477a6f.rlib
[INFO] [stdout]           >>> referenced 11 more times
[INFO] [stdout]           
[INFO] [stdout]           rust-lld: error: undefined symbol: GetProcessHeap
[INFO] [stdout]           >>> referenced by windows.791ed2120174c9ea-cgu.06
[INFO] [stdout]           >>>               windows-a496d52dc5477a6f.windows.791ed2120174c9ea-cgu.06.rcgu.o:(<windows::core::strings::hstring::HSTRING as core::ops::drop::Drop>::drop) in archive /opt/rustwide/target/release/build/windows/a496d52dc5477a6f/out/libwindows-a496d52dc5477a6f.rlib
[INFO] [stdout]           >>> referenced by windows.791ed2120174c9ea-cgu.04
[INFO] [stdout]           >>>               windows-a496d52dc5477a6f.windows.791ed2120174c9ea-cgu.04.rcgu.o:(<windows::core::hresult::HRESULT>::message) in archive /opt/rustwide/target/release/build/windows/a496d52dc5477a6f/out/libwindows-a496d52dc5477a6f.rlib
[INFO] [stdout]           >>> referenced by windows.791ed2120174c9ea-cgu.04
[INFO] [stdout]           >>>               windows-a496d52dc5477a6f.windows.791ed2120174c9ea-cgu.04.rcgu.o:(<windows::core::hresult::HRESULT>::message) in archive /opt/rustwide/target/release/build/windows/a496d52dc5477a6f/out/libwindows-a496d52dc5477a6f.rlib
[INFO] [stdout]           >>> referenced 8 more times
[INFO] [stdout]           
[INFO] [stdout]           rust-lld: error: undefined symbol: HeapFree
[INFO] [stdout]           >>> referenced by windows.791ed2120174c9ea-cgu.06
[INFO] [stdout]           >>>               windows-a496d52dc5477a6f.windows.791ed2120174c9ea-cgu.06.rcgu.o:(<windows::core::strings::hstring::HSTRING as core::ops::drop::Drop>::drop) in archive /opt/rustwide/target/release/build/windows/a496d52dc5477a6f/out/libwindows-a496d52dc5477a6f.rlib
[INFO] [stdout]           >>> referenced by windows.791ed2120174c9ea-cgu.04
[INFO] [stdout]           >>>               windows-a496d52dc5477a6f.windows.791ed2120174c9ea-cgu.04.rcgu.o:(<windows::core::hresult::HRESULT>::message) in archive /opt/rustwide/target/release/build/windows/a496d52dc5477a6f/out/libwindows-a496d52dc5477a6f.rlib
[INFO] [stdout]           >>> referenced by windows.791ed2120174c9ea-cgu.04
[INFO] [stdout]           >>>               windows-a496d52dc5477a6f.windows.791ed2120174c9ea-cgu.04.rcgu.o:(<windows::core::hresult::HRESULT>::message) in archive /opt/rustwide/target/release/build/windows/a496d52dc5477a6f/out/libwindows-a496d52dc5477a6f.rlib
[INFO] [stdout]           >>> referenced 5 more times
[INFO] [stdout]           
[INFO] [stdout]           rust-lld: error: undefined symbol: FormatMessageW
[INFO] [stdout]           >>> referenced by windows.791ed2120174c9ea-cgu.04
[INFO] [stdout]           >>>               windows-a496d52dc5477a6f.windows.791ed2120174c9ea-cgu.04.rcgu.o:(<windows::core::hresult::HRESULT>::message) in archive /opt/rustwide/target/release/build/windows/a496d52dc5477a6f/out/libwindows-a496d52dc5477a6f.rlib
[INFO] [stdout]           
[INFO] [stdout]           rust-lld: error: undefined symbol: HeapAlloc
[INFO] [stdout]           >>> referenced by windows.791ed2120174c9ea-cgu.04
[INFO] [stdout]           >>>               windows-a496d52dc5477a6f.windows.791ed2120174c9ea-cgu.04.rcgu.o:(<windows::core::hresult::HRESULT>::message) in archive /opt/rustwide/target/release/build/windows/a496d52dc5477a6f/out/libwindows-a496d52dc5477a6f.rlib
[INFO] [stdout]           >>> referenced by windows.791ed2120174c9ea-cgu.09
[INFO] [stdout]           >>>               windows-a496d52dc5477a6f.windows.791ed2120174c9ea-cgu.09.rcgu.o:(<windows::core::error::Error>::message) in archive /opt/rustwide/target/release/build/windows/a496d52dc5477a6f/out/libwindows-a496d52dc5477a6f.rlib
[INFO] [stdout]           >>> referenced by windows.791ed2120174c9ea-cgu.09
[INFO] [stdout]           >>>               windows-a496d52dc5477a6f.windows.791ed2120174c9ea-cgu.09.rcgu.o:(<windows::core::error::Error as core::convert::From<windows::core::hresult::HRESULT>>::from) in archive /opt/rustwide/target/release/build/windows/a496d52dc5477a6f/out/libwindows-a496d52dc5477a6f.rlib
[INFO] [stdout]           
[INFO] [stdout]           rust-lld: error: undefined symbol: LoadLibraryA
[INFO] [stdout]           >>> referenced by windows.791ed2120174c9ea-cgu.09
[INFO] [stdout]           >>>               windows-a496d52dc5477a6f.windows.791ed2120174c9ea-cgu.09.rcgu.o:(<windows::core::error::Error>::new) in archive /opt/rustwide/target/release/build/windows/a496d52dc5477a6f/out/libwindows-a496d52dc5477a6f.rlib
[INFO] [stdout]           
[INFO] [stdout]           rust-lld: error: undefined symbol: GetProcAddress
[INFO] [stdout]           >>> referenced by windows.791ed2120174c9ea-cgu.09
[INFO] [stdout]           >>>               windows-a496d52dc5477a6f.windows.791ed2120174c9ea-cgu.09.rcgu.o:(<windows::core::error::Error>::new) in archive /opt/rustwide/target/release/build/windows/a496d52dc5477a6f/out/libwindows-a496d52dc5477a6f.rlib
[INFO] [stdout]           
[INFO] [stdout]           rust-lld: error: undefined symbol: FreeLibrary
[INFO] [stdout]           >>> referenced by windows.791ed2120174c9ea-cgu.09
[INFO] [stdout]           >>>               windows-a496d52dc5477a6f.windows.791ed2120174c9ea-cgu.09.rcgu.o:(<windows::core::error::Error>::new) in archive /opt/rustwide/target/release/build/windows/a496d52dc5477a6f/out/libwindows-a496d52dc5477a6f.rlib
[INFO] [stdout]           
[INFO] [stdout]           rust-lld: error: undefined symbol: GetErrorInfo
[INFO] [stdout]           >>> referenced by windows.791ed2120174c9ea-cgu.09
[INFO] [stdout]           >>>               windows-a496d52dc5477a6f.windows.791ed2120174c9ea-cgu.09.rcgu.o:(<windows::core::error::Error>::new) in archive /opt/rustwide/target/release/build/windows/a496d52dc5477a6f/out/libwindows-a496d52dc5477a6f.rlib
[INFO] [stdout]           >>> referenced by windows.791ed2120174c9ea-cgu.09
[INFO] [stdout]           >>>               windows-a496d52dc5477a6f.windows.791ed2120174c9ea-cgu.09.rcgu.o:(<windows::core::error::Error as core::convert::From<windows::core::hresult::HRESULT>>::from) in archive /opt/rustwide/target/release/build/windows/a496d52dc5477a6f/out/libwindows-a496d52dc5477a6f.rlib
[INFO] [stdout]           >>> referenced by windows.791ed2120174c9ea-cgu.09
[INFO] [stdout]           >>>               windows-a496d52dc5477a6f.windows.791ed2120174c9ea-cgu.09.rcgu.o:(<windows::core::error::Error as core::convert::From<windows::core::hresult::HRESULT>>::from) in archive /opt/rustwide/target/release/build/windows/a496d52dc5477a6f/out/libwindows-a496d52dc5477a6f.rlib
[INFO] [stdout]           collect2: error: ld returned 1 exit status
[INFO] [stdout]           
[INFO] [stdout] 
[INFO] [stdout] 
[INFO] [stderr] error: could not compile `planif` (example "daily_task") due to 1 previous error
[INFO] [stdout] error: linking with `cc` failed: exit status: 1
[INFO] [stdout]   |
[INFO] [stdout]   = note:  "cc" "-m64" "/opt/rustwide/target/release/build/planif/2cbea6c16c880f69/out/rustcBXrU2B/symbols.o" "<2 object files omitted>" "-Wl,--as-needed" "-Wl,-Bstatic" "/opt/rustwide/target/release/build/planif/e1c6ed246c276b21/out/libplanif-e1c6ed246c276b21.rlib" "/opt/rustwide/target/release/build/windows/a496d52dc5477a6f/out/libwindows-a496d52dc5477a6f.rlib" "/opt/rustwide/target/release/build/windows-targets/7d1e2880fe441718/out/libwindows_targets-7d1e2880fe441718.rlib" "/opt/rustwide/target/release/build/chrono/f44a8a865e2546b5/out/libchrono-f44a8a865e2546b5.rlib" "/opt/rustwide/target/release/build/num-traits/d4972db947534fa1/out/libnum_traits-d4972db947534fa1.rlib" "/opt/rustwide/target/release/build/iana-time-zone/15d0ddd995693048/out/libiana_time_zone-15d0ddd995693048.rlib" "/opt/rustwide/target/release/build/time/a4f180098d39f359/out/libtime-a4f180098d39f359.rlib" "/opt/rustwide/target/release/build/libc/606dfe81cc4fd386/out/liblibc-606dfe81cc4fd386.rlib" "<sysroot>/lib/rustlib/x86_64-unknown-linux-gnu/lib/{libstd-*,libpanic_unwind-*,libobject-*,libmemchr-*,libaddr2line-*,libgimli-*,libcfg_if-*,librustc_demangle-*,libstd_detect-*,libhashbrown-*,librustc_std_workspace_alloc-*,libminiz_oxide-*,libadler2-*,libunwind-*,liblibc-*,librustc_std_workspace_core-*,liballoc-*,libcore-*,libcompiler_builtins-*}.rlib" "-Wl,-Bdynamic" "-lgcc_s" "-lutil" "-lrt" "-lpthread" "-lm" "-ldl" "-lc" "-L" "/opt/rustwide/target/release/build/planif/2cbea6c16c880f69/out/rustcBXrU2B/raw-dylibs" "-B<sysroot>/lib/rustlib/x86_64-unknown-linux-gnu/bin/gcc-ld" "-fuse-ld=lld" "-Wl,--eh-frame-hdr" "-Wl,-z,noexecstack" "-L" "<sysroot>/lib/rustlib/x86_64-unknown-linux-gnu/lib" "-o" "/opt/rustwide/target/release/build/planif/2cbea6c16c880f69/out/monthly_task" "-Wl,--gc-sections" "-pie" "-Wl,-z,relro,-z,now" "-Wl,-O1" "-Wl,--strip-debug" "-nodefaultlibs"
[INFO] [stdout]   = note: some arguments are omitted. use `--verbose` to show all linker arguments
[INFO] [stdout]   = note: rust-lld: error: undefined symbol: CoCreateInstance
[INFO] [stdout]           >>> referenced by planif.878036421afcd7fa-cgu.0
[INFO] [stdout]           >>>               planif-e1c6ed246c276b21.planif.878036421afcd7fa-cgu.0.rcgu.o:(<planif::schedule_builder::ScheduleBuilder>::new) in archive /opt/rustwide/target/release/build/planif/e1c6ed246c276b21/out/libplanif-e1c6ed246c276b21.rlib
[INFO] [stdout]           
[INFO] [stdout]           rust-lld: error: undefined symbol: CoInitializeEx
[INFO] [stdout]           >>> referenced by planif.878036421afcd7fa-cgu.1
[INFO] [stdout]           >>>               planif-e1c6ed246c276b21.planif.878036421afcd7fa-cgu.1.rcgu.o:(<planif::com::ComRuntime>::new) in archive /opt/rustwide/target/release/build/planif/e1c6ed246c276b21/out/libplanif-e1c6ed246c276b21.rlib
[INFO] [stdout]           
[INFO] [stdout]           rust-lld: error: undefined symbol: CoUninitialize
[INFO] [stdout]           >>> referenced by planif.878036421afcd7fa-cgu.1
[INFO] [stdout]           >>>               planif-e1c6ed246c276b21.planif.878036421afcd7fa-cgu.1.rcgu.o:(<planif::com::ComRuntime>::new) in archive /opt/rustwide/target/release/build/planif/e1c6ed246c276b21/out/libplanif-e1c6ed246c276b21.rlib
[INFO] [stdout]           >>> referenced by planif.878036421afcd7fa-cgu.1
[INFO] [stdout]           >>>               planif-e1c6ed246c276b21.planif.878036421afcd7fa-cgu.1.rcgu.o:(<alloc::rc::Rc<planif::com::Com>>::drop_slow) in archive /opt/rustwide/target/release/build/planif/e1c6ed246c276b21/out/libplanif-e1c6ed246c276b21.rlib
[INFO] [stdout]           
[INFO] [stdout]           rust-lld: error: undefined symbol: SysAllocStringLen
[INFO] [stdout]           >>> referenced by windows.791ed2120174c9ea-cgu.07
[INFO] [stdout]           >>>               windows-a496d52dc5477a6f.windows.791ed2120174c9ea-cgu.07.rcgu.o:(<windows::core::strings::bstr::BSTR as core::convert::From<&str>>::from) in archive /opt/rustwide/target/release/build/windows/a496d52dc5477a6f/out/libwindows-a496d52dc5477a6f.rlib
[INFO] [stdout]           
[INFO] [stdout]           rust-lld: error: undefined symbol: SysStringLen
[INFO] [stdout]           >>> referenced by windows.791ed2120174c9ea-cgu.07
[INFO] [stdout]           >>>               windows-a496d52dc5477a6f.windows.791ed2120174c9ea-cgu.07.rcgu.o:(<windows::core::strings::bstr::BSTR as core::convert::From<&str>>::from) in archive /opt/rustwide/target/release/build/windows/a496d52dc5477a6f/out/libwindows-a496d52dc5477a6f.rlib
[INFO] [stdout]           >>> referenced by windows.791ed2120174c9ea-cgu.09
[INFO] [stdout]           >>>               windows-a496d52dc5477a6f.windows.791ed2120174c9ea-cgu.09.rcgu.o:(<windows::core::error::Error>::message) in archive /opt/rustwide/target/release/build/windows/a496d52dc5477a6f/out/libwindows-a496d52dc5477a6f.rlib
[INFO] [stdout]           >>> referenced by windows.791ed2120174c9ea-cgu.09
[INFO] [stdout]           >>>               windows-a496d52dc5477a6f.windows.791ed2120174c9ea-cgu.09.rcgu.o:(<windows::core::error::Error>::message) in archive /opt/rustwide/target/release/build/windows/a496d52dc5477a6f/out/libwindows-a496d52dc5477a6f.rlib
[INFO] [stdout]           >>> referenced 1 more times
[INFO] [stdout]           
[INFO] [stdout]           rust-lld: error: undefined symbol: SysFreeString
[INFO] [stdout]           >>> referenced by windows.791ed2120174c9ea-cgu.07
[INFO] [stdout]           >>>               windows-a496d52dc5477a6f.windows.791ed2120174c9ea-cgu.07.rcgu.o:(<windows::core::strings::bstr::BSTR as core::convert::From<&str>>::from) in archive /opt/rustwide/target/release/build/windows/a496d52dc5477a6f/out/libwindows-a496d52dc5477a6f.rlib
[INFO] [stdout]           >>> referenced by windows.791ed2120174c9ea-cgu.07
[INFO] [stdout]           >>>               windows-a496d52dc5477a6f.windows.791ed2120174c9ea-cgu.07.rcgu.o:(<windows::core::strings::bstr::BSTR as core::convert::From<&str>>::from) in archive /opt/rustwide/target/release/build/windows/a496d52dc5477a6f/out/libwindows-a496d52dc5477a6f.rlib
[INFO] [stdout]           >>> referenced by windows.791ed2120174c9ea-cgu.07
[INFO] [stdout]           >>>               windows-a496d52dc5477a6f.windows.791ed2120174c9ea-cgu.07.rcgu.o:(<windows::core::strings::bstr::BSTR as core::ops::drop::Drop>::drop) in archive /opt/rustwide/target/release/build/windows/a496d52dc5477a6f/out/libwindows-a496d52dc5477a6f.rlib
[INFO] [stdout]           >>> referenced 11 more times
[INFO] [stdout]           
[INFO] [stdout]           rust-lld: error: undefined symbol: GetProcessHeap
[INFO] [stdout]           >>> referenced by windows.791ed2120174c9ea-cgu.06
[INFO] [stdout]           >>>               windows-a496d52dc5477a6f.windows.791ed2120174c9ea-cgu.06.rcgu.o:(<windows::core::strings::hstring::HSTRING as core::ops::drop::Drop>::drop) in archive /opt/rustwide/target/release/build/windows/a496d52dc5477a6f/out/libwindows-a496d52dc5477a6f.rlib
[INFO] [stdout]           >>> referenced by windows.791ed2120174c9ea-cgu.04
[INFO] [stdout]           >>>               windows-a496d52dc5477a6f.windows.791ed2120174c9ea-cgu.04.rcgu.o:(<windows::core::hresult::HRESULT>::message) in archive /opt/rustwide/target/release/build/windows/a496d52dc5477a6f/out/libwindows-a496d52dc5477a6f.rlib
[INFO] [stdout]           >>> referenced by windows.791ed2120174c9ea-cgu.04
[INFO] [stdout]           >>>               windows-a496d52dc5477a6f.windows.791ed2120174c9ea-cgu.04.rcgu.o:(<windows::core::hresult::HRESULT>::message) in archive /opt/rustwide/target/release/build/windows/a496d52dc5477a6f/out/libwindows-a496d52dc5477a6f.rlib
[INFO] [stdout]           >>> referenced 8 more times
[INFO] [stdout]           
[INFO] [stdout]           rust-lld: error: undefined symbol: HeapFree
[INFO] [stdout]           >>> referenced by windows.791ed2120174c9ea-cgu.06
[INFO] [stdout]           >>>               windows-a496d52dc5477a6f.windows.791ed2120174c9ea-cgu.06.rcgu.o:(<windows::core::strings::hstring::HSTRING as core::ops::drop::Drop>::drop) in archive /opt/rustwide/target/release/build/windows/a496d52dc5477a6f/out/libwindows-a496d52dc5477a6f.rlib
[INFO] [stdout]           >>> referenced by windows.791ed2120174c9ea-cgu.04
[INFO] [stdout]           >>>               windows-a496d52dc5477a6f.windows.791ed2120174c9ea-cgu.04.rcgu.o:(<windows::core::hresult::HRESULT>::message) in archive /opt/rustwide/target/release/build/windows/a496d52dc5477a6f/out/libwindows-a496d52dc5477a6f.rlib
[INFO] [stdout]           >>> referenced by windows.791ed2120174c9ea-cgu.04
[INFO] [stdout]           >>>               windows-a496d52dc5477a6f.windows.791ed2120174c9ea-cgu.04.rcgu.o:(<windows::core::hresult::HRESULT>::message) in archive /opt/rustwide/target/release/build/windows/a496d52dc5477a6f/out/libwindows-a496d52dc5477a6f.rlib
[INFO] [stdout]           >>> referenced 5 more times
[INFO] [stdout]           
[INFO] [stdout]           rust-lld: error: undefined symbol: FormatMessageW
[INFO] [stdout]           >>> referenced by windows.791ed2120174c9ea-cgu.04
[INFO] [stdout]           >>>               windows-a496d52dc5477a6f.windows.791ed2120174c9ea-cgu.04.rcgu.o:(<windows::core::hresult::HRESULT>::message) in archive /opt/rustwide/target/release/build/windows/a496d52dc5477a6f/out/libwindows-a496d52dc5477a6f.rlib
[INFO] [stdout]           
[INFO] [stdout]           rust-lld: error: undefined symbol: HeapAlloc
[INFO] [stdout]           >>> referenced by windows.791ed2120174c9ea-cgu.04
[INFO] [stdout]           >>>               windows-a496d52dc5477a6f.windows.791ed2120174c9ea-cgu.04.rcgu.o:(<windows::core::hresult::HRESULT>::message) in archive /opt/rustwide/target/release/build/windows/a496d52dc5477a6f/out/libwindows-a496d52dc5477a6f.rlib
[INFO] [stdout]           >>> referenced by windows.791ed2120174c9ea-cgu.09
[INFO] [stdout]           >>>               windows-a496d52dc5477a6f.windows.791ed2120174c9ea-cgu.09.rcgu.o:(<windows::core::error::Error>::message) in archive /opt/rustwide/target/release/build/windows/a496d52dc5477a6f/out/libwindows-a496d52dc5477a6f.rlib
[INFO] [stdout]           >>> referenced by windows.791ed2120174c9ea-cgu.09
[INFO] [stdout]           >>>               windows-a496d52dc5477a6f.windows.791ed2120174c9ea-cgu.09.rcgu.o:(<windows::core::error::Error as core::convert::From<windows::core::hresult::HRESULT>>::from) in archive /opt/rustwide/target/release/build/windows/a496d52dc5477a6f/out/libwindows-a496d52dc5477a6f.rlib
[INFO] [stdout]           
[INFO] [stdout]           rust-lld: error: undefined symbol: LoadLibraryA
[INFO] [stdout]           >>> referenced by windows.791ed2120174c9ea-cgu.09
[INFO] [stdout]           >>>               windows-a496d52dc5477a6f.windows.791ed2120174c9ea-cgu.09.rcgu.o:(<windows::core::error::Error>::new) in archive /opt/rustwide/target/release/build/windows/a496d52dc5477a6f/out/libwindows-a496d52dc5477a6f.rlib
[INFO] [stdout]           
[INFO] [stdout]           rust-lld: error: undefined symbol: GetProcAddress
[INFO] [stdout]           >>> referenced by windows.791ed2120174c9ea-cgu.09
[INFO] [stdout]           >>>               windows-a496d52dc5477a6f.windows.791ed2120174c9ea-cgu.09.rcgu.o:(<windows::core::error::Error>::new) in archive /opt/rustwide/target/release/build/windows/a496d52dc5477a6f/out/libwindows-a496d52dc5477a6f.rlib
[INFO] [stdout]           
[INFO] [stdout]           rust-lld: error: undefined symbol: FreeLibrary
[INFO] [stdout]           >>> referenced by windows.791ed2120174c9ea-cgu.09
[INFO] [stdout]           >>>               windows-a496d52dc5477a6f.windows.791ed2120174c9ea-cgu.09.rcgu.o:(<windows::core::error::Error>::new) in archive /opt/rustwide/target/release/build/windows/a496d52dc5477a6f/out/libwindows-a496d52dc5477a6f.rlib
[INFO] [stdout]           
[INFO] [stdout]           rust-lld: error: undefined symbol: GetErrorInfo
[INFO] [stdout]           >>> referenced by windows.791ed2120174c9ea-cgu.09
[INFO] [stdout]           >>>               windows-a496d52dc5477a6f.windows.791ed2120174c9ea-cgu.09.rcgu.o:(<windows::core::error::Error>::new) in archive /opt/rustwide/target/release/build/windows/a496d52dc5477a6f/out/libwindows-a496d52dc5477a6f.rlib
[INFO] [stdout]           >>> referenced by windows.791ed2120174c9ea-cgu.09
[INFO] [stdout]           >>>               windows-a496d52dc5477a6f.windows.791ed2120174c9ea-cgu.09.rcgu.o:(<windows::core::error::Error as core::convert::From<windows::core::hresult::HRESULT>>::from) in archive /opt/rustwide/target/release/build/windows/a496d52dc5477a6f/out/libwindows-a496d52dc5477a6f.rlib
[INFO] [stdout]           >>> referenced by windows.791ed2120174c9ea-cgu.09
[INFO] [stdout]           >>>               windows-a496d52dc5477a6f.windows.791ed2120174c9ea-cgu.09.rcgu.o:(<windows::core::error::Error as core::convert::From<windows::core::hresult::HRESULT>>::from) in archive /opt/rustwide/target/release/build/windows/a496d52dc5477a6f/out/libwindows-a496d52dc5477a6f.rlib
[INFO] [stdout]           collect2: error: ld returned 1 exit status
[INFO] [stdout]           
[INFO] [stdout] 
[INFO] [stdout] 
[INFO] [stderr] error: could not compile `planif` (example "monthly_task") due to 1 previous error
[INFO] [stdout] error: linking with `cc` failed: exit status: 1
[INFO] [stdout]   |
[INFO] [stdout]   = note:  "cc" "-m64" "/opt/rustwide/target/release/build/planif/894f648e6294b7a5/out/rustcHQSB0p/symbols.o" "<2 object files omitted>" "-Wl,--as-needed" "-Wl,-Bstatic" "/opt/rustwide/target/release/build/planif/e1c6ed246c276b21/out/libplanif-e1c6ed246c276b21.rlib" "/opt/rustwide/target/release/build/windows/a496d52dc5477a6f/out/libwindows-a496d52dc5477a6f.rlib" "/opt/rustwide/target/release/build/windows-targets/7d1e2880fe441718/out/libwindows_targets-7d1e2880fe441718.rlib" "<sysroot>/lib/rustlib/x86_64-unknown-linux-gnu/lib/{libstd-*,libpanic_unwind-*,libobject-*,libmemchr-*,libaddr2line-*,libgimli-*,libcfg_if-*,librustc_demangle-*,libstd_detect-*,libhashbrown-*,librustc_std_workspace_alloc-*,libminiz_oxide-*,libadler2-*,libunwind-*,liblibc-*,librustc_std_workspace_core-*,liballoc-*,libcore-*,libcompiler_builtins-*}.rlib" "-Wl,-Bdynamic" "-lgcc_s" "-lutil" "-lrt" "-lpthread" "-lm" "-ldl" "-lc" "-L" "/opt/rustwide/target/release/build/planif/894f648e6294b7a5/out/rustcHQSB0p/raw-dylibs" "-B<sysroot>/lib/rustlib/x86_64-unknown-linux-gnu/bin/gcc-ld" "-fuse-ld=lld" "-Wl,--eh-frame-hdr" "-Wl,-z,noexecstack" "-L" "<sysroot>/lib/rustlib/x86_64-unknown-linux-gnu/lib" "-o" "/opt/rustwide/target/release/build/planif/894f648e6294b7a5/out/logon_task" "-Wl,--gc-sections" "-pie" "-Wl,-z,relro,-z,now" "-Wl,-O1" "-Wl,--strip-debug" "-nodefaultlibs"
[INFO] [stdout]   = note: some arguments are omitted. use `--verbose` to show all linker arguments
[INFO] [stdout]   = note: rust-lld: error: undefined symbol: CoCreateInstance
[INFO] [stdout]           >>> referenced by planif.878036421afcd7fa-cgu.0
[INFO] [stdout]           >>>               planif-e1c6ed246c276b21.planif.878036421afcd7fa-cgu.0.rcgu.o:(<planif::schedule_builder::ScheduleBuilder>::new) in archive /opt/rustwide/target/release/build/planif/e1c6ed246c276b21/out/libplanif-e1c6ed246c276b21.rlib
[INFO] [stdout]           
[INFO] [stdout]           rust-lld: error: undefined symbol: CoInitializeEx
[INFO] [stdout]           >>> referenced by planif.878036421afcd7fa-cgu.1
[INFO] [stdout]           >>>               planif-e1c6ed246c276b21.planif.878036421afcd7fa-cgu.1.rcgu.o:(<planif::com::ComRuntime>::new) in archive /opt/rustwide/target/release/build/planif/e1c6ed246c276b21/out/libplanif-e1c6ed246c276b21.rlib
[INFO] [stdout]           
[INFO] [stdout]           rust-lld: error: undefined symbol: CoUninitialize
[INFO] [stdout]           >>> referenced by planif.878036421afcd7fa-cgu.1
[INFO] [stdout]           >>>               planif-e1c6ed246c276b21.planif.878036421afcd7fa-cgu.1.rcgu.o:(<planif::com::ComRuntime>::new) in archive /opt/rustwide/target/release/build/planif/e1c6ed246c276b21/out/libplanif-e1c6ed246c276b21.rlib
[INFO] [stdout]           >>> referenced by planif.878036421afcd7fa-cgu.1
[INFO] [stdout]           >>>               planif-e1c6ed246c276b21.planif.878036421afcd7fa-cgu.1.rcgu.o:(<alloc::rc::Rc<planif::com::Com>>::drop_slow) in archive /opt/rustwide/target/release/build/planif/e1c6ed246c276b21/out/libplanif-e1c6ed246c276b21.rlib
[INFO] [stdout]           
[INFO] [stdout]           rust-lld: error: undefined symbol: SysAllocStringLen
[INFO] [stdout]           >>> referenced by windows.791ed2120174c9ea-cgu.07
[INFO] [stdout]           >>>               windows-a496d52dc5477a6f.windows.791ed2120174c9ea-cgu.07.rcgu.o:(<windows::core::strings::bstr::BSTR as core::convert::From<&str>>::from) in archive /opt/rustwide/target/release/build/windows/a496d52dc5477a6f/out/libwindows-a496d52dc5477a6f.rlib
[INFO] [stdout]           
[INFO] [stdout]           rust-lld: error: undefined symbol: SysStringLen
[INFO] [stdout]           >>> referenced by windows.791ed2120174c9ea-cgu.07
[INFO] [stdout]           >>>               windows-a496d52dc5477a6f.windows.791ed2120174c9ea-cgu.07.rcgu.o:(<windows::core::strings::bstr::BSTR as core::convert::From<&str>>::from) in archive /opt/rustwide/target/release/build/windows/a496d52dc5477a6f/out/libwindows-a496d52dc5477a6f.rlib
[INFO] [stdout]           >>> referenced by windows.791ed2120174c9ea-cgu.09
[INFO] [stdout]           >>>               windows-a496d52dc5477a6f.windows.791ed2120174c9ea-cgu.09.rcgu.o:(<windows::core::error::Error>::message) in archive /opt/rustwide/target/release/build/windows/a496d52dc5477a6f/out/libwindows-a496d52dc5477a6f.rlib
[INFO] [stdout]           >>> referenced by windows.791ed2120174c9ea-cgu.09
[INFO] [stdout]           >>>               windows-a496d52dc5477a6f.windows.791ed2120174c9ea-cgu.09.rcgu.o:(<windows::core::error::Error>::message) in archive /opt/rustwide/target/release/build/windows/a496d52dc5477a6f/out/libwindows-a496d52dc5477a6f.rlib
[INFO] [stdout]           >>> referenced 1 more times
[INFO] [stdout]           
[INFO] [stdout]           rust-lld: error: undefined symbol: SysFreeString
[INFO] [stdout]           >>> referenced by windows.791ed2120174c9ea-cgu.07
[INFO] [stdout]           >>>               windows-a496d52dc5477a6f.windows.791ed2120174c9ea-cgu.07.rcgu.o:(<windows::core::strings::bstr::BSTR as core::convert::From<&str>>::from) in archive /opt/rustwide/target/release/build/windows/a496d52dc5477a6f/out/libwindows-a496d52dc5477a6f.rlib
[INFO] [stdout]           >>> referenced by windows.791ed2120174c9ea-cgu.07
[INFO] [stdout]           >>>               windows-a496d52dc5477a6f.windows.791ed2120174c9ea-cgu.07.rcgu.o:(<windows::core::strings::bstr::BSTR as core::convert::From<&str>>::from) in archive /opt/rustwide/target/release/build/windows/a496d52dc5477a6f/out/libwindows-a496d52dc5477a6f.rlib
[INFO] [stdout]           >>> referenced by windows.791ed2120174c9ea-cgu.07
[INFO] [stdout]           >>>               windows-a496d52dc5477a6f.windows.791ed2120174c9ea-cgu.07.rcgu.o:(<windows::core::strings::bstr::BSTR as core::ops::drop::Drop>::drop) in archive /opt/rustwide/target/release/build/windows/a496d52dc5477a6f/out/libwindows-a496d52dc5477a6f.rlib
[INFO] [stdout]           >>> referenced 11 more times
[INFO] [stdout]           
[INFO] [stdout]           rust-lld: error: undefined symbol: GetProcessHeap
[INFO] [stdout]           >>> referenced by windows.791ed2120174c9ea-cgu.06
[INFO] [stdout]           >>>               windows-a496d52dc5477a6f.windows.791ed2120174c9ea-cgu.06.rcgu.o:(<windows::core::strings::hstring::HSTRING as core::ops::drop::Drop>::drop) in archive /opt/rustwide/target/release/build/windows/a496d52dc5477a6f/out/libwindows-a496d52dc5477a6f.rlib
[INFO] [stdout]           >>> referenced by windows.791ed2120174c9ea-cgu.04
[INFO] [stdout]           >>>               windows-a496d52dc5477a6f.windows.791ed2120174c9ea-cgu.04.rcgu.o:(<windows::core::hresult::HRESULT>::message) in archive /opt/rustwide/target/release/build/windows/a496d52dc5477a6f/out/libwindows-a496d52dc5477a6f.rlib
[INFO] [stdout]           >>> referenced by windows.791ed2120174c9ea-cgu.04
[INFO] [stdout]           >>>               windows-a496d52dc5477a6f.windows.791ed2120174c9ea-cgu.04.rcgu.o:(<windows::core::hresult::HRESULT>::message) in archive /opt/rustwide/target/release/build/windows/a496d52dc5477a6f/out/libwindows-a496d52dc5477a6f.rlib
[INFO] [stdout]           >>> referenced 8 more times
[INFO] [stdout]           
[INFO] [stdout]           rust-lld: error: undefined symbol: HeapFree
[INFO] [stdout]           >>> referenced by windows.791ed2120174c9ea-cgu.06
[INFO] [stdout]           >>>               windows-a496d52dc5477a6f.windows.791ed2120174c9ea-cgu.06.rcgu.o:(<windows::core::strings::hstring::HSTRING as core::ops::drop::Drop>::drop) in archive /opt/rustwide/target/release/build/windows/a496d52dc5477a6f/out/libwindows-a496d52dc5477a6f.rlib
[INFO] [stdout]           >>> referenced by windows.791ed2120174c9ea-cgu.04
[INFO] [stdout]           >>>               windows-a496d52dc5477a6f.windows.791ed2120174c9ea-cgu.04.rcgu.o:(<windows::core::hresult::HRESULT>::message) in archive /opt/rustwide/target/release/build/windows/a496d52dc5477a6f/out/libwindows-a496d52dc5477a6f.rlib
[INFO] [stdout]           >>> referenced by windows.791ed2120174c9ea-cgu.04
[INFO] [stdout]           >>>               windows-a496d52dc5477a6f.windows.791ed2120174c9ea-cgu.04.rcgu.o:(<windows::core::hresult::HRESULT>::message) in archive /opt/rustwide/target/release/build/windows/a496d52dc5477a6f/out/libwindows-a496d52dc5477a6f.rlib
[INFO] [stdout]           >>> referenced 5 more times
[INFO] [stdout]           
[INFO] [stdout]           rust-lld: error: undefined symbol: FormatMessageW
[INFO] [stdout]           >>> referenced by windows.791ed2120174c9ea-cgu.04
[INFO] [stdout]           >>>               windows-a496d52dc5477a6f.windows.791ed2120174c9ea-cgu.04.rcgu.o:(<windows::core::hresult::HRESULT>::message) in archive /opt/rustwide/target/release/build/windows/a496d52dc5477a6f/out/libwindows-a496d52dc5477a6f.rlib
[INFO] [stdout]           
[INFO] [stdout]           rust-lld: error: undefined symbol: HeapAlloc
[INFO] [stdout]           >>> referenced by windows.791ed2120174c9ea-cgu.04
[INFO] [stdout]           >>>               windows-a496d52dc5477a6f.windows.791ed2120174c9ea-cgu.04.rcgu.o:(<windows::core::hresult::HRESULT>::message) in archive /opt/rustwide/target/release/build/windows/a496d52dc5477a6f/out/libwindows-a496d52dc5477a6f.rlib
[INFO] [stdout]           >>> referenced by windows.791ed2120174c9ea-cgu.09
[INFO] [stdout]           >>>               windows-a496d52dc5477a6f.windows.791ed2120174c9ea-cgu.09.rcgu.o:(<windows::core::error::Error>::message) in archive /opt/rustwide/target/release/build/windows/a496d52dc5477a6f/out/libwindows-a496d52dc5477a6f.rlib
[INFO] [stdout]           >>> referenced by windows.791ed2120174c9ea-cgu.09
[INFO] [stdout]           >>>               windows-a496d52dc5477a6f.windows.791ed2120174c9ea-cgu.09.rcgu.o:(<windows::core::error::Error as core::convert::From<windows::core::hresult::HRESULT>>::from) in archive /opt/rustwide/target/release/build/windows/a496d52dc5477a6f/out/libwindows-a496d52dc5477a6f.rlib
[INFO] [stdout]           
[INFO] [stdout]           rust-lld: error: undefined symbol: LoadLibraryA
[INFO] [stdout]           >>> referenced by windows.791ed2120174c9ea-cgu.09
[INFO] [stdout]           >>>               windows-a496d52dc5477a6f.windows.791ed2120174c9ea-cgu.09.rcgu.o:(<windows::core::error::Error>::new) in archive /opt/rustwide/target/release/build/windows/a496d52dc5477a6f/out/libwindows-a496d52dc5477a6f.rlib
[INFO] [stdout]           
[INFO] [stdout]           rust-lld: error: undefined symbol: GetProcAddress
[INFO] [stdout]           >>> referenced by windows.791ed2120174c9ea-cgu.09
[INFO] [stdout]           >>>               windows-a496d52dc5477a6f.windows.791ed2120174c9ea-cgu.09.rcgu.o:(<windows::core::error::Error>::new) in archive /opt/rustwide/target/release/build/windows/a496d52dc5477a6f/out/libwindows-a496d52dc5477a6f.rlib
[INFO] [stdout]           
[INFO] [stdout]           rust-lld: error: undefined symbol: FreeLibrary
[INFO] [stdout]           >>> referenced by windows.791ed2120174c9ea-cgu.09
[INFO] [stdout]           >>>               windows-a496d52dc5477a6f.windows.791ed2120174c9ea-cgu.09.rcgu.o:(<windows::core::error::Error>::new) in archive /opt/rustwide/target/release/build/windows/a496d52dc5477a6f/out/libwindows-a496d52dc5477a6f.rlib
[INFO] [stdout]           
[INFO] [stdout]           rust-lld: error: undefined symbol: GetErrorInfo
[INFO] [stdout]           >>> referenced by windows.791ed2120174c9ea-cgu.09
[INFO] [stdout]           >>>               windows-a496d52dc5477a6f.windows.791ed2120174c9ea-cgu.09.rcgu.o:(<windows::core::error::Error>::new) in archive /opt/rustwide/target/release/build/windows/a496d52dc5477a6f/out/libwindows-a496d52dc5477a6f.rlib
[INFO] [stdout]           >>> referenced by windows.791ed2120174c9ea-cgu.09
[INFO] [stdout]           >>>               windows-a496d52dc5477a6f.windows.791ed2120174c9ea-cgu.09.rcgu.o:(<windows::core::error::Error as core::convert::From<windows::core::hresult::HRESULT>>::from) in archive /opt/rustwide/target/release/build/windows/a496d52dc5477a6f/out/libwindows-a496d52dc5477a6f.rlib
[INFO] [stdout]           >>> referenced by windows.791ed2120174c9ea-cgu.09
[INFO] [stdout]           >>>               windows-a496d52dc5477a6f.windows.791ed2120174c9ea-cgu.09.rcgu.o:(<windows::core::error::Error as core::convert::From<windows::core::hresult::HRESULT>>::from) in archive /opt/rustwide/target/release/build/windows/a496d52dc5477a6f/out/libwindows-a496d52dc5477a6f.rlib
[INFO] [stdout]           collect2: error: ld returned 1 exit status
[INFO] [stdout]           
[INFO] [stdout] 
[INFO] [stdout] 
[INFO] [stdout] error: linking with `cc` failed: exit status: 1
[INFO] [stdout]   |
[INFO] [stdout]   = note:  "cc" "-m64" "/opt/rustwide/target/release/build/planif/c6aaf73733f9b104/out/rustcS3x66B/symbols.o" "<2 object files omitted>" "-Wl,--as-needed" "-Wl,-Bstatic" "/opt/rustwide/target/release/build/planif/e1c6ed246c276b21/out/libplanif-e1c6ed246c276b21.rlib" "/opt/rustwide/target/release/build/windows/a496d52dc5477a6f/out/libwindows-a496d52dc5477a6f.rlib" "/opt/rustwide/target/release/build/windows-targets/7d1e2880fe441718/out/libwindows_targets-7d1e2880fe441718.rlib" "<sysroot>/lib/rustlib/x86_64-unknown-linux-gnu/lib/{libstd-*,libpanic_unwind-*,libobject-*,libmemchr-*,libaddr2line-*,libgimli-*,libcfg_if-*,librustc_demangle-*,libstd_detect-*,libhashbrown-*,librustc_std_workspace_alloc-*,libminiz_oxide-*,libadler2-*,libunwind-*,liblibc-*,librustc_std_workspace_core-*,liballoc-*,libcore-*,libcompiler_builtins-*}.rlib" "-Wl,-Bdynamic" "-lgcc_s" "-lutil" "-lrt" "-lpthread" "-lm" "-ldl" "-lc" "-L" "/opt/rustwide/target/release/build/planif/c6aaf73733f9b104/out/rustcS3x66B/raw-dylibs" "-B<sysroot>/lib/rustlib/x86_64-unknown-linux-gnu/bin/gcc-ld" "-fuse-ld=lld" "-Wl,--eh-frame-hdr" "-Wl,-z,noexecstack" "-L" "<sysroot>/lib/rustlib/x86_64-unknown-linux-gnu/lib" "-o" "/opt/rustwide/target/release/build/planif/c6aaf73733f9b104/out/time_task" "-Wl,--gc-sections" "-pie" "-Wl,-z,relro,-z,now" "-Wl,-O1" "-Wl,--strip-debug" "-nodefaultlibs"
[INFO] [stdout]   = note: some arguments are omitted. use `--verbose` to show all linker arguments
[INFO] [stdout]   = note: rust-lld: error: undefined symbol: CoCreateInstance
[INFO] [stdout]           >>> referenced by planif.878036421afcd7fa-cgu.0
[INFO] [stdout]           >>>               planif-e1c6ed246c276b21.planif.878036421afcd7fa-cgu.0.rcgu.o:(<planif::schedule_builder::ScheduleBuilder>::new) in archive /opt/rustwide/target/release/build/planif/e1c6ed246c276b21/out/libplanif-e1c6ed246c276b21.rlib
[INFO] [stdout]           
[INFO] [stdout]           rust-lld: error: undefined symbol: CoInitializeEx
[INFO] [stdout]           >>> referenced by planif.878036421afcd7fa-cgu.1
[INFO] [stdout]           >>>               planif-e1c6ed246c276b21.planif.878036421afcd7fa-cgu.1.rcgu.o:(<planif::com::ComRuntime>::new) in archive /opt/rustwide/target/release/build/planif/e1c6ed246c276b21/out/libplanif-e1c6ed246c276b21.rlib
[INFO] [stdout]           
[INFO] [stdout]           rust-lld: error: undefined symbol: CoUninitialize
[INFO] [stdout]           >>> referenced by planif.878036421afcd7fa-cgu.1
[INFO] [stdout]           >>>               planif-e1c6ed246c276b21.planif.878036421afcd7fa-cgu.1.rcgu.o:(<planif::com::ComRuntime>::new) in archive /opt/rustwide/target/release/build/planif/e1c6ed246c276b21/out/libplanif-e1c6ed246c276b21.rlib
[INFO] [stdout]           >>> referenced by planif.878036421afcd7fa-cgu.1
[INFO] [stdout]           >>>               planif-e1c6ed246c276b21.planif.878036421afcd7fa-cgu.1.rcgu.o:(<alloc::rc::Rc<planif::com::Com>>::drop_slow) in archive /opt/rustwide/target/release/build/planif/e1c6ed246c276b21/out/libplanif-e1c6ed246c276b21.rlib
[INFO] [stdout]           
[INFO] [stdout]           rust-lld: error: undefined symbol: SysAllocStringLen
[INFO] [stdout]           >>> referenced by windows.791ed2120174c9ea-cgu.07
[INFO] [stdout]           >>>               windows-a496d52dc5477a6f.windows.791ed2120174c9ea-cgu.07.rcgu.o:(<windows::core::strings::bstr::BSTR as core::convert::From<&str>>::from) in archive /opt/rustwide/target/release/build/windows/a496d52dc5477a6f/out/libwindows-a496d52dc5477a6f.rlib
[INFO] [stdout]           
[INFO] [stdout]           rust-lld: error: undefined symbol: SysStringLen
[INFO] [stdout]           >>> referenced by windows.791ed2120174c9ea-cgu.07
[INFO] [stdout]           >>>               windows-a496d52dc5477a6f.windows.791ed2120174c9ea-cgu.07.rcgu.o:(<windows::core::strings::bstr::BSTR as core::convert::From<&str>>::from) in archive /opt/rustwide/target/release/build/windows/a496d52dc5477a6f/out/libwindows-a496d52dc5477a6f.rlib
[INFO] [stdout]           >>> referenced by windows.791ed2120174c9ea-cgu.09
[INFO] [stdout]           >>>               windows-a496d52dc5477a6f.windows.791ed2120174c9ea-cgu.09.rcgu.o:(<windows::core::error::Error>::message) in archive /opt/rustwide/target/release/build/windows/a496d52dc5477a6f/out/libwindows-a496d52dc5477a6f.rlib
[INFO] [stdout]           >>> referenced by windows.791ed2120174c9ea-cgu.09
[INFO] [stdout]           >>>               windows-a496d52dc5477a6f.windows.791ed2120174c9ea-cgu.09.rcgu.o:(<windows::core::error::Error>::message) in archive /opt/rustwide/target/release/build/windows/a496d52dc5477a6f/out/libwindows-a496d52dc5477a6f.rlib
[INFO] [stdout]           >>> referenced 1 more times
[INFO] [stdout]           
[INFO] [stdout]           rust-lld: error: undefined symbol: SysFreeString
[INFO] [stdout]           >>> referenced by windows.791ed2120174c9ea-cgu.07
[INFO] [stdout]           >>>               windows-a496d52dc5477a6f.windows.791ed2120174c9ea-cgu.07.rcgu.o:(<windows::core::strings::bstr::BSTR as core::convert::From<&str>>::from) in archive /opt/rustwide/target/release/build/windows/a496d52dc5477a6f/out/libwindows-a496d52dc5477a6f.rlib
[INFO] [stdout]           >>> referenced by windows.791ed2120174c9ea-cgu.07
[INFO] [stdout]           >>>               windows-a496d52dc5477a6f.windows.791ed2120174c9ea-cgu.07.rcgu.o:(<windows::core::strings::bstr::BSTR as core::convert::From<&str>>::from) in archive /opt/rustwide/target/release/build/windows/a496d52dc5477a6f/out/libwindows-a496d52dc5477a6f.rlib
[INFO] [stdout]           >>> referenced by windows.791ed2120174c9ea-cgu.07
[INFO] [stdout]           >>>               windows-a496d52dc5477a6f.windows.791ed2120174c9ea-cgu.07.rcgu.o:(<windows::core::strings::bstr::BSTR as core::ops::drop::Drop>::drop) in archive /opt/rustwide/target/release/build/windows/a496d52dc5477a6f/out/libwindows-a496d52dc5477a6f.rlib
[INFO] [stdout]           >>> referenced 11 more times
[INFO] [stdout]           
[INFO] [stdout]           rust-lld: error: undefined symbol: FormatMessageW
[INFO] [stdout]           >>> referenced by windows.791ed2120174c9ea-cgu.04
[INFO] [stdout]           >>>               windows-a496d52dc5477a6f.windows.791ed2120174c9ea-cgu.04.rcgu.o:(<windows::core::hresult::HRESULT>::message) in archive /opt/rustwide/target/release/build/windows/a496d52dc5477a6f/out/libwindows-a496d52dc5477a6f.rlib
[INFO] [stdout]           
[INFO] [stdout]           rust-lld: error: undefined symbol: GetProcessHeap
[INFO] [stdout]           >>> referenced by windows.791ed2120174c9ea-cgu.04
[INFO] [stdout]           >>>               windows-a496d52dc5477a6f.windows.791ed2120174c9ea-cgu.04.rcgu.o:(<windows::core::hresult::HRESULT>::message) in archive /opt/rustwide/target/release/build/windows/a496d52dc5477a6f/out/libwindows-a496d52dc5477a6f.rlib
[INFO] [stdout]           >>> referenced by windows.791ed2120174c9ea-cgu.06
[INFO] [stdout]           >>>               windows-a496d52dc5477a6f.windows.791ed2120174c9ea-cgu.06.rcgu.o:(<windows::core::strings::hstring::HSTRING as core::ops::drop::Drop>::drop) in archive /opt/rustwide/target/release/build/windows/a496d52dc5477a6f/out/libwindows-a496d52dc5477a6f.rlib
[INFO] [stdout]           >>> referenced by windows.791ed2120174c9ea-cgu.04
[INFO] [stdout]           >>>               windows-a496d52dc5477a6f.windows.791ed2120174c9ea-cgu.04.rcgu.o:(<windows::core::hresult::HRESULT>::message) in archive /opt/rustwide/target/release/build/windows/a496d52dc5477a6f/out/libwindows-a496d52dc5477a6f.rlib
[INFO] [stdout]           >>> referenced 8 more times
[INFO] [stdout]           
[INFO] [stdout]           rust-lld: error: undefined symbol: HeapAlloc
[INFO] [stdout]           >>> referenced by windows.791ed2120174c9ea-cgu.04
[INFO] [stdout]           >>>               windows-a496d52dc5477a6f.windows.791ed2120174c9ea-cgu.04.rcgu.o:(<windows::core::hresult::HRESULT>::message) in archive /opt/rustwide/target/release/build/windows/a496d52dc5477a6f/out/libwindows-a496d52dc5477a6f.rlib
[INFO] [stdout]           >>> referenced by windows.791ed2120174c9ea-cgu.09
[INFO] [stdout]           >>>               windows-a496d52dc5477a6f.windows.791ed2120174c9ea-cgu.09.rcgu.o:(<windows::core::error::Error>::message) in archive /opt/rustwide/target/release/build/windows/a496d52dc5477a6f/out/libwindows-a496d52dc5477a6f.rlib
[INFO] [stdout]           >>> referenced by windows.791ed2120174c9ea-cgu.09
[INFO] [stdout]           >>>               windows-a496d52dc5477a6f.windows.791ed2120174c9ea-cgu.09.rcgu.o:(<windows::core::error::Error as core::convert::From<windows::core::hresult::HRESULT>>::from) in archive /opt/rustwide/target/release/build/windows/a496d52dc5477a6f/out/libwindows-a496d52dc5477a6f.rlib
[INFO] [stdout]           
[INFO] [stdout]           rust-lld: error: undefined symbol: HeapFree
[INFO] [stdout]           >>> referenced by windows.791ed2120174c9ea-cgu.06
[INFO] [stdout]           >>>               windows-a496d52dc5477a6f.windows.791ed2120174c9ea-cgu.06.rcgu.o:(<windows::core::strings::hstring::HSTRING as core::ops::drop::Drop>::drop) in archive /opt/rustwide/target/release/build/windows/a496d52dc5477a6f/out/libwindows-a496d52dc5477a6f.rlib
[INFO] [stdout]           >>> referenced by windows.791ed2120174c9ea-cgu.04
[INFO] [stdout]           >>>               windows-a496d52dc5477a6f.windows.791ed2120174c9ea-cgu.04.rcgu.o:(<windows::core::hresult::HRESULT>::message) in archive /opt/rustwide/target/release/build/windows/a496d52dc5477a6f/out/libwindows-a496d52dc5477a6f.rlib
[INFO] [stdout]           >>> referenced by windows.791ed2120174c9ea-cgu.04
[INFO] [stdout]           >>>               windows-a496d52dc5477a6f.windows.791ed2120174c9ea-cgu.04.rcgu.o:(<windows::core::hresult::HRESULT>::message) in archive /opt/rustwide/target/release/build/windows/a496d52dc5477a6f/out/libwindows-a496d52dc5477a6f.rlib
[INFO] [stdout]           >>> referenced 5 more times
[INFO] [stdout]           
[INFO] [stdout]           rust-lld: error: undefined symbol: LoadLibraryA
[INFO] [stdout]           >>> referenced by windows.791ed2120174c9ea-cgu.09
[INFO] [stdout]           >>>               windows-a496d52dc5477a6f.windows.791ed2120174c9ea-cgu.09.rcgu.o:(<windows::core::error::Error>::new) in archive /opt/rustwide/target/release/build/windows/a496d52dc5477a6f/out/libwindows-a496d52dc5477a6f.rlib
[INFO] [stdout]           
[INFO] [stdout]           rust-lld: error: undefined symbol: GetProcAddress
[INFO] [stdout]           >>> referenced by windows.791ed2120174c9ea-cgu.09
[INFO] [stdout]           >>>               windows-a496d52dc5477a6f.windows.791ed2120174c9ea-cgu.09.rcgu.o:(<windows::core::error::Error>::new) in archive /opt/rustwide/target/release/build/windows/a496d52dc5477a6f/out/libwindows-a496d52dc5477a6f.rlib
[INFO] [stdout]           
[INFO] [stdout]           rust-lld: error: undefined symbol: FreeLibrary
[INFO] [stdout]           >>> referenced by windows.791ed2120174c9ea-cgu.09
[INFO] [stdout]           >>>               windows-a496d52dc5477a6f.windows.791ed2120174c9ea-cgu.09.rcgu.o:(<windows::core::error::Error>::new) in archive /opt/rustwide/target/release/build/windows/a496d52dc5477a6f/out/libwindows-a496d52dc5477a6f.rlib
[INFO] [stdout]           
[INFO] [stdout]           rust-lld: error: undefined symbol: GetErrorInfo
[INFO] [stdout]           >>> referenced by windows.791ed2120174c9ea-cgu.09
[INFO] [stdout]           >>>               windows-a496d52dc5477a6f.windows.791ed2120174c9ea-cgu.09.rcgu.o:(<windows::core::error::Error>::new) in archive /opt/rustwide/target/release/build/windows/a496d52dc5477a6f/out/libwindows-a496d52dc5477a6f.rlib
[INFO] [stdout]           >>> referenced by windows.791ed2120174c9ea-cgu.09
[INFO] [stdout]           >>>               windows-a496d52dc5477a6f.windows.791ed2120174c9ea-cgu.09.rcgu.o:(<windows::core::error::Error as core::convert::From<windows::core::hresult::HRESULT>>::from) in archive /opt/rustwide/target/release/build/windows/a496d52dc5477a6f/out/libwindows-a496d52dc5477a6f.rlib
[INFO] [stdout]           >>> referenced by windows.791ed2120174c9ea-cgu.09
[INFO] [stdout]           >>>               windows-a496d52dc5477a6f.windows.791ed2120174c9ea-cgu.09.rcgu.o:(<windows::core::error::Error as core::convert::From<windows::core::hresult::HRESULT>>::from) in archive /opt/rustwide/target/release/build/windows/a496d52dc5477a6f/out/libwindows-a496d52dc5477a6f.rlib
[INFO] [stdout]           collect2: error: ld returned 1 exit status
[INFO] [stdout]           
[INFO] [stdout] 
[INFO] [stdout] 
[INFO] [stderr] error: could not compile `planif` (example "logon_task") due to 1 previous error
[INFO] [stderr] error: could not compile `planif` (example "time_task") due to 1 previous error
[INFO] [stdout] error: linking with `cc` failed: exit status: 1
[INFO] [stdout]   |
[INFO] [stdout]   = note:  "cc" "-m64" "/opt/rustwide/target/release/build/planif/3f6d6a3d42781bd6/out/rustcDataaL/symbols.o" "<2 object files omitted>" "-Wl,--as-needed" "-Wl,-Bstatic" "/opt/rustwide/target/release/build/planif/e1c6ed246c276b21/out/libplanif-e1c6ed246c276b21.rlib" "/opt/rustwide/target/release/build/windows/a496d52dc5477a6f/out/libwindows-a496d52dc5477a6f.rlib" "/opt/rustwide/target/release/build/windows-targets/7d1e2880fe441718/out/libwindows_targets-7d1e2880fe441718.rlib" "/opt/rustwide/target/release/build/chrono/f44a8a865e2546b5/out/libchrono-f44a8a865e2546b5.rlib" "/opt/rustwide/target/release/build/num-traits/d4972db947534fa1/out/libnum_traits-d4972db947534fa1.rlib" "/opt/rustwide/target/release/build/iana-time-zone/15d0ddd995693048/out/libiana_time_zone-15d0ddd995693048.rlib" "/opt/rustwide/target/release/build/time/a4f180098d39f359/out/libtime-a4f180098d39f359.rlib" "/opt/rustwide/target/release/build/libc/606dfe81cc4fd386/out/liblibc-606dfe81cc4fd386.rlib" "<sysroot>/lib/rustlib/x86_64-unknown-linux-gnu/lib/{libstd-*,libpanic_unwind-*,libobject-*,libmemchr-*,libaddr2line-*,libgimli-*,libcfg_if-*,librustc_demangle-*,libstd_detect-*,libhashbrown-*,librustc_std_workspace_alloc-*,libminiz_oxide-*,libadler2-*,libunwind-*,liblibc-*,librustc_std_workspace_core-*,liballoc-*,libcore-*,libcompiler_builtins-*}.rlib" "-Wl,-Bdynamic" "-lgcc_s" "-lutil" "-lrt" "-lpthread" "-lm" "-ldl" "-lc" "-L" "/opt/rustwide/target/release/build/planif/3f6d6a3d42781bd6/out/rustcDataaL/raw-dylibs" "-B<sysroot>/lib/rustlib/x86_64-unknown-linux-gnu/bin/gcc-ld" "-fuse-ld=lld" "-Wl,--eh-frame-hdr" "-Wl,-z,noexecstack" "-L" "<sysroot>/lib/rustlib/x86_64-unknown-linux-gnu/lib" "-o" "/opt/rustwide/target/release/build/planif/3f6d6a3d42781bd6/out/weekly_task" "-Wl,--gc-sections" "-pie" "-Wl,-z,relro,-z,now" "-Wl,-O1" "-Wl,--strip-debug" "-nodefaultlibs"
[INFO] [stdout]   = note: some arguments are omitted. use `--verbose` to show all linker arguments
[INFO] [stdout]   = note: rust-lld: error: undefined symbol: CoCreateInstance
[INFO] [stdout]           >>> referenced by planif.878036421afcd7fa-cgu.0
[INFO] [stdout]           >>>               planif-e1c6ed246c276b21.planif.878036421afcd7fa-cgu.0.rcgu.o:(<planif::schedule_builder::ScheduleBuilder>::new) in archive /opt/rustwide/target/release/build/planif/e1c6ed246c276b21/out/libplanif-e1c6ed246c276b21.rlib
[INFO] [stdout]           
[INFO] [stdout]           rust-lld: error: undefined symbol: CoInitializeEx
[INFO] [stdout]           >>> referenced by planif.878036421afcd7fa-cgu.1
[INFO] [stdout]           >>>               planif-e1c6ed246c276b21.planif.878036421afcd7fa-cgu.1.rcgu.o:(<planif::com::ComRuntime>::new) in archive /opt/rustwide/target/release/build/planif/e1c6ed246c276b21/out/libplanif-e1c6ed246c276b21.rlib
[INFO] [stdout]           
[INFO] [stdout]           rust-lld: error: undefined symbol: CoUninitialize
[INFO] [stdout]           >>> referenced by planif.878036421afcd7fa-cgu.1
[INFO] [stdout]           >>>               planif-e1c6ed246c276b21.planif.878036421afcd7fa-cgu.1.rcgu.o:(<planif::com::ComRuntime>::new) in archive /opt/rustwide/target/release/build/planif/e1c6ed246c276b21/out/libplanif-e1c6ed246c276b21.rlib
[INFO] [stdout]           >>> referenced by planif.878036421afcd7fa-cgu.1
[INFO] [stdout]           >>>               planif-e1c6ed246c276b21.planif.878036421afcd7fa-cgu.1.rcgu.o:(<alloc::rc::Rc<planif::com::Com>>::drop_slow) in archive /opt/rustwide/target/release/build/planif/e1c6ed246c276b21/out/libplanif-e1c6ed246c276b21.rlib
[INFO] [stdout]           
[INFO] [stdout]           rust-lld: error: undefined symbol: SysAllocStringLen
[INFO] [stdout]           >>> referenced by windows.791ed2120174c9ea-cgu.07
[INFO] [stdout]           >>>               windows-a496d52dc5477a6f.windows.791ed2120174c9ea-cgu.07.rcgu.o:(<windows::core::strings::bstr::BSTR as core::convert::From<&str>>::from) in archive /opt/rustwide/target/release/build/windows/a496d52dc5477a6f/out/libwindows-a496d52dc5477a6f.rlib
[INFO] [stdout]           
[INFO] [stdout]           rust-lld: error: undefined symbol: SysStringLen
[INFO] [stdout]           >>> referenced by windows.791ed2120174c9ea-cgu.07
[INFO] [stdout]           >>>               windows-a496d52dc5477a6f.windows.791ed2120174c9ea-cgu.07.rcgu.o:(<windows::core::strings::bstr::BSTR as core::convert::From<&str>>::from) in archive /opt/rustwide/target/release/build/windows/a496d52dc5477a6f/out/libwindows-a496d52dc5477a6f.rlib
[INFO] [stdout]           >>> referenced by windows.791ed2120174c9ea-cgu.09
[INFO] [stdout]           >>>               windows-a496d52dc5477a6f.windows.791ed2120174c9ea-cgu.09.rcgu.o:(<windows::core::error::Error>::message) in archive /opt/rustwide/target/release/build/windows/a496d52dc5477a6f/out/libwindows-a496d52dc5477a6f.rlib
[INFO] [stdout]           >>> referenced by windows.791ed2120174c9ea-cgu.09
[INFO] [stdout]           >>>               windows-a496d52dc5477a6f.windows.791ed2120174c9ea-cgu.09.rcgu.o:(<windows::core::error::Error>::message) in archive /opt/rustwide/target/release/build/windows/a496d52dc5477a6f/out/libwindows-a496d52dc5477a6f.rlib
[INFO] [stdout]           >>> referenced 1 more times
[INFO] [stdout]           
[INFO] [stdout]           rust-lld: error: undefined symbol: SysFreeString
[INFO] [stdout]           >>> referenced by windows.791ed2120174c9ea-cgu.07
[INFO] [stdout]           >>>               windows-a496d52dc5477a6f.windows.791ed2120174c9ea-cgu.07.rcgu.o:(<windows::core::strings::bstr::BSTR as core::convert::From<&str>>::from) in archive /opt/rustwide/target/release/build/windows/a496d52dc5477a6f/out/libwindows-a496d52dc5477a6f.rlib
[INFO] [stdout]           >>> referenced by windows.791ed2120174c9ea-cgu.07
[INFO] [stdout]           >>>               windows-a496d52dc5477a6f.windows.791ed2120174c9ea-cgu.07.rcgu.o:(<windows::core::strings::bstr::BSTR as core::convert::From<&str>>::from) in archive /opt/rustwide/target/release/build/windows/a496d52dc5477a6f/out/libwindows-a496d52dc5477a6f.rlib
[INFO] [stdout]           >>> referenced by windows.791ed2120174c9ea-cgu.07
[INFO] [stdout]           >>>               windows-a496d52dc5477a6f.windows.791ed2120174c9ea-cgu.07.rcgu.o:(<windows::core::strings::bstr::BSTR as core::ops::drop::Drop>::drop) in archive /opt/rustwide/target/release/build/windows/a496d52dc5477a6f/out/libwindows-a496d52dc5477a6f.rlib
[INFO] [stdout]           >>> referenced 11 more times
[INFO] [stdout]           
[INFO] [stdout]           rust-lld: error: undefined symbol: GetProcessHeap
[INFO] [stdout]           >>> referenced by windows.791ed2120174c9ea-cgu.06
[INFO] [stdout]           >>>               windows-a496d52dc5477a6f.windows.791ed2120174c9ea-cgu.06.rcgu.o:(<windows::core::strings::hstring::HSTRING as core::ops::drop::Drop>::drop) in archive /opt/rustwide/target/release/build/windows/a496d52dc5477a6f/out/libwindows-a496d52dc5477a6f.rlib
[INFO] [stdout]           >>> referenced by windows.791ed2120174c9ea-cgu.04
[INFO] [stdout]           >>>               windows-a496d52dc5477a6f.windows.791ed2120174c9ea-cgu.04.rcgu.o:(<windows::core::hresult::HRESULT>::message) in archive /opt/rustwide/target/release/build/windows/a496d52dc5477a6f/out/libwindows-a496d52dc5477a6f.rlib
[INFO] [stdout]           >>> referenced by windows.791ed2120174c9ea-cgu.04
[INFO] [stdout]           >>>               windows-a496d52dc5477a6f.windows.791ed2120174c9ea-cgu.04.rcgu.o:(<windows::core::hresult::HRESULT>::message) in archive /opt/rustwide/target/release/build/windows/a496d52dc5477a6f/out/libwindows-a496d52dc5477a6f.rlib
[INFO] [stdout]           >>> referenced 8 more times
[INFO] [stdout]           
[INFO] [stdout]           rust-lld: error: undefined symbol: HeapFree
[INFO] [stdout]           >>> referenced by windows.791ed2120174c9ea-cgu.06
[INFO] [stdout]           >>>               windows-a496d52dc5477a6f.windows.791ed2120174c9ea-cgu.06.rcgu.o:(<windows::core::strings::hstring::HSTRING as core::ops::drop::Drop>::drop) in archive /opt/rustwide/target/release/build/windows/a496d52dc5477a6f/out/libwindows-a496d52dc5477a6f.rlib
[INFO] [stdout]           >>> referenced by windows.791ed2120174c9ea-cgu.04
[INFO] [stdout]           >>>               windows-a496d52dc5477a6f.windows.791ed2120174c9ea-cgu.04.rcgu.o:(<windows::core::hresult::HRESULT>::message) in archive /opt/rustwide/target/release/build/windows/a496d52dc5477a6f/out/libwindows-a496d52dc5477a6f.rlib
[INFO] [stdout]           >>> referenced by windows.791ed2120174c9ea-cgu.04
[INFO] [stdout]           >>>               windows-a496d52dc5477a6f.windows.791ed2120174c9ea-cgu.04.rcgu.o:(<windows::core::hresult::HRESULT>::message) in archive /opt/rustwide/target/release/build/windows/a496d52dc5477a6f/out/libwindows-a496d52dc5477a6f.rlib
[INFO] [stdout]           >>> referenced 5 more times
[INFO] [stdout]           
[INFO] [stdout]           rust-lld: error: undefined symbol: FormatMessageW
[INFO] [stdout]           >>> referenced by windows.791ed2120174c9ea-cgu.04
[INFO] [stdout]           >>>               windows-a496d52dc5477a6f.windows.791ed2120174c9ea-cgu.04.rcgu.o:(<windows::core::hresult::HRESULT>::message) in archive /opt/rustwide/target/release/build/windows/a496d52dc5477a6f/out/libwindows-a496d52dc5477a6f.rlib
[INFO] [stdout]           
[INFO] [stdout]           rust-lld: error: undefined symbol: HeapAlloc
[INFO] [stdout]           >>> referenced by windows.791ed2120174c9ea-cgu.04
[INFO] [stdout]           >>>               windows-a496d52dc5477a6f.windows.791ed2120174c9ea-cgu.04.rcgu.o:(<windows::core::hresult::HRESULT>::message) in archive /opt/rustwide/target/release/build/windows/a496d52dc5477a6f/out/libwindows-a496d52dc5477a6f.rlib
[INFO] [stdout]           >>> referenced by windows.791ed2120174c9ea-cgu.09
[INFO] [stdout]           >>>               windows-a496d52dc5477a6f.windows.791ed2120174c9ea-cgu.09.rcgu.o:(<windows::core::error::Error>::message) in archive /opt/rustwide/target/release/build/windows/a496d52dc5477a6f/out/libwindows-a496d52dc5477a6f.rlib
[INFO] [stdout]           >>> referenced by windows.791ed2120174c9ea-cgu.09
[INFO] [stdout]           >>>               windows-a496d52dc5477a6f.windows.791ed2120174c9ea-cgu.09.rcgu.o:(<windows::core::error::Error as core::convert::From<windows::core::hresult::HRESULT>>::from) in archive /opt/rustwide/target/release/build/windows/a496d52dc5477a6f/out/libwindows-a496d52dc5477a6f.rlib
[INFO] [stdout]           
[INFO] [stdout]           rust-lld: error: undefined symbol: LoadLibraryA
[INFO] [stdout]           >>> referenced by windows.791ed2120174c9ea-cgu.09
[INFO] [stdout]           >>>               windows-a496d52dc5477a6f.windows.791ed2120174c9ea-cgu.09.rcgu.o:(<windows::core::error::Error>::new) in archive /opt/rustwide/target/release/build/windows/a496d52dc5477a6f/out/libwindows-a496d52dc5477a6f.rlib
[INFO] [stdout]           
[INFO] [stdout]           rust-lld: error: undefined symbol: GetProcAddress
[INFO] [stdout]           >>> referenced by windows.791ed2120174c9ea-cgu.09
[INFO] [stdout]           >>>               windows-a496d52dc5477a6f.windows.791ed2120174c9ea-cgu.09.rcgu.o:(<windows::core::error::Error>::new) in archive /opt/rustwide/target/release/build/windows/a496d52dc5477a6f/out/libwindows-a496d52dc5477a6f.rlib
[INFO] [stdout]           
[INFO] [stdout]           rust-lld: error: undefined symbol: FreeLibrary
[INFO] [stdout]           >>> referenced by windows.791ed2120174c9ea-cgu.09
[INFO] [stdout]           >>>               windows-a496d52dc5477a6f.windows.791ed2120174c9ea-cgu.09.rcgu.o:(<windows::core::error::Error>::new) in archive /opt/rustwide/target/release/build/windows/a496d52dc5477a6f/out/libwindows-a496d52dc5477a6f.rlib
[INFO] [stdout]           
[INFO] [stdout]           rust-lld: error: undefined symbol: GetErrorInfo
[INFO] [stdout]           >>> referenced by windows.791ed2120174c9ea-cgu.09
[INFO] [stdout]           >>>               windows-a496d52dc5477a6f.windows.791ed2120174c9ea-cgu.09.rcgu.o:(<windows::core::error::Error>::new) in archive /opt/rustwide/target/release/build/windows/a496d52dc5477a6f/out/libwindows-a496d52dc5477a6f.rlib
[INFO] [stdout]           >>> referenced by windows.791ed2120174c9ea-cgu.09
[INFO] [stdout]           >>>               windows-a496d52dc5477a6f.windows.791ed2120174c9ea-cgu.09.rcgu.o:(<windows::core::error::Error as core::convert::From<windows::core::hresult::HRESULT>>::from) in archive /opt/rustwide/target/release/build/windows/a496d52dc5477a6f/out/libwindows-a496d52dc5477a6f.rlib
[INFO] [stdout]           >>> referenced by windows.791ed2120174c9ea-cgu.09
[INFO] [stdout]           >>>               windows-a496d52dc5477a6f.windows.791ed2120174c9ea-cgu.09.rcgu.o:(<windows::core::error::Error as core::convert::From<windows::core::hresult::HRESULT>>::from) in archive /opt/rustwide/target/release/build/windows/a496d52dc5477a6f/out/libwindows-a496d52dc5477a6f.rlib
[INFO] [stdout]           collect2: error: ld returned 1 exit status
[INFO] [stdout]           
[INFO] [stdout] 
[INFO] [stdout] 
[INFO] [stderr] error: could not compile `planif` (example "weekly_task") due to 1 previous error
[INFO] [stdout] warning: field `0` is never read
[INFO] [stdout]  --> src/com.rs:8:23
[INFO] [stdout]   |
[INFO] [stdout] 8 | pub struct ComRuntime(Rc<Com>);
[INFO] [stdout]   |            ---------- ^^^^^^^
[INFO] [stdout]   |            |
[INFO] [stdout]   |            field in this struct
[INFO] [stdout]   |
[INFO] [stdout]   = help: consider removing this field
[INFO] [stdout]   = note: `ComRuntime` has a derived impl for the trait `Clone`, but this is intentionally ignored during dead code analysis
[INFO] [stdout]   = note: `#[warn(dead_code)]` (part of `#[warn(unused)]`) on by default
[INFO] [stdout] 
[INFO] [stdout] 
[INFO] [stdout] error: linking with `cc` failed: exit status: 1
[INFO] [stdout]   |
[INFO] [stdout]   = note:  "cc" "-m64" "/opt/rustwide/target/release/build/planif/55d03fa4245c6c97/out/rustcyzxNXv/symbols.o" "<2 object files omitted>" "-Wl,--as-needed" "-Wl,-Bstatic" "/opt/rustwide/target/release/build/planif/e1c6ed246c276b21/out/libplanif-e1c6ed246c276b21.rlib" "/opt/rustwide/target/release/build/windows/a496d52dc5477a6f/out/libwindows-a496d52dc5477a6f.rlib" "/opt/rustwide/target/release/build/windows-targets/7d1e2880fe441718/out/libwindows_targets-7d1e2880fe441718.rlib" "/opt/rustwide/target/release/build/chrono/f44a8a865e2546b5/out/libchrono-f44a8a865e2546b5.rlib" "/opt/rustwide/target/release/build/num-traits/d4972db947534fa1/out/libnum_traits-d4972db947534fa1.rlib" "/opt/rustwide/target/release/build/iana-time-zone/15d0ddd995693048/out/libiana_time_zone-15d0ddd995693048.rlib" "/opt/rustwide/target/release/build/time/a4f180098d39f359/out/libtime-a4f180098d39f359.rlib" "/opt/rustwide/target/release/build/libc/606dfe81cc4fd386/out/liblibc-606dfe81cc4fd386.rlib" "<sysroot>/lib/rustlib/x86_64-unknown-linux-gnu/lib/{libstd-*,libpanic_unwind-*,libobject-*,libmemchr-*,libaddr2line-*,libgimli-*,libcfg_if-*,librustc_demangle-*,libstd_detect-*,libhashbrown-*,librustc_std_workspace_alloc-*,libminiz_oxide-*,libadler2-*,libunwind-*,liblibc-*,librustc_std_workspace_core-*,liballoc-*,libcore-*,libcompiler_builtins-*}.rlib" "-Wl,-Bdynamic" "-lgcc_s" "-lutil" "-lrt" "-lpthread" "-lm" "-ldl" "-lc" "-L" "/opt/rustwide/target/release/build/planif/55d03fa4245c6c97/out/rustcyzxNXv/raw-dylibs" "-B<sysroot>/lib/rustlib/x86_64-unknown-linux-gnu/bin/gcc-ld" "-fuse-ld=lld" "-Wl,--eh-frame-hdr" "-Wl,-z,noexecstack" "-L" "<sysroot>/lib/rustlib/x86_64-unknown-linux-gnu/lib" "-o" "/opt/rustwide/target/release/build/planif/55d03fa4245c6c97/out/folder_task" "-Wl,--gc-sections" "-pie" "-Wl,-z,relro,-z,now" "-Wl,-O1" "-Wl,--strip-debug" "-nodefaultlibs"
[INFO] [stdout]   = note: some arguments are omitted. use `--verbose` to show all linker arguments
[INFO] [stdout]   = note: rust-lld: error: undefined symbol: CoCreateInstance
[INFO] [stdout]           >>> referenced by planif.878036421afcd7fa-cgu.0
[INFO] [stdout]           >>>               planif-e1c6ed246c276b21.planif.878036421afcd7fa-cgu.0.rcgu.o:(<planif::schedule_builder::ScheduleBuilder>::new) in archive /opt/rustwide/target/release/build/planif/e1c6ed246c276b21/out/libplanif-e1c6ed246c276b21.rlib
[INFO] [stdout]           
[INFO] [stdout]           rust-lld: error: undefined symbol: CoInitializeEx
[INFO] [stdout]           >>> referenced by planif.878036421afcd7fa-cgu.1
[INFO] [stdout]           >>>               planif-e1c6ed246c276b21.planif.878036421afcd7fa-cgu.1.rcgu.o:(<planif::com::ComRuntime>::new) in archive /opt/rustwide/target/release/build/planif/e1c6ed246c276b21/out/libplanif-e1c6ed246c276b21.rlib
[INFO] [stdout]           
[INFO] [stdout]           rust-lld: error: undefined symbol: CoUninitialize
[INFO] [stdout]           >>> referenced by planif.878036421afcd7fa-cgu.1
[INFO] [stdout]           >>>               planif-e1c6ed246c276b21.planif.878036421afcd7fa-cgu.1.rcgu.o:(<planif::com::ComRuntime>::new) in archive /opt/rustwide/target/release/build/planif/e1c6ed246c276b21/out/libplanif-e1c6ed246c276b21.rlib
[INFO] [stdout]           >>> referenced by planif.878036421afcd7fa-cgu.1
[INFO] [stdout]           >>>               planif-e1c6ed246c276b21.planif.878036421afcd7fa-cgu.1.rcgu.o:(<alloc::rc::Rc<planif::com::Com>>::drop_slow) in archive /opt/rustwide/target/release/build/planif/e1c6ed246c276b21/out/libplanif-e1c6ed246c276b21.rlib
[INFO] [stdout]           
[INFO] [stdout]           rust-lld: error: undefined symbol: SysAllocStringLen
[INFO] [stdout]           >>> referenced by windows.791ed2120174c9ea-cgu.07
[INFO] [stdout]           >>>               windows-a496d52dc5477a6f.windows.791ed2120174c9ea-cgu.07.rcgu.o:(<windows::core::strings::bstr::BSTR as core::convert::From<&str>>::from) in archive /opt/rustwide/target/release/build/windows/a496d52dc5477a6f/out/libwindows-a496d52dc5477a6f.rlib
[INFO] [stdout]           
[INFO] [stdout]           rust-lld: error: undefined symbol: SysStringLen
[INFO] [stdout]           >>> referenced by windows.791ed2120174c9ea-cgu.07
[INFO] [stdout]           >>>               windows-a496d52dc5477a6f.windows.791ed2120174c9ea-cgu.07.rcgu.o:(<windows::core::strings::bstr::BSTR as core::convert::From<&str>>::from) in archive /opt/rustwide/target/release/build/windows/a496d52dc5477a6f/out/libwindows-a496d52dc5477a6f.rlib
[INFO] [stdout]           >>> referenced by windows.791ed2120174c9ea-cgu.09
[INFO] [stdout]           >>>               windows-a496d52dc5477a6f.windows.791ed2120174c9ea-cgu.09.rcgu.o:(<windows::core::error::Error>::message) in archive /opt/rustwide/target/release/build/windows/a496d52dc5477a6f/out/libwindows-a496d52dc5477a6f.rlib
[INFO] [stdout]           >>> referenced by windows.791ed2120174c9ea-cgu.09
[INFO] [stdout]           >>>               windows-a496d52dc5477a6f.windows.791ed2120174c9ea-cgu.09.rcgu.o:(<windows::core::error::Error>::message) in archive /opt/rustwide/target/release/build/windows/a496d52dc5477a6f/out/libwindows-a496d52dc5477a6f.rlib
[INFO] [stdout]           >>> referenced 1 more times
[INFO] [stdout]           
[INFO] [stdout]           rust-lld: error: undefined symbol: SysFreeString
[INFO] [stdout]           >>> referenced by windows.791ed2120174c9ea-cgu.07
[INFO] [stdout]           >>>               windows-a496d52dc5477a6f.windows.791ed2120174c9ea-cgu.07.rcgu.o:(<windows::core::strings::bstr::BSTR as core::convert::From<&str>>::from) in archive /opt/rustwide/target/release/build/windows/a496d52dc5477a6f/out/libwindows-a496d52dc5477a6f.rlib
[INFO] [stdout]           >>> referenced by windows.791ed2120174c9ea-cgu.07
[INFO] [stdout]           >>>               windows-a496d52dc5477a6f.windows.791ed2120174c9ea-cgu.07.rcgu.o:(<windows::core::strings::bstr::BSTR as core::convert::From<&str>>::from) in archive /opt/rustwide/target/release/build/windows/a496d52dc5477a6f/out/libwindows-a496d52dc5477a6f.rlib
[INFO] [stdout]           >>> referenced by windows.791ed2120174c9ea-cgu.07
[INFO] [stdout]           >>>               windows-a496d52dc5477a6f.windows.791ed2120174c9ea-cgu.07.rcgu.o:(<windows::core::strings::bstr::BSTR as core::ops::drop::Drop>::drop) in archive /opt/rustwide/target/release/build/windows/a496d52dc5477a6f/out/libwindows-a496d52dc5477a6f.rlib
[INFO] [stdout]           >>> referenced 11 more times
[INFO] [stdout]           
[INFO] [stdout]           rust-lld: error: undefined symbol: GetProcessHeap
[INFO] [stdout]           >>> referenced by windows.791ed2120174c9ea-cgu.06
[INFO] [stdout]           >>>               windows-a496d52dc5477a6f.windows.791ed2120174c9ea-cgu.06.rcgu.o:(<windows::core::strings::hstring::HSTRING as core::ops::drop::Drop>::drop) in archive /opt/rustwide/target/release/build/windows/a496d52dc5477a6f/out/libwindows-a496d52dc5477a6f.rlib
[INFO] [stdout]           >>> referenced by windows.791ed2120174c9ea-cgu.04
[INFO] [stdout]           >>>               windows-a496d52dc5477a6f.windows.791ed2120174c9ea-cgu.04.rcgu.o:(<windows::core::hresult::HRESULT>::message) in archive /opt/rustwide/target/release/build/windows/a496d52dc5477a6f/out/libwindows-a496d52dc5477a6f.rlib
[INFO] [stdout]           >>> referenced by windows.791ed2120174c9ea-cgu.04
[INFO] [stdout]           >>>               windows-a496d52dc5477a6f.windows.791ed2120174c9ea-cgu.04.rcgu.o:(<windows::core::hresult::HRESULT>::message) in archive /opt/rustwide/target/release/build/windows/a496d52dc5477a6f/out/libwindows-a496d52dc5477a6f.rlib
[INFO] [stdout]           >>> referenced 8 more times
[INFO] [stdout]           
[INFO] [stdout]           rust-lld: error: undefined symbol: HeapFree
[INFO] [stdout]           >>> referenced by windows.791ed2120174c9ea-cgu.06
[INFO] [stdout]           >>>               windows-a496d52dc5477a6f.windows.791ed2120174c9ea-cgu.06.rcgu.o:(<windows::core::strings::hstring::HSTRING as core::ops::drop::Drop>::drop) in archive /opt/rustwide/target/release/build/windows/a496d52dc5477a6f/out/libwindows-a496d52dc5477a6f.rlib
[INFO] [stdout]           >>> referenced by windows.791ed2120174c9ea-cgu.04
[INFO] [stdout]           >>>               windows-a496d52dc5477a6f.windows.791ed2120174c9ea-cgu.04.rcgu.o:(<windows::core::hresult::HRESULT>::message) in archive /opt/rustwide/target/release/build/windows/a496d52dc5477a6f/out/libwindows-a496d52dc5477a6f.rlib
[INFO] [stdout]           >>> referenced by windows.791ed2120174c9ea-cgu.04
[INFO] [stdout]           >>>               windows-a496d52dc5477a6f.windows.791ed2120174c9ea-cgu.04.rcgu.o:(<windows::core::hresult::HRESULT>::message) in archive /opt/rustwide/target/release/build/windows/a496d52dc5477a6f/out/libwindows-a496d52dc5477a6f.rlib
[INFO] [stdout]           >>> referenced 5 more times
[INFO] [stdout]           
[INFO] [stdout]           rust-lld: error: undefined symbol: FormatMessageW
[INFO] [stdout]           >>> referenced by windows.791ed2120174c9ea-cgu.04
[INFO] [stdout]           >>>               windows-a496d52dc5477a6f.windows.791ed2120174c9ea-cgu.04.rcgu.o:(<windows::core::hresult::HRESULT>::message) in archive /opt/rustwide/target/release/build/windows/a496d52dc5477a6f/out/libwindows-a496d52dc5477a6f.rlib
[INFO] [stdout]           
[INFO] [stdout]           rust-lld: error: undefined symbol: HeapAlloc
[INFO] [stdout]           >>> referenced by windows.791ed2120174c9ea-cgu.04
[INFO] [stdout]           >>>               windows-a496d52dc5477a6f.windows.791ed2120174c9ea-cgu.04.rcgu.o:(<windows::core::hresult::HRESULT>::message) in archive /opt/rustwide/target/release/build/windows/a496d52dc5477a6f/out/libwindows-a496d52dc5477a6f.rlib
[INFO] [stdout]           >>> referenced by windows.791ed2120174c9ea-cgu.09
[INFO] [stdout]           >>>               windows-a496d52dc5477a6f.windows.791ed2120174c9ea-cgu.09.rcgu.o:(<windows::core::error::Error>::message) in archive /opt/rustwide/target/release/build/windows/a496d52dc5477a6f/out/libwindows-a496d52dc5477a6f.rlib
[INFO] [stdout]           >>> referenced by windows.791ed2120174c9ea-cgu.09
[INFO] [stdout]           >>>               windows-a496d52dc5477a6f.windows.791ed2120174c9ea-cgu.09.rcgu.o:(<windows::core::error::Error as core::convert::From<windows::core::hresult::HRESULT>>::from) in archive /opt/rustwide/target/release/build/windows/a496d52dc5477a6f/out/libwindows-a496d52dc5477a6f.rlib
[INFO] [stdout]           
[INFO] [stdout]           rust-lld: error: undefined symbol: LoadLibraryA
[INFO] [stdout]           >>> referenced by windows.791ed2120174c9ea-cgu.09
[INFO] [stdout]           >>>               windows-a496d52dc5477a6f.windows.791ed2120174c9ea-cgu.09.rcgu.o:(<windows::core::error::Error>::new) in archive /opt/rustwide/target/release/build/windows/a496d52dc5477a6f/out/libwindows-a496d52dc5477a6f.rlib
[INFO] [stdout]           
[INFO] [stdout]           rust-lld: error: undefined symbol: GetProcAddress
[INFO] [stdout]           >>> referenced by windows.791ed2120174c9ea-cgu.09
[INFO] [stdout]           >>>               windows-a496d52dc5477a6f.windows.791ed2120174c9ea-cgu.09.rcgu.o:(<windows::core::error::Error>::new) in archive /opt/rustwide/target/release/build/windows/a496d52dc5477a6f/out/libwindows-a496d52dc5477a6f.rlib
[INFO] [stdout]           
[INFO] [stdout]           rust-lld: error: undefined symbol: FreeLibrary
[INFO] [stdout]           >>> referenced by windows.791ed2120174c9ea-cgu.09
[INFO] [stdout]           >>>               windows-a496d52dc5477a6f.windows.791ed2120174c9ea-cgu.09.rcgu.o:(<windows::core::error::Error>::new) in archive /opt/rustwide/target/release/build/windows/a496d52dc5477a6f/out/libwindows-a496d52dc5477a6f.rlib
[INFO] [stdout]           
[INFO] [stdout]           rust-lld: error: undefined symbol: GetErrorInfo
[INFO] [stdout]           >>> referenced by windows.791ed2120174c9ea-cgu.09
[INFO] [stdout]           >>>               windows-a496d52dc5477a6f.windows.791ed2120174c9ea-cgu.09.rcgu.o:(<windows::core::error::Error>::new) in archive /opt/rustwide/target/release/build/windows/a496d52dc5477a6f/out/libwindows-a496d52dc5477a6f.rlib
[INFO] [stdout]           >>> referenced by windows.791ed2120174c9ea-cgu.09
[INFO] [stdout]           >>>               windows-a496d52dc5477a6f.windows.791ed2120174c9ea-cgu.09.rcgu.o:(<windows::core::error::Error as core::convert::From<windows::core::hresult::HRESULT>>::from) in archive /opt/rustwide/target/release/build/windows/a496d52dc5477a6f/out/libwindows-a496d52dc5477a6f.rlib
[INFO] [stdout]           >>> referenced by windows.791ed2120174c9ea-cgu.09
[INFO] [stdout]           >>>               windows-a496d52dc5477a6f.windows.791ed2120174c9ea-cgu.09.rcgu.o:(<windows::core::error::Error as core::convert::From<windows::core::hresult::HRESULT>>::from) in archive /opt/rustwide/target/release/build/windows/a496d52dc5477a6f/out/libwindows-a496d52dc5477a6f.rlib
[INFO] [stdout]           collect2: error: ld returned 1 exit status
[INFO] [stdout]           
[INFO] [stdout] 
[INFO] [stdout] 
[INFO] [stderr] error: could not compile `planif` (example "folder_task") due to 1 previous error
[INFO] [stdout] error: linking with `cc` failed: exit status: 1
[INFO] [stdout]   |
[INFO] [stdout]   = note:  "cc" "-m64" "/opt/rustwide/target/release/build/planif/afc67d91d6678d96/out/rustciTnvEy/symbols.o" "<2 object files omitted>" "-Wl,--as-needed" "-Wl,-Bstatic" "/opt/rustwide/target/release/build/planif/e1c6ed246c276b21/out/libplanif-e1c6ed246c276b21.rlib" "/opt/rustwide/target/release/build/windows/a496d52dc5477a6f/out/libwindows-a496d52dc5477a6f.rlib" "/opt/rustwide/target/release/build/windows-targets/7d1e2880fe441718/out/libwindows_targets-7d1e2880fe441718.rlib" "/opt/rustwide/target/release/build/chrono/f44a8a865e2546b5/out/libchrono-f44a8a865e2546b5.rlib" "/opt/rustwide/target/release/build/num-traits/d4972db947534fa1/out/libnum_traits-d4972db947534fa1.rlib" "/opt/rustwide/target/release/build/iana-time-zone/15d0ddd995693048/out/libiana_time_zone-15d0ddd995693048.rlib" "/opt/rustwide/target/release/build/time/a4f180098d39f359/out/libtime-a4f180098d39f359.rlib" "/opt/rustwide/target/release/build/libc/606dfe81cc4fd386/out/liblibc-606dfe81cc4fd386.rlib" "<sysroot>/lib/rustlib/x86_64-unknown-linux-gnu/lib/{libstd-*,libpanic_unwind-*,libobject-*,libmemchr-*,libaddr2line-*,libgimli-*,libcfg_if-*,librustc_demangle-*,libstd_detect-*,libhashbrown-*,librustc_std_workspace_alloc-*,libminiz_oxide-*,libadler2-*,libunwind-*,liblibc-*,librustc_std_workspace_core-*,liballoc-*,libcore-*,libcompiler_builtins-*}.rlib" "-Wl,-Bdynamic" "-lgcc_s" "-lutil" "-lrt" "-lpthread" "-lm" "-ldl" "-lc" "-L" "/opt/rustwide/target/release/build/planif/afc67d91d6678d96/out/rustciTnvEy/raw-dylibs" "-B<sysroot>/lib/rustlib/x86_64-unknown-linux-gnu/bin/gcc-ld" "-fuse-ld=lld" "-Wl,--eh-frame-hdr" "-Wl,-z,noexecstack" "-L" "<sysroot>/lib/rustlib/x86_64-unknown-linux-gnu/lib" "-o" "/opt/rustwide/target/release/build/planif/afc67d91d6678d96/out/monthly_dow_task" "-Wl,--gc-sections" "-pie" "-Wl,-z,relro,-z,now" "-Wl,-O1" "-Wl,--strip-debug" "-nodefaultlibs"
[INFO] [stdout]   = note: some arguments are omitted. use `--verbose` to show all linker arguments
[INFO] [stdout]   = note: rust-lld: error: undefined symbol: CoCreateInstance
[INFO] [stdout]           >>> referenced by planif.878036421afcd7fa-cgu.0
[INFO] [stdout]           >>>               planif-e1c6ed246c276b21.planif.878036421afcd7fa-cgu.0.rcgu.o:(<planif::schedule_builder::ScheduleBuilder>::new) in archive /opt/rustwide/target/release/build/planif/e1c6ed246c276b21/out/libplanif-e1c6ed246c276b21.rlib
[INFO] [stdout]           
[INFO] [stdout]           rust-lld: error: undefined symbol: CoInitializeEx
[INFO] [stdout]           >>> referenced by planif.878036421afcd7fa-cgu.1
[INFO] [stdout]           >>>               planif-e1c6ed246c276b21.planif.878036421afcd7fa-cgu.1.rcgu.o:(<planif::com::ComRuntime>::new) in archive /opt/rustwide/target/release/build/planif/e1c6ed246c276b21/out/libplanif-e1c6ed246c276b21.rlib
[INFO] [stdout]           
[INFO] [stdout]           rust-lld: error: undefined symbol: CoUninitialize
[INFO] [stdout]           >>> referenced by planif.878036421afcd7fa-cgu.1
[INFO] [stdout]           >>>               planif-e1c6ed246c276b21.planif.878036421afcd7fa-cgu.1.rcgu.o:(<planif::com::ComRuntime>::new) in archive /opt/rustwide/target/release/build/planif/e1c6ed246c276b21/out/libplanif-e1c6ed246c276b21.rlib
[INFO] [stdout]           >>> referenced by planif.878036421afcd7fa-cgu.1
[INFO] [stdout]           >>>               planif-e1c6ed246c276b21.planif.878036421afcd7fa-cgu.1.rcgu.o:(<alloc::rc::Rc<planif::com::Com>>::drop_slow) in archive /opt/rustwide/target/release/build/planif/e1c6ed246c276b21/out/libplanif-e1c6ed246c276b21.rlib
[INFO] [stdout]           
[INFO] [stdout]           rust-lld: error: undefined symbol: SysAllocStringLen
[INFO] [stdout]           >>> referenced by windows.791ed2120174c9ea-cgu.07
[INFO] [stdout]           >>>               windows-a496d52dc5477a6f.windows.791ed2120174c9ea-cgu.07.rcgu.o:(<windows::core::strings::bstr::BSTR as core::convert::From<&str>>::from) in archive /opt/rustwide/target/release/build/windows/a496d52dc5477a6f/out/libwindows-a496d52dc5477a6f.rlib
[INFO] [stdout]           
[INFO] [stdout]           rust-lld: error: undefined symbol: SysStringLen
[INFO] [stdout]           >>> referenced by windows.791ed2120174c9ea-cgu.07
[INFO] [stdout]           >>>               windows-a496d52dc5477a6f.windows.791ed2120174c9ea-cgu.07.rcgu.o:(<windows::core::strings::bstr::BSTR as core::convert::From<&str>>::from) in archive /opt/rustwide/target/release/build/windows/a496d52dc5477a6f/out/libwindows-a496d52dc5477a6f.rlib
[INFO] [stdout]           >>> referenced by windows.791ed2120174c9ea-cgu.09
[INFO] [stdout]           >>>               windows-a496d52dc5477a6f.windows.791ed2120174c9ea-cgu.09.rcgu.o:(<windows::core::error::Error>::message) in archive /opt/rustwide/target/release/build/windows/a496d52dc5477a6f/out/libwindows-a496d52dc5477a6f.rlib
[INFO] [stdout]           >>> referenced by windows.791ed2120174c9ea-cgu.09
[INFO] [stdout]           >>>               windows-a496d52dc5477a6f.windows.791ed2120174c9ea-cgu.09.rcgu.o:(<windows::core::error::Error>::message) in archive /opt/rustwide/target/release/build/windows/a496d52dc5477a6f/out/libwindows-a496d52dc5477a6f.rlib
[INFO] [stdout]           >>> referenced 1 more times
[INFO] [stdout]           
[INFO] [stdout]           rust-lld: error: undefined symbol: SysFreeString
[INFO] [stdout]           >>> referenced by windows.791ed2120174c9ea-cgu.07
[INFO] [stdout]           >>>               windows-a496d52dc5477a6f.windows.791ed2120174c9ea-cgu.07.rcgu.o:(<windows::core::strings::bstr::BSTR as core::convert::From<&str>>::from) in archive /opt/rustwide/target/release/build/windows/a496d52dc5477a6f/out/libwindows-a496d52dc5477a6f.rlib
[INFO] [stdout]           >>> referenced by windows.791ed2120174c9ea-cgu.07
[INFO] [stdout]           >>>               windows-a496d52dc5477a6f.windows.791ed2120174c9ea-cgu.07.rcgu.o:(<windows::core::strings::bstr::BSTR as core::convert::From<&str>>::from) in archive /opt/rustwide/target/release/build/windows/a496d52dc5477a6f/out/libwindows-a496d52dc5477a6f.rlib
[INFO] [stdout]           >>> referenced by windows.791ed2120174c9ea-cgu.07
[INFO] [stdout]           >>>               windows-a496d52dc5477a6f.windows.791ed2120174c9ea-cgu.07.rcgu.o:(<windows::core::strings::bstr::BSTR as core::ops::drop::Drop>::drop) in archive /opt/rustwide/target/release/build/windows/a496d52dc5477a6f/out/libwindows-a496d52dc5477a6f.rlib
[INFO] [stdout]           >>> referenced 11 more times
[INFO] [stdout]           
[INFO] [stdout]           rust-lld: error: undefined symbol: GetProcessHeap
[INFO] [stdout]           >>> referenced by windows.791ed2120174c9ea-cgu.06
[INFO] [stdout]           >>>               windows-a496d52dc5477a6f.windows.791ed2120174c9ea-cgu.06.rcgu.o:(<windows::core::strings::hstring::HSTRING as core::ops::drop::Drop>::drop) in archive /opt/rustwide/target/release/build/windows/a496d52dc5477a6f/out/libwindows-a496d52dc5477a6f.rlib
[INFO] [stdout]           >>> referenced by windows.791ed2120174c9ea-cgu.04
[INFO] [stdout]           >>>               windows-a496d52dc5477a6f.windows.791ed2120174c9ea-cgu.04.rcgu.o:(<windows::core::hresult::HRESULT>::message) in archive /opt/rustwide/target/release/build/windows/a496d52dc5477a6f/out/libwindows-a496d52dc5477a6f.rlib
[INFO] [stdout]           >>> referenced by windows.791ed2120174c9ea-cgu.04
[INFO] [stdout]           >>>               windows-a496d52dc5477a6f.windows.791ed2120174c9ea-cgu.04.rcgu.o:(<windows::core::hresult::HRESULT>::message) in archive /opt/rustwide/target/release/build/windows/a496d52dc5477a6f/out/libwindows-a496d52dc5477a6f.rlib
[INFO] [stdout]           >>> referenced 8 more times
[INFO] [stdout]           
[INFO] [stdout]           rust-lld: error: undefined symbol: HeapFree
[INFO] [stdout]           >>> referenced by windows.791ed2120174c9ea-cgu.06
[INFO] [stdout]           >>>               windows-a496d52dc5477a6f.windows.791ed2120174c9ea-cgu.06.rcgu.o:(<windows::core::strings::hstring::HSTRING as core::ops::drop::Drop>::drop) in archive /opt/rustwide/target/release/build/windows/a496d52dc5477a6f/out/libwindows-a496d52dc5477a6f.rlib
[INFO] [stdout]           >>> referenced by windows.791ed2120174c9ea-cgu.04
[INFO] [stdout]           >>>               windows-a496d52dc5477a6f.windows.791ed2120174c9ea-cgu.04.rcgu.o:(<windows::core::hresult::HRESULT>::message) in archive /opt/rustwide/target/release/build/windows/a496d52dc5477a6f/out/libwindows-a496d52dc5477a6f.rlib
[INFO] [stdout]           >>> referenced by windows.791ed2120174c9ea-cgu.04
[INFO] [stdout]           >>>               windows-a496d52dc5477a6f.windows.791ed2120174c9ea-cgu.04.rcgu.o:(<windows::core::hresult::HRESULT>::message) in archive /opt/rustwide/target/release/build/windows/a496d52dc5477a6f/out/libwindows-a496d52dc5477a6f.rlib
[INFO] [stdout]           >>> referenced 5 more times
[INFO] [stdout]           
[INFO] [stdout]           rust-lld: error: undefined symbol: FormatMessageW
[INFO] [stdout]           >>> referenced by windows.791ed2120174c9ea-cgu.04
[INFO] [stdout]           >>>               windows-a496d52dc5477a6f.windows.791ed2120174c9ea-cgu.04.rcgu.o:(<windows::core::hresult::HRESULT>::message) in archive /opt/rustwide/target/release/build/windows/a496d52dc5477a6f/out/libwindows-a496d52dc5477a6f.rlib
[INFO] [stdout]           
[INFO] [stdout]           rust-lld: error: undefined symbol: HeapAlloc
[INFO] [stdout]           >>> referenced by windows.791ed2120174c9ea-cgu.04
[INFO] [stdout]           >>>               windows-a496d52dc5477a6f.windows.791ed2120174c9ea-cgu.04.rcgu.o:(<windows::core::hresult::HRESULT>::message) in archive /opt/rustwide/target/release/build/windows/a496d52dc5477a6f/out/libwindows-a496d52dc5477a6f.rlib
[INFO] [stdout]           >>> referenced by windows.791ed2120174c9ea-cgu.09
[INFO] [stdout]           >>>               windows-a496d52dc5477a6f.windows.791ed2120174c9ea-cgu.09.rcgu.o:(<windows::core::error::Error>::message) in archive /opt/rustwide/target/release/build/windows/a496d52dc5477a6f/out/libwindows-a496d52dc5477a6f.rlib
[INFO] [stdout]           >>> referenced by windows.791ed2120174c9ea-cgu.09
[INFO] [stdout]           >>>               windows-a496d52dc5477a6f.windows.791ed2120174c9ea-cgu.09.rcgu.o:(<windows::core::error::Error as core::convert::From<windows::core::hresult::HRESULT>>::from) in archive /opt/rustwide/target/release/build/windows/a496d52dc5477a6f/out/libwindows-a496d52dc5477a6f.rlib
[INFO] [stdout]           
[INFO] [stdout]           rust-lld: error: undefined symbol: LoadLibraryA
[INFO] [stdout]           >>> referenced by windows.791ed2120174c9ea-cgu.09
[INFO] [stdout]           >>>               windows-a496d52dc5477a6f.windows.791ed2120174c9ea-cgu.09.rcgu.o:(<windows::core::error::Error>::new) in archive /opt/rustwide/target/release/build/windows/a496d52dc5477a6f/out/libwindows-a496d52dc5477a6f.rlib
[INFO] [stdout]           
[INFO] [stdout]           rust-lld: error: undefined symbol: GetProcAddress
[INFO] [stdout]           >>> referenced by windows.791ed2120174c9ea-cgu.09
[INFO] [stdout]           >>>               windows-a496d52dc5477a6f.windows.791ed2120174c9ea-cgu.09.rcgu.o:(<windows::core::error::Error>::new) in archive /opt/rustwide/target/release/build/windows/a496d52dc5477a6f/out/libwindows-a496d52dc5477a6f.rlib
[INFO] [stdout]           
[INFO] [stdout]           rust-lld: error: undefined symbol: FreeLibrary
[INFO] [stdout]           >>> referenced by windows.791ed2120174c9ea-cgu.09
[INFO] [stdout]           >>>               windows-a496d52dc5477a6f.windows.791ed2120174c9ea-cgu.09.rcgu.o:(<windows::core::error::Error>::new) in archive /opt/rustwide/target/release/build/windows/a496d52dc5477a6f/out/libwindows-a496d52dc5477a6f.rlib
[INFO] [stdout]           
[INFO] [stdout]           rust-lld: error: undefined symbol: GetErrorInfo
[INFO] [stdout]           >>> referenced by windows.791ed2120174c9ea-cgu.09
[INFO] [stdout]           >>>               windows-a496d52dc5477a6f.windows.791ed2120174c9ea-cgu.09.rcgu.o:(<windows::core::error::Error>::new) in archive /opt/rustwide/target/release/build/windows/a496d52dc5477a6f/out/libwindows-a496d52dc5477a6f.rlib
[INFO] [stdout]           >>> referenced by windows.791ed2120174c9ea-cgu.09
[INFO] [stdout]           >>>               windows-a496d52dc5477a6f.windows.791ed2120174c9ea-cgu.09.rcgu.o:(<windows::core::error::Error as core::convert::From<windows::core::hresult::HRESULT>>::from) in archive /opt/rustwide/target/release/build/windows/a496d52dc5477a6f/out/libwindows-a496d52dc5477a6f.rlib
[INFO] [stdout]           >>> referenced by windows.791ed2120174c9ea-cgu.09
[INFO] [stdout]           >>>               windows-a496d52dc5477a6f.windows.791ed2120174c9ea-cgu.09.rcgu.o:(<windows::core::error::Error as core::convert::From<windows::core::hresult::HRESULT>>::from) in archive /opt/rustwide/target/release/build/windows/a496d52dc5477a6f/out/libwindows-a496d52dc5477a6f.rlib
[INFO] [stdout]           collect2: error: ld returned 1 exit status
[INFO] [stdout]           
[INFO] [stdout] 
[INFO] [stdout] 
[INFO] [stderr] error: could not compile `planif` (example "monthly_dow_task") due to 1 previous error
[INFO] [stdout] error: linking with `cc` failed: exit status: 1
[INFO] [stdout]   |
[INFO] [stdout]   = note:  "cc" "-m64" "/opt/rustwide/target/release/build/planif/20af1fd7badb7b60/out/rustcWofH3K/symbols.o" "<2 object files omitted>" "-Wl,--as-needed" "-Wl,-Bstatic" "/opt/rustwide/target/release/build/planif/e1c6ed246c276b21/out/libplanif-e1c6ed246c276b21.rlib" "/opt/rustwide/target/release/build/windows/a496d52dc5477a6f/out/libwindows-a496d52dc5477a6f.rlib" "/opt/rustwide/target/release/build/windows-targets/7d1e2880fe441718/out/libwindows_targets-7d1e2880fe441718.rlib" "/opt/rustwide/target/release/build/chrono/f44a8a865e2546b5/out/libchrono-f44a8a865e2546b5.rlib" "/opt/rustwide/target/release/build/num-traits/d4972db947534fa1/out/libnum_traits-d4972db947534fa1.rlib" "/opt/rustwide/target/release/build/iana-time-zone/15d0ddd995693048/out/libiana_time_zone-15d0ddd995693048.rlib" "/opt/rustwide/target/release/build/time/a4f180098d39f359/out/libtime-a4f180098d39f359.rlib" "/opt/rustwide/target/release/build/libc/606dfe81cc4fd386/out/liblibc-606dfe81cc4fd386.rlib" "<sysroot>/lib/rustlib/x86_64-unknown-linux-gnu/lib/{libstd-*,libpanic_unwind-*,libobject-*,libmemchr-*,libaddr2line-*,libgimli-*,libcfg_if-*,librustc_demangle-*,libstd_detect-*,libhashbrown-*,librustc_std_workspace_alloc-*,libminiz_oxide-*,libadler2-*,libunwind-*,liblibc-*,librustc_std_workspace_core-*,liballoc-*,libcore-*,libcompiler_builtins-*}.rlib" "-Wl,-Bdynamic" "-lgcc_s" "-lutil" "-lrt" "-lpthread" "-lm" "-ldl" "-lc" "-L" "/opt/rustwide/target/release/build/planif/20af1fd7badb7b60/out/rustcWofH3K/raw-dylibs" "-B<sysroot>/lib/rustlib/x86_64-unknown-linux-gnu/bin/gcc-ld" "-fuse-ld=lld" "-Wl,--eh-frame-hdr" "-Wl,-z,noexecstack" "-L" "<sysroot>/lib/rustlib/x86_64-unknown-linux-gnu/lib" "-o" "/opt/rustwide/target/release/build/planif/20af1fd7badb7b60/out/various_settings_task" "-Wl,--gc-sections" "-pie" "-Wl,-z,relro,-z,now" "-Wl,-O1" "-Wl,--strip-debug" "-nodefaultlibs"
[INFO] [stdout]   = note: some arguments are omitted. use `--verbose` to show all linker arguments
[INFO] [stdout]   = note: rust-lld: error: undefined symbol: CoCreateInstance
[INFO] [stdout]           >>> referenced by planif.878036421afcd7fa-cgu.0
[INFO] [stdout]           >>>               planif-e1c6ed246c276b21.planif.878036421afcd7fa-cgu.0.rcgu.o:(<planif::schedule_builder::ScheduleBuilder>::new) in archive /opt/rustwide/target/release/build/planif/e1c6ed246c276b21/out/libplanif-e1c6ed246c276b21.rlib
[INFO] [stdout]           
[INFO] [stdout]           rust-lld: error: undefined symbol: CoInitializeEx
[INFO] [stdout]           >>> referenced by planif.878036421afcd7fa-cgu.1
[INFO] [stdout]           >>>               planif-e1c6ed246c276b21.planif.878036421afcd7fa-cgu.1.rcgu.o:(<planif::com::ComRuntime>::new) in archive /opt/rustwide/target/release/build/planif/e1c6ed246c276b21/out/libplanif-e1c6ed246c276b21.rlib
[INFO] [stdout]           
[INFO] [stdout]           rust-lld: error: undefined symbol: CoUninitialize
[INFO] [stdout]           >>> referenced by planif.878036421afcd7fa-cgu.1
[INFO] [stdout]           >>>               planif-e1c6ed246c276b21.planif.878036421afcd7fa-cgu.1.rcgu.o:(<planif::com::ComRuntime>::new) in archive /opt/rustwide/target/release/build/planif/e1c6ed246c276b21/out/libplanif-e1c6ed246c276b21.rlib
[INFO] [stdout]           >>> referenced by planif.878036421afcd7fa-cgu.1
[INFO] [stdout]           >>>               planif-e1c6ed246c276b21.planif.878036421afcd7fa-cgu.1.rcgu.o:(<alloc::rc::Rc<planif::com::Com>>::drop_slow) in archive /opt/rustwide/target/release/build/planif/e1c6ed246c276b21/out/libplanif-e1c6ed246c276b21.rlib
[INFO] [stdout]           
[INFO] [stdout]           rust-lld: error: undefined symbol: SysAllocStringLen
[INFO] [stdout]           >>> referenced by windows.791ed2120174c9ea-cgu.07
[INFO] [stdout]           >>>               windows-a496d52dc5477a6f.windows.791ed2120174c9ea-cgu.07.rcgu.o:(<windows::core::strings::bstr::BSTR as core::convert::From<&str>>::from) in archive /opt/rustwide/target/release/build/windows/a496d52dc5477a6f/out/libwindows-a496d52dc5477a6f.rlib
[INFO] [stdout]           
[INFO] [stdout]           rust-lld: error: undefined symbol: SysStringLen
[INFO] [stdout]           >>> referenced by windows.791ed2120174c9ea-cgu.07
[INFO] [stdout]           >>>               windows-a496d52dc5477a6f.windows.791ed2120174c9ea-cgu.07.rcgu.o:(<windows::core::strings::bstr::BSTR as core::convert::From<&str>>::from) in archive /opt/rustwide/target/release/build/windows/a496d52dc5477a6f/out/libwindows-a496d52dc5477a6f.rlib
[INFO] [stdout]           >>> referenced by windows.791ed2120174c9ea-cgu.09
[INFO] [stdout]           >>>               windows-a496d52dc5477a6f.windows.791ed2120174c9ea-cgu.09.rcgu.o:(<windows::core::error::Error>::message) in archive /opt/rustwide/target/release/build/windows/a496d52dc5477a6f/out/libwindows-a496d52dc5477a6f.rlib
[INFO] [stdout]           >>> referenced by windows.791ed2120174c9ea-cgu.09
[INFO] [stdout]           >>>               windows-a496d52dc5477a6f.windows.791ed2120174c9ea-cgu.09.rcgu.o:(<windows::core::error::Error>::message) in archive /opt/rustwide/target/release/build/windows/a496d52dc5477a6f/out/libwindows-a496d52dc5477a6f.rlib
[INFO] [stdout]           >>> referenced 1 more times
[INFO] [stdout]           
[INFO] [stdout]           rust-lld: error: undefined symbol: SysFreeString
[INFO] [stdout]           >>> referenced by windows.791ed2120174c9ea-cgu.07
[INFO] [stdout]           >>>               windows-a496d52dc5477a6f.windows.791ed2120174c9ea-cgu.07.rcgu.o:(<windows::core::strings::bstr::BSTR as core::convert::From<&str>>::from) in archive /opt/rustwide/target/release/build/windows/a496d52dc5477a6f/out/libwindows-a496d52dc5477a6f.rlib
[INFO] [stdout]           >>> referenced by windows.791ed2120174c9ea-cgu.07
[INFO] [stdout]           >>>               windows-a496d52dc5477a6f.windows.791ed2120174c9ea-cgu.07.rcgu.o:(<windows::core::strings::bstr::BSTR as core::convert::From<&str>>::from) in archive /opt/rustwide/target/release/build/windows/a496d52dc5477a6f/out/libwindows-a496d52dc5477a6f.rlib
[INFO] [stdout]           >>> referenced by windows.791ed2120174c9ea-cgu.07
[INFO] [stdout]           >>>               windows-a496d52dc5477a6f.windows.791ed2120174c9ea-cgu.07.rcgu.o:(<windows::core::strings::bstr::BSTR as core::ops::drop::Drop>::drop) in archive /opt/rustwide/target/release/build/windows/a496d52dc5477a6f/out/libwindows-a496d52dc5477a6f.rlib
[INFO] [stdout]           >>> referenced 11 more times
[INFO] [stdout]           
[INFO] [stdout]           rust-lld: error: undefined symbol: FormatMessageW
[INFO] [stdout]           >>> referenced by windows.791ed2120174c9ea-cgu.04
[INFO] [stdout]           >>>               windows-a496d52dc5477a6f.windows.791ed2120174c9ea-cgu.04.rcgu.o:(<windows::core::hresult::HRESULT>::message) in archive /opt/rustwide/target/release/build/windows/a496d52dc5477a6f/out/libwindows-a496d52dc5477a6f.rlib
[INFO] [stdout]           
[INFO] [stdout]           rust-lld: error: undefined symbol: GetProcessHeap
[INFO] [stdout]           >>> referenced by windows.791ed2120174c9ea-cgu.04
[INFO] [stdout]           >>>               windows-a496d52dc5477a6f.windows.791ed2120174c9ea-cgu.04.rcgu.o:(<windows::core::hresult::HRESULT>::message) in archive /opt/rustwide/target/release/build/windows/a496d52dc5477a6f/out/libwindows-a496d52dc5477a6f.rlib
[INFO] [stdout]           >>> referenced by windows.791ed2120174c9ea-cgu.04
[INFO] [stdout]           >>>               windows-a496d52dc5477a6f.windows.791ed2120174c9ea-cgu.04.rcgu.o:(<windows::core::hresult::HRESULT>::message) in archive /opt/rustwide/target/release/build/windows/a496d52dc5477a6f/out/libwindows-a496d52dc5477a6f.rlib
[INFO] [stdout]           >>> referenced by windows.791ed2120174c9ea-cgu.04
[INFO] [stdout]           >>>               windows-a496d52dc5477a6f.windows.791ed2120174c9ea-cgu.04.rcgu.o:(<windows::core::hresult::HRESULT>::message) in archive /opt/rustwide/target/release/build/windows/a496d52dc5477a6f/out/libwindows-a496d52dc5477a6f.rlib
[INFO] [stdout]           >>> referenced 8 more times
[INFO] [stdout]           
[INFO] [stdout]           rust-lld: error: undefined symbol: HeapAlloc
[INFO] [stdout]           >>> referenced by windows.791ed2120174c9ea-cgu.04
[INFO] [stdout]           >>>               windows-a496d52dc5477a6f.windows.791ed2120174c9ea-cgu.04.rcgu.o:(<windows::core::hresult::HRESULT>::message) in archive /opt/rustwide/target/release/build/windows/a496d52dc5477a6f/out/libwindows-a496d52dc5477a6f.rlib
[INFO] [stdout]           >>> referenced by windows.791ed2120174c9ea-cgu.09
[INFO] [stdout]           >>>               windows-a496d52dc5477a6f.windows.791ed2120174c9ea-cgu.09.rcgu.o:(<windows::core::error::Error>::message) in archive /opt/rustwide/target/release/build/windows/a496d52dc5477a6f/out/libwindows-a496d52dc5477a6f.rlib
[INFO] [stdout]           >>> referenced by windows.791ed2120174c9ea-cgu.09
[INFO] [stdout]           >>>               windows-a496d52dc5477a6f.windows.791ed2120174c9ea-cgu.09.rcgu.o:(<windows::core::error::Error as core::convert::From<windows::core::hresult::HRESULT>>::from) in archive /opt/rustwide/target/release/build/windows/a496d52dc5477a6f/out/libwindows-a496d52dc5477a6f.rlib
[INFO] [stdout]           
[INFO] [stdout]           rust-lld: error: undefined symbol: HeapFree
[INFO] [stdout]           >>> referenced by windows.791ed2120174c9ea-cgu.04
[INFO] [stdout]           >>>               windows-a496d52dc5477a6f.windows.791ed2120174c9ea-cgu.04.rcgu.o:(<windows::core::hresult::HRESULT>::message) in archive /opt/rustwide/target/release/build/windows/a496d52dc5477a6f/out/libwindows-a496d52dc5477a6f.rlib
[INFO] [stdout]           >>> referenced by windows.791ed2120174c9ea-cgu.04
[INFO] [stdout]           >>>               windows-a496d52dc5477a6f.windows.791ed2120174c9ea-cgu.04.rcgu.o:(<windows::core::hresult::HRESULT>::message) in archive /opt/rustwide/target/release/build/windows/a496d52dc5477a6f/out/libwindows-a496d52dc5477a6f.rlib
[INFO] [stdout]           >>> referenced by windows.791ed2120174c9ea-cgu.06
[INFO] [stdout]           >>>               windows-a496d52dc5477a6f.windows.791ed2120174c9ea-cgu.06.rcgu.o:(<windows::core::strings::hstring::HSTRING as core::ops::drop::Drop>::drop) in archive /opt/rustwide/target/release/build/windows/a496d52dc5477a6f/out/libwindows-a496d52dc5477a6f.rlib
[INFO] [stdout]           >>> referenced 5 more times
[INFO] [stdout]           
[INFO] [stdout]           rust-lld: error: undefined symbol: LoadLibraryA
[INFO] [stdout]           >>> referenced by windows.791ed2120174c9ea-cgu.09
[INFO] [stdout]           >>>               windows-a496d52dc5477a6f.windows.791ed2120174c9ea-cgu.09.rcgu.o:(<windows::core::error::Error>::new) in archive /opt/rustwide/target/release/build/windows/a496d52dc5477a6f/out/libwindows-a496d52dc5477a6f.rlib
[INFO] [stdout]           
[INFO] [stdout]           rust-lld: error: undefined symbol: GetProcAddress
[INFO] [stdout]           >>> referenced by windows.791ed2120174c9ea-cgu.09
[INFO] [stdout]           >>>               windows-a496d52dc5477a6f.windows.791ed2120174c9ea-cgu.09.rcgu.o:(<windows::core::error::Error>::new) in archive /opt/rustwide/target/release/build/windows/a496d52dc5477a6f/out/libwindows-a496d52dc5477a6f.rlib
[INFO] [stdout]           
[INFO] [stdout]           rust-lld: error: undefined symbol: FreeLibrary
[INFO] [stdout]           >>> referenced by windows.791ed2120174c9ea-cgu.09
[INFO] [stdout]           >>>               windows-a496d52dc5477a6f.windows.791ed2120174c9ea-cgu.09.rcgu.o:(<windows::core::error::Error>::new) in archive /opt/rustwide/target/release/build/windows/a496d52dc5477a6f/out/libwindows-a496d52dc5477a6f.rlib
[INFO] [stdout]           
[INFO] [stdout]           rust-lld: error: undefined symbol: GetErrorInfo
[INFO] [stdout]           >>> referenced by windows.791ed2120174c9ea-cgu.09
[INFO] [stdout]           >>>               windows-a496d52dc5477a6f.windows.791ed2120174c9ea-cgu.09.rcgu.o:(<windows::core::error::Error>::new) in archive /opt/rustwide/target/release/build/windows/a496d52dc5477a6f/out/libwindows-a496d52dc5477a6f.rlib
[INFO] [stdout]           >>> referenced by windows.791ed2120174c9ea-cgu.09
[INFO] [stdout]           >>>               windows-a496d52dc5477a6f.windows.791ed2120174c9ea-cgu.09.rcgu.o:(<windows::core::error::Error as core::convert::From<windows::core::hresult::HRESULT>>::from) in archive /opt/rustwide/target/release/build/windows/a496d52dc5477a6f/out/libwindows-a496d52dc5477a6f.rlib
[INFO] [stdout]           >>> referenced by windows.791ed2120174c9ea-cgu.09
[INFO] [stdout]           >>>               windows-a496d52dc5477a6f.windows.791ed2120174c9ea-cgu.09.rcgu.o:(<windows::core::error::Error as core::convert::From<windows::core::hresult::HRESULT>>::from) in archive /opt/rustwide/target/release/build/windows/a496d52dc5477a6f/out/libwindows-a496d52dc5477a6f.rlib
[INFO] [stdout]           collect2: error: ld returned 1 exit status
[INFO] [stdout]           
[INFO] [stdout] 
[INFO] [stdout] 
[INFO] [stderr] error: could not compile `planif` (example "various_settings_task") due to 1 previous error
[INFO] running `Command { std: "docker" "inspect" "314ebe3a83fb93163c25aaa5c0b301c51a116135964ea10228730e9b34876d44", kill_on_drop: false }`
[INFO] running `Command { std: "docker" "rm" "-f" "314ebe3a83fb93163c25aaa5c0b301c51a116135964ea10228730e9b34876d44", kill_on_drop: false }`
[INFO] [stdout] 314ebe3a83fb93163c25aaa5c0b301c51a116135964ea10228730e9b34876d44
