[INFO] fetching crate pkcs11-proxy-ng-cli 0.2.2...
[INFO] testing pkcs11-proxy-ng-cli-0.2.2 against 1.99.0-beta.8+cargoflags=--release for beta-release-1.100-2
[INFO] extracting crate pkcs11-proxy-ng-cli 0.2.2 into /workspace/builds/worker-5-tc1/source
[INFO] started tweaking crates.io crate pkcs11-proxy-ng-cli 0.2.2
[INFO] finished tweaking crates.io crate pkcs11-proxy-ng-cli 0.2.2
[INFO] tweaked toml for crates.io crate pkcs11-proxy-ng-cli 0.2.2 written to /workspace/builds/worker-5-tc1/source/Cargo.toml
[INFO] validating manifest of crates.io crate pkcs11-proxy-ng-cli 0.2.2 on toolchain 1.99.0-beta.8
[INFO] running `Command { std: CARGO_HOME="/workspace/cargo-home" RUSTUP_HOME="/workspace/rustup-home" "/workspace/cargo-home/bin/cargo" "+1.99.0-beta.8" "metadata" "--manifest-path" "Cargo.toml" "--no-deps", kill_on_drop: false }`
[INFO] crate crates.io crate pkcs11-proxy-ng-cli 0.2.2 already has a lockfile, it will not be regenerated
[INFO] running `Command { std: CARGO_HOME="/workspace/cargo-home" RUSTUP_HOME="/workspace/rustup-home" "/workspace/cargo-home/bin/cargo" "+1.99.0-beta.8" "fetch" "--manifest-path" "Cargo.toml", kill_on_drop: false }`
[INFO] [stderr]     Updating crates.io index
[INFO] [stderr]  Downloading crates ...
[INFO] [stderr]   Downloaded tonic-health v0.14.5
[INFO] [stderr]   Downloaded tonic-prost-build v0.14.5
[INFO] [stderr]   Downloaded tonic-build v0.14.5
[INFO] [stderr]   Downloaded pkcs11-proxy-ng-types v0.2.2
[INFO] [stderr]   Downloaded pkcs11-proxy-ng-audit v0.2.2
[INFO] [stderr]   Downloaded pkcs11-proxy-ng-client v0.2.2
[INFO] [stderr]   Downloaded pkcs11-proxy-ng-proto v0.2.2
[INFO] running `Command { std: "docker" "create" "-v" "/var/lib/crater-agent-workspace/builds/worker-5-tc1/source:/opt/rustwide/workdir:ro,Z" "-v" "/var/lib/crater-agent-workspace/builds/worker-5-tc1/target:/opt/rustwide/target:rw,Z" "-v" "/var/lib/crater-agent-workspace/cargo-home:/opt/rustwide/cargo-home:ro,Z" "-v" "/var/lib/crater-agent-workspace/rustup-home:/opt/rustwide/rustup-home:ro,Z" "-m" "1610612736" "--network" "none" "ghcr.io/rust-lang/crates-build-env/linux@sha256:77db811e55d90add9212f6832c23229e3de5f1c1f9905e8cb07319ea15df73ac" "sleep" "infinity", kill_on_drop: false }`
[INFO] [stdout] 45972e229f219b7d2fd71b3522a46f9e4c6626e86d322314985e62c6e9046b5a
[INFO] running `Command { std: "docker" "start" "45972e229f219b7d2fd71b3522a46f9e4c6626e86d322314985e62c6e9046b5a", kill_on_drop: false }`
[INFO] running `Command { std: "docker" "inspect" "45972e229f219b7d2fd71b3522a46f9e4c6626e86d322314985e62c6e9046b5a", kill_on_drop: false }`
[INFO] running `Command { std: "docker" "exec" "-e" "SOURCE_DIR=/opt/rustwide/workdir" "-e" "CARGO_HOME=/opt/rustwide/cargo-home" "-e" "RUSTUP_HOME=/opt/rustwide/rustup-home" "-e" "CARGO_TARGET_DIR=/opt/rustwide/target" "-w" "/opt/rustwide/workdir" "--user" "0:0" "45972e229f219b7d2fd71b3522a46f9e4c6626e86d322314985e62c6e9046b5a" "/opt/rustwide/cargo-home/bin/cargo" "+1.99.0-beta.8" "metadata" "--no-deps" "--format-version=1", kill_on_drop: false }`
[INFO] running `Command { std: "docker" "inspect" "45972e229f219b7d2fd71b3522a46f9e4c6626e86d322314985e62c6e9046b5a", kill_on_drop: false }`
[INFO] running `Command { std: "docker" "exec" "-e" "SOURCE_DIR=/opt/rustwide/workdir" "-e" "CARGO_HOME=/opt/rustwide/cargo-home" "-e" "RUSTUP_HOME=/opt/rustwide/rustup-home" "-e" "CARGO_TARGET_DIR=/opt/rustwide/target" "-e" "CARGO_INCREMENTAL=0" "-e" "RUST_BACKTRACE=full" "-e" "RUSTFLAGS=--cap-lints=warn" "-e" "RUSTDOCFLAGS=--cap-lints=warn" "-w" "/opt/rustwide/workdir" "--user" "0:0" "45972e229f219b7d2fd71b3522a46f9e4c6626e86d322314985e62c6e9046b5a" "/opt/rustwide/cargo-home/bin/cargo" "+1.99.0-beta.8" "build" "--frozen" "--message-format=json" "--release", kill_on_drop: false }`
[INFO] [stderr]    Compiling anyhow v1.0.103
[INFO] [stderr]    Compiling either v1.15.0
[INFO] [stderr]    Compiling libc v0.2.183
[INFO] [stderr]    Compiling bitflags v2.11.0
[INFO] [stderr]    Compiling syn v2.0.117
[INFO] [stderr]    Compiling ring v0.17.14
[INFO] [stderr]    Compiling getrandom v0.2.17
[INFO] [stderr]    Compiling pulldown-cmark v0.13.1
[INFO] [stderr]    Compiling rustix v1.1.4
[INFO] [stderr]    Compiling getrandom v0.4.2
[INFO] [stderr]    Compiling bytes v1.11.1
[INFO] [stderr]    Compiling regex-syntax v0.8.10
[INFO] [stderr]    Compiling memchr v2.8.0
[INFO] [stderr]    Compiling hashbrown v0.15.5
[INFO] [stderr]    Compiling indexmap v2.13.0
[INFO] [stderr]    Compiling fastrand v2.3.0
[INFO] [stderr]    Compiling fixedbitset v0.5.7
[INFO] [stderr]    Compiling num-conv v0.2.0
[INFO] [stderr]    Compiling time-core v0.1.8
[INFO] [stderr]    Compiling multimap v0.10.1
[INFO] [stderr]    Compiling deranged v0.5.8
[INFO] [stderr]    Compiling nom v7.1.3
[INFO] [stderr]    Compiling crypto-common v0.1.7
[INFO] [stderr]    Compiling time-macros v0.2.27
[INFO] [stderr]    Compiling winnow v0.7.15
[INFO] [stderr]    Compiling toml_write v0.1.2
[INFO] [stderr]    Compiling itertools v0.14.0
[INFO] [stderr]    Compiling digest v0.10.7
[INFO] [stderr]    Compiling curve25519-dalek v4.1.3
[INFO] [stderr]    Compiling oid-registry v0.8.1
[INFO] [stderr]    Compiling petgraph v0.8.3
[INFO] [stderr]    Compiling signature v2.2.0
[INFO] [stderr]    Compiling anstream v1.0.0
[INFO] [stderr]    Compiling ed25519 v2.2.3
[INFO] [stderr]    Compiling sha2 v0.10.9
[INFO] [stderr]    Compiling clap_builder v4.6.0
[INFO] [stderr]    Compiling uuid v1.22.0
[INFO] [stderr]    Compiling tracing-log v0.2.0
[INFO] [stderr]    Compiling data-encoding v2.10.0
[INFO] [stderr]    Compiling time v0.3.47
[INFO] [stderr]    Compiling tempfile v3.27.0
[INFO] [stderr]    Compiling regex-automata v0.4.14
[INFO] [stderr]    Compiling pulldown-cmark-to-cmark v22.0.0
[INFO] [stderr]    Compiling rusticata-macros v4.1.0
[INFO] [stderr]    Compiling regex v1.12.3
[INFO] [stderr]    Compiling prettyplease v0.2.37
[INFO] [stderr]    Compiling synstructure v0.13.2
[INFO] [stderr]    Compiling matchers v0.2.0
[INFO] [stderr]    Compiling tokio-macros v2.6.1
[INFO] [stderr]    Compiling zeroize_derive v1.4.3
[INFO] [stderr]    Compiling tracing-attributes v0.1.31
[INFO] [stderr]    Compiling prost-derive v0.14.3
[INFO] [stderr]    Compiling zeroize v1.8.2
[INFO] [stderr]    Compiling serde_derive v1.0.228
[INFO] [stderr]    Compiling thiserror-impl v2.0.18
[INFO] [stderr]    Compiling rustls-pki-types v1.14.0
[INFO] [stderr]    Compiling pin-project-internal v1.1.11
[INFO] [stderr]    Compiling tonic-build v0.14.5
[INFO] [stderr]    Compiling async-trait v0.1.89
[INFO] [stderr]    Compiling asn1-rs-derive v0.6.0
[INFO] [stderr]    Compiling displaydoc v0.2.5
[INFO] [stderr]    Compiling asn1-rs-impl v0.2.0
[INFO] [stderr]    Compiling tokio v1.50.0
[INFO] [stderr]    Compiling curve25519-dalek-derive v0.1.1
[INFO] [stderr]    Compiling clap_derive v4.6.0
[INFO] [stderr]    Compiling tracing v0.1.44
[INFO] [stderr]    Compiling pin-project v1.1.11
[INFO] [stderr]    Compiling thiserror v2.0.18
[INFO] [stderr]    Compiling asn1-rs v0.7.1
[INFO] [stderr]    Compiling prost v0.14.3
[INFO] [stderr]    Compiling prost-types v0.14.3
[INFO] [stderr]    Compiling ed25519-dalek v2.2.0
[INFO] [stderr]    Compiling clap v4.6.0
[INFO] [stderr]    Compiling der-parser v10.0.0
[INFO] [stderr]    Compiling serde v1.0.228
[INFO] [stderr]    Compiling prost-build v0.14.3
[INFO] [stderr]    Compiling x509-parser v0.18.1
[INFO] [stderr]    Compiling serde_spanned v0.6.9
[INFO] [stderr]    Compiling toml_datetime v0.6.11
[INFO] [stderr]    Compiling tracing-serde v0.2.0
[INFO] [stderr]    Compiling pkcs11-proxy-ng-audit v0.2.2
[INFO] [stderr]    Compiling tracing-subscriber v0.3.23
[INFO] [stderr]    Compiling toml_edit v0.22.27
[INFO] [stderr]    Compiling tonic-prost-build v0.14.5
[INFO] [stderr]    Compiling pkcs11-proxy-ng-proto v0.2.2
[INFO] [stderr]    Compiling rustls v0.23.45
[INFO] [stderr]    Compiling tokio-util v0.7.18
[INFO] [stderr]    Compiling h2 v0.4.16
[INFO] [stderr]    Compiling tower v0.5.3
[INFO] [stderr]    Compiling tokio-stream v0.1.18
[INFO] [stderr]    Compiling toml v0.8.23
[INFO] [stderr]    Compiling rustls-webpki v0.103.15
[INFO] [stderr]    Compiling pkcs11-proxy-ng-types v0.2.2
[INFO] [stderr]    Compiling hyper v1.8.1
[INFO] [stderr]    Compiling tokio-rustls v0.26.4
[INFO] [stderr]    Compiling hyper-util v0.1.20
[INFO] [stderr]    Compiling hyper-timeout v0.5.2
[INFO] [stderr]    Compiling tonic v0.14.5
[INFO] [stderr]    Compiling tonic-prost v0.14.5
[INFO] [stderr]    Compiling tonic-health v0.14.5
[INFO] [stderr]    Compiling pkcs11-proxy-ng-client v0.2.2
[INFO] [stderr]    Compiling pkcs11-proxy-ng-cli v0.2.2 (/opt/rustwide/workdir)
[INFO] [stderr]     Finished `release` profile [optimized] target(s) in 3m 18s
[INFO] running `Command { std: "docker" "inspect" "45972e229f219b7d2fd71b3522a46f9e4c6626e86d322314985e62c6e9046b5a", kill_on_drop: false }`
[INFO] running `Command { std: "docker" "exec" "-e" "SOURCE_DIR=/opt/rustwide/workdir" "-e" "CARGO_HOME=/opt/rustwide/cargo-home" "-e" "RUSTUP_HOME=/opt/rustwide/rustup-home" "-e" "CARGO_TARGET_DIR=/opt/rustwide/target" "-e" "CARGO_INCREMENTAL=0" "-e" "RUST_BACKTRACE=full" "-e" "RUSTFLAGS=--cap-lints=warn" "-e" "RUSTDOCFLAGS=--cap-lints=warn" "-w" "/opt/rustwide/workdir" "--user" "0:0" "45972e229f219b7d2fd71b3522a46f9e4c6626e86d322314985e62c6e9046b5a" "/opt/rustwide/cargo-home/bin/cargo" "+1.99.0-beta.8" "test" "--frozen" "--no-run" "--message-format=json" "--release", kill_on_drop: false }`
[INFO] [stderr]    Compiling hyper v1.8.1
[INFO] [stderr]    Compiling tokio-stream v0.1.18
[INFO] [stderr]    Compiling yasna v0.5.2
[INFO] [stderr]    Compiling tempfile v3.27.0
[INFO] [stderr]    Compiling rcgen v0.14.7
[INFO] [stderr]    Compiling hyper-util v0.1.20
[INFO] [stderr]    Compiling hyper-timeout v0.5.2
[INFO] [stderr]    Compiling tonic v0.14.5
[INFO] [stderr]    Compiling tonic-prost v0.14.5
[INFO] [stderr]    Compiling pkcs11-proxy-ng-proto v0.2.2
[INFO] [stderr]    Compiling tonic-health v0.14.5
[INFO] [stderr]    Compiling pkcs11-proxy-ng-client v0.2.2
[INFO] [stderr]    Compiling pkcs11-proxy-ng-cli v0.2.2 (/opt/rustwide/workdir)
[INFO] [stdout] error[E0433]: cannot find module or crate `pkcs11_proxy_ng_backend` in this scope
[INFO] [stdout]    --> src/handlers/admin.rs:107:9
[INFO] [stdout]     |
[INFO] [stdout] 107 |     use pkcs11_proxy_ng_backend::mock::MockBackend;
[INFO] [stdout]     |         ^^^^^^^^^^^^^^^^^^^^^^^ use of unresolved module or unlinked crate `pkcs11_proxy_ng_backend`
[INFO] [stdout]     |
[INFO] [stdout] help: there is a crate or module with a similar name
[INFO] [stdout]     |
[INFO] [stdout] 107 -     use pkcs11_proxy_ng_backend::mock::MockBackend;
[INFO] [stdout] 107 +     use pkcs11_proxy_ng_client::mock::MockBackend;
[INFO] [stdout]     |
[INFO] [stdout] 
[INFO] [stdout] 
[INFO] [stdout] error[E0433]: cannot find module or crate `pkcs11_proxy_ng` in this scope
[INFO] [stdout]    --> src/handlers/admin.rs:116:13
[INFO] [stdout]     |
[INFO] [stdout] 116 |         use pkcs11_proxy_ng::server::context_manager::ContextManager;
[INFO] [stdout]     |             ^^^^^^^^^^^^^^^ use of unresolved module or unlinked crate `pkcs11_proxy_ng`
[INFO] [stdout]     |
[INFO] [stdout]     = help: if you wanted to use a crate named `pkcs11_proxy_ng`, use `cargo add pkcs11_proxy_ng` to add it to your `Cargo.toml`
[INFO] [stdout] 
[INFO] [stdout] 
[INFO] [stdout] error[E0433]: cannot find module or crate `pkcs11_proxy_ng` in this scope
[INFO] [stdout]    --> src/handlers/admin.rs:117:13
[INFO] [stdout]     |
[INFO] [stdout] 117 |         use pkcs11_proxy_ng::server::grpc_service::Pkcs11ProxyService;
[INFO] [stdout]     |             ^^^^^^^^^^^^^^^ use of unresolved module or unlinked crate `pkcs11_proxy_ng`
[INFO] [stdout]     |
[INFO] [stdout]     = help: if you wanted to use a crate named `pkcs11_proxy_ng`, use `cargo add pkcs11_proxy_ng` to add it to your `Cargo.toml`
[INFO] [stdout] 
[INFO] [stdout] 
[INFO] [stdout] error[E0433]: cannot find module or crate `pkcs11_proxy_ng_backend` in this scope
[INFO] [stdout]   --> src/handlers/crypto/tests.rs:20:5
[INFO] [stdout]    |
[INFO] [stdout] 20 | use pkcs11_proxy_ng_backend::mock::MockBackend;
[INFO] [stdout]    |     ^^^^^^^^^^^^^^^^^^^^^^^ use of unresolved module or unlinked crate `pkcs11_proxy_ng_backend`
[INFO] [stdout]    |
[INFO] [stdout] help: there is a crate or module with a similar name
[INFO] [stdout]    |
[INFO] [stdout] 20 - use pkcs11_proxy_ng_backend::mock::MockBackend;
[INFO] [stdout] 20 + use pkcs11_proxy_ng_client::mock::MockBackend;
[INFO] [stdout]    |
[INFO] [stdout] 
[INFO] [stdout] 
[INFO] [stdout] error[E0433]: cannot find module or crate `pkcs11_proxy_ng` in this scope
[INFO] [stdout]   --> src/handlers/crypto/tests.rs:47:9
[INFO] [stdout]    |
[INFO] [stdout] 47 |     use pkcs11_proxy_ng::server::context_manager::ContextManager;
[INFO] [stdout]    |         ^^^^^^^^^^^^^^^ use of unresolved module or unlinked crate `pkcs11_proxy_ng`
[INFO] [stdout]    |
[INFO] [stdout]    = help: if you wanted to use a crate named `pkcs11_proxy_ng`, use `cargo add pkcs11_proxy_ng` to add it to your `Cargo.toml`
[INFO] [stdout] 
[INFO] [stdout] 
[INFO] [stdout] error[E0433]: cannot find module or crate `pkcs11_proxy_ng` in this scope
[INFO] [stdout]   --> src/handlers/crypto/tests.rs:48:9
[INFO] [stdout]    |
[INFO] [stdout] 48 |     use pkcs11_proxy_ng::server::grpc_service::Pkcs11ProxyService;
[INFO] [stdout]    |         ^^^^^^^^^^^^^^^ use of unresolved module or unlinked crate `pkcs11_proxy_ng`
[INFO] [stdout]    |
[INFO] [stdout]    = help: if you wanted to use a crate named `pkcs11_proxy_ng`, use `cargo add pkcs11_proxy_ng` to add it to your `Cargo.toml`
[INFO] [stdout] 
[INFO] [stdout] 
[INFO] [stdout] error[E0432]: unresolved import `pkcs11_proxy_ng_backend`
[INFO] [stdout]    --> src/handlers/admin.rs:118:13
[INFO] [stdout]     |
[INFO] [stdout] 118 |         use pkcs11_proxy_ng_backend::Pkcs11Backend;
[INFO] [stdout]     |             ^^^^^^^^^^^^^^^^^^^^^^^ use of unresolved module or unlinked crate `pkcs11_proxy_ng_backend`
[INFO] [stdout]     |
[INFO] [stdout] help: there is a crate or module with a similar name
[INFO] [stdout]     |
[INFO] [stdout] 118 -         use pkcs11_proxy_ng_backend::Pkcs11Backend;
[INFO] [stdout] 118 +         use pkcs11_proxy_ng_client::Pkcs11Backend;
[INFO] [stdout]     |
[INFO] [stdout] 
[INFO] [stdout] 
[INFO] [stdout] error[E0433]: cannot find module or crate `pkcs11_proxy_ng_backend` in this scope
[INFO] [stdout]   --> src/handlers/objects/tests.rs:12:5
[INFO] [stdout]    |
[INFO] [stdout] 12 | use pkcs11_proxy_ng_backend::mock::MockBackend;
[INFO] [stdout]    |     ^^^^^^^^^^^^^^^^^^^^^^^ use of unresolved module or unlinked crate `pkcs11_proxy_ng_backend`
[INFO] [stdout]    |
[INFO] [stdout] help: there is a crate or module with a similar name
[INFO] [stdout]    |
[INFO] [stdout] 12 - use pkcs11_proxy_ng_backend::mock::MockBackend;
[INFO] [stdout] 12 + use pkcs11_proxy_ng_client::mock::MockBackend;
[INFO] [stdout]    |
[INFO] [stdout] 
[INFO] [stdout] 
[INFO] [stdout] error[E0433]: cannot find module or crate `pkcs11_proxy_ng` in this scope
[INFO] [stdout]   --> src/handlers/objects/tests.rs:23:9
[INFO] [stdout]    |
[INFO] [stdout] 23 |     use pkcs11_proxy_ng::server::context_manager::ContextManager;
[INFO] [stdout]    |         ^^^^^^^^^^^^^^^ use of unresolved module or unlinked crate `pkcs11_proxy_ng`
[INFO] [stdout]    |
[INFO] [stdout]    = help: if you wanted to use a crate named `pkcs11_proxy_ng`, use `cargo add pkcs11_proxy_ng` to add it to your `Cargo.toml`
[INFO] [stdout] 
[INFO] [stdout] 
[INFO] [stdout] error[E0433]: cannot find module or crate `pkcs11_proxy_ng` in this scope
[INFO] [stdout]   --> src/handlers/objects/tests.rs:24:9
[INFO] [stdout]    |
[INFO] [stdout] 24 |     use pkcs11_proxy_ng::server::grpc_service::Pkcs11ProxyService;
[INFO] [stdout]    |         ^^^^^^^^^^^^^^^ use of unresolved module or unlinked crate `pkcs11_proxy_ng`
[INFO] [stdout]    |
[INFO] [stdout]    = help: if you wanted to use a crate named `pkcs11_proxy_ng`, use `cargo add pkcs11_proxy_ng` to add it to your `Cargo.toml`
[INFO] [stdout] 
[INFO] [stdout] 
[INFO] [stdout] error[E0432]: unresolved import `pkcs11_proxy_ng_backend`
[INFO] [stdout]   --> src/handlers/crypto/tests.rs:49:9
[INFO] [stdout]    |
[INFO] [stdout] 49 |     use pkcs11_proxy_ng_backend::Pkcs11Backend;
[INFO] [stdout]    |         ^^^^^^^^^^^^^^^^^^^^^^^ use of unresolved module or unlinked crate `pkcs11_proxy_ng_backend`
[INFO] [stdout]    |
[INFO] [stdout] help: there is a crate or module with a similar name
[INFO] [stdout]    |
[INFO] [stdout] 49 -     use pkcs11_proxy_ng_backend::Pkcs11Backend;
[INFO] [stdout] 49 +     use pkcs11_proxy_ng_client::Pkcs11Backend;
[INFO] [stdout]    |
[INFO] [stdout] 
[INFO] [stdout] 
[INFO] [stdout] error[E0432]: unresolved import `pkcs11_proxy_ng_backend`
[INFO] [stdout]   --> src/handlers/objects/tests.rs:25:9
[INFO] [stdout]    |
[INFO] [stdout] 25 |     use pkcs11_proxy_ng_backend::Pkcs11Backend;
[INFO] [stdout]    |         ^^^^^^^^^^^^^^^^^^^^^^^ use of unresolved module or unlinked crate `pkcs11_proxy_ng_backend`
[INFO] [stdout]    |
[INFO] [stdout] help: there is a crate or module with a similar name
[INFO] [stdout]    |
[INFO] [stdout] 25 -     use pkcs11_proxy_ng_backend::Pkcs11Backend;
[INFO] [stdout] 25 +     use pkcs11_proxy_ng_client::Pkcs11Backend;
[INFO] [stdout]    |
[INFO] [stdout] 
[INFO] [stdout] 
[INFO] [stdout] error[E0433]: cannot find module or crate `pkcs11_proxy_ng` in this scope
[INFO] [stdout]     --> src/cli.rs:1069:21
[INFO] [stdout]      |
[INFO] [stdout] 1069 |                     pkcs11_proxy_ng::server::health::SERVICE_NAME,
[INFO] [stdout]      |                     ^^^^^^^^^^^^^^^ use of unresolved module or unlinked crate `pkcs11_proxy_ng`
[INFO] [stdout]      |
[INFO] [stdout]      = help: if you wanted to use a crate named `pkcs11_proxy_ng`, use `cargo add pkcs11_proxy_ng` to add it to your `Cargo.toml`
[INFO] [stdout] 
[INFO] [stdout] 
[INFO] [stdout] error[E0433]: cannot find module or crate `pkcs11_proxy_ng_proto` in this scope
[INFO] [stdout]    --> src/handlers/admin.rs:135:30
[INFO] [stdout]     |
[INFO] [stdout] 135 |                 .add_service(pkcs11_proxy_ng_proto::Pkcs11ProxyServer::new(svc))
[INFO] [stdout]     |                              ^^^^^^^^^^^^^^^^^^^^^ use of unresolved module or unlinked crate `pkcs11_proxy_ng_proto`
[INFO] [stdout]     |
[INFO] [stdout] help: there is a crate or module with a similar name
[INFO] [stdout]     |
[INFO] [stdout] 135 -                 .add_service(pkcs11_proxy_ng_proto::Pkcs11ProxyServer::new(svc))
[INFO] [stdout] 135 +                 .add_service(pkcs11_proxy_ng_audit::Pkcs11ProxyServer::new(svc))
[INFO] [stdout]     |
[INFO] [stdout] 
[INFO] [stdout] 
[INFO] [stdout] error[E0433]: cannot find module or crate `pkcs11_proxy_ng_backend` in this scope
[INFO] [stdout]   --> src/handlers/crypto/tests.rs:35:41
[INFO] [stdout]    |
[INFO] [stdout] 35 |     zeroize::Zeroizing::new(hex::encode(pkcs11_proxy_ng_backend::mock::echo::echo_bytes(
[INFO] [stdout]    |                                         ^^^^^^^^^^^^^^^^^^^^^^^ use of unresolved module or unlinked crate `pkcs11_proxy_ng_backend`
[INFO] [stdout]    |
[INFO] [stdout] help: there is a crate or module with a similar name
[INFO] [stdout]    |
[INFO] [stdout] 35 -     zeroize::Zeroizing::new(hex::encode(pkcs11_proxy_ng_backend::mock::echo::echo_bytes(
[INFO] [stdout] 35 +     zeroize::Zeroizing::new(hex::encode(pkcs11_proxy_ng_client::mock::echo::echo_bytes(
[INFO] [stdout]    |
[INFO] [stdout] 
[INFO] [stdout] 
[INFO] [stdout] error[E0433]: cannot find module or crate `pkcs11_proxy_ng_proto` in this scope
[INFO] [stdout]   --> src/handlers/crypto/tests.rs:66:26
[INFO] [stdout]    |
[INFO] [stdout] 66 |             .add_service(pkcs11_proxy_ng_proto::Pkcs11ProxyServer::new(svc))
[INFO] [stdout]    |                          ^^^^^^^^^^^^^^^^^^^^^ use of unresolved module or unlinked crate `pkcs11_proxy_ng_proto`
[INFO] [stdout]    |
[INFO] [stdout] help: there is a crate or module with a similar name
[INFO] [stdout]    |
[INFO] [stdout] 66 -             .add_service(pkcs11_proxy_ng_proto::Pkcs11ProxyServer::new(svc))
[INFO] [stdout] 66 +             .add_service(pkcs11_proxy_ng_audit::Pkcs11ProxyServer::new(svc))
[INFO] [stdout]    |
[INFO] [stdout] 
[INFO] [stdout] 
[INFO] [stdout] error[E0433]: cannot find module or crate `pkcs11_proxy_ng_proto` in this scope
[INFO] [stdout]   --> src/handlers/objects/tests.rs:42:26
[INFO] [stdout]    |
[INFO] [stdout] 42 |             .add_service(pkcs11_proxy_ng_proto::Pkcs11ProxyServer::new(svc))
[INFO] [stdout]    |                          ^^^^^^^^^^^^^^^^^^^^^ use of unresolved module or unlinked crate `pkcs11_proxy_ng_proto`
[INFO] [stdout]    |
[INFO] [stdout] help: there is a crate or module with a similar name
[INFO] [stdout]    |
[INFO] [stdout] 42 -             .add_service(pkcs11_proxy_ng_proto::Pkcs11ProxyServer::new(svc))
[INFO] [stdout] 42 +             .add_service(pkcs11_proxy_ng_audit::Pkcs11ProxyServer::new(svc))
[INFO] [stdout]    |
[INFO] [stdout] 
[INFO] [stdout] 
[INFO] [stdout] Some errors have detailed explanations: E0432, E0433.
[INFO] [stdout] 
[INFO] [stdout] For more information about an error, try `rustc --explain E0432`.
[INFO] [stdout] 
[INFO] [stderr] error: could not compile `pkcs11-proxy-ng-cli` (bin "pkcs11-proxy-ng-cli" test) due to 17 previous errors
[INFO] running `Command { std: "docker" "inspect" "45972e229f219b7d2fd71b3522a46f9e4c6626e86d322314985e62c6e9046b5a", kill_on_drop: false }`
[INFO] running `Command { std: "docker" "rm" "-f" "45972e229f219b7d2fd71b3522a46f9e4c6626e86d322314985e62c6e9046b5a", kill_on_drop: false }`
[INFO] [stdout] 45972e229f219b7d2fd71b3522a46f9e4c6626e86d322314985e62c6e9046b5a
