[INFO] fetching crate pitaya-go-bsp 0.1.0...
[INFO] testing pitaya-go-bsp-0.1.0 against 1.100.0-beta.1+cargoflags=--release for beta-release-1.100-2
[INFO] extracting crate pitaya-go-bsp 0.1.0 into /workspace/builds/worker-0-tc2/source
[INFO] removed /workspace/builds/worker-0-tc2/source/.cargo/config
[INFO] started tweaking crates.io crate pitaya-go-bsp 0.1.0
[INFO] finished tweaking crates.io crate pitaya-go-bsp 0.1.0
[INFO] tweaked toml for crates.io crate pitaya-go-bsp 0.1.0 written to /workspace/builds/worker-0-tc2/source/Cargo.toml
[INFO] validating manifest of crates.io crate pitaya-go-bsp 0.1.0 on toolchain 1.100.0-beta.1
[INFO] running `Command { std: CARGO_HOME="/workspace/cargo-home" RUSTUP_HOME="/workspace/rustup-home" "/workspace/cargo-home/bin/cargo" "+1.100.0-beta.1" "metadata" "--manifest-path" "Cargo.toml" "--no-deps", kill_on_drop: false }`
[INFO] crate crates.io crate pitaya-go-bsp 0.1.0 already has a lockfile, it will not be regenerated
[INFO] running `Command { std: CARGO_HOME="/workspace/cargo-home" RUSTUP_HOME="/workspace/rustup-home" "/workspace/cargo-home/bin/cargo" "+1.100.0-beta.1" "fetch" "--manifest-path" "Cargo.toml", kill_on_drop: false }`
[INFO] running `Command { std: "docker" "create" "-v" "/var/lib/crater-agent-workspace/builds/worker-0-tc2/source:/opt/rustwide/workdir:ro,Z" "-v" "/var/lib/crater-agent-workspace/builds/worker-0-tc2/target:/opt/rustwide/target:rw,Z" "-v" "/var/lib/crater-agent-workspace/cargo-home:/opt/rustwide/cargo-home:ro,Z" "-v" "/var/lib/crater-agent-workspace/rustup-home:/opt/rustwide/rustup-home:ro,Z" "-m" "1610612736" "--network" "none" "ghcr.io/rust-lang/crates-build-env/linux@sha256:77db811e55d90add9212f6832c23229e3de5f1c1f9905e8cb07319ea15df73ac" "sleep" "infinity", kill_on_drop: false }`
[INFO] [stdout] 19d6f88b225af078b1d1c7d944015e0c3a9b14d545bbd184d8887dc0c837ef82
[INFO] running `Command { std: "docker" "start" "19d6f88b225af078b1d1c7d944015e0c3a9b14d545bbd184d8887dc0c837ef82", kill_on_drop: false }`
[INFO] running `Command { std: "docker" "inspect" "19d6f88b225af078b1d1c7d944015e0c3a9b14d545bbd184d8887dc0c837ef82", kill_on_drop: false }`
[INFO] running `Command { std: "docker" "exec" "-e" "SOURCE_DIR=/opt/rustwide/workdir" "-e" "CARGO_HOME=/opt/rustwide/cargo-home" "-e" "RUSTUP_HOME=/opt/rustwide/rustup-home" "-e" "CARGO_TARGET_DIR=/opt/rustwide/target" "-w" "/opt/rustwide/workdir" "--user" "0:0" "19d6f88b225af078b1d1c7d944015e0c3a9b14d545bbd184d8887dc0c837ef82" "/opt/rustwide/cargo-home/bin/cargo" "+1.100.0-beta.1" "metadata" "--no-deps" "--format-version=1", kill_on_drop: false }`
[INFO] running `Command { std: "docker" "inspect" "19d6f88b225af078b1d1c7d944015e0c3a9b14d545bbd184d8887dc0c837ef82", kill_on_drop: false }`
[INFO] running `Command { std: "docker" "exec" "-e" "SOURCE_DIR=/opt/rustwide/workdir" "-e" "CARGO_HOME=/opt/rustwide/cargo-home" "-e" "RUSTUP_HOME=/opt/rustwide/rustup-home" "-e" "CARGO_TARGET_DIR=/opt/rustwide/target" "-e" "CARGO_INCREMENTAL=0" "-e" "RUST_BACKTRACE=full" "-e" "RUSTFLAGS=--cap-lints=warn" "-e" "RUSTDOCFLAGS=--cap-lints=warn" "-w" "/opt/rustwide/workdir" "--user" "0:0" "19d6f88b225af078b1d1c7d944015e0c3a9b14d545bbd184d8887dc0c837ef82" "/opt/rustwide/cargo-home/bin/cargo" "+1.100.0-beta.1" "build" "--frozen" "--message-format=json" "--release", kill_on_drop: false }`
[INFO] [stderr]    Compiling typenum v1.14.0
[INFO] [stderr]    Compiling semver-parser v0.7.0
[INFO] [stderr]    Compiling version_check v0.9.3
[INFO] [stderr]    Compiling cortex-m v0.7.3
[INFO] [stderr]    Compiling proc-macro2 v1.0.29
[INFO] [stderr]    Compiling nb v1.0.0
[INFO] [stderr]    Compiling semver v1.0.4
[INFO] [stderr]    Compiling void v1.0.2
[INFO] [stderr]    Compiling nb v0.1.3
[INFO] [stderr]    Compiling vcell v0.1.3
[INFO] [stderr]    Compiling syn v1.0.78
[INFO] [stderr]    Compiling volatile-register v0.2.1
[INFO] [stderr]    Compiling embedded-hal v0.2.6
[INFO] [stderr]    Compiling bitfield v0.13.2
[INFO] [stderr]    Compiling cortex-m-rt v0.6.15
[INFO] [stderr]    Compiling semver v0.9.0
[INFO] [stderr]    Compiling generic-array v0.14.4
[INFO] [stderr]    Compiling cortex-m v0.6.7
[INFO] [stderr]    Compiling az v1.1.2
[INFO] [stderr]    Compiling r0 v0.2.2
[INFO] [stderr]    Compiling rustc_version v0.4.0
[INFO] [stderr]    Compiling nrf52840-pac v0.9.0
[INFO] [stderr]    Compiling fixed v1.10.0
[INFO] [stderr]    Compiling rustc_version v0.2.3
[INFO] [stderr]    Compiling cast v0.2.7
[INFO] [stderr]    Compiling usb-device v0.2.8
[INFO] [stderr]    Compiling bytemuck v1.7.2
[INFO] [stderr]    Compiling half v1.7.1
[INFO] [stderr]    Compiling quote v1.0.9
[INFO] [stderr]    Compiling nrf-hal-common v0.13.0
[INFO] [stderr]    Compiling bare-metal v0.2.5
[INFO] [stderr]    Compiling embedded-dma v0.1.2
[INFO] [stderr]    Compiling embedded-storage v0.1.0
[INFO] [stderr]    Compiling nrf-usbd v0.1.0
[INFO] [stderr]    Compiling rand_core v0.6.3
[INFO] [stderr]    Compiling nrf52840-hal v0.13.0
[INFO] [stderr]    Compiling generic-array v0.12.4
[INFO] [stderr]    Compiling generic-array v0.13.3
[INFO] [stderr]    Compiling as-slice v0.1.5
[INFO] [stderr]    Compiling aligned v0.3.5
[INFO] [stderr]    Compiling cortex-m-rt-macros v0.6.15
[INFO] [stdout] error[E0061]: this method takes 2 arguments but 1 argument was supplied
[INFO] [stdout]    --> /opt/rustwide/cargo-home/registry/src/index.crates.io-1949cf8c6b5b557f/fixed-1.10.0/src/arith.rs:830:61
[INFO] [stdout]     |
[INFO] [stdout] 812 | / macro_rules! mul_div_fallback {
[INFO] [stdout] 813 | |     ($Single:ty, $Uns:ty, $Signedness:tt) => {
[INFO] [stdout] 814 | |         impl MulDivOverflow for $Single {
[INFO] [stdout] 815 | |             #[inline]
[INFO] [stdout] ...   |
[INFO] [stdout] 830 | |                     let (col12, carry_col3) = partial_col12.carrying_add(ll_rh);
[INFO] [stdout]     | |                                                             ^^^^^^^^^^^^------- argument #2 of type `bool` is missing
[INFO] [stdout] ...   |
[INFO] [stdout] 907 | |     };
[INFO] [stdout] 908 | | }
[INFO] [stdout]     | |_- this error originates in the macro `mul_div_fallback` which comes from the expansion of the macro `uint_impl`
[INFO] [stdout] ...
[INFO] [stdout] 914 |   mul_div_fallback! { u128, u128, Unsigned }
[INFO] [stdout]     |   ------------------------------------------ in this macro invocation
[INFO] [stdout]     |
[INFO] [stdout] note: the `carrying_add` call is resolved to the method in `core::num::<impl u128>`, shadowing the method of the same name on trait `arith::FallbackHelper`
[INFO] [stdout]    --> /opt/rustwide/cargo-home/registry/src/index.crates.io-1949cf8c6b5b557f/fixed-1.10.0/src/arith.rs:830:61
[INFO] [stdout]     |
[INFO] [stdout] 830 |                     let (col12, carry_col3) = partial_col12.carrying_add(ll_rh);
[INFO] [stdout]     |                                                             ^^^^^^^^^^^^ refers to `core::num::<impl u128>::carrying_add`
[INFO] [stdout] ...
[INFO] [stdout] 914 | mul_div_fallback! { u128, u128, Unsigned }
[INFO] [stdout]     | ------------------------------------------ in this macro invocation
[INFO] [stdout] note: method defined here
[INFO] [stdout]    --> /rustc/e3feeb59cd1bdd011a2bfcc0747b55125d9b8527/library/core/src/num/uint_macros.rs:3064:21
[INFO] [stdout]    --> /rustc/e3feeb59cd1bdd011a2bfcc0747b55125d9b8527/library/core/src/num/mod.rs:1359:4
[INFO] [stdout]    ::: /rustc/e3feeb59cd1bdd011a2bfcc0747b55125d9b8527/library/core/src/num/mod.rs:1385:5
[INFO] [stdout]     |
[INFO] [stdout]     = note: in this macro invocation
[INFO] [stdout] help: you might have meant to call the other method; you can use the fully-qualified path to call it explicitly
[INFO] [stdout]     |
[INFO] [stdout] 830 -                     let (col12, carry_col3) = partial_col12.carrying_add(ll_rh);
[INFO] [stdout] 830 +                     let (col12, carry_col3) = <_ as arith::FallbackHelper>::carrying_add(partial_col12, ll_rh);
[INFO] [stdout]     |
[INFO] [stdout] help: provide the argument
[INFO] [stdout]     |
[INFO] [stdout] 830 |                     let (col12, carry_col3) = partial_col12.carrying_add(ll_rh, /* bool */);
[INFO] [stdout]     |                                                                               ++++++++++++
[INFO] [stdout] 
[INFO] [stdout] 
[INFO] [stdout] error[E0599]: no method named `hi_lo` found for type `bool` in the current scope
[INFO] [stdout]    --> /opt/rustwide/cargo-home/registry/src/index.crates.io-1949cf8c6b5b557f/fixed-1.10.0/src/arith.rs:832:57
[INFO] [stdout]     |
[INFO] [stdout] 812 | macro_rules! mul_div_fallback {
[INFO] [stdout] ...
[INFO] [stdout] 832 |                     let (_, carry_col3_lo) = carry_col3.hi_lo();
[INFO] [stdout]     |                                                         ^^^^^ method not found in `bool`
[INFO] [stdout] ...
[INFO] [stdout] 914 | mul_div_fallback! { u128, u128, Unsigned }
[INFO] [stdout]     | ------------------------------------------ in this macro invocation
[INFO] [stdout]     |
[INFO] [stdout]     = help: items from traits can only be used if the trait is implemented and in scope
[INFO] [stdout] note: `FallbackHelper` defines an item `hi_lo`, perhaps you need to implement it
[INFO] [stdout]    --> /opt/rustwide/cargo-home/registry/src/index.crates.io-1949cf8c6b5b557f/fixed-1.10.0/src/arith.rs:673:1
[INFO] [stdout]     |
[INFO] [stdout] 673 | trait FallbackHelper: Sized {
[INFO] [stdout]     | ^^^^^^^^^^^^^^^^^^^^^^^^^^^
[INFO] [stdout] 
[INFO] [stdout] 
[INFO] [stdout] error[E0061]: this method takes 2 arguments but 1 argument was supplied
[INFO] [stdout]    --> /opt/rustwide/cargo-home/registry/src/index.crates.io-1949cf8c6b5b557f/fixed-1.10.0/src/arith.rs:859:57
[INFO] [stdout]     |
[INFO] [stdout] 812 | / macro_rules! mul_div_fallback {
[INFO] [stdout] 813 | |     ($Single:ty, $Uns:ty, $Signedness:tt) => {
[INFO] [stdout] 814 | |         impl MulDivOverflow for $Single {
[INFO] [stdout] 815 | |             #[inline]
[INFO] [stdout] ...   |
[INFO] [stdout] 859 | |                 let (col12, carry_col3) = partial_col12.carrying_add(ll_rh);
[INFO] [stdout]     | |                                                         ^^^^^^^^^^^^------- argument #2 of type `bool` is missing
[INFO] [stdout] ...   |
[INFO] [stdout] 907 | |     };
[INFO] [stdout] 908 | | }
[INFO] [stdout]     | |_- this error originates in the macro `mul_div_fallback` which comes from the expansion of the macro `uint_impl`
[INFO] [stdout] ...
[INFO] [stdout] 914 |   mul_div_fallback! { u128, u128, Unsigned }
[INFO] [stdout]     |   ------------------------------------------ in this macro invocation
[INFO] [stdout]     |
[INFO] [stdout] note: the `carrying_add` call is resolved to the method in `core::num::<impl u128>`, shadowing the method of the same name on trait `arith::FallbackHelper`
[INFO] [stdout]    --> /opt/rustwide/cargo-home/registry/src/index.crates.io-1949cf8c6b5b557f/fixed-1.10.0/src/arith.rs:859:57
[INFO] [stdout]     |
[INFO] [stdout] 859 |                 let (col12, carry_col3) = partial_col12.carrying_add(ll_rh);
[INFO] [stdout]     |                                                         ^^^^^^^^^^^^ refers to `core::num::<impl u128>::carrying_add`
[INFO] [stdout] ...
[INFO] [stdout] 914 | mul_div_fallback! { u128, u128, Unsigned }
[INFO] [stdout]     | ------------------------------------------ in this macro invocation
[INFO] [stdout] note: method defined here
[INFO] [stdout]    --> /rustc/e3feeb59cd1bdd011a2bfcc0747b55125d9b8527/library/core/src/num/uint_macros.rs:3064:21
[INFO] [stdout]    --> /rustc/e3feeb59cd1bdd011a2bfcc0747b55125d9b8527/library/core/src/num/mod.rs:1359:4
[INFO] [stdout]    ::: /rustc/e3feeb59cd1bdd011a2bfcc0747b55125d9b8527/library/core/src/num/mod.rs:1385:5
[INFO] [stdout]     |
[INFO] [stdout]     = note: in this macro invocation
[INFO] [stdout] help: you might have meant to call the other method; you can use the fully-qualified path to call it explicitly
[INFO] [stdout]     |
[INFO] [stdout] 859 -                 let (col12, carry_col3) = partial_col12.carrying_add(ll_rh);
[INFO] [stdout] 859 +                 let (col12, carry_col3) = <_ as arith::FallbackHelper>::carrying_add(partial_col12, ll_rh);
[INFO] [stdout]     |
[INFO] [stdout] help: provide the argument
[INFO] [stdout]     |
[INFO] [stdout] 859 |                 let (col12, carry_col3) = partial_col12.carrying_add(ll_rh, /* bool */);
[INFO] [stdout]     |                                                                           ++++++++++++
[INFO] [stdout] 
[INFO] [stdout] 
[INFO] [stdout] error[E0599]: no method named `hi_lo` found for type `bool` in the current scope
[INFO] [stdout]    --> /opt/rustwide/cargo-home/registry/src/index.crates.io-1949cf8c6b5b557f/fixed-1.10.0/src/arith.rs:861:53
[INFO] [stdout]     |
[INFO] [stdout] 812 | macro_rules! mul_div_fallback {
[INFO] [stdout] ...
[INFO] [stdout] 861 |                 let (_, carry_col3_lo) = carry_col3.hi_lo();
[INFO] [stdout]     |                                                     ^^^^^ method not found in `bool`
[INFO] [stdout] ...
[INFO] [stdout] 914 | mul_div_fallback! { u128, u128, Unsigned }
[INFO] [stdout]     | ------------------------------------------ in this macro invocation
[INFO] [stdout]     |
[INFO] [stdout]     = help: items from traits can only be used if the trait is implemented and in scope
[INFO] [stdout] note: `FallbackHelper` defines an item `hi_lo`, perhaps you need to implement it
[INFO] [stdout]    --> /opt/rustwide/cargo-home/registry/src/index.crates.io-1949cf8c6b5b557f/fixed-1.10.0/src/arith.rs:673:1
[INFO] [stdout]     |
[INFO] [stdout] 673 | trait FallbackHelper: Sized {
[INFO] [stdout]     | ^^^^^^^^^^^^^^^^^^^^^^^^^^^
[INFO] [stdout] 
[INFO] [stdout] 
[INFO] [stdout] Some errors have detailed explanations: E0061, E0599.
[INFO] [stdout] 
[INFO] [stdout] For more information about an error, try `rustc --explain E0061`.
[INFO] [stdout] 
[INFO] [stderr] error: could not compile `fixed` (lib) due to 4 previous errors
[INFO] [stderr] warning: build failed, waiting for other jobs to finish...
[INFO] running `Command { std: "docker" "inspect" "19d6f88b225af078b1d1c7d944015e0c3a9b14d545bbd184d8887dc0c837ef82", kill_on_drop: false }`
[INFO] running `Command { std: "docker" "rm" "-f" "19d6f88b225af078b1d1c7d944015e0c3a9b14d545bbd184d8887dc0c837ef82", kill_on_drop: false }`
[INFO] [stdout] 19d6f88b225af078b1d1c7d944015e0c3a9b14d545bbd184d8887dc0c837ef82
