[INFO] fetching crate pindakaas-cadical 0.4.1...
[INFO] testing pindakaas-cadical-0.4.1 against 1.100.0-beta.1+cargoflags=--release for beta-release-1.100-2
[INFO] extracting crate pindakaas-cadical 0.4.1 into /workspace/builds/worker-0-tc2/source
[INFO] started tweaking crates.io crate pindakaas-cadical 0.4.1
[INFO] finished tweaking crates.io crate pindakaas-cadical 0.4.1
[INFO] tweaked toml for crates.io crate pindakaas-cadical 0.4.1 written to /workspace/builds/worker-0-tc2/source/Cargo.toml
[INFO] validating manifest of crates.io crate pindakaas-cadical 0.4.1 on toolchain 1.100.0-beta.1
[INFO] running `Command { std: CARGO_HOME="/workspace/cargo-home" RUSTUP_HOME="/workspace/rustup-home" "/workspace/cargo-home/bin/cargo" "+1.100.0-beta.1" "metadata" "--manifest-path" "Cargo.toml" "--no-deps", kill_on_drop: false }`
[INFO] crate crates.io crate pindakaas-cadical 0.4.1 already has a lockfile, it will not be regenerated
[INFO] running `Command { std: CARGO_HOME="/workspace/cargo-home" RUSTUP_HOME="/workspace/rustup-home" "/workspace/cargo-home/bin/cargo" "+1.100.0-beta.1" "fetch" "--manifest-path" "Cargo.toml", kill_on_drop: false }`
[INFO] [stderr] warning: `package.homepage` is redundant with `package.repository`
[INFO] [stderr]   --> Cargo.toml:67:12
[INFO] [stderr]    |
[INFO] [stderr] 67 | homepage = "https://github.com/pindakaashq/pindakaas"
[INFO] [stderr]    |            ^^^^^^^^^^^^^^^^^^^^^^^^^^^^^^^^^^^^^^^^^^
[INFO] [stderr] ...
[INFO] [stderr] 74 | repository = "https://github.com/pindakaashq/pindakaas"
[INFO] [stderr]    |              ------------------------------------------
[INFO] [stderr]    |
[INFO] [stderr]    = note: `cargo::redundant_homepage` is set to `warn` by default
[INFO] [stderr] help: consider removing `package.homepage`
[INFO] [stderr] warning: `pindakaas-cadical` (manifest) generated 1 warning
[INFO] running `Command { std: "docker" "create" "-v" "/var/lib/crater-agent-workspace/builds/worker-0-tc2/source:/opt/rustwide/workdir:ro,Z" "-v" "/var/lib/crater-agent-workspace/builds/worker-0-tc2/target:/opt/rustwide/target:rw,Z" "-v" "/var/lib/crater-agent-workspace/cargo-home:/opt/rustwide/cargo-home:ro,Z" "-v" "/var/lib/crater-agent-workspace/rustup-home:/opt/rustwide/rustup-home:ro,Z" "-m" "1610612736" "--network" "none" "ghcr.io/rust-lang/crates-build-env/linux@sha256:77db811e55d90add9212f6832c23229e3de5f1c1f9905e8cb07319ea15df73ac" "sleep" "infinity", kill_on_drop: false }`
[INFO] [stdout] abab316690db439df893e1eaa1040aaba3adb4491bd622f47b0965546b1f0dde
[INFO] running `Command { std: "docker" "start" "abab316690db439df893e1eaa1040aaba3adb4491bd622f47b0965546b1f0dde", kill_on_drop: false }`
[INFO] running `Command { std: "docker" "inspect" "abab316690db439df893e1eaa1040aaba3adb4491bd622f47b0965546b1f0dde", kill_on_drop: false }`
[INFO] running `Command { std: "docker" "exec" "-e" "SOURCE_DIR=/opt/rustwide/workdir" "-e" "CARGO_HOME=/opt/rustwide/cargo-home" "-e" "RUSTUP_HOME=/opt/rustwide/rustup-home" "-e" "CARGO_TARGET_DIR=/opt/rustwide/target" "-w" "/opt/rustwide/workdir" "--user" "0:0" "abab316690db439df893e1eaa1040aaba3adb4491bd622f47b0965546b1f0dde" "/opt/rustwide/cargo-home/bin/cargo" "+1.100.0-beta.1" "metadata" "--no-deps" "--format-version=1", kill_on_drop: false }`
[INFO] running `Command { std: "docker" "inspect" "abab316690db439df893e1eaa1040aaba3adb4491bd622f47b0965546b1f0dde", kill_on_drop: false }`
[INFO] running `Command { std: "docker" "exec" "-e" "SOURCE_DIR=/opt/rustwide/workdir" "-e" "CARGO_HOME=/opt/rustwide/cargo-home" "-e" "RUSTUP_HOME=/opt/rustwide/rustup-home" "-e" "CARGO_TARGET_DIR=/opt/rustwide/target" "-e" "CARGO_INCREMENTAL=0" "-e" "RUST_BACKTRACE=full" "-e" "RUSTFLAGS=--cap-lints=warn" "-e" "RUSTDOCFLAGS=--cap-lints=warn" "-w" "/opt/rustwide/workdir" "--user" "0:0" "abab316690db439df893e1eaa1040aaba3adb4491bd622f47b0965546b1f0dde" "/opt/rustwide/cargo-home/bin/cargo" "+1.100.0-beta.1" "build" "--frozen" "--message-format=json" "--release", kill_on_drop: false }`
[INFO] [stderr] warning: `package.homepage` is redundant with `package.repository`
[INFO] [stderr]   --> Cargo.toml:67:12
[INFO] [stderr]    |
[INFO] [stderr] 67 | homepage = "https://github.com/pindakaashq/pindakaas"
[INFO] [stderr]    |            ^^^^^^^^^^^^^^^^^^^^^^^^^^^^^^^^^^^^^^^^^^
[INFO] [stderr] ...
[INFO] [stderr] 74 | repository = "https://github.com/pindakaashq/pindakaas"
[INFO] [stderr]    |              ------------------------------------------
[INFO] [stderr]    |
[INFO] [stderr]    = note: `cargo::redundant_homepage` is set to `warn` by default
[INFO] [stderr] help: consider removing `package.homepage`
[INFO] [stderr] warning: `pindakaas-cadical` (manifest) generated 1 warning
[INFO] [stderr]    Compiling libc v0.2.190
[INFO] [stderr]    Compiling find-msvc-tools v0.1.14
[INFO] [stderr]    Compiling jobserver v0.1.35
[INFO] [stderr]    Compiling cc v1.8.0
[INFO] [stderr]    Compiling pindakaas-cadical v0.4.1 (/opt/rustwide/workdir)
[INFO] [stderr] warning: pindakaas-cadical@0.4.1: c++: fatal error: Killed signal terminated program cc1plus
[INFO] [stderr] warning: pindakaas-cadical@0.4.1: compilation terminated.
[INFO] [stderr] warning: pindakaas-cadical@0.4.1: ToolExecError: command did not execute successfully (status code exit status: 1): "c++" "-O3" "-ffunction-sections" "-fdata-sections" "-fPIC" "-m64" "-I" "vendor/cadical/src" "-Wall" "-Wextra" "-std=c++11" "-DNBUILD" "-DNCLOSEFROM" "-DNTRACING" "-DNUNLOCKED" "-DQUIET" "-Dkitten_assume=cadical_mangled_kitten_assume" "-Dkitten_binary=cadical_mangled_kitten_binary" "-Dkitten_clause=cadical_mangled_kitten_clause" "-Dkitten_clause_with_id_and_exception=cadical_mangled_kitten_clause_with_id_and_exception" "-Dkitten_clear=cadical_mangled_kitten_clear" "-Dkitten_compute_clausal_core=cadical_mangled_kitten_compute_clausal_core" "-Dkitten_failed=cadical_mangled_kitten_failed" "-Dkitten_fixed=cadical_mangled_kitten_fixed" "-Dkitten_flip_literal=cadical_mangled_kitten_flip_literal" "-Dkitten_flip_phases=cadical_mangled_kitten_flip_phases" "-Dkitten_no_ticks_limit=cadical_mangled_kitten_no_ticks_limit" "-Dkitten_randomize_phases=cadical_mangled_kitten_randomize_phases" "-Dkitten_release=cadical_mangled_kitten_release" "-Dkitten_set_ticks_limit=cadical_mangled_kitten_set_ticks_limit" "-Dkitten_shrink_to_clausal_core=cadical_mangled_kitten_shrink_to_clausal_core" "-Dkitten_shuffle_clauses=cadical_mangled_kitten_shuffle_clauses" "-Dkitten_solve=cadical_mangled_kitten_solve" "-Dkitten_status=cadical_mangled_kitten_status" "-Dkitten_track_antecedents=cadical_mangled_kitten_track_antecedents" "-Dkitten_traverse_core_clauses=cadical_mangled_kitten_traverse_core_clauses" "-Dkitten_traverse_core_ids=cadical_mangled_kitten_traverse_core_ids" "-Dkitten_unit=cadical_mangled_kitten_unit" "-Dkitten_value=cadical_mangled_kitten_value" "-Dcompletely_backtrack_to_root_level=cadical_mangled_completely_backtrack_to_root_level" "-Dnew_learned_klause=cadical_mangled_new_learned_klause" "-DNDEBUG" "-o" "/opt/rustwide/target/release/build/pindakaas-cadical/70d37042355393b6/out/1ca444035cca2c1d-backtrack.o" "-c" "vendor/cadical/src/backtrack.cpp"
[INFO] [stderr] warning: pindakaas-cadical@0.4.1: c++: fatal error: Killed signal terminated program cc1plus
[INFO] [stderr] warning: pindakaas-cadical@0.4.1: compilation terminated.
[INFO] [stderr] warning: pindakaas-cadical@0.4.1: ToolExecError: command did not execute successfully (status code exit status: 1): "c++" "-O3" "-ffunction-sections" "-fdata-sections" "-fPIC" "-m64" "-I" "vendor/cadical/src" "-Wall" "-Wextra" "-std=c++11" "-DNBUILD" "-DNCLOSEFROM" "-DNTRACING" "-DNUNLOCKED" "-DQUIET" "-Dkitten_assume=cadical_mangled_kitten_assume" "-Dkitten_binary=cadical_mangled_kitten_binary" "-Dkitten_clause=cadical_mangled_kitten_clause" "-Dkitten_clause_with_id_and_exception=cadical_mangled_kitten_clause_with_id_and_exception" "-Dkitten_clear=cadical_mangled_kitten_clear" "-Dkitten_compute_clausal_core=cadical_mangled_kitten_compute_clausal_core" "-Dkitten_failed=cadical_mangled_kitten_failed" "-Dkitten_fixed=cadical_mangled_kitten_fixed" "-Dkitten_flip_literal=cadical_mangled_kitten_flip_literal" "-Dkitten_flip_phases=cadical_mangled_kitten_flip_phases" "-Dkitten_no_ticks_limit=cadical_mangled_kitten_no_ticks_limit" "-Dkitten_randomize_phases=cadical_mangled_kitten_randomize_phases" "-Dkitten_release=cadical_mangled_kitten_release" "-Dkitten_set_ticks_limit=cadical_mangled_kitten_set_ticks_limit" "-Dkitten_shrink_to_clausal_core=cadical_mangled_kitten_shrink_to_clausal_core" "-Dkitten_shuffle_clauses=cadical_mangled_kitten_shuffle_clauses" "-Dkitten_solve=cadical_mangled_kitten_solve" "-Dkitten_status=cadical_mangled_kitten_status" "-Dkitten_track_antecedents=cadical_mangled_kitten_track_antecedents" "-Dkitten_traverse_core_clauses=cadical_mangled_kitten_traverse_core_clauses" "-Dkitten_traverse_core_ids=cadical_mangled_kitten_traverse_core_ids" "-Dkitten_unit=cadical_mangled_kitten_unit" "-Dkitten_value=cadical_mangled_kitten_value" "-Dcompletely_backtrack_to_root_level=cadical_mangled_completely_backtrack_to_root_level" "-Dnew_learned_klause=cadical_mangled_new_learned_klause" "-DNDEBUG" "-o" "/opt/rustwide/target/release/build/pindakaas-cadical/70d37042355393b6/out/34d417406b22e2b7-craigtracer.o" "-c" "vendor/cadical/contrib/craigtracer.cpp"
[INFO] [stderr] warning: pindakaas-cadical@0.4.1: c++: fatal error: Killed signal terminated program cc1plus
[INFO] [stderr] warning: pindakaas-cadical@0.4.1: compilation terminated.
[INFO] [stderr] warning: pindakaas-cadical@0.4.1: ToolExecError: command did not execute successfully (status code exit status: 1): "c++" "-O3" "-ffunction-sections" "-fdata-sections" "-fPIC" "-m64" "-I" "vendor/cadical/src" "-Wall" "-Wextra" "-std=c++11" "-DNBUILD" "-DNCLOSEFROM" "-DNTRACING" "-DNUNLOCKED" "-DQUIET" "-Dkitten_assume=cadical_mangled_kitten_assume" "-Dkitten_binary=cadical_mangled_kitten_binary" "-Dkitten_clause=cadical_mangled_kitten_clause" "-Dkitten_clause_with_id_and_exception=cadical_mangled_kitten_clause_with_id_and_exception" "-Dkitten_clear=cadical_mangled_kitten_clear" "-Dkitten_compute_clausal_core=cadical_mangled_kitten_compute_clausal_core" "-Dkitten_failed=cadical_mangled_kitten_failed" "-Dkitten_fixed=cadical_mangled_kitten_fixed" "-Dkitten_flip_literal=cadical_mangled_kitten_flip_literal" "-Dkitten_flip_phases=cadical_mangled_kitten_flip_phases" "-Dkitten_no_ticks_limit=cadical_mangled_kitten_no_ticks_limit" "-Dkitten_randomize_phases=cadical_mangled_kitten_randomize_phases" "-Dkitten_release=cadical_mangled_kitten_release" "-Dkitten_set_ticks_limit=cadical_mangled_kitten_set_ticks_limit" "-Dkitten_shrink_to_clausal_core=cadical_mangled_kitten_shrink_to_clausal_core" "-Dkitten_shuffle_clauses=cadical_mangled_kitten_shuffle_clauses" "-Dkitten_solve=cadical_mangled_kitten_solve" "-Dkitten_status=cadical_mangled_kitten_status" "-Dkitten_track_antecedents=cadical_mangled_kitten_track_antecedents" "-Dkitten_traverse_core_clauses=cadical_mangled_kitten_traverse_core_clauses" "-Dkitten_traverse_core_ids=cadical_mangled_kitten_traverse_core_ids" "-Dkitten_unit=cadical_mangled_kitten_unit" "-Dkitten_value=cadical_mangled_kitten_value" "-Dcompletely_backtrack_to_root_level=cadical_mangled_completely_backtrack_to_root_level" "-Dnew_learned_klause=cadical_mangled_new_learned_klause" "-DNDEBUG" "-o" "/opt/rustwide/target/release/build/pindakaas-cadical/70d37042355393b6/out/1ca444035cca2c1d-analyze.o" "-c" "vendor/cadical/src/analyze.cpp"
[INFO] [stderr] warning: pindakaas-cadical@0.4.1: c++: fatal error: Killed signal terminated program cc1plus
[INFO] [stderr] warning: pindakaas-cadical@0.4.1: compilation terminated.
[INFO] [stderr] warning: pindakaas-cadical@0.4.1: ToolExecError: command did not execute successfully (status code exit status: 1): "c++" "-O3" "-ffunction-sections" "-fdata-sections" "-fPIC" "-m64" "-I" "vendor/cadical/src" "-Wall" "-Wextra" "-std=c++11" "-DNBUILD" "-DNCLOSEFROM" "-DNTRACING" "-DNUNLOCKED" "-DQUIET" "-Dkitten_assume=cadical_mangled_kitten_assume" "-Dkitten_binary=cadical_mangled_kitten_binary" "-Dkitten_clause=cadical_mangled_kitten_clause" "-Dkitten_clause_with_id_and_exception=cadical_mangled_kitten_clause_with_id_and_exception" "-Dkitten_clear=cadical_mangled_kitten_clear" "-Dkitten_compute_clausal_core=cadical_mangled_kitten_compute_clausal_core" "-Dkitten_failed=cadical_mangled_kitten_failed" "-Dkitten_fixed=cadical_mangled_kitten_fixed" "-Dkitten_flip_literal=cadical_mangled_kitten_flip_literal" "-Dkitten_flip_phases=cadical_mangled_kitten_flip_phases" "-Dkitten_no_ticks_limit=cadical_mangled_kitten_no_ticks_limit" "-Dkitten_randomize_phases=cadical_mangled_kitten_randomize_phases" "-Dkitten_release=cadical_mangled_kitten_release" "-Dkitten_set_ticks_limit=cadical_mangled_kitten_set_ticks_limit" "-Dkitten_shrink_to_clausal_core=cadical_mangled_kitten_shrink_to_clausal_core" "-Dkitten_shuffle_clauses=cadical_mangled_kitten_shuffle_clauses" "-Dkitten_solve=cadical_mangled_kitten_solve" "-Dkitten_status=cadical_mangled_kitten_status" "-Dkitten_track_antecedents=cadical_mangled_kitten_track_antecedents" "-Dkitten_traverse_core_clauses=cadical_mangled_kitten_traverse_core_clauses" "-Dkitten_traverse_core_ids=cadical_mangled_kitten_traverse_core_ids" "-Dkitten_unit=cadical_mangled_kitten_unit" "-Dkitten_value=cadical_mangled_kitten_value" "-Dcompletely_backtrack_to_root_level=cadical_mangled_completely_backtrack_to_root_level" "-Dnew_learned_klause=cadical_mangled_new_learned_klause" "-DNDEBUG" "-o" "/opt/rustwide/target/release/build/pindakaas-cadical/70d37042355393b6/out/1ca444035cca2c1d-congruence.o" "-c" "vendor/cadical/src/congruence.cpp"
[INFO] [stderr] warning: pindakaas-cadical@0.4.1: c++: fatal error: Killed signal terminated program cc1plus
[INFO] [stderr] warning: pindakaas-cadical@0.4.1: compilation terminated.
[INFO] [stderr] warning: pindakaas-cadical@0.4.1: ToolExecError: command did not execute successfully (status code exit status: 1): "c++" "-O3" "-ffunction-sections" "-fdata-sections" "-fPIC" "-m64" "-I" "vendor/cadical/src" "-Wall" "-Wextra" "-std=c++11" "-DNBUILD" "-DNCLOSEFROM" "-DNTRACING" "-DNUNLOCKED" "-DQUIET" "-Dkitten_assume=cadical_mangled_kitten_assume" "-Dkitten_binary=cadical_mangled_kitten_binary" "-Dkitten_clause=cadical_mangled_kitten_clause" "-Dkitten_clause_with_id_and_exception=cadical_mangled_kitten_clause_with_id_and_exception" "-Dkitten_clear=cadical_mangled_kitten_clear" "-Dkitten_compute_clausal_core=cadical_mangled_kitten_compute_clausal_core" "-Dkitten_failed=cadical_mangled_kitten_failed" "-Dkitten_fixed=cadical_mangled_kitten_fixed" "-Dkitten_flip_literal=cadical_mangled_kitten_flip_literal" "-Dkitten_flip_phases=cadical_mangled_kitten_flip_phases" "-Dkitten_no_ticks_limit=cadical_mangled_kitten_no_ticks_limit" "-Dkitten_randomize_phases=cadical_mangled_kitten_randomize_phases" "-Dkitten_release=cadical_mangled_kitten_release" "-Dkitten_set_ticks_limit=cadical_mangled_kitten_set_ticks_limit" "-Dkitten_shrink_to_clausal_core=cadical_mangled_kitten_shrink_to_clausal_core" "-Dkitten_shuffle_clauses=cadical_mangled_kitten_shuffle_clauses" "-Dkitten_solve=cadical_mangled_kitten_solve" "-Dkitten_status=cadical_mangled_kitten_status" "-Dkitten_track_antecedents=cadical_mangled_kitten_track_antecedents" "-Dkitten_traverse_core_clauses=cadical_mangled_kitten_traverse_core_clauses" "-Dkitten_traverse_core_ids=cadical_mangled_kitten_traverse_core_ids" "-Dkitten_unit=cadical_mangled_kitten_unit" "-Dkitten_value=cadical_mangled_kitten_value" "-Dcompletely_backtrack_to_root_level=cadical_mangled_completely_backtrack_to_root_level" "-Dnew_learned_klause=cadical_mangled_new_learned_klause" "-DNDEBUG" "-o" "/opt/rustwide/target/release/build/pindakaas-cadical/70d37042355393b6/out/1ca444035cca2c1d-condition.o" "-c" "vendor/cadical/src/condition.cpp"
[INFO] [stderr] warning: pindakaas-cadical@0.4.1: c++: fatal error: Killed signal terminated program cc1plus
[INFO] [stderr] warning: pindakaas-cadical@0.4.1: compilation terminated.
[INFO] [stderr] warning: pindakaas-cadical@0.4.1: ToolExecError: command did not execute successfully (status code exit status: 1): "c++" "-O3" "-ffunction-sections" "-fdata-sections" "-fPIC" "-m64" "-I" "vendor/cadical/src" "-Wall" "-Wextra" "-std=c++11" "-DNBUILD" "-DNCLOSEFROM" "-DNTRACING" "-DNUNLOCKED" "-DQUIET" "-Dkitten_assume=cadical_mangled_kitten_assume" "-Dkitten_binary=cadical_mangled_kitten_binary" "-Dkitten_clause=cadical_mangled_kitten_clause" "-Dkitten_clause_with_id_and_exception=cadical_mangled_kitten_clause_with_id_and_exception" "-Dkitten_clear=cadical_mangled_kitten_clear" "-Dkitten_compute_clausal_core=cadical_mangled_kitten_compute_clausal_core" "-Dkitten_failed=cadical_mangled_kitten_failed" "-Dkitten_fixed=cadical_mangled_kitten_fixed" "-Dkitten_flip_literal=cadical_mangled_kitten_flip_literal" "-Dkitten_flip_phases=cadical_mangled_kitten_flip_phases" "-Dkitten_no_ticks_limit=cadical_mangled_kitten_no_ticks_limit" "-Dkitten_randomize_phases=cadical_mangled_kitten_randomize_phases" "-Dkitten_release=cadical_mangled_kitten_release" "-Dkitten_set_ticks_limit=cadical_mangled_kitten_set_ticks_limit" "-Dkitten_shrink_to_clausal_core=cadical_mangled_kitten_shrink_to_clausal_core" "-Dkitten_shuffle_clauses=cadical_mangled_kitten_shuffle_clauses" "-Dkitten_solve=cadical_mangled_kitten_solve" "-Dkitten_status=cadical_mangled_kitten_status" "-Dkitten_track_antecedents=cadical_mangled_kitten_track_antecedents" "-Dkitten_traverse_core_clauses=cadical_mangled_kitten_traverse_core_clauses" "-Dkitten_traverse_core_ids=cadical_mangled_kitten_traverse_core_ids" "-Dkitten_unit=cadical_mangled_kitten_unit" "-Dkitten_value=cadical_mangled_kitten_value" "-Dcompletely_backtrack_to_root_level=cadical_mangled_completely_backtrack_to_root_level" "-Dnew_learned_klause=cadical_mangled_new_learned_klause" "-DNDEBUG" "-o" "/opt/rustwide/target/release/build/pindakaas-cadical/70d37042355393b6/out/1ca444035cca2c1d-compact.o" "-c" "vendor/cadical/src/compact.cpp"
[INFO] [stderr] warning: pindakaas-cadical@0.4.1: c++: fatal error: Killed signal terminated program cc1plus
[INFO] [stderr] warning: pindakaas-cadical@0.4.1: compilation terminated.
[INFO] [stderr] warning: pindakaas-cadical@0.4.1: ToolExecError: command did not execute successfully (status code exit status: 1): "c++" "-O3" "-ffunction-sections" "-fdata-sections" "-fPIC" "-m64" "-I" "vendor/cadical/src" "-Wall" "-Wextra" "-std=c++11" "-DNBUILD" "-DNCLOSEFROM" "-DNTRACING" "-DNUNLOCKED" "-DQUIET" "-Dkitten_assume=cadical_mangled_kitten_assume" "-Dkitten_binary=cadical_mangled_kitten_binary" "-Dkitten_clause=cadical_mangled_kitten_clause" "-Dkitten_clause_with_id_and_exception=cadical_mangled_kitten_clause_with_id_and_exception" "-Dkitten_clear=cadical_mangled_kitten_clear" "-Dkitten_compute_clausal_core=cadical_mangled_kitten_compute_clausal_core" "-Dkitten_failed=cadical_mangled_kitten_failed" "-Dkitten_fixed=cadical_mangled_kitten_fixed" "-Dkitten_flip_literal=cadical_mangled_kitten_flip_literal" "-Dkitten_flip_phases=cadical_mangled_kitten_flip_phases" "-Dkitten_no_ticks_limit=cadical_mangled_kitten_no_ticks_limit" "-Dkitten_randomize_phases=cadical_mangled_kitten_randomize_phases" "-Dkitten_release=cadical_mangled_kitten_release" "-Dkitten_set_ticks_limit=cadical_mangled_kitten_set_ticks_limit" "-Dkitten_shrink_to_clausal_core=cadical_mangled_kitten_shrink_to_clausal_core" "-Dkitten_shuffle_clauses=cadical_mangled_kitten_shuffle_clauses" "-Dkitten_solve=cadical_mangled_kitten_solve" "-Dkitten_status=cadical_mangled_kitten_status" "-Dkitten_track_antecedents=cadical_mangled_kitten_track_antecedents" "-Dkitten_traverse_core_clauses=cadical_mangled_kitten_traverse_core_clauses" "-Dkitten_traverse_core_ids=cadical_mangled_kitten_traverse_core_ids" "-Dkitten_unit=cadical_mangled_kitten_unit" "-Dkitten_value=cadical_mangled_kitten_value" "-Dcompletely_backtrack_to_root_level=cadical_mangled_completely_backtrack_to_root_level" "-Dnew_learned_klause=cadical_mangled_new_learned_klause" "-DNDEBUG" "-o" "/opt/rustwide/target/release/build/pindakaas-cadical/70d37042355393b6/out/1ca444035cca2c1d-cover.o" "-c" "vendor/cadical/src/cover.cpp"
[INFO] [stderr] warning: pindakaas-cadical@0.4.1: c++: fatal error: Killed signal terminated program cc1plus
[INFO] [stderr] warning: pindakaas-cadical@0.4.1: compilation terminated.
[INFO] [stderr] warning: pindakaas-cadical@0.4.1: ToolExecError: command did not execute successfully (status code exit status: 1): "c++" "-O3" "-ffunction-sections" "-fdata-sections" "-fPIC" "-m64" "-I" "vendor/cadical/src" "-Wall" "-Wextra" "-std=c++11" "-DNBUILD" "-DNCLOSEFROM" "-DNTRACING" "-DNUNLOCKED" "-DQUIET" "-Dkitten_assume=cadical_mangled_kitten_assume" "-Dkitten_binary=cadical_mangled_kitten_binary" "-Dkitten_clause=cadical_mangled_kitten_clause" "-Dkitten_clause_with_id_and_exception=cadical_mangled_kitten_clause_with_id_and_exception" "-Dkitten_clear=cadical_mangled_kitten_clear" "-Dkitten_compute_clausal_core=cadical_mangled_kitten_compute_clausal_core" "-Dkitten_failed=cadical_mangled_kitten_failed" "-Dkitten_fixed=cadical_mangled_kitten_fixed" "-Dkitten_flip_literal=cadical_mangled_kitten_flip_literal" "-Dkitten_flip_phases=cadical_mangled_kitten_flip_phases" "-Dkitten_no_ticks_limit=cadical_mangled_kitten_no_ticks_limit" "-Dkitten_randomize_phases=cadical_mangled_kitten_randomize_phases" "-Dkitten_release=cadical_mangled_kitten_release" "-Dkitten_set_ticks_limit=cadical_mangled_kitten_set_ticks_limit" "-Dkitten_shrink_to_clausal_core=cadical_mangled_kitten_shrink_to_clausal_core" "-Dkitten_shuffle_clauses=cadical_mangled_kitten_shuffle_clauses" "-Dkitten_solve=cadical_mangled_kitten_solve" "-Dkitten_status=cadical_mangled_kitten_status" "-Dkitten_track_antecedents=cadical_mangled_kitten_track_antecedents" "-Dkitten_traverse_core_clauses=cadical_mangled_kitten_traverse_core_clauses" "-Dkitten_traverse_core_ids=cadical_mangled_kitten_traverse_core_ids" "-Dkitten_unit=cadical_mangled_kitten_unit" "-Dkitten_value=cadical_mangled_kitten_value" "-Dcompletely_backtrack_to_root_level=cadical_mangled_completely_backtrack_to_root_level" "-Dnew_learned_klause=cadical_mangled_new_learned_klause" "-DNDEBUG" "-o" "/opt/rustwide/target/release/build/pindakaas-cadical/70d37042355393b6/out/1ca444035cca2c1d-decompose.o" "-c" "vendor/cadical/src/decompose.cpp"
[INFO] [stderr] warning: pindakaas-cadical@0.4.1: vendor/cadical/src/kitten.c: In function 'unsigned int propagate_literal(kitten*, unsigned int)':
[INFO] [stderr] warning: pindakaas-cadical@0.4.1: vendor/cadical/src/kitten.c:1038:9: warning: type qualifiers ignored on cast result type [-Wignored-qualifiers]
[INFO] [stderr] warning: pindakaas-cadical@0.4.1:  1038 |       (((const char *const) end_watches - (char *const) q) >> 7) + 1;
[INFO] [stderr] warning: pindakaas-cadical@0.4.1:       |         ^~~~~~~~~~~~~~~~~~~~~~~~~~~~~~~
[INFO] [stderr] warning: pindakaas-cadical@0.4.1: vendor/cadical/src/kitten.c:1038:43: warning: type qualifiers ignored on cast result type [-Wignored-qualifiers]
[INFO] [stderr] warning: pindakaas-cadical@0.4.1:  1038 |       (((const char *const) end_watches - (char *const) q) >> 7) + 1;
[INFO] [stderr] warning: pindakaas-cadical@0.4.1:       |                                           ^~~~~~~~~~~~~~~
[INFO] [stderr] warning: pindakaas-cadical@0.4.1: vendor/cadical/src/kitten.c: In function 'bool flip_literal(kitten*, unsigned int)':
[INFO] [stderr] warning: pindakaas-cadical@0.4.1: vendor/cadical/src/kitten.c:1673:9: warning: type qualifiers ignored on cast result type [-Wignored-qualifiers]
[INFO] [stderr] warning: pindakaas-cadical@0.4.1:  1673 |       (((const char *const) end_watches - (const char *const) q) >> 7) + 1;
[INFO] [stderr] warning: pindakaas-cadical@0.4.1:       |         ^~~~~~~~~~~~~~~~~~~~~~~~~~~~~~~
[INFO] [stderr] warning: pindakaas-cadical@0.4.1: vendor/cadical/src/kitten.c:1673:43: warning: type qualifiers ignored on cast result type [-Wignored-qualifiers]
[INFO] [stderr] warning: pindakaas-cadical@0.4.1:  1673 |       (((const char *const) end_watches - (const char *const) q) >> 7) + 1;
[INFO] [stderr] warning: pindakaas-cadical@0.4.1:       |                                           ^~~~~~~~~~~~~~~~~~~~~
[INFO] [stderr] warning: pindakaas-cadical@0.4.1: vendor/cadical/src/kitten.c: In function 'bool prime_propagate(kitten*, unsigned int, void*, bool, bool (*)(void*, unsigned int))':
[INFO] [stderr] warning: pindakaas-cadical@0.4.1: vendor/cadical/src/kitten.c:2303:11: warning: type qualifiers ignored on cast result type [-Wignored-qualifiers]
[INFO] [stderr] warning: pindakaas-cadical@0.4.1:  2303 |         (((const char *const) end_watches - (const char *const) q) >> 7) +
[INFO] [stderr] warning: pindakaas-cadical@0.4.1:       |           ^~~~~~~~~~~~~~~~~~~~~~~~~~~~~~~
[INFO] [stderr] warning: pindakaas-cadical@0.4.1: vendor/cadical/src/kitten.c:2303:45: warning: type qualifiers ignored on cast result type [-Wignored-qualifiers]
[INFO] [stderr] warning: pindakaas-cadical@0.4.1:  2303 |         (((const char *const) end_watches - (const char *const) q) >> 7) +
[INFO] [stderr] warning: pindakaas-cadical@0.4.1:       |                                             ^~~~~~~~~~~~~~~~~~~~~
[INFO] [stderr] warning: pindakaas-cadical@0.4.1: vendor/cadical/src/kitten.c: In function 'bool prime_propagate_blit(kitten*, unsigned int, unsigned int)':
[INFO] [stderr] warning: pindakaas-cadical@0.4.1: vendor/cadical/src/kitten.c:2461:11: warning: type qualifiers ignored on cast result type [-Wignored-qualifiers]
[INFO] [stderr] warning: pindakaas-cadical@0.4.1:  2461 |         (((const char *const) end_watches - (const char *const) q) >> 7) +
[INFO] [stderr] warning: pindakaas-cadical@0.4.1:       |           ^~~~~~~~~~~~~~~~~~~~~~~~~~~~~~~
[INFO] [stderr] warning: pindakaas-cadical@0.4.1: vendor/cadical/src/kitten.c:2461:45: warning: type qualifiers ignored on cast result type [-Wignored-qualifiers]
[INFO] [stderr] warning: pindakaas-cadical@0.4.1:  2461 |         (((const char *const) end_watches - (const char *const) q) >> 7) +
[INFO] [stderr] warning: pindakaas-cadical@0.4.1:       |                                             ^~~~~~~~~~~~~~~~~~~~~
[INFO] [stderr] warning: pindakaas-cadical@0.4.1: c++: fatal error: Killed signal terminated program cc1plus
[INFO] [stderr] warning: pindakaas-cadical@0.4.1: compilation terminated.
[INFO] [stderr] warning: pindakaas-cadical@0.4.1: ToolExecError: command did not execute successfully (status code exit status: 1): "c++" "-O3" "-ffunction-sections" "-fdata-sections" "-fPIC" "-m64" "-I" "vendor/cadical/src" "-Wall" "-Wextra" "-std=c++11" "-DNBUILD" "-DNCLOSEFROM" "-DNTRACING" "-DNUNLOCKED" "-DQUIET" "-Dkitten_assume=cadical_mangled_kitten_assume" "-Dkitten_binary=cadical_mangled_kitten_binary" "-Dkitten_clause=cadical_mangled_kitten_clause" "-Dkitten_clause_with_id_and_exception=cadical_mangled_kitten_clause_with_id_and_exception" "-Dkitten_clear=cadical_mangled_kitten_clear" "-Dkitten_compute_clausal_core=cadical_mangled_kitten_compute_clausal_core" "-Dkitten_failed=cadical_mangled_kitten_failed" "-Dkitten_fixed=cadical_mangled_kitten_fixed" "-Dkitten_flip_literal=cadical_mangled_kitten_flip_literal" "-Dkitten_flip_phases=cadical_mangled_kitten_flip_phases" "-Dkitten_no_ticks_limit=cadical_mangled_kitten_no_ticks_limit" "-Dkitten_randomize_phases=cadical_mangled_kitten_randomize_phases" "-Dkitten_release=cadical_mangled_kitten_release" "-Dkitten_set_ticks_limit=cadical_mangled_kitten_set_ticks_limit" "-Dkitten_shrink_to_clausal_core=cadical_mangled_kitten_shrink_to_clausal_core" "-Dkitten_shuffle_clauses=cadical_mangled_kitten_shuffle_clauses" "-Dkitten_solve=cadical_mangled_kitten_solve" "-Dkitten_status=cadical_mangled_kitten_status" "-Dkitten_track_antecedents=cadical_mangled_kitten_track_antecedents" "-Dkitten_traverse_core_clauses=cadical_mangled_kitten_traverse_core_clauses" "-Dkitten_traverse_core_ids=cadical_mangled_kitten_traverse_core_ids" "-Dkitten_unit=cadical_mangled_kitten_unit" "-Dkitten_value=cadical_mangled_kitten_value" "-Dcompletely_backtrack_to_root_level=cadical_mangled_completely_backtrack_to_root_level" "-Dnew_learned_klause=cadical_mangled_new_learned_klause" "-DNDEBUG" "-o" "/opt/rustwide/target/release/build/pindakaas-cadical/70d37042355393b6/out/1ca444035cca2c1d-external_propagate.o" "-c" "vendor/cadical/src/external_propagate.cpp"
[INFO] [stderr] warning: pindakaas-cadical@0.4.1: c++: fatal error: Killed signal terminated program cc1plus
[INFO] [stderr] warning: pindakaas-cadical@0.4.1: compilation terminated.
[INFO] [stderr] warning: pindakaas-cadical@0.4.1: ToolExecError: command did not execute successfully (status code exit status: 1): "c++" "-O3" "-ffunction-sections" "-fdata-sections" "-fPIC" "-m64" "-I" "vendor/cadical/src" "-Wall" "-Wextra" "-std=c++11" "-DNBUILD" "-DNCLOSEFROM" "-DNTRACING" "-DNUNLOCKED" "-DQUIET" "-Dkitten_assume=cadical_mangled_kitten_assume" "-Dkitten_binary=cadical_mangled_kitten_binary" "-Dkitten_clause=cadical_mangled_kitten_clause" "-Dkitten_clause_with_id_and_exception=cadical_mangled_kitten_clause_with_id_and_exception" "-Dkitten_clear=cadical_mangled_kitten_clear" "-Dkitten_compute_clausal_core=cadical_mangled_kitten_compute_clausal_core" "-Dkitten_failed=cadical_mangled_kitten_failed" "-Dkitten_fixed=cadical_mangled_kitten_fixed" "-Dkitten_flip_literal=cadical_mangled_kitten_flip_literal" "-Dkitten_flip_phases=cadical_mangled_kitten_flip_phases" "-Dkitten_no_ticks_limit=cadical_mangled_kitten_no_ticks_limit" "-Dkitten_randomize_phases=cadical_mangled_kitten_randomize_phases" "-Dkitten_release=cadical_mangled_kitten_release" "-Dkitten_set_ticks_limit=cadical_mangled_kitten_set_ticks_limit" "-Dkitten_shrink_to_clausal_core=cadical_mangled_kitten_shrink_to_clausal_core" "-Dkitten_shuffle_clauses=cadical_mangled_kitten_shuffle_clauses" "-Dkitten_solve=cadical_mangled_kitten_solve" "-Dkitten_status=cadical_mangled_kitten_status" "-Dkitten_track_antecedents=cadical_mangled_kitten_track_antecedents" "-Dkitten_traverse_core_clauses=cadical_mangled_kitten_traverse_core_clauses" "-Dkitten_traverse_core_ids=cadical_mangled_kitten_traverse_core_ids" "-Dkitten_unit=cadical_mangled_kitten_unit" "-Dkitten_value=cadical_mangled_kitten_value" "-Dcompletely_backtrack_to_root_level=cadical_mangled_completely_backtrack_to_root_level" "-Dnew_learned_klause=cadical_mangled_new_learned_klause" "-DNDEBUG" "-o" "/opt/rustwide/target/release/build/pindakaas-cadical/70d37042355393b6/out/1ca444035cca2c1d-deduplicate.o" "-c" "vendor/cadical/src/deduplicate.cpp"
[INFO] [stderr] warning: pindakaas-cadical@0.4.1: c++: fatal error: Killed signal terminated program cc1plus
[INFO] [stderr] warning: pindakaas-cadical@0.4.1: compilation terminated.
[INFO] [stderr] warning: pindakaas-cadical@0.4.1: c++: fatal error: Killed signal terminated program cc1plus
[INFO] [stderr] warning: pindakaas-cadical@0.4.1: compilation terminated.
[INFO] [stderr] warning: pindakaas-cadical@0.4.1: ToolExecError: command did not execute successfully (status code exit status: 1): "c++" "-O3" "-ffunction-sections" "-fdata-sections" "-fPIC" "-m64" "-I" "vendor/cadical/src" "-Wall" "-Wextra" "-std=c++11" "-DNBUILD" "-DNCLOSEFROM" "-DNTRACING" "-DNUNLOCKED" "-DQUIET" "-Dkitten_assume=cadical_mangled_kitten_assume" "-Dkitten_binary=cadical_mangled_kitten_binary" "-Dkitten_clause=cadical_mangled_kitten_clause" "-Dkitten_clause_with_id_and_exception=cadical_mangled_kitten_clause_with_id_and_exception" "-Dkitten_clear=cadical_mangled_kitten_clear" "-Dkitten_compute_clausal_core=cadical_mangled_kitten_compute_clausal_core" "-Dkitten_failed=cadical_mangled_kitten_failed" "-Dkitten_fixed=cadical_mangled_kitten_fixed" "-Dkitten_flip_literal=cadical_mangled_kitten_flip_literal" "-Dkitten_flip_phases=cadical_mangled_kitten_flip_phases" "-Dkitten_no_ticks_limit=cadical_mangled_kitten_no_ticks_limit" "-Dkitten_randomize_phases=cadical_mangled_kitten_randomize_phases" "-Dkitten_release=cadical_mangled_kitten_release" "-Dkitten_set_ticks_limit=cadical_mangled_kitten_set_ticks_limit" "-Dkitten_shrink_to_clausal_core=cadical_mangled_kitten_shrink_to_clausal_core" "-Dkitten_shuffle_clauses=cadical_mangled_kitten_shuffle_clauses" "-Dkitten_solve=cadical_mangled_kitten_solve" "-Dkitten_status=cadical_mangled_kitten_status" "-Dkitten_track_antecedents=cadical_mangled_kitten_track_antecedents" "-Dkitten_traverse_core_clauses=cadical_mangled_kitten_traverse_core_clauses" "-Dkitten_traverse_core_ids=cadical_mangled_kitten_traverse_core_ids" "-Dkitten_unit=cadical_mangled_kitten_unit" "-Dkitten_value=cadical_mangled_kitten_value" "-Dcompletely_backtrack_to_root_level=cadical_mangled_completely_backtrack_to_root_level" "-Dnew_learned_klause=cadical_mangled_new_learned_klause" "-DNDEBUG" "-o" "/opt/rustwide/target/release/build/pindakaas-cadical/70d37042355393b6/out/1ca444035cca2c1d-elimfast.o" "-c" "vendor/cadical/src/elimfast.cpp"
[INFO] [stderr] warning: pindakaas-cadical@0.4.1: ToolExecError: command did not execute successfully (status code exit status: 1): "c++" "-O3" "-ffunction-sections" "-fdata-sections" "-fPIC" "-m64" "-I" "vendor/cadical/src" "-Wall" "-Wextra" "-std=c++11" "-DNBUILD" "-DNCLOSEFROM" "-DNTRACING" "-DNUNLOCKED" "-DQUIET" "-Dkitten_assume=cadical_mangled_kitten_assume" "-Dkitten_binary=cadical_mangled_kitten_binary" "-Dkitten_clause=cadical_mangled_kitten_clause" "-Dkitten_clause_with_id_and_exception=cadical_mangled_kitten_clause_with_id_and_exception" "-Dkitten_clear=cadical_mangled_kitten_clear" "-Dkitten_compute_clausal_core=cadical_mangled_kitten_compute_clausal_core" "-Dkitten_failed=cadical_mangled_kitten_failed" "-Dkitten_fixed=cadical_mangled_kitten_fixed" "-Dkitten_flip_literal=cadical_mangled_kitten_flip_literal" "-Dkitten_flip_phases=cadical_mangled_kitten_flip_phases" "-Dkitten_no_ticks_limit=cadical_mangled_kitten_no_ticks_limit" "-Dkitten_randomize_phases=cadical_mangled_kitten_randomize_phases" "-Dkitten_release=cadical_mangled_kitten_release" "-Dkitten_set_ticks_limit=cadical_mangled_kitten_set_ticks_limit" "-Dkitten_shrink_to_clausal_core=cadical_mangled_kitten_shrink_to_clausal_core" "-Dkitten_shuffle_clauses=cadical_mangled_kitten_shuffle_clauses" "-Dkitten_solve=cadical_mangled_kitten_solve" "-Dkitten_status=cadical_mangled_kitten_status" "-Dkitten_track_antecedents=cadical_mangled_kitten_track_antecedents" "-Dkitten_traverse_core_clauses=cadical_mangled_kitten_traverse_core_clauses" "-Dkitten_traverse_core_ids=cadical_mangled_kitten_traverse_core_ids" "-Dkitten_unit=cadical_mangled_kitten_unit" "-Dkitten_value=cadical_mangled_kitten_value" "-Dcompletely_backtrack_to_root_level=cadical_mangled_completely_backtrack_to_root_level" "-Dnew_learned_klause=cadical_mangled_new_learned_klause" "-DNDEBUG" "-o" "/opt/rustwide/target/release/build/pindakaas-cadical/70d37042355393b6/out/1ca444035cca2c1d-elim.o" "-c" "vendor/cadical/src/elim.cpp"
[INFO] [stderr] warning: pindakaas-cadical@0.4.1: c++: fatal error: Killed signal terminated program cc1plus
[INFO] [stderr] warning: pindakaas-cadical@0.4.1: compilation terminated.
[INFO] [stderr] warning: pindakaas-cadical@0.4.1: ToolExecError: command did not execute successfully (status code exit status: 1): "c++" "-O3" "-ffunction-sections" "-fdata-sections" "-fPIC" "-m64" "-I" "vendor/cadical/src" "-Wall" "-Wextra" "-std=c++11" "-DNBUILD" "-DNCLOSEFROM" "-DNTRACING" "-DNUNLOCKED" "-DQUIET" "-Dkitten_assume=cadical_mangled_kitten_assume" "-Dkitten_binary=cadical_mangled_kitten_binary" "-Dkitten_clause=cadical_mangled_kitten_clause" "-Dkitten_clause_with_id_and_exception=cadical_mangled_kitten_clause_with_id_and_exception" "-Dkitten_clear=cadical_mangled_kitten_clear" "-Dkitten_compute_clausal_core=cadical_mangled_kitten_compute_clausal_core" "-Dkitten_failed=cadical_mangled_kitten_failed" "-Dkitten_fixed=cadical_mangled_kitten_fixed" "-Dkitten_flip_literal=cadical_mangled_kitten_flip_literal" "-Dkitten_flip_phases=cadical_mangled_kitten_flip_phases" "-Dkitten_no_ticks_limit=cadical_mangled_kitten_no_ticks_limit" "-Dkitten_randomize_phases=cadical_mangled_kitten_randomize_phases" "-Dkitten_release=cadical_mangled_kitten_release" "-Dkitten_set_ticks_limit=cadical_mangled_kitten_set_ticks_limit" "-Dkitten_shrink_to_clausal_core=cadical_mangled_kitten_shrink_to_clausal_core" "-Dkitten_shuffle_clauses=cadical_mangled_kitten_shuffle_clauses" "-Dkitten_solve=cadical_mangled_kitten_solve" "-Dkitten_status=cadical_mangled_kitten_status" "-Dkitten_track_antecedents=cadical_mangled_kitten_track_antecedents" "-Dkitten_traverse_core_clauses=cadical_mangled_kitten_traverse_core_clauses" "-Dkitten_traverse_core_ids=cadical_mangled_kitten_traverse_core_ids" "-Dkitten_unit=cadical_mangled_kitten_unit" "-Dkitten_value=cadical_mangled_kitten_value" "-Dcompletely_backtrack_to_root_level=cadical_mangled_completely_backtrack_to_root_level" "-Dnew_learned_klause=cadical_mangled_new_learned_klause" "-DNDEBUG" "-o" "/opt/rustwide/target/release/build/pindakaas-cadical/70d37042355393b6/out/1ca444035cca2c1d-external.o" "-c" "vendor/cadical/src/external.cpp"
[INFO] [stderr] warning: pindakaas-cadical@0.4.1: c++: fatal error: Killed signal terminated program cc1plus
[INFO] [stderr] warning: pindakaas-cadical@0.4.1: compilation terminated.
[INFO] [stderr] warning: pindakaas-cadical@0.4.1: ToolExecError: command did not execute successfully (status code exit status: 1): "c++" "-O3" "-ffunction-sections" "-fdata-sections" "-fPIC" "-m64" "-I" "vendor/cadical/src" "-Wall" "-Wextra" "-std=c++11" "-DNBUILD" "-DNCLOSEFROM" "-DNTRACING" "-DNUNLOCKED" "-DQUIET" "-Dkitten_assume=cadical_mangled_kitten_assume" "-Dkitten_binary=cadical_mangled_kitten_binary" "-Dkitten_clause=cadical_mangled_kitten_clause" "-Dkitten_clause_with_id_and_exception=cadical_mangled_kitten_clause_with_id_and_exception" "-Dkitten_clear=cadical_mangled_kitten_clear" "-Dkitten_compute_clausal_core=cadical_mangled_kitten_compute_clausal_core" "-Dkitten_failed=cadical_mangled_kitten_failed" "-Dkitten_fixed=cadical_mangled_kitten_fixed" "-Dkitten_flip_literal=cadical_mangled_kitten_flip_literal" "-Dkitten_flip_phases=cadical_mangled_kitten_flip_phases" "-Dkitten_no_ticks_limit=cadical_mangled_kitten_no_ticks_limit" "-Dkitten_randomize_phases=cadical_mangled_kitten_randomize_phases" "-Dkitten_release=cadical_mangled_kitten_release" "-Dkitten_set_ticks_limit=cadical_mangled_kitten_set_ticks_limit" "-Dkitten_shrink_to_clausal_core=cadical_mangled_kitten_shrink_to_clausal_core" "-Dkitten_shuffle_clauses=cadical_mangled_kitten_shuffle_clauses" "-Dkitten_solve=cadical_mangled_kitten_solve" "-Dkitten_status=cadical_mangled_kitten_status" "-Dkitten_track_antecedents=cadical_mangled_kitten_track_antecedents" "-Dkitten_traverse_core_clauses=cadical_mangled_kitten_traverse_core_clauses" "-Dkitten_traverse_core_ids=cadical_mangled_kitten_traverse_core_ids" "-Dkitten_unit=cadical_mangled_kitten_unit" "-Dkitten_value=cadical_mangled_kitten_value" "-Dcompletely_backtrack_to_root_level=cadical_mangled_completely_backtrack_to_root_level" "-Dnew_learned_klause=cadical_mangled_new_learned_klause" "-DNDEBUG" "-o" "/opt/rustwide/target/release/build/pindakaas-cadical/70d37042355393b6/out/1ca444035cca2c1d-factor.o" "-c" "vendor/cadical/src/factor.cpp"
[INFO] [stderr] warning: pindakaas-cadical@0.4.1: c++: fatal error: Killed signal terminated program cc1plus
[INFO] [stderr] warning: pindakaas-cadical@0.4.1: compilation terminated.
[INFO] [stderr] warning: pindakaas-cadical@0.4.1: ToolExecError: command did not execute successfully (status code exit status: 1): "c++" "-O3" "-ffunction-sections" "-fdata-sections" "-fPIC" "-m64" "-I" "vendor/cadical/src" "-Wall" "-Wextra" "-std=c++11" "-DNBUILD" "-DNCLOSEFROM" "-DNTRACING" "-DNUNLOCKED" "-DQUIET" "-Dkitten_assume=cadical_mangled_kitten_assume" "-Dkitten_binary=cadical_mangled_kitten_binary" "-Dkitten_clause=cadical_mangled_kitten_clause" "-Dkitten_clause_with_id_and_exception=cadical_mangled_kitten_clause_with_id_and_exception" "-Dkitten_clear=cadical_mangled_kitten_clear" "-Dkitten_compute_clausal_core=cadical_mangled_kitten_compute_clausal_core" "-Dkitten_failed=cadical_mangled_kitten_failed" "-Dkitten_fixed=cadical_mangled_kitten_fixed" "-Dkitten_flip_literal=cadical_mangled_kitten_flip_literal" "-Dkitten_flip_phases=cadical_mangled_kitten_flip_phases" "-Dkitten_no_ticks_limit=cadical_mangled_kitten_no_ticks_limit" "-Dkitten_randomize_phases=cadical_mangled_kitten_randomize_phases" "-Dkitten_release=cadical_mangled_kitten_release" "-Dkitten_set_ticks_limit=cadical_mangled_kitten_set_ticks_limit" "-Dkitten_shrink_to_clausal_core=cadical_mangled_kitten_shrink_to_clausal_core" "-Dkitten_shuffle_clauses=cadical_mangled_kitten_shuffle_clauses" "-Dkitten_solve=cadical_mangled_kitten_solve" "-Dkitten_status=cadical_mangled_kitten_status" "-Dkitten_track_antecedents=cadical_mangled_kitten_track_antecedents" "-Dkitten_traverse_core_clauses=cadical_mangled_kitten_traverse_core_clauses" "-Dkitten_traverse_core_ids=cadical_mangled_kitten_traverse_core_ids" "-Dkitten_unit=cadical_mangled_kitten_unit" "-Dkitten_value=cadical_mangled_kitten_value" "-Dcompletely_backtrack_to_root_level=cadical_mangled_completely_backtrack_to_root_level" "-Dnew_learned_klause=cadical_mangled_new_learned_klause" "-DNDEBUG" "-o" "/opt/rustwide/target/release/build/pindakaas-cadical/70d37042355393b6/out/1ca444035cca2c1d-gates.o" "-c" "vendor/cadical/src/gates.cpp"
[INFO] [stderr] warning: pindakaas-cadical@0.4.1: c++: fatal error: Killed signal terminated program cc1plus
[INFO] [stderr] warning: pindakaas-cadical@0.4.1: compilation terminated.
[INFO] [stderr] warning: pindakaas-cadical@0.4.1: ToolExecError: command did not execute successfully (status code exit status: 1): "c++" "-O3" "-ffunction-sections" "-fdata-sections" "-fPIC" "-m64" "-I" "vendor/cadical/src" "-Wall" "-Wextra" "-std=c++11" "-DNBUILD" "-DNCLOSEFROM" "-DNTRACING" "-DNUNLOCKED" "-DQUIET" "-Dkitten_assume=cadical_mangled_kitten_assume" "-Dkitten_binary=cadical_mangled_kitten_binary" "-Dkitten_clause=cadical_mangled_kitten_clause" "-Dkitten_clause_with_id_and_exception=cadical_mangled_kitten_clause_with_id_and_exception" "-Dkitten_clear=cadical_mangled_kitten_clear" "-Dkitten_compute_clausal_core=cadical_mangled_kitten_compute_clausal_core" "-Dkitten_failed=cadical_mangled_kitten_failed" "-Dkitten_fixed=cadical_mangled_kitten_fixed" "-Dkitten_flip_literal=cadical_mangled_kitten_flip_literal" "-Dkitten_flip_phases=cadical_mangled_kitten_flip_phases" "-Dkitten_no_ticks_limit=cadical_mangled_kitten_no_ticks_limit" "-Dkitten_randomize_phases=cadical_mangled_kitten_randomize_phases" "-Dkitten_release=cadical_mangled_kitten_release" "-Dkitten_set_ticks_limit=cadical_mangled_kitten_set_ticks_limit" "-Dkitten_shrink_to_clausal_core=cadical_mangled_kitten_shrink_to_clausal_core" "-Dkitten_shuffle_clauses=cadical_mangled_kitten_shuffle_clauses" "-Dkitten_solve=cadical_mangled_kitten_solve" "-Dkitten_status=cadical_mangled_kitten_status" "-Dkitten_track_antecedents=cadical_mangled_kitten_track_antecedents" "-Dkitten_traverse_core_clauses=cadical_mangled_kitten_traverse_core_clauses" "-Dkitten_traverse_core_ids=cadical_mangled_kitten_traverse_core_ids" "-Dkitten_unit=cadical_mangled_kitten_unit" "-Dkitten_value=cadical_mangled_kitten_value" "-Dcompletely_backtrack_to_root_level=cadical_mangled_completely_backtrack_to_root_level" "-Dnew_learned_klause=cadical_mangled_new_learned_klause" "-DNDEBUG" "-o" "/opt/rustwide/target/release/build/pindakaas-cadical/70d37042355393b6/out/1ca444035cca2c1d-internal.o" "-c" "vendor/cadical/src/internal.cpp"
[INFO] [stderr] warning: pindakaas-cadical@0.4.1: c++: fatal error: Killed signal terminated program cc1plus
[INFO] [stderr] warning: pindakaas-cadical@0.4.1: compilation terminated.
[INFO] [stderr] warning: pindakaas-cadical@0.4.1: ToolExecError: command did not execute successfully (status code exit status: 1): "c++" "-O3" "-ffunction-sections" "-fdata-sections" "-fPIC" "-m64" "-I" "vendor/cadical/src" "-Wall" "-Wextra" "-std=c++11" "-DNBUILD" "-DNCLOSEFROM" "-DNTRACING" "-DNUNLOCKED" "-DQUIET" "-Dkitten_assume=cadical_mangled_kitten_assume" "-Dkitten_binary=cadical_mangled_kitten_binary" "-Dkitten_clause=cadical_mangled_kitten_clause" "-Dkitten_clause_with_id_and_exception=cadical_mangled_kitten_clause_with_id_and_exception" "-Dkitten_clear=cadical_mangled_kitten_clear" "-Dkitten_compute_clausal_core=cadical_mangled_kitten_compute_clausal_core" "-Dkitten_failed=cadical_mangled_kitten_failed" "-Dkitten_fixed=cadical_mangled_kitten_fixed" "-Dkitten_flip_literal=cadical_mangled_kitten_flip_literal" "-Dkitten_flip_phases=cadical_mangled_kitten_flip_phases" "-Dkitten_no_ticks_limit=cadical_mangled_kitten_no_ticks_limit" "-Dkitten_randomize_phases=cadical_mangled_kitten_randomize_phases" "-Dkitten_release=cadical_mangled_kitten_release" "-Dkitten_set_ticks_limit=cadical_mangled_kitten_set_ticks_limit" "-Dkitten_shrink_to_clausal_core=cadical_mangled_kitten_shrink_to_clausal_core" "-Dkitten_shuffle_clauses=cadical_mangled_kitten_shuffle_clauses" "-Dkitten_solve=cadical_mangled_kitten_solve" "-Dkitten_status=cadical_mangled_kitten_status" "-Dkitten_track_antecedents=cadical_mangled_kitten_track_antecedents" "-Dkitten_traverse_core_clauses=cadical_mangled_kitten_traverse_core_clauses" "-Dkitten_traverse_core_ids=cadical_mangled_kitten_traverse_core_ids" "-Dkitten_unit=cadical_mangled_kitten_unit" "-Dkitten_value=cadical_mangled_kitten_value" "-Dcompletely_backtrack_to_root_level=cadical_mangled_completely_backtrack_to_root_level" "-Dnew_learned_klause=cadical_mangled_new_learned_klause" "-DNDEBUG" "-o" "/opt/rustwide/target/release/build/pindakaas-cadical/70d37042355393b6/out/1ca444035cca2c1d-instantiate.o" "-c" "vendor/cadical/src/instantiate.cpp"
[INFO] [stderr] warning: pindakaas-cadical@0.4.1: c++: fatal error: Killed signal terminated program cc1plus
[INFO] [stderr] warning: pindakaas-cadical@0.4.1: compilation terminated.
[INFO] [stderr] warning: pindakaas-cadical@0.4.1: ToolExecError: command did not execute successfully (status code exit status: 1): "c++" "-O3" "-ffunction-sections" "-fdata-sections" "-fPIC" "-m64" "-I" "vendor/cadical/src" "-Wall" "-Wextra" "-std=c++11" "-DNBUILD" "-DNCLOSEFROM" "-DNTRACING" "-DNUNLOCKED" "-DQUIET" "-Dkitten_assume=cadical_mangled_kitten_assume" "-Dkitten_binary=cadical_mangled_kitten_binary" "-Dkitten_clause=cadical_mangled_kitten_clause" "-Dkitten_clause_with_id_and_exception=cadical_mangled_kitten_clause_with_id_and_exception" "-Dkitten_clear=cadical_mangled_kitten_clear" "-Dkitten_compute_clausal_core=cadical_mangled_kitten_compute_clausal_core" "-Dkitten_failed=cadical_mangled_kitten_failed" "-Dkitten_fixed=cadical_mangled_kitten_fixed" "-Dkitten_flip_literal=cadical_mangled_kitten_flip_literal" "-Dkitten_flip_phases=cadical_mangled_kitten_flip_phases" "-Dkitten_no_ticks_limit=cadical_mangled_kitten_no_ticks_limit" "-Dkitten_randomize_phases=cadical_mangled_kitten_randomize_phases" "-Dkitten_release=cadical_mangled_kitten_release" "-Dkitten_set_ticks_limit=cadical_mangled_kitten_set_ticks_limit" "-Dkitten_shrink_to_clausal_core=cadical_mangled_kitten_shrink_to_clausal_core" "-Dkitten_shuffle_clauses=cadical_mangled_kitten_shuffle_clauses" "-Dkitten_solve=cadical_mangled_kitten_solve" "-Dkitten_status=cadical_mangled_kitten_status" "-Dkitten_track_antecedents=cadical_mangled_kitten_track_antecedents" "-Dkitten_traverse_core_clauses=cadical_mangled_kitten_traverse_core_clauses" "-Dkitten_traverse_core_ids=cadical_mangled_kitten_traverse_core_ids" "-Dkitten_unit=cadical_mangled_kitten_unit" "-Dkitten_value=cadical_mangled_kitten_value" "-Dcompletely_backtrack_to_root_level=cadical_mangled_completely_backtrack_to_root_level" "-Dnew_learned_klause=cadical_mangled_new_learned_klause" "-DNDEBUG" "-o" "/opt/rustwide/target/release/build/pindakaas-cadical/70d37042355393b6/out/1ca444035cca2c1d-proof.o" "-c" "vendor/cadical/src/proof.cpp"
[INFO] [stderr] warning: pindakaas-cadical@0.4.1: c++: fatal error: Killed signal terminated program cc1plus
[INFO] [stderr] warning: pindakaas-cadical@0.4.1: compilation terminated.
[INFO] [stderr] warning: pindakaas-cadical@0.4.1: ToolExecError: command did not execute successfully (status code exit status: 1): "c++" "-O3" "-ffunction-sections" "-fdata-sections" "-fPIC" "-m64" "-I" "vendor/cadical/src" "-Wall" "-Wextra" "-std=c++11" "-DNBUILD" "-DNCLOSEFROM" "-DNTRACING" "-DNUNLOCKED" "-DQUIET" "-Dkitten_assume=cadical_mangled_kitten_assume" "-Dkitten_binary=cadical_mangled_kitten_binary" "-Dkitten_clause=cadical_mangled_kitten_clause" "-Dkitten_clause_with_id_and_exception=cadical_mangled_kitten_clause_with_id_and_exception" "-Dkitten_clear=cadical_mangled_kitten_clear" "-Dkitten_compute_clausal_core=cadical_mangled_kitten_compute_clausal_core" "-Dkitten_failed=cadical_mangled_kitten_failed" "-Dkitten_fixed=cadical_mangled_kitten_fixed" "-Dkitten_flip_literal=cadical_mangled_kitten_flip_literal" "-Dkitten_flip_phases=cadical_mangled_kitten_flip_phases" "-Dkitten_no_ticks_limit=cadical_mangled_kitten_no_ticks_limit" "-Dkitten_randomize_phases=cadical_mangled_kitten_randomize_phases" "-Dkitten_release=cadical_mangled_kitten_release" "-Dkitten_set_ticks_limit=cadical_mangled_kitten_set_ticks_limit" "-Dkitten_shrink_to_clausal_core=cadical_mangled_kitten_shrink_to_clausal_core" "-Dkitten_shuffle_clauses=cadical_mangled_kitten_shuffle_clauses" "-Dkitten_solve=cadical_mangled_kitten_solve" "-Dkitten_status=cadical_mangled_kitten_status" "-Dkitten_track_antecedents=cadical_mangled_kitten_track_antecedents" "-Dkitten_traverse_core_clauses=cadical_mangled_kitten_traverse_core_clauses" "-Dkitten_traverse_core_ids=cadical_mangled_kitten_traverse_core_ids" "-Dkitten_unit=cadical_mangled_kitten_unit" "-Dkitten_value=cadical_mangled_kitten_value" "-Dcompletely_backtrack_to_root_level=cadical_mangled_completely_backtrack_to_root_level" "-Dnew_learned_klause=cadical_mangled_new_learned_klause" "-DNDEBUG" "-o" "/opt/rustwide/target/release/build/pindakaas-cadical/70d37042355393b6/out/1ca444035cca2c1d-options.o" "-c" "vendor/cadical/src/options.cpp"
[INFO] [stderr] warning: pindakaas-cadical@0.4.1: c++: fatal error: Killed signal terminated program cc1plus
[INFO] [stderr] warning: pindakaas-cadical@0.4.1: compilation terminated.
[INFO] [stderr] warning: pindakaas-cadical@0.4.1: ToolExecError: command did not execute successfully (status code exit status: 1): "c++" "-O3" "-ffunction-sections" "-fdata-sections" "-fPIC" "-m64" "-I" "vendor/cadical/src" "-Wall" "-Wextra" "-std=c++11" "-DNBUILD" "-DNCLOSEFROM" "-DNTRACING" "-DNUNLOCKED" "-DQUIET" "-Dkitten_assume=cadical_mangled_kitten_assume" "-Dkitten_binary=cadical_mangled_kitten_binary" "-Dkitten_clause=cadical_mangled_kitten_clause" "-Dkitten_clause_with_id_and_exception=cadical_mangled_kitten_clause_with_id_and_exception" "-Dkitten_clear=cadical_mangled_kitten_clear" "-Dkitten_compute_clausal_core=cadical_mangled_kitten_compute_clausal_core" "-Dkitten_failed=cadical_mangled_kitten_failed" "-Dkitten_fixed=cadical_mangled_kitten_fixed" "-Dkitten_flip_literal=cadical_mangled_kitten_flip_literal" "-Dkitten_flip_phases=cadical_mangled_kitten_flip_phases" "-Dkitten_no_ticks_limit=cadical_mangled_kitten_no_ticks_limit" "-Dkitten_randomize_phases=cadical_mangled_kitten_randomize_phases" "-Dkitten_release=cadical_mangled_kitten_release" "-Dkitten_set_ticks_limit=cadical_mangled_kitten_set_ticks_limit" "-Dkitten_shrink_to_clausal_core=cadical_mangled_kitten_shrink_to_clausal_core" "-Dkitten_shuffle_clauses=cadical_mangled_kitten_shuffle_clauses" "-Dkitten_solve=cadical_mangled_kitten_solve" "-Dkitten_status=cadical_mangled_kitten_status" "-Dkitten_track_antecedents=cadical_mangled_kitten_track_antecedents" "-Dkitten_traverse_core_clauses=cadical_mangled_kitten_traverse_core_clauses" "-Dkitten_traverse_core_ids=cadical_mangled_kitten_traverse_core_ids" "-Dkitten_unit=cadical_mangled_kitten_unit" "-Dkitten_value=cadical_mangled_kitten_value" "-Dcompletely_backtrack_to_root_level=cadical_mangled_completely_backtrack_to_root_level" "-Dnew_learned_klause=cadical_mangled_new_learned_klause" "-DNDEBUG" "-o" "/opt/rustwide/target/release/build/pindakaas-cadical/70d37042355393b6/out/1ca444035cca2c1d-probe.o" "-c" "vendor/cadical/src/probe.cpp"
[INFO] [stderr] warning: pindakaas-cadical@0.4.1: c++: fatal error: Killed signal terminated program cc1plus
[INFO] [stderr] warning: pindakaas-cadical@0.4.1: compilation terminated.
[INFO] [stderr] warning: pindakaas-cadical@0.4.1: ToolExecError: command did not execute successfully (status code exit status: 1): "c++" "-O3" "-ffunction-sections" "-fdata-sections" "-fPIC" "-m64" "-I" "vendor/cadical/src" "-Wall" "-Wextra" "-std=c++11" "-DNBUILD" "-DNCLOSEFROM" "-DNTRACING" "-DNUNLOCKED" "-DQUIET" "-Dkitten_assume=cadical_mangled_kitten_assume" "-Dkitten_binary=cadical_mangled_kitten_binary" "-Dkitten_clause=cadical_mangled_kitten_clause" "-Dkitten_clause_with_id_and_exception=cadical_mangled_kitten_clause_with_id_and_exception" "-Dkitten_clear=cadical_mangled_kitten_clear" "-Dkitten_compute_clausal_core=cadical_mangled_kitten_compute_clausal_core" "-Dkitten_failed=cadical_mangled_kitten_failed" "-Dkitten_fixed=cadical_mangled_kitten_fixed" "-Dkitten_flip_literal=cadical_mangled_kitten_flip_literal" "-Dkitten_flip_phases=cadical_mangled_kitten_flip_phases" "-Dkitten_no_ticks_limit=cadical_mangled_kitten_no_ticks_limit" "-Dkitten_randomize_phases=cadical_mangled_kitten_randomize_phases" "-Dkitten_release=cadical_mangled_kitten_release" "-Dkitten_set_ticks_limit=cadical_mangled_kitten_set_ticks_limit" "-Dkitten_shrink_to_clausal_core=cadical_mangled_kitten_shrink_to_clausal_core" "-Dkitten_shuffle_clauses=cadical_mangled_kitten_shuffle_clauses" "-Dkitten_solve=cadical_mangled_kitten_solve" "-Dkitten_status=cadical_mangled_kitten_status" "-Dkitten_track_antecedents=cadical_mangled_kitten_track_antecedents" "-Dkitten_traverse_core_clauses=cadical_mangled_kitten_traverse_core_clauses" "-Dkitten_traverse_core_ids=cadical_mangled_kitten_traverse_core_ids" "-Dkitten_unit=cadical_mangled_kitten_unit" "-Dkitten_value=cadical_mangled_kitten_value" "-Dcompletely_backtrack_to_root_level=cadical_mangled_completely_backtrack_to_root_level" "-Dnew_learned_klause=cadical_mangled_new_learned_klause" "-DNDEBUG" "-o" "/opt/rustwide/target/release/build/pindakaas-cadical/70d37042355393b6/out/1ca444035cca2c1d-solver.o" "-c" "vendor/cadical/src/solver.cpp"
[INFO] [stderr] warning: pindakaas-cadical@0.4.1: c++: fatal error: Killed signal terminated program cc1plus
[INFO] [stderr] warning: pindakaas-cadical@0.4.1: compilation terminated.
[INFO] [stderr] warning: pindakaas-cadical@0.4.1: ToolExecError: command did not execute successfully (status code exit status: 1): "c++" "-O3" "-ffunction-sections" "-fdata-sections" "-fPIC" "-m64" "-I" "vendor/cadical/src" "-Wall" "-Wextra" "-std=c++11" "-DNBUILD" "-DNCLOSEFROM" "-DNTRACING" "-DNUNLOCKED" "-DQUIET" "-Dkitten_assume=cadical_mangled_kitten_assume" "-Dkitten_binary=cadical_mangled_kitten_binary" "-Dkitten_clause=cadical_mangled_kitten_clause" "-Dkitten_clause_with_id_and_exception=cadical_mangled_kitten_clause_with_id_and_exception" "-Dkitten_clear=cadical_mangled_kitten_clear" "-Dkitten_compute_clausal_core=cadical_mangled_kitten_compute_clausal_core" "-Dkitten_failed=cadical_mangled_kitten_failed" "-Dkitten_fixed=cadical_mangled_kitten_fixed" "-Dkitten_flip_literal=cadical_mangled_kitten_flip_literal" "-Dkitten_flip_phases=cadical_mangled_kitten_flip_phases" "-Dkitten_no_ticks_limit=cadical_mangled_kitten_no_ticks_limit" "-Dkitten_randomize_phases=cadical_mangled_kitten_randomize_phases" "-Dkitten_release=cadical_mangled_kitten_release" "-Dkitten_set_ticks_limit=cadical_mangled_kitten_set_ticks_limit" "-Dkitten_shrink_to_clausal_core=cadical_mangled_kitten_shrink_to_clausal_core" "-Dkitten_shuffle_clauses=cadical_mangled_kitten_shuffle_clauses" "-Dkitten_solve=cadical_mangled_kitten_solve" "-Dkitten_status=cadical_mangled_kitten_status" "-Dkitten_track_antecedents=cadical_mangled_kitten_track_antecedents" "-Dkitten_traverse_core_clauses=cadical_mangled_kitten_traverse_core_clauses" "-Dkitten_traverse_core_ids=cadical_mangled_kitten_traverse_core_ids" "-Dkitten_unit=cadical_mangled_kitten_unit" "-Dkitten_value=cadical_mangled_kitten_value" "-Dcompletely_backtrack_to_root_level=cadical_mangled_completely_backtrack_to_root_level" "-Dnew_learned_klause=cadical_mangled_new_learned_klause" "-DNDEBUG" "-o" "/opt/rustwide/target/release/build/pindakaas-cadical/70d37042355393b6/out/1ca444035cca2c1d-sweep.o" "-c" "vendor/cadical/src/sweep.cpp"
[INFO] [stderr] error: failed to run custom build command for `pindakaas-cadical v0.4.1 (/opt/rustwide/workdir)`
[INFO] [stderr] note: To improve backtraces for build dependencies, set the CARGO_PROFILE_RELEASE_BUILD_OVERRIDE_DEBUG=true environment variable to enable debug information generation.
[INFO] [stderr] 
[INFO] [stderr] Caused by:
[INFO] [stderr]   process didn't exit successfully: `/opt/rustwide/target/release/build/pindakaas-cadical/c1146d6d932f1df4/out/build_script_build` (exit status: 1)
[INFO] [stderr]   --- stdout
[INFO] [stderr]   cargo:rerun-if-changed=vendor/cadical
[INFO] [stderr]   cargo:rerun-if-env-changed=CXX_x86_64-unknown-linux-gnu
[INFO] [stderr]   CXX_x86_64-unknown-linux-gnu = None
[INFO] [stderr]   cargo:rerun-if-env-changed=CXX_x86_64_unknown_linux_gnu
[INFO] [stderr]   CXX_x86_64_unknown_linux_gnu = None
[INFO] [stderr]   cargo:rerun-if-env-changed=HOST_CXX
[INFO] [stderr]   HOST_CXX = None
[INFO] [stderr]   cargo:rerun-if-env-changed=CXX
[INFO] [stderr]   CXX = None
[INFO] [stderr]   cargo:rerun-if-env-changed=CC_ENABLE_DEBUG_OUTPUT
[INFO] [stderr]   cargo:rerun-if-env-changed=CRATE_CC_NO_DEFAULTS
[INFO] [stderr]   CRATE_CC_NO_DEFAULTS = None
[INFO] [stderr]   cargo:rerun-if-env-changed=CXXFLAGS
[INFO] [stderr]   CXXFLAGS = None
[INFO] [stderr]   cargo:rerun-if-env-changed=HOST_CXXFLAGS
[INFO] [stderr]   HOST_CXXFLAGS = None
[INFO] [stderr]   cargo:rerun-if-env-changed=CXXFLAGS_x86_64_unknown_linux_gnu
[INFO] [stderr]   CXXFLAGS_x86_64_unknown_linux_gnu = None
[INFO] [stderr]   cargo:rerun-if-env-changed=CXXFLAGS_x86_64-unknown-linux-gnu
[INFO] [stderr]   CXXFLAGS_x86_64-unknown-linux-gnu = None
[INFO] [stderr]   cargo:rerun-if-env-changed=CRATE_CC_NO_DEFAULTS
[INFO] [stderr]   CRATE_CC_NO_DEFAULTS = None
[INFO] [stderr]   cargo:rerun-if-env-changed=CXXFLAGS
[INFO] [stderr]   CXXFLAGS = None
[INFO] [stderr]   cargo:rerun-if-env-changed=HOST_CXXFLAGS
[INFO] [stderr]   HOST_CXXFLAGS = None
[INFO] [stderr]   cargo:rerun-if-env-changed=CXXFLAGS_x86_64_unknown_linux_gnu
[INFO] [stderr]   CXXFLAGS_x86_64_unknown_linux_gnu = None
[INFO] [stderr]   cargo:rerun-if-env-changed=CXXFLAGS_x86_64-unknown-linux-gnu
[INFO] [stderr]   CXXFLAGS_x86_64-unknown-linux-gnu = None
[INFO] [stderr]   cargo:rerun-if-env-changed=CC_FORCE_DISABLE
[INFO] [stderr]   CC_FORCE_DISABLE = None
[INFO] [stderr]   cargo:rerun-if-env-changed=CXX_x86_64-unknown-linux-gnu
[INFO] [stderr]   CXX_x86_64-unknown-linux-gnu = None
[INFO] [stderr]   cargo:rerun-if-env-changed=CXX_x86_64_unknown_linux_gnu
[INFO] [stderr]   CXX_x86_64_unknown_linux_gnu = None
[INFO] [stderr]   cargo:rerun-if-env-changed=HOST_CXX
[INFO] [stderr]   HOST_CXX = None
[INFO] [stderr]   cargo:rerun-if-env-changed=CXX
[INFO] [stderr]   CXX = None
[INFO] [stderr]   cargo:rerun-if-env-changed=CRATE_CC_NO_DEFAULTS
[INFO] [stderr]   CRATE_CC_NO_DEFAULTS = None
[INFO] [stderr]   cargo:rerun-if-env-changed=CXXFLAGS
[INFO] [stderr]   CXXFLAGS = None
[INFO] [stderr]   cargo:rerun-if-env-changed=HOST_CXXFLAGS
[INFO] [stderr]   HOST_CXXFLAGS = None
[INFO] [stderr]   cargo:rerun-if-env-changed=CXXFLAGS_x86_64_unknown_linux_gnu
[INFO] [stderr]   CXXFLAGS_x86_64_unknown_linux_gnu = None
[INFO] [stderr]   cargo:rerun-if-env-changed=CXXFLAGS_x86_64-unknown-linux-gnu
[INFO] [stderr]   CXXFLAGS_x86_64-unknown-linux-gnu = None
[INFO] [stderr]   exit status: 0
[INFO] [stderr]   cargo:warning=c++: fatal error: Killed signal terminated program cc1plus
[INFO] [stderr]   cargo:warning=compilation terminated.
[INFO] [stderr]   exit status: 1
[INFO] [stderr]   cargo:warning=ToolExecError: command did not execute successfully (status code exit status: 1): "c++" "-O3" "-ffunction-sections" "-fdata-sections" "-fPIC" "-m64" "-I" "vendor/cadical/src" "-Wall" "-Wextra" "-std=c++11" "-DNBUILD" "-DNCLOSEFROM" "-DNTRACING" "-DNUNLOCKED" "-DQUIET" "-Dkitten_assume=cadical_mangled_kitten_assume" "-Dkitten_binary=cadical_mangled_kitten_binary" "-Dkitten_clause=cadical_mangled_kitten_clause" "-Dkitten_clause_with_id_and_exception=cadical_mangled_kitten_clause_with_id_and_exception" "-Dkitten_clear=cadical_mangled_kitten_clear" "-Dkitten_compute_clausal_core=cadical_mangled_kitten_compute_clausal_core" "-Dkitten_failed=cadical_mangled_kitten_failed" "-Dkitten_fixed=cadical_mangled_kitten_fixed" "-Dkitten_flip_literal=cadical_mangled_kitten_flip_literal" "-Dkitten_flip_phases=cadical_mangled_kitten_flip_phases" "-Dkitten_no_ticks_limit=cadical_mangled_kitten_no_ticks_limit" "-Dkitten_randomize_phases=cadical_mangled_kitten_randomize_phases" "-Dkitten_release=cadical_mangled_kitten_release" "-Dkitten_set_ticks_limit=cadical_mangled_kitten_set_ticks_limit" "-Dkitten_shrink_to_clausal_core=cadical_mangled_kitten_shrink_to_clausal_core" "-Dkitten_shuffle_clauses=cadical_mangled_kitten_shuffle_clauses" "-Dkitten_solve=cadical_mangled_kitten_solve" "-Dkitten_status=cadical_mangled_kitten_status" "-Dkitten_track_antecedents=cadical_mangled_kitten_track_antecedents" "-Dkitten_traverse_core_clauses=cadical_mangled_kitten_traverse_core_clauses" "-Dkitten_traverse_core_ids=cadical_mangled_kitten_traverse_core_ids" "-Dkitten_unit=cadical_mangled_kitten_unit" "-Dkitten_value=cadical_mangled_kitten_value" "-Dcompletely_backtrack_to_root_level=cadical_mangled_completely_backtrack_to_root_level" "-Dnew_learned_klause=cadical_mangled_new_learned_klause" "-DNDEBUG" "-o" "/opt/rustwide/target/release/build/pindakaas-cadical/70d37042355393b6/out/1ca444035cca2c1d-backtrack.o" "-c" "vendor/cadical/src/backtrack.cpp"
[INFO] [stderr]   cargo:warning=c++: fatal error: Killed signal terminated program cc1plus
[INFO] [stderr]   cargo:warning=compilation terminated.
[INFO] [stderr]   exit status: 1
[INFO] [stderr]   cargo:warning=ToolExecError: command did not execute successfully (status code exit status: 1): "c++" "-O3" "-ffunction-sections" "-fdata-sections" "-fPIC" "-m64" "-I" "vendor/cadical/src" "-Wall" "-Wextra" "-std=c++11" "-DNBUILD" "-DNCLOSEFROM" "-DNTRACING" "-DNUNLOCKED" "-DQUIET" "-Dkitten_assume=cadical_mangled_kitten_assume" "-Dkitten_binary=cadical_mangled_kitten_binary" "-Dkitten_clause=cadical_mangled_kitten_clause" "-Dkitten_clause_with_id_and_exception=cadical_mangled_kitten_clause_with_id_and_exception" "-Dkitten_clear=cadical_mangled_kitten_clear" "-Dkitten_compute_clausal_core=cadical_mangled_kitten_compute_clausal_core" "-Dkitten_failed=cadical_mangled_kitten_failed" "-Dkitten_fixed=cadical_mangled_kitten_fixed" "-Dkitten_flip_literal=cadical_mangled_kitten_flip_literal" "-Dkitten_flip_phases=cadical_mangled_kitten_flip_phases" "-Dkitten_no_ticks_limit=cadical_mangled_kitten_no_ticks_limit" "-Dkitten_randomize_phases=cadical_mangled_kitten_randomize_phases" "-Dkitten_release=cadical_mangled_kitten_release" "-Dkitten_set_ticks_limit=cadical_mangled_kitten_set_ticks_limit" "-Dkitten_shrink_to_clausal_core=cadical_mangled_kitten_shrink_to_clausal_core" "-Dkitten_shuffle_clauses=cadical_mangled_kitten_shuffle_clauses" "-Dkitten_solve=cadical_mangled_kitten_solve" "-Dkitten_status=cadical_mangled_kitten_status" "-Dkitten_track_antecedents=cadical_mangled_kitten_track_antecedents" "-Dkitten_traverse_core_clauses=cadical_mangled_kitten_traverse_core_clauses" "-Dkitten_traverse_core_ids=cadical_mangled_kitten_traverse_core_ids" "-Dkitten_unit=cadical_mangled_kitten_unit" "-Dkitten_value=cadical_mangled_kitten_value" "-Dcompletely_backtrack_to_root_level=cadical_mangled_completely_backtrack_to_root_level" "-Dnew_learned_klause=cadical_mangled_new_learned_klause" "-DNDEBUG" "-o" "/opt/rustwide/target/release/build/pindakaas-cadical/70d37042355393b6/out/34d417406b22e2b7-craigtracer.o" "-c" "vendor/cadical/contrib/craigtracer.cpp"
[INFO] [stderr]   exit status: 0
[INFO] [stderr]   exit status: 0
[INFO] [stderr]   exit status: 0
[INFO] [stderr]   exit status: 0
[INFO] [stderr]   exit status: 0
[INFO] [stderr]   cargo:warning=c++: fatal error: Killed signal terminated program cc1plus
[INFO] [stderr]   cargo:warning=compilation terminated.
[INFO] [stderr]   exit status: 1
[INFO] [stderr]   cargo:warning=ToolExecError: command did not execute successfully (status code exit status: 1): "c++" "-O3" "-ffunction-sections" "-fdata-sections" "-fPIC" "-m64" "-I" "vendor/cadical/src" "-Wall" "-Wextra" "-std=c++11" "-DNBUILD" "-DNCLOSEFROM" "-DNTRACING" "-DNUNLOCKED" "-DQUIET" "-Dkitten_assume=cadical_mangled_kitten_assume" "-Dkitten_binary=cadical_mangled_kitten_binary" "-Dkitten_clause=cadical_mangled_kitten_clause" "-Dkitten_clause_with_id_and_exception=cadical_mangled_kitten_clause_with_id_and_exception" "-Dkitten_clear=cadical_mangled_kitten_clear" "-Dkitten_compute_clausal_core=cadical_mangled_kitten_compute_clausal_core" "-Dkitten_failed=cadical_mangled_kitten_failed" "-Dkitten_fixed=cadical_mangled_kitten_fixed" "-Dkitten_flip_literal=cadical_mangled_kitten_flip_literal" "-Dkitten_flip_phases=cadical_mangled_kitten_flip_phases" "-Dkitten_no_ticks_limit=cadical_mangled_kitten_no_ticks_limit" "-Dkitten_randomize_phases=cadical_mangled_kitten_randomize_phases" "-Dkitten_release=cadical_mangled_kitten_release" "-Dkitten_set_ticks_limit=cadical_mangled_kitten_set_ticks_limit" "-Dkitten_shrink_to_clausal_core=cadical_mangled_kitten_shrink_to_clausal_core" "-Dkitten_shuffle_clauses=cadical_mangled_kitten_shuffle_clauses" "-Dkitten_solve=cadical_mangled_kitten_solve" "-Dkitten_status=cadical_mangled_kitten_status" "-Dkitten_track_antecedents=cadical_mangled_kitten_track_antecedents" "-Dkitten_traverse_core_clauses=cadical_mangled_kitten_traverse_core_clauses" "-Dkitten_traverse_core_ids=cadical_mangled_kitten_traverse_core_ids" "-Dkitten_unit=cadical_mangled_kitten_unit" "-Dkitten_value=cadical_mangled_kitten_value" "-Dcompletely_backtrack_to_root_level=cadical_mangled_completely_backtrack_to_root_level" "-Dnew_learned_klause=cadical_mangled_new_learned_klause" "-DNDEBUG" "-o" "/opt/rustwide/target/release/build/pindakaas-cadical/70d37042355393b6/out/1ca444035cca2c1d-analyze.o" "-c" "vendor/cadical/src/analyze.cpp"
[INFO] [stderr]   exit status: 0
[INFO] [stderr]   exit status: 0
[INFO] [stderr]   exit status: 0
[INFO] [stderr]   exit status: 0
[INFO] [stderr]   exit status: 0
[INFO] [stderr]   exit status: 0
[INFO] [stderr]   exit status: 0
[INFO] [stderr]   exit status: 0
[INFO] [stderr]   cargo:warning=c++: fatal error: Killed signal terminated program cc1plus
[INFO] [stderr]   cargo:warning=compilation terminated.
[INFO] [stderr]   exit status: 1
[INFO] [stderr]   cargo:warning=ToolExecError: command did not execute successfully (status code exit status: 1): "c++" "-O3" "-ffunction-sections" "-fdata-sections" "-fPIC" "-m64" "-I" "vendor/cadical/src" "-Wall" "-Wextra" "-std=c++11" "-DNBUILD" "-DNCLOSEFROM" "-DNTRACING" "-DNUNLOCKED" "-DQUIET" "-Dkitten_assume=cadical_mangled_kitten_assume" "-Dkitten_binary=cadical_mangled_kitten_binary" "-Dkitten_clause=cadical_mangled_kitten_clause" "-Dkitten_clause_with_id_and_exception=cadical_mangled_kitten_clause_with_id_and_exception" "-Dkitten_clear=cadical_mangled_kitten_clear" "-Dkitten_compute_clausal_core=cadical_mangled_kitten_compute_clausal_core" "-Dkitten_failed=cadical_mangled_kitten_failed" "-Dkitten_fixed=cadical_mangled_kitten_fixed" "-Dkitten_flip_literal=cadical_mangled_kitten_flip_literal" "-Dkitten_flip_phases=cadical_mangled_kitten_flip_phases" "-Dkitten_no_ticks_limit=cadical_mangled_kitten_no_ticks_limit" "-Dkitten_randomize_phases=cadical_mangled_kitten_randomize_phases" "-Dkitten_release=cadical_mangled_kitten_release" "-Dkitten_set_ticks_limit=cadical_mangled_kitten_set_ticks_limit" "-Dkitten_shrink_to_clausal_core=cadical_mangled_kitten_shrink_to_clausal_core" "-Dkitten_shuffle_clauses=cadical_mangled_kitten_shuffle_clauses" "-Dkitten_solve=cadical_mangled_kitten_solve" "-Dkitten_status=cadical_mangled_kitten_status" "-Dkitten_track_antecedents=cadical_mangled_kitten_track_antecedents" "-Dkitten_traverse_core_clauses=cadical_mangled_kitten_traverse_core_clauses" "-Dkitten_traverse_core_ids=cadical_mangled_kitten_traverse_core_ids" "-Dkitten_unit=cadical_mangled_kitten_unit" "-Dkitten_value=cadical_mangled_kitten_value" "-Dcompletely_backtrack_to_root_level=cadical_mangled_completely_backtrack_to_root_level" "-Dnew_learned_klause=cadical_mangled_new_learned_klause" "-DNDEBUG" "-o" "/opt/rustwide/target/release/build/pindakaas-cadical/70d37042355393b6/out/1ca444035cca2c1d-congruence.o" "-c" "vendor/cadical/src/congruence.cpp"
[INFO] [stderr]   cargo:warning=c++: fatal error: Killed signal terminated program cc1plus
[INFO] [stderr]   cargo:warning=compilation terminated.
[INFO] [stderr]   exit status: 1
[INFO] [stderr]   cargo:warning=ToolExecError: command did not execute successfully (status code exit status: 1): "c++" "-O3" "-ffunction-sections" "-fdata-sections" "-fPIC" "-m64" "-I" "vendor/cadical/src" "-Wall" "-Wextra" "-std=c++11" "-DNBUILD" "-DNCLOSEFROM" "-DNTRACING" "-DNUNLOCKED" "-DQUIET" "-Dkitten_assume=cadical_mangled_kitten_assume" "-Dkitten_binary=cadical_mangled_kitten_binary" "-Dkitten_clause=cadical_mangled_kitten_clause" "-Dkitten_clause_with_id_and_exception=cadical_mangled_kitten_clause_with_id_and_exception" "-Dkitten_clear=cadical_mangled_kitten_clear" "-Dkitten_compute_clausal_core=cadical_mangled_kitten_compute_clausal_core" "-Dkitten_failed=cadical_mangled_kitten_failed" "-Dkitten_fixed=cadical_mangled_kitten_fixed" "-Dkitten_flip_literal=cadical_mangled_kitten_flip_literal" "-Dkitten_flip_phases=cadical_mangled_kitten_flip_phases" "-Dkitten_no_ticks_limit=cadical_mangled_kitten_no_ticks_limit" "-Dkitten_randomize_phases=cadical_mangled_kitten_randomize_phases" "-Dkitten_release=cadical_mangled_kitten_release" "-Dkitten_set_ticks_limit=cadical_mangled_kitten_set_ticks_limit" "-Dkitten_shrink_to_clausal_core=cadical_mangled_kitten_shrink_to_clausal_core" "-Dkitten_shuffle_clauses=cadical_mangled_kitten_shuffle_clauses" "-Dkitten_solve=cadical_mangled_kitten_solve" "-Dkitten_status=cadical_mangled_kitten_status" "-Dkitten_track_antecedents=cadical_mangled_kitten_track_antecedents" "-Dkitten_traverse_core_clauses=cadical_mangled_kitten_traverse_core_clauses" "-Dkitten_traverse_core_ids=cadical_mangled_kitten_traverse_core_ids" "-Dkitten_unit=cadical_mangled_kitten_unit" "-Dkitten_value=cadical_mangled_kitten_value" "-Dcompletely_backtrack_to_root_level=cadical_mangled_completely_backtrack_to_root_level" "-Dnew_learned_klause=cadical_mangled_new_learned_klause" "-DNDEBUG" "-o" "/opt/rustwide/target/release/build/pindakaas-cadical/70d37042355393b6/out/1ca444035cca2c1d-condition.o" "-c" "vendor/cadical/src/condition.cpp"
[INFO] [stderr]   cargo:warning=c++: fatal error: Killed signal terminated program cc1plus
[INFO] [stderr]   cargo:warning=compilation terminated.
[INFO] [stderr]   exit status: 1
[INFO] [stderr]   cargo:warning=ToolExecError: command did not execute successfully (status code exit status: 1): "c++" "-O3" "-ffunction-sections" "-fdata-sections" "-fPIC" "-m64" "-I" "vendor/cadical/src" "-Wall" "-Wextra" "-std=c++11" "-DNBUILD" "-DNCLOSEFROM" "-DNTRACING" "-DNUNLOCKED" "-DQUIET" "-Dkitten_assume=cadical_mangled_kitten_assume" "-Dkitten_binary=cadical_mangled_kitten_binary" "-Dkitten_clause=cadical_mangled_kitten_clause" "-Dkitten_clause_with_id_and_exception=cadical_mangled_kitten_clause_with_id_and_exception" "-Dkitten_clear=cadical_mangled_kitten_clear" "-Dkitten_compute_clausal_core=cadical_mangled_kitten_compute_clausal_core" "-Dkitten_failed=cadical_mangled_kitten_failed" "-Dkitten_fixed=cadical_mangled_kitten_fixed" "-Dkitten_flip_literal=cadical_mangled_kitten_flip_literal" "-Dkitten_flip_phases=cadical_mangled_kitten_flip_phases" "-Dkitten_no_ticks_limit=cadical_mangled_kitten_no_ticks_limit" "-Dkitten_randomize_phases=cadical_mangled_kitten_randomize_phases" "-Dkitten_release=cadical_mangled_kitten_release" "-Dkitten_set_ticks_limit=cadical_mangled_kitten_set_ticks_limit" "-Dkitten_shrink_to_clausal_core=cadical_mangled_kitten_shrink_to_clausal_core" "-Dkitten_shuffle_clauses=cadical_mangled_kitten_shuffle_clauses" "-Dkitten_solve=cadical_mangled_kitten_solve" "-Dkitten_status=cadical_mangled_kitten_status" "-Dkitten_track_antecedents=cadical_mangled_kitten_track_antecedents" "-Dkitten_traverse_core_clauses=cadical_mangled_kitten_traverse_core_clauses" "-Dkitten_traverse_core_ids=cadical_mangled_kitten_traverse_core_ids" "-Dkitten_unit=cadical_mangled_kitten_unit" "-Dkitten_value=cadical_mangled_kitten_value" "-Dcompletely_backtrack_to_root_level=cadical_mangled_completely_backtrack_to_root_level" "-Dnew_learned_klause=cadical_mangled_new_learned_klause" "-DNDEBUG" "-o" "/opt/rustwide/target/release/build/pindakaas-cadical/70d37042355393b6/out/1ca444035cca2c1d-compact.o" "-c" "vendor/cadical/src/compact.cpp"
[INFO] [stderr]   exit status: 0
[INFO] [stderr]   cargo:warning=c++: fatal error: Killed signal terminated program cc1plus
[INFO] [stderr]   cargo:warning=compilation terminated.
[INFO] [stderr]   exit status: 1
[INFO] [stderr]   cargo:warning=ToolExecError: command did not execute successfully (status code exit status: 1): "c++" "-O3" "-ffunction-sections" "-fdata-sections" "-fPIC" "-m64" "-I" "vendor/cadical/src" "-Wall" "-Wextra" "-std=c++11" "-DNBUILD" "-DNCLOSEFROM" "-DNTRACING" "-DNUNLOCKED" "-DQUIET" "-Dkitten_assume=cadical_mangled_kitten_assume" "-Dkitten_binary=cadical_mangled_kitten_binary" "-Dkitten_clause=cadical_mangled_kitten_clause" "-Dkitten_clause_with_id_and_exception=cadical_mangled_kitten_clause_with_id_and_exception" "-Dkitten_clear=cadical_mangled_kitten_clear" "-Dkitten_compute_clausal_core=cadical_mangled_kitten_compute_clausal_core" "-Dkitten_failed=cadical_mangled_kitten_failed" "-Dkitten_fixed=cadical_mangled_kitten_fixed" "-Dkitten_flip_literal=cadical_mangled_kitten_flip_literal" "-Dkitten_flip_phases=cadical_mangled_kitten_flip_phases" "-Dkitten_no_ticks_limit=cadical_mangled_kitten_no_ticks_limit" "-Dkitten_randomize_phases=cadical_mangled_kitten_randomize_phases" "-Dkitten_release=cadical_mangled_kitten_release" "-Dkitten_set_ticks_limit=cadical_mangled_kitten_set_ticks_limit" "-Dkitten_shrink_to_clausal_core=cadical_mangled_kitten_shrink_to_clausal_core" "-Dkitten_shuffle_clauses=cadical_mangled_kitten_shuffle_clauses" "-Dkitten_solve=cadical_mangled_kitten_solve" "-Dkitten_status=cadical_mangled_kitten_status" "-Dkitten_track_antecedents=cadical_mangled_kitten_track_antecedents" "-Dkitten_traverse_core_clauses=cadical_mangled_kitten_traverse_core_clauses" "-Dkitten_traverse_core_ids=cadical_mangled_kitten_traverse_core_ids" "-Dkitten_unit=cadical_mangled_kitten_unit" "-Dkitten_value=cadical_mangled_kitten_value" "-Dcompletely_backtrack_to_root_level=cadical_mangled_completely_backtrack_to_root_level" "-Dnew_learned_klause=cadical_mangled_new_learned_klause" "-DNDEBUG" "-o" "/opt/rustwide/target/release/build/pindakaas-cadical/70d37042355393b6/out/1ca444035cca2c1d-cover.o" "-c" "vendor/cadical/src/cover.cpp"
[INFO] [stderr]   cargo:warning=c++: fatal error: Killed signal terminated program cc1plus
[INFO] [stderr]   cargo:warning=compilation terminated.
[INFO] [stderr]   exit status: 1
[INFO] [stderr]   cargo:warning=ToolExecError: command did not execute successfully (status code exit status: 1): "c++" "-O3" "-ffunction-sections" "-fdata-sections" "-fPIC" "-m64" "-I" "vendor/cadical/src" "-Wall" "-Wextra" "-std=c++11" "-DNBUILD" "-DNCLOSEFROM" "-DNTRACING" "-DNUNLOCKED" "-DQUIET" "-Dkitten_assume=cadical_mangled_kitten_assume" "-Dkitten_binary=cadical_mangled_kitten_binary" "-Dkitten_clause=cadical_mangled_kitten_clause" "-Dkitten_clause_with_id_and_exception=cadical_mangled_kitten_clause_with_id_and_exception" "-Dkitten_clear=cadical_mangled_kitten_clear" "-Dkitten_compute_clausal_core=cadical_mangled_kitten_compute_clausal_core" "-Dkitten_failed=cadical_mangled_kitten_failed" "-Dkitten_fixed=cadical_mangled_kitten_fixed" "-Dkitten_flip_literal=cadical_mangled_kitten_flip_literal" "-Dkitten_flip_phases=cadical_mangled_kitten_flip_phases" "-Dkitten_no_ticks_limit=cadical_mangled_kitten_no_ticks_limit" "-Dkitten_randomize_phases=cadical_mangled_kitten_randomize_phases" "-Dkitten_release=cadical_mangled_kitten_release" "-Dkitten_set_ticks_limit=cadical_mangled_kitten_set_ticks_limit" "-Dkitten_shrink_to_clausal_core=cadical_mangled_kitten_shrink_to_clausal_core" "-Dkitten_shuffle_clauses=cadical_mangled_kitten_shuffle_clauses" "-Dkitten_solve=cadical_mangled_kitten_solve" "-Dkitten_status=cadical_mangled_kitten_status" "-Dkitten_track_antecedents=cadical_mangled_kitten_track_antecedents" "-Dkitten_traverse_core_clauses=cadical_mangled_kitten_traverse_core_clauses" "-Dkitten_traverse_core_ids=cadical_mangled_kitten_traverse_core_ids" "-Dkitten_unit=cadical_mangled_kitten_unit" "-Dkitten_value=cadical_mangled_kitten_value" "-Dcompletely_backtrack_to_root_level=cadical_mangled_completely_backtrack_to_root_level" "-Dnew_learned_klause=cadical_mangled_new_learned_klause" "-DNDEBUG" "-o" "/opt/rustwide/target/release/build/pindakaas-cadical/70d37042355393b6/out/1ca444035cca2c1d-decompose.o" "-c" "vendor/cadical/src/decompose.cpp"
[INFO] [stderr]   exit status: 0
[INFO] [stderr]   exit status: 0
[INFO] [stderr]   exit status: 0
[INFO] [stderr]   exit status: 0
[INFO] [stderr]   exit status: 0
[INFO] [stderr]   cargo:warning=vendor/cadical/src/kitten.c: In function 'unsigned int propagate_literal(kitten*, unsigned int)':
[INFO] [stderr]   cargo:warning=vendor/cadical/src/kitten.c:1038:9: warning: type qualifiers ignored on cast result type [-Wignored-qualifiers]
[INFO] [stderr]   cargo:warning= 1038 |       (((const char *const) end_watches - (char *const) q) >> 7) + 1;
[INFO] [stderr]   cargo:warning=      |         ^~~~~~~~~~~~~~~~~~~~~~~~~~~~~~~
[INFO] [stderr]   cargo:warning=vendor/cadical/src/kitten.c:1038:43: warning: type qualifiers ignored on cast result type [-Wignored-qualifiers]
[INFO] [stderr]   cargo:warning= 1038 |       (((const char *const) end_watches - (char *const) q) >> 7) + 1;
[INFO] [stderr]   cargo:warning=      |                                           ^~~~~~~~~~~~~~~
[INFO] [stderr]   cargo:warning=vendor/cadical/src/kitten.c: In function 'bool flip_literal(kitten*, unsigned int)':
[INFO] [stderr]   cargo:warning=vendor/cadical/src/kitten.c:1673:9: warning: type qualifiers ignored on cast result type [-Wignored-qualifiers]
[INFO] [stderr]   cargo:warning= 1673 |       (((const char *const) end_watches - (const char *const) q) >> 7) + 1;
[INFO] [stderr]   cargo:warning=      |         ^~~~~~~~~~~~~~~~~~~~~~~~~~~~~~~
[INFO] [stderr]   cargo:warning=vendor/cadical/src/kitten.c:1673:43: warning: type qualifiers ignored on cast result type [-Wignored-qualifiers]
[INFO] [stderr]   cargo:warning= 1673 |       (((const char *const) end_watches - (const char *const) q) >> 7) + 1;
[INFO] [stderr]   cargo:warning=      |                                           ^~~~~~~~~~~~~~~~~~~~~
[INFO] [stderr]   cargo:warning=vendor/cadical/src/kitten.c: In function 'bool prime_propagate(kitten*, unsigned int, void*, bool, bool (*)(void*, unsigned int))':
[INFO] [stderr]   cargo:warning=vendor/cadical/src/kitten.c:2303:11: warning: type qualifiers ignored on cast result type [-Wignored-qualifiers]
[INFO] [stderr]   cargo:warning= 2303 |         (((const char *const) end_watches - (const char *const) q) >> 7) +
[INFO] [stderr]   cargo:warning=      |           ^~~~~~~~~~~~~~~~~~~~~~~~~~~~~~~
[INFO] [stderr]   cargo:warning=vendor/cadical/src/kitten.c:2303:45: warning: type qualifiers ignored on cast result type [-Wignored-qualifiers]
[INFO] [stderr]   cargo:warning= 2303 |         (((const char *const) end_watches - (const char *const) q) >> 7) +
[INFO] [stderr]   cargo:warning=      |                                             ^~~~~~~~~~~~~~~~~~~~~
[INFO] [stderr]   cargo:warning=vendor/cadical/src/kitten.c: In function 'bool prime_propagate_blit(kitten*, unsigned int, unsigned int)':
[INFO] [stderr]   cargo:warning=vendor/cadical/src/kitten.c:2461:11: warning: type qualifiers ignored on cast result type [-Wignored-qualifiers]
[INFO] [stderr]   cargo:warning= 2461 |         (((const char *const) end_watches - (const char *const) q) >> 7) +
[INFO] [stderr]   cargo:warning=      |           ^~~~~~~~~~~~~~~~~~~~~~~~~~~~~~~
[INFO] [stderr]   cargo:warning=vendor/cadical/src/kitten.c:2461:45: warning: type qualifiers ignored on cast result type [-Wignored-qualifiers]
[INFO] [stderr]   cargo:warning= 2461 |         (((const char *const) end_watches - (const char *const) q) >> 7) +
[INFO] [stderr]   cargo:warning=      |                                             ^~~~~~~~~~~~~~~~~~~~~
[INFO] [stderr]   cargo:warning=c++: fatal error: Killed signal terminated program cc1plus
[INFO] [stderr]   cargo:warning=compilation terminated.
[INFO] [stderr]   exit status: 1
[INFO] [stderr]   cargo:warning=ToolExecError: command did not execute successfully (status code exit status: 1): "c++" "-O3" "-ffunction-sections" "-fdata-sections" "-fPIC" "-m64" "-I" "vendor/cadical/src" "-Wall" "-Wextra" "-std=c++11" "-DNBUILD" "-DNCLOSEFROM" "-DNTRACING" "-DNUNLOCKED" "-DQUIET" "-Dkitten_assume=cadical_mangled_kitten_assume" "-Dkitten_binary=cadical_mangled_kitten_binary" "-Dkitten_clause=cadical_mangled_kitten_clause" "-Dkitten_clause_with_id_and_exception=cadical_mangled_kitten_clause_with_id_and_exception" "-Dkitten_clear=cadical_mangled_kitten_clear" "-Dkitten_compute_clausal_core=cadical_mangled_kitten_compute_clausal_core" "-Dkitten_failed=cadical_mangled_kitten_failed" "-Dkitten_fixed=cadical_mangled_kitten_fixed" "-Dkitten_flip_literal=cadical_mangled_kitten_flip_literal" "-Dkitten_flip_phases=cadical_mangled_kitten_flip_phases" "-Dkitten_no_ticks_limit=cadical_mangled_kitten_no_ticks_limit" "-Dkitten_randomize_phases=cadical_mangled_kitten_randomize_phases" "-Dkitten_release=cadical_mangled_kitten_release" "-Dkitten_set_ticks_limit=cadical_mangled_kitten_set_ticks_limit" "-Dkitten_shrink_to_clausal_core=cadical_mangled_kitten_shrink_to_clausal_core" "-Dkitten_shuffle_clauses=cadical_mangled_kitten_shuffle_clauses" "-Dkitten_solve=cadical_mangled_kitten_solve" "-Dkitten_status=cadical_mangled_kitten_status" "-Dkitten_track_antecedents=cadical_mangled_kitten_track_antecedents" "-Dkitten_traverse_core_clauses=cadical_mangled_kitten_traverse_core_clauses" "-Dkitten_traverse_core_ids=cadical_mangled_kitten_traverse_core_ids" "-Dkitten_unit=cadical_mangled_kitten_unit" "-Dkitten_value=cadical_mangled_kitten_value" "-Dcompletely_backtrack_to_root_level=cadical_mangled_completely_backtrack_to_root_level" "-Dnew_learned_klause=cadical_mangled_new_learned_klause" "-DNDEBUG" "-o" "/opt/rustwide/target/release/build/pindakaas-cadical/70d37042355393b6/out/1ca444035cca2c1d-external_propagate.o" "-c" "vendor/cadical/src/external_propagate.cpp"
[INFO] [stderr]   cargo:warning=c++: fatal error: Killed signal terminated program cc1plus
[INFO] [stderr]   cargo:warning=compilation terminated.
[INFO] [stderr]   exit status: 1
[INFO] [stderr]   cargo:warning=ToolExecError: command did not execute successfully (status code exit status: 1): "c++" "-O3" "-ffunction-sections" "-fdata-sections" "-fPIC" "-m64" "-I" "vendor/cadical/src" "-Wall" "-Wextra" "-std=c++11" "-DNBUILD" "-DNCLOSEFROM" "-DNTRACING" "-DNUNLOCKED" "-DQUIET" "-Dkitten_assume=cadical_mangled_kitten_assume" "-Dkitten_binary=cadical_mangled_kitten_binary" "-Dkitten_clause=cadical_mangled_kitten_clause" "-Dkitten_clause_with_id_and_exception=cadical_mangled_kitten_clause_with_id_and_exception" "-Dkitten_clear=cadical_mangled_kitten_clear" "-Dkitten_compute_clausal_core=cadical_mangled_kitten_compute_clausal_core" "-Dkitten_failed=cadical_mangled_kitten_failed" "-Dkitten_fixed=cadical_mangled_kitten_fixed" "-Dkitten_flip_literal=cadical_mangled_kitten_flip_literal" "-Dkitten_flip_phases=cadical_mangled_kitten_flip_phases" "-Dkitten_no_ticks_limit=cadical_mangled_kitten_no_ticks_limit" "-Dkitten_randomize_phases=cadical_mangled_kitten_randomize_phases" "-Dkitten_release=cadical_mangled_kitten_release" "-Dkitten_set_ticks_limit=cadical_mangled_kitten_set_ticks_limit" "-Dkitten_shrink_to_clausal_core=cadical_mangled_kitten_shrink_to_clausal_core" "-Dkitten_shuffle_clauses=cadical_mangled_kitten_shuffle_clauses" "-Dkitten_solve=cadical_mangled_kitten_solve" "-Dkitten_status=cadical_mangled_kitten_status" "-Dkitten_track_antecedents=cadical_mangled_kitten_track_antecedents" "-Dkitten_traverse_core_clauses=cadical_mangled_kitten_traverse_core_clauses" "-Dkitten_traverse_core_ids=cadical_mangled_kitten_traverse_core_ids" "-Dkitten_unit=cadical_mangled_kitten_unit" "-Dkitten_value=cadical_mangled_kitten_value" "-Dcompletely_backtrack_to_root_level=cadical_mangled_completely_backtrack_to_root_level" "-Dnew_learned_klause=cadical_mangled_new_learned_klause" "-DNDEBUG" "-o" "/opt/rustwide/target/release/build/pindakaas-cadical/70d37042355393b6/out/1ca444035cca2c1d-deduplicate.o" "-c" "vendor/cadical/src/deduplicate.cpp"
[INFO] [stderr]   cargo:warning=c++: fatal error: Killed signal terminated program cc1plus
[INFO] [stderr]   cargo:warning=compilation terminated.
[INFO] [stderr]   cargo:warning=c++: fatal error: Killed signal terminated program cc1plus
[INFO] [stderr]   cargo:warning=compilation terminated.
[INFO] [stderr]   exit status: 1
[INFO] [stderr]   cargo:warning=ToolExecError: command did not execute successfully (status code exit status: 1): "c++" "-O3" "-ffunction-sections" "-fdata-sections" "-fPIC" "-m64" "-I" "vendor/cadical/src" "-Wall" "-Wextra" "-std=c++11" "-DNBUILD" "-DNCLOSEFROM" "-DNTRACING" "-DNUNLOCKED" "-DQUIET" "-Dkitten_assume=cadical_mangled_kitten_assume" "-Dkitten_binary=cadical_mangled_kitten_binary" "-Dkitten_clause=cadical_mangled_kitten_clause" "-Dkitten_clause_with_id_and_exception=cadical_mangled_kitten_clause_with_id_and_exception" "-Dkitten_clear=cadical_mangled_kitten_clear" "-Dkitten_compute_clausal_core=cadical_mangled_kitten_compute_clausal_core" "-Dkitten_failed=cadical_mangled_kitten_failed" "-Dkitten_fixed=cadical_mangled_kitten_fixed" "-Dkitten_flip_literal=cadical_mangled_kitten_flip_literal" "-Dkitten_flip_phases=cadical_mangled_kitten_flip_phases" "-Dkitten_no_ticks_limit=cadical_mangled_kitten_no_ticks_limit" "-Dkitten_randomize_phases=cadical_mangled_kitten_randomize_phases" "-Dkitten_release=cadical_mangled_kitten_release" "-Dkitten_set_ticks_limit=cadical_mangled_kitten_set_ticks_limit" "-Dkitten_shrink_to_clausal_core=cadical_mangled_kitten_shrink_to_clausal_core" "-Dkitten_shuffle_clauses=cadical_mangled_kitten_shuffle_clauses" "-Dkitten_solve=cadical_mangled_kitten_solve" "-Dkitten_status=cadical_mangled_kitten_status" "-Dkitten_track_antecedents=cadical_mangled_kitten_track_antecedents" "-Dkitten_traverse_core_clauses=cadical_mangled_kitten_traverse_core_clauses" "-Dkitten_traverse_core_ids=cadical_mangled_kitten_traverse_core_ids" "-Dkitten_unit=cadical_mangled_kitten_unit" "-Dkitten_value=cadical_mangled_kitten_value" "-Dcompletely_backtrack_to_root_level=cadical_mangled_completely_backtrack_to_root_level" "-Dnew_learned_klause=cadical_mangled_new_learned_klause" "-DNDEBUG" "-o" "/opt/rustwide/target/release/build/pindakaas-cadical/70d37042355393b6/out/1ca444035cca2c1d-elimfast.o" "-c" "vendor/cadical/src/elimfast.cpp"
[INFO] [stderr]   exit status: 1
[INFO] [stderr]   cargo:warning=ToolExecError: command did not execute successfully (status code exit status: 1): "c++" "-O3" "-ffunction-sections" "-fdata-sections" "-fPIC" "-m64" "-I" "vendor/cadical/src" "-Wall" "-Wextra" "-std=c++11" "-DNBUILD" "-DNCLOSEFROM" "-DNTRACING" "-DNUNLOCKED" "-DQUIET" "-Dkitten_assume=cadical_mangled_kitten_assume" "-Dkitten_binary=cadical_mangled_kitten_binary" "-Dkitten_clause=cadical_mangled_kitten_clause" "-Dkitten_clause_with_id_and_exception=cadical_mangled_kitten_clause_with_id_and_exception" "-Dkitten_clear=cadical_mangled_kitten_clear" "-Dkitten_compute_clausal_core=cadical_mangled_kitten_compute_clausal_core" "-Dkitten_failed=cadical_mangled_kitten_failed" "-Dkitten_fixed=cadical_mangled_kitten_fixed" "-Dkitten_flip_literal=cadical_mangled_kitten_flip_literal" "-Dkitten_flip_phases=cadical_mangled_kitten_flip_phases" "-Dkitten_no_ticks_limit=cadical_mangled_kitten_no_ticks_limit" "-Dkitten_randomize_phases=cadical_mangled_kitten_randomize_phases" "-Dkitten_release=cadical_mangled_kitten_release" "-Dkitten_set_ticks_limit=cadical_mangled_kitten_set_ticks_limit" "-Dkitten_shrink_to_clausal_core=cadical_mangled_kitten_shrink_to_clausal_core" "-Dkitten_shuffle_clauses=cadical_mangled_kitten_shuffle_clauses" "-Dkitten_solve=cadical_mangled_kitten_solve" "-Dkitten_status=cadical_mangled_kitten_status" "-Dkitten_track_antecedents=cadical_mangled_kitten_track_antecedents" "-Dkitten_traverse_core_clauses=cadical_mangled_kitten_traverse_core_clauses" "-Dkitten_traverse_core_ids=cadical_mangled_kitten_traverse_core_ids" "-Dkitten_unit=cadical_mangled_kitten_unit" "-Dkitten_value=cadical_mangled_kitten_value" "-Dcompletely_backtrack_to_root_level=cadical_mangled_completely_backtrack_to_root_level" "-Dnew_learned_klause=cadical_mangled_new_learned_klause" "-DNDEBUG" "-o" "/opt/rustwide/target/release/build/pindakaas-cadical/70d37042355393b6/out/1ca444035cca2c1d-elim.o" "-c" "vendor/cadical/src/elim.cpp"
[INFO] [stderr]   exit status: 0
[INFO] [stderr]   cargo:warning=c++: fatal error: Killed signal terminated program cc1plus
[INFO] [stderr]   cargo:warning=compilation terminated.
[INFO] [stderr]   exit status: 1
[INFO] [stderr]   cargo:warning=ToolExecError: command did not execute successfully (status code exit status: 1): "c++" "-O3" "-ffunction-sections" "-fdata-sections" "-fPIC" "-m64" "-I" "vendor/cadical/src" "-Wall" "-Wextra" "-std=c++11" "-DNBUILD" "-DNCLOSEFROM" "-DNTRACING" "-DNUNLOCKED" "-DQUIET" "-Dkitten_assume=cadical_mangled_kitten_assume" "-Dkitten_binary=cadical_mangled_kitten_binary" "-Dkitten_clause=cadical_mangled_kitten_clause" "-Dkitten_clause_with_id_and_exception=cadical_mangled_kitten_clause_with_id_and_exception" "-Dkitten_clear=cadical_mangled_kitten_clear" "-Dkitten_compute_clausal_core=cadical_mangled_kitten_compute_clausal_core" "-Dkitten_failed=cadical_mangled_kitten_failed" "-Dkitten_fixed=cadical_mangled_kitten_fixed" "-Dkitten_flip_literal=cadical_mangled_kitten_flip_literal" "-Dkitten_flip_phases=cadical_mangled_kitten_flip_phases" "-Dkitten_no_ticks_limit=cadical_mangled_kitten_no_ticks_limit" "-Dkitten_randomize_phases=cadical_mangled_kitten_randomize_phases" "-Dkitten_release=cadical_mangled_kitten_release" "-Dkitten_set_ticks_limit=cadical_mangled_kitten_set_ticks_limit" "-Dkitten_shrink_to_clausal_core=cadical_mangled_kitten_shrink_to_clausal_core" "-Dkitten_shuffle_clauses=cadical_mangled_kitten_shuffle_clauses" "-Dkitten_solve=cadical_mangled_kitten_solve" "-Dkitten_status=cadical_mangled_kitten_status" "-Dkitten_track_antecedents=cadical_mangled_kitten_track_antecedents" "-Dkitten_traverse_core_clauses=cadical_mangled_kitten_traverse_core_clauses" "-Dkitten_traverse_core_ids=cadical_mangled_kitten_traverse_core_ids" "-Dkitten_unit=cadical_mangled_kitten_unit" "-Dkitten_value=cadical_mangled_kitten_value" "-Dcompletely_backtrack_to_root_level=cadical_mangled_completely_backtrack_to_root_level" "-Dnew_learned_klause=cadical_mangled_new_learned_klause" "-DNDEBUG" "-o" "/opt/rustwide/target/release/build/pindakaas-cadical/70d37042355393b6/out/1ca444035cca2c1d-external.o" "-c" "vendor/cadical/src/external.cpp"
[INFO] [stderr]   cargo:warning=c++: fatal error: Killed signal terminated program cc1plus
[INFO] [stderr]   cargo:warning=compilation terminated.
[INFO] [stderr]   exit status: 1
[INFO] [stderr]   cargo:warning=ToolExecError: command did not execute successfully (status code exit status: 1): "c++" "-O3" "-ffunction-sections" "-fdata-sections" "-fPIC" "-m64" "-I" "vendor/cadical/src" "-Wall" "-Wextra" "-std=c++11" "-DNBUILD" "-DNCLOSEFROM" "-DNTRACING" "-DNUNLOCKED" "-DQUIET" "-Dkitten_assume=cadical_mangled_kitten_assume" "-Dkitten_binary=cadical_mangled_kitten_binary" "-Dkitten_clause=cadical_mangled_kitten_clause" "-Dkitten_clause_with_id_and_exception=cadical_mangled_kitten_clause_with_id_and_exception" "-Dkitten_clear=cadical_mangled_kitten_clear" "-Dkitten_compute_clausal_core=cadical_mangled_kitten_compute_clausal_core" "-Dkitten_failed=cadical_mangled_kitten_failed" "-Dkitten_fixed=cadical_mangled_kitten_fixed" "-Dkitten_flip_literal=cadical_mangled_kitten_flip_literal" "-Dkitten_flip_phases=cadical_mangled_kitten_flip_phases" "-Dkitten_no_ticks_limit=cadical_mangled_kitten_no_ticks_limit" "-Dkitten_randomize_phases=cadical_mangled_kitten_randomize_phases" "-Dkitten_release=cadical_mangled_kitten_release" "-Dkitten_set_ticks_limit=cadical_mangled_kitten_set_ticks_limit" "-Dkitten_shrink_to_clausal_core=cadical_mangled_kitten_shrink_to_clausal_core" "-Dkitten_shuffle_clauses=cadical_mangled_kitten_shuffle_clauses" "-Dkitten_solve=cadical_mangled_kitten_solve" "-Dkitten_status=cadical_mangled_kitten_status" "-Dkitten_track_antecedents=cadical_mangled_kitten_track_antecedents" "-Dkitten_traverse_core_clauses=cadical_mangled_kitten_traverse_core_clauses" "-Dkitten_traverse_core_ids=cadical_mangled_kitten_traverse_core_ids" "-Dkitten_unit=cadical_mangled_kitten_unit" "-Dkitten_value=cadical_mangled_kitten_value" "-Dcompletely_backtrack_to_root_level=cadical_mangled_completely_backtrack_to_root_level" "-Dnew_learned_klause=cadical_mangled_new_learned_klause" "-DNDEBUG" "-o" "/opt/rustwide/target/release/build/pindakaas-cadical/70d37042355393b6/out/1ca444035cca2c1d-factor.o" "-c" "vendor/cadical/src/factor.cpp"
[INFO] [stderr]   exit status: 0
[INFO] [stderr]   exit status: 0
[INFO] [stderr]   exit status: 0
[INFO] [stderr]   exit status: 0
[INFO] [stderr]   cargo:warning=c++: fatal error: Killed signal terminated program cc1plus
[INFO] [stderr]   cargo:warning=compilation terminated.
[INFO] [stderr]   exit status: 1
[INFO] [stderr]   cargo:warning=ToolExecError: command did not execute successfully (status code exit status: 1): "c++" "-O3" "-ffunction-sections" "-fdata-sections" "-fPIC" "-m64" "-I" "vendor/cadical/src" "-Wall" "-Wextra" "-std=c++11" "-DNBUILD" "-DNCLOSEFROM" "-DNTRACING" "-DNUNLOCKED" "-DQUIET" "-Dkitten_assume=cadical_mangled_kitten_assume" "-Dkitten_binary=cadical_mangled_kitten_binary" "-Dkitten_clause=cadical_mangled_kitten_clause" "-Dkitten_clause_with_id_and_exception=cadical_mangled_kitten_clause_with_id_and_exception" "-Dkitten_clear=cadical_mangled_kitten_clear" "-Dkitten_compute_clausal_core=cadical_mangled_kitten_compute_clausal_core" "-Dkitten_failed=cadical_mangled_kitten_failed" "-Dkitten_fixed=cadical_mangled_kitten_fixed" "-Dkitten_flip_literal=cadical_mangled_kitten_flip_literal" "-Dkitten_flip_phases=cadical_mangled_kitten_flip_phases" "-Dkitten_no_ticks_limit=cadical_mangled_kitten_no_ticks_limit" "-Dkitten_randomize_phases=cadical_mangled_kitten_randomize_phases" "-Dkitten_release=cadical_mangled_kitten_release" "-Dkitten_set_ticks_limit=cadical_mangled_kitten_set_ticks_limit" "-Dkitten_shrink_to_clausal_core=cadical_mangled_kitten_shrink_to_clausal_core" "-Dkitten_shuffle_clauses=cadical_mangled_kitten_shuffle_clauses" "-Dkitten_solve=cadical_mangled_kitten_solve" "-Dkitten_status=cadical_mangled_kitten_status" "-Dkitten_track_antecedents=cadical_mangled_kitten_track_antecedents" "-Dkitten_traverse_core_clauses=cadical_mangled_kitten_traverse_core_clauses" "-Dkitten_traverse_core_ids=cadical_mangled_kitten_traverse_core_ids" "-Dkitten_unit=cadical_mangled_kitten_unit" "-Dkitten_value=cadical_mangled_kitten_value" "-Dcompletely_backtrack_to_root_level=cadical_mangled_completely_backtrack_to_root_level" "-Dnew_learned_klause=cadical_mangled_new_learned_klause" "-DNDEBUG" "-o" "/opt/rustwide/target/release/build/pindakaas-cadical/70d37042355393b6/out/1ca444035cca2c1d-gates.o" "-c" "vendor/cadical/src/gates.cpp"
[INFO] [stderr]   cargo:warning=c++: fatal error: Killed signal terminated program cc1plus
[INFO] [stderr]   cargo:warning=compilation terminated.
[INFO] [stderr]   exit status: 1
[INFO] [stderr]   cargo:warning=ToolExecError: command did not execute successfully (status code exit status: 1): "c++" "-O3" "-ffunction-sections" "-fdata-sections" "-fPIC" "-m64" "-I" "vendor/cadical/src" "-Wall" "-Wextra" "-std=c++11" "-DNBUILD" "-DNCLOSEFROM" "-DNTRACING" "-DNUNLOCKED" "-DQUIET" "-Dkitten_assume=cadical_mangled_kitten_assume" "-Dkitten_binary=cadical_mangled_kitten_binary" "-Dkitten_clause=cadical_mangled_kitten_clause" "-Dkitten_clause_with_id_and_exception=cadical_mangled_kitten_clause_with_id_and_exception" "-Dkitten_clear=cadical_mangled_kitten_clear" "-Dkitten_compute_clausal_core=cadical_mangled_kitten_compute_clausal_core" "-Dkitten_failed=cadical_mangled_kitten_failed" "-Dkitten_fixed=cadical_mangled_kitten_fixed" "-Dkitten_flip_literal=cadical_mangled_kitten_flip_literal" "-Dkitten_flip_phases=cadical_mangled_kitten_flip_phases" "-Dkitten_no_ticks_limit=cadical_mangled_kitten_no_ticks_limit" "-Dkitten_randomize_phases=cadical_mangled_kitten_randomize_phases" "-Dkitten_release=cadical_mangled_kitten_release" "-Dkitten_set_ticks_limit=cadical_mangled_kitten_set_ticks_limit" "-Dkitten_shrink_to_clausal_core=cadical_mangled_kitten_shrink_to_clausal_core" "-Dkitten_shuffle_clauses=cadical_mangled_kitten_shuffle_clauses" "-Dkitten_solve=cadical_mangled_kitten_solve" "-Dkitten_status=cadical_mangled_kitten_status" "-Dkitten_track_antecedents=cadical_mangled_kitten_track_antecedents" "-Dkitten_traverse_core_clauses=cadical_mangled_kitten_traverse_core_clauses" "-Dkitten_traverse_core_ids=cadical_mangled_kitten_traverse_core_ids" "-Dkitten_unit=cadical_mangled_kitten_unit" "-Dkitten_value=cadical_mangled_kitten_value" "-Dcompletely_backtrack_to_root_level=cadical_mangled_completely_backtrack_to_root_level" "-Dnew_learned_klause=cadical_mangled_new_learned_klause" "-DNDEBUG" "-o" "/opt/rustwide/target/release/build/pindakaas-cadical/70d37042355393b6/out/1ca444035cca2c1d-internal.o" "-c" "vendor/cadical/src/internal.cpp"
[INFO] [stderr]   cargo:warning=c++: fatal error: Killed signal terminated program cc1plus
[INFO] [stderr]   cargo:warning=compilation terminated.
[INFO] [stderr]   exit status: 1
[INFO] [stderr]   cargo:warning=ToolExecError: command did not execute successfully (status code exit status: 1): "c++" "-O3" "-ffunction-sections" "-fdata-sections" "-fPIC" "-m64" "-I" "vendor/cadical/src" "-Wall" "-Wextra" "-std=c++11" "-DNBUILD" "-DNCLOSEFROM" "-DNTRACING" "-DNUNLOCKED" "-DQUIET" "-Dkitten_assume=cadical_mangled_kitten_assume" "-Dkitten_binary=cadical_mangled_kitten_binary" "-Dkitten_clause=cadical_mangled_kitten_clause" "-Dkitten_clause_with_id_and_exception=cadical_mangled_kitten_clause_with_id_and_exception" "-Dkitten_clear=cadical_mangled_kitten_clear" "-Dkitten_compute_clausal_core=cadical_mangled_kitten_compute_clausal_core" "-Dkitten_failed=cadical_mangled_kitten_failed" "-Dkitten_fixed=cadical_mangled_kitten_fixed" "-Dkitten_flip_literal=cadical_mangled_kitten_flip_literal" "-Dkitten_flip_phases=cadical_mangled_kitten_flip_phases" "-Dkitten_no_ticks_limit=cadical_mangled_kitten_no_ticks_limit" "-Dkitten_randomize_phases=cadical_mangled_kitten_randomize_phases" "-Dkitten_release=cadical_mangled_kitten_release" "-Dkitten_set_ticks_limit=cadical_mangled_kitten_set_ticks_limit" "-Dkitten_shrink_to_clausal_core=cadical_mangled_kitten_shrink_to_clausal_core" "-Dkitten_shuffle_clauses=cadical_mangled_kitten_shuffle_clauses" "-Dkitten_solve=cadical_mangled_kitten_solve" "-Dkitten_status=cadical_mangled_kitten_status" "-Dkitten_track_antecedents=cadical_mangled_kitten_track_antecedents" "-Dkitten_traverse_core_clauses=cadical_mangled_kitten_traverse_core_clauses" "-Dkitten_traverse_core_ids=cadical_mangled_kitten_traverse_core_ids" "-Dkitten_unit=cadical_mangled_kitten_unit" "-Dkitten_value=cadical_mangled_kitten_value" "-Dcompletely_backtrack_to_root_level=cadical_mangled_completely_backtrack_to_root_level" "-Dnew_learned_klause=cadical_mangled_new_learned_klause" "-DNDEBUG" "-o" "/opt/rustwide/target/release/build/pindakaas-cadical/70d37042355393b6/out/1ca444035cca2c1d-instantiate.o" "-c" "vendor/cadical/src/instantiate.cpp"
[INFO] [stderr]   exit status: 0
[INFO] [stderr]   exit status: 0
[INFO] [stderr]   exit status: 0
[INFO] [stderr]   exit status: 0
[INFO] [stderr]   exit status: 0
[INFO] [stderr]   exit status: 0
[INFO] [stderr]   exit status: 0
[INFO] [stderr]   exit status: 0
[INFO] [stderr]   exit status: 0
[INFO] [stderr]   exit status: 0
[INFO] [stderr]   exit status: 0
[INFO] [stderr]   exit status: 0
[INFO] [stderr]   exit status: 0
[INFO] [stderr]   exit status: 0
[INFO] [stderr]   exit status: 0
[INFO] [stderr]   exit status: 0
[INFO] [stderr]   exit status: 0
[INFO] [stderr]   exit status: 0
[INFO] [stderr]   exit status: 0
[INFO] [stderr]   exit status: 0
[INFO] [stderr]   exit status: 0
[INFO] [stderr]   exit status: 0
[INFO] [stderr]   exit status: 0
[INFO] [stderr]   exit status: 0
[INFO] [stderr]   exit status: 0
[INFO] [stderr]   exit status: 0
[INFO] [stderr]   cargo:warning=c++: fatal error: Killed signal terminated program cc1plus
[INFO] [stderr]   cargo:warning=compilation terminated.
[INFO] [stderr]   exit status: 1
[INFO] [stderr]   cargo:warning=ToolExecError: command did not execute successfully (status code exit status: 1): "c++" "-O3" "-ffunction-sections" "-fdata-sections" "-fPIC" "-m64" "-I" "vendor/cadical/src" "-Wall" "-Wextra" "-std=c++11" "-DNBUILD" "-DNCLOSEFROM" "-DNTRACING" "-DNUNLOCKED" "-DQUIET" "-Dkitten_assume=cadical_mangled_kitten_assume" "-Dkitten_binary=cadical_mangled_kitten_binary" "-Dkitten_clause=cadical_mangled_kitten_clause" "-Dkitten_clause_with_id_and_exception=cadical_mangled_kitten_clause_with_id_and_exception" "-Dkitten_clear=cadical_mangled_kitten_clear" "-Dkitten_compute_clausal_core=cadical_mangled_kitten_compute_clausal_core" "-Dkitten_failed=cadical_mangled_kitten_failed" "-Dkitten_fixed=cadical_mangled_kitten_fixed" "-Dkitten_flip_literal=cadical_mangled_kitten_flip_literal" "-Dkitten_flip_phases=cadical_mangled_kitten_flip_phases" "-Dkitten_no_ticks_limit=cadical_mangled_kitten_no_ticks_limit" "-Dkitten_randomize_phases=cadical_mangled_kitten_randomize_phases" "-Dkitten_release=cadical_mangled_kitten_release" "-Dkitten_set_ticks_limit=cadical_mangled_kitten_set_ticks_limit" "-Dkitten_shrink_to_clausal_core=cadical_mangled_kitten_shrink_to_clausal_core" "-Dkitten_shuffle_clauses=cadical_mangled_kitten_shuffle_clauses" "-Dkitten_solve=cadical_mangled_kitten_solve" "-Dkitten_status=cadical_mangled_kitten_status" "-Dkitten_track_antecedents=cadical_mangled_kitten_track_antecedents" "-Dkitten_traverse_core_clauses=cadical_mangled_kitten_traverse_core_clauses" "-Dkitten_traverse_core_ids=cadical_mangled_kitten_traverse_core_ids" "-Dkitten_unit=cadical_mangled_kitten_unit" "-Dkitten_value=cadical_mangled_kitten_value" "-Dcompletely_backtrack_to_root_level=cadical_mangled_completely_backtrack_to_root_level" "-Dnew_learned_klause=cadical_mangled_new_learned_klause" "-DNDEBUG" "-o" "/opt/rustwide/target/release/build/pindakaas-cadical/70d37042355393b6/out/1ca444035cca2c1d-proof.o" "-c" "vendor/cadical/src/proof.cpp"
[INFO] [stderr]   cargo:warning=c++: fatal error: Killed signal terminated program cc1plus
[INFO] [stderr]   cargo:warning=compilation terminated.
[INFO] [stderr]   exit status: 1
[INFO] [stderr]   cargo:warning=ToolExecError: command did not execute successfully (status code exit status: 1): "c++" "-O3" "-ffunction-sections" "-fdata-sections" "-fPIC" "-m64" "-I" "vendor/cadical/src" "-Wall" "-Wextra" "-std=c++11" "-DNBUILD" "-DNCLOSEFROM" "-DNTRACING" "-DNUNLOCKED" "-DQUIET" "-Dkitten_assume=cadical_mangled_kitten_assume" "-Dkitten_binary=cadical_mangled_kitten_binary" "-Dkitten_clause=cadical_mangled_kitten_clause" "-Dkitten_clause_with_id_and_exception=cadical_mangled_kitten_clause_with_id_and_exception" "-Dkitten_clear=cadical_mangled_kitten_clear" "-Dkitten_compute_clausal_core=cadical_mangled_kitten_compute_clausal_core" "-Dkitten_failed=cadical_mangled_kitten_failed" "-Dkitten_fixed=cadical_mangled_kitten_fixed" "-Dkitten_flip_literal=cadical_mangled_kitten_flip_literal" "-Dkitten_flip_phases=cadical_mangled_kitten_flip_phases" "-Dkitten_no_ticks_limit=cadical_mangled_kitten_no_ticks_limit" "-Dkitten_randomize_phases=cadical_mangled_kitten_randomize_phases" "-Dkitten_release=cadical_mangled_kitten_release" "-Dkitten_set_ticks_limit=cadical_mangled_kitten_set_ticks_limit" "-Dkitten_shrink_to_clausal_core=cadical_mangled_kitten_shrink_to_clausal_core" "-Dkitten_shuffle_clauses=cadical_mangled_kitten_shuffle_clauses" "-Dkitten_solve=cadical_mangled_kitten_solve" "-Dkitten_status=cadical_mangled_kitten_status" "-Dkitten_track_antecedents=cadical_mangled_kitten_track_antecedents" "-Dkitten_traverse_core_clauses=cadical_mangled_kitten_traverse_core_clauses" "-Dkitten_traverse_core_ids=cadical_mangled_kitten_traverse_core_ids" "-Dkitten_unit=cadical_mangled_kitten_unit" "-Dkitten_value=cadical_mangled_kitten_value" "-Dcompletely_backtrack_to_root_level=cadical_mangled_completely_backtrack_to_root_level" "-Dnew_learned_klause=cadical_mangled_new_learned_klause" "-DNDEBUG" "-o" "/opt/rustwide/target/release/build/pindakaas-cadical/70d37042355393b6/out/1ca444035cca2c1d-options.o" "-c" "vendor/cadical/src/options.cpp"
[INFO] [stderr]   cargo:warning=c++: fatal error: Killed signal terminated program cc1plus
[INFO] [stderr]   cargo:warning=compilation terminated.
[INFO] [stderr]   exit status: 1
[INFO] [stderr]   cargo:warning=ToolExecError: command did not execute successfully (status code exit status: 1): "c++" "-O3" "-ffunction-sections" "-fdata-sections" "-fPIC" "-m64" "-I" "vendor/cadical/src" "-Wall" "-Wextra" "-std=c++11" "-DNBUILD" "-DNCLOSEFROM" "-DNTRACING" "-DNUNLOCKED" "-DQUIET" "-Dkitten_assume=cadical_mangled_kitten_assume" "-Dkitten_binary=cadical_mangled_kitten_binary" "-Dkitten_clause=cadical_mangled_kitten_clause" "-Dkitten_clause_with_id_and_exception=cadical_mangled_kitten_clause_with_id_and_exception" "-Dkitten_clear=cadical_mangled_kitten_clear" "-Dkitten_compute_clausal_core=cadical_mangled_kitten_compute_clausal_core" "-Dkitten_failed=cadical_mangled_kitten_failed" "-Dkitten_fixed=cadical_mangled_kitten_fixed" "-Dkitten_flip_literal=cadical_mangled_kitten_flip_literal" "-Dkitten_flip_phases=cadical_mangled_kitten_flip_phases" "-Dkitten_no_ticks_limit=cadical_mangled_kitten_no_ticks_limit" "-Dkitten_randomize_phases=cadical_mangled_kitten_randomize_phases" "-Dkitten_release=cadical_mangled_kitten_release" "-Dkitten_set_ticks_limit=cadical_mangled_kitten_set_ticks_limit" "-Dkitten_shrink_to_clausal_core=cadical_mangled_kitten_shrink_to_clausal_core" "-Dkitten_shuffle_clauses=cadical_mangled_kitten_shuffle_clauses" "-Dkitten_solve=cadical_mangled_kitten_solve" "-Dkitten_status=cadical_mangled_kitten_status" "-Dkitten_track_antecedents=cadical_mangled_kitten_track_antecedents" "-Dkitten_traverse_core_clauses=cadical_mangled_kitten_traverse_core_clauses" "-Dkitten_traverse_core_ids=cadical_mangled_kitten_traverse_core_ids" "-Dkitten_unit=cadical_mangled_kitten_unit" "-Dkitten_value=cadical_mangled_kitten_value" "-Dcompletely_backtrack_to_root_level=cadical_mangled_completely_backtrack_to_root_level" "-Dnew_learned_klause=cadical_mangled_new_learned_klause" "-DNDEBUG" "-o" "/opt/rustwide/target/release/build/pindakaas-cadical/70d37042355393b6/out/1ca444035cca2c1d-probe.o" "-c" "vendor/cadical/src/probe.cpp"
[INFO] [stderr]   exit status: 0
[INFO] [stderr]   exit status: 0
[INFO] [stderr]   exit status: 0
[INFO] [stderr]   exit status: 0
[INFO] [stderr]   cargo:warning=c++: fatal error: Killed signal terminated program cc1plus
[INFO] [stderr]   cargo:warning=compilation terminated.
[INFO] [stderr]   exit status: 1
[INFO] [stderr]   cargo:warning=ToolExecError: command did not execute successfully (status code exit status: 1): "c++" "-O3" "-ffunction-sections" "-fdata-sections" "-fPIC" "-m64" "-I" "vendor/cadical/src" "-Wall" "-Wextra" "-std=c++11" "-DNBUILD" "-DNCLOSEFROM" "-DNTRACING" "-DNUNLOCKED" "-DQUIET" "-Dkitten_assume=cadical_mangled_kitten_assume" "-Dkitten_binary=cadical_mangled_kitten_binary" "-Dkitten_clause=cadical_mangled_kitten_clause" "-Dkitten_clause_with_id_and_exception=cadical_mangled_kitten_clause_with_id_and_exception" "-Dkitten_clear=cadical_mangled_kitten_clear" "-Dkitten_compute_clausal_core=cadical_mangled_kitten_compute_clausal_core" "-Dkitten_failed=cadical_mangled_kitten_failed" "-Dkitten_fixed=cadical_mangled_kitten_fixed" "-Dkitten_flip_literal=cadical_mangled_kitten_flip_literal" "-Dkitten_flip_phases=cadical_mangled_kitten_flip_phases" "-Dkitten_no_ticks_limit=cadical_mangled_kitten_no_ticks_limit" "-Dkitten_randomize_phases=cadical_mangled_kitten_randomize_phases" "-Dkitten_release=cadical_mangled_kitten_release" "-Dkitten_set_ticks_limit=cadical_mangled_kitten_set_ticks_limit" "-Dkitten_shrink_to_clausal_core=cadical_mangled_kitten_shrink_to_clausal_core" "-Dkitten_shuffle_clauses=cadical_mangled_kitten_shuffle_clauses" "-Dkitten_solve=cadical_mangled_kitten_solve" "-Dkitten_status=cadical_mangled_kitten_status" "-Dkitten_track_antecedents=cadical_mangled_kitten_track_antecedents" "-Dkitten_traverse_core_clauses=cadical_mangled_kitten_traverse_core_clauses" "-Dkitten_traverse_core_ids=cadical_mangled_kitten_traverse_core_ids" "-Dkitten_unit=cadical_mangled_kitten_unit" "-Dkitten_value=cadical_mangled_kitten_value" "-Dcompletely_backtrack_to_root_level=cadical_mangled_completely_backtrack_to_root_level" "-Dnew_learned_klause=cadical_mangled_new_learned_klause" "-DNDEBUG" "-o" "/opt/rustwide/target/release/build/pindakaas-cadical/70d37042355393b6/out/1ca444035cca2c1d-solver.o" "-c" "vendor/cadical/src/solver.cpp"
[INFO] [stderr]   cargo:warning=c++: fatal error: Killed signal terminated program cc1plus
[INFO] [stderr]   cargo:warning=compilation terminated.
[INFO] [stderr]   exit status: 1
[INFO] [stderr]   cargo:warning=ToolExecError: command did not execute successfully (status code exit status: 1): "c++" "-O3" "-ffunction-sections" "-fdata-sections" "-fPIC" "-m64" "-I" "vendor/cadical/src" "-Wall" "-Wextra" "-std=c++11" "-DNBUILD" "-DNCLOSEFROM" "-DNTRACING" "-DNUNLOCKED" "-DQUIET" "-Dkitten_assume=cadical_mangled_kitten_assume" "-Dkitten_binary=cadical_mangled_kitten_binary" "-Dkitten_clause=cadical_mangled_kitten_clause" "-Dkitten_clause_with_id_and_exception=cadical_mangled_kitten_clause_with_id_and_exception" "-Dkitten_clear=cadical_mangled_kitten_clear" "-Dkitten_compute_clausal_core=cadical_mangled_kitten_compute_clausal_core" "-Dkitten_failed=cadical_mangled_kitten_failed" "-Dkitten_fixed=cadical_mangled_kitten_fixed" "-Dkitten_flip_literal=cadical_mangled_kitten_flip_literal" "-Dkitten_flip_phases=cadical_mangled_kitten_flip_phases" "-Dkitten_no_ticks_limit=cadical_mangled_kitten_no_ticks_limit" "-Dkitten_randomize_phases=cadical_mangled_kitten_randomize_phases" "-Dkitten_release=cadical_mangled_kitten_release" "-Dkitten_set_ticks_limit=cadical_mangled_kitten_set_ticks_limit" "-Dkitten_shrink_to_clausal_core=cadical_mangled_kitten_shrink_to_clausal_core" "-Dkitten_shuffle_clauses=cadical_mangled_kitten_shuffle_clauses" "-Dkitten_solve=cadical_mangled_kitten_solve" "-Dkitten_status=cadical_mangled_kitten_status" "-Dkitten_track_antecedents=cadical_mangled_kitten_track_antecedents" "-Dkitten_traverse_core_clauses=cadical_mangled_kitten_traverse_core_clauses" "-Dkitten_traverse_core_ids=cadical_mangled_kitten_traverse_core_ids" "-Dkitten_unit=cadical_mangled_kitten_unit" "-Dkitten_value=cadical_mangled_kitten_value" "-Dcompletely_backtrack_to_root_level=cadical_mangled_completely_backtrack_to_root_level" "-Dnew_learned_klause=cadical_mangled_new_learned_klause" "-DNDEBUG" "-o" "/opt/rustwide/target/release/build/pindakaas-cadical/70d37042355393b6/out/1ca444035cca2c1d-sweep.o" "-c" "vendor/cadical/src/sweep.cpp"
[INFO] [stderr]   exit status: 0
[INFO] [stderr]   exit status: 0
[INFO] [stderr]   exit status: 0
[INFO] [stderr]   exit status: 0
[INFO] [stderr]   exit status: 0
[INFO] [stderr]   exit status: 0
[INFO] [stderr]   exit status: 0
[INFO] [stderr]   exit status: 0
[INFO] [stderr]   exit status: 0
[INFO] [stderr]   exit status: 0
[INFO] [stderr]   exit status: 0
[INFO] [stderr]   exit status: 0
[INFO] [stderr]   exit status: 0
[INFO] [stderr]   exit status: 0
[INFO] [stderr]   exit status: 0
[INFO] [stderr] 
[INFO] [stderr]   --- stderr
[INFO] [stderr] 
[INFO] [stderr] 
[INFO] [stderr]   error occurred in cc-rs: command did not execute successfully (status code exit status: 1): "c++" "-O3" "-ffunction-sections" "-fdata-sections" "-fPIC" "-m64" "-I" "vendor/cadical/src" "-Wall" "-Wextra" "-std=c++11" "-DNBUILD" "-DNCLOSEFROM" "-DNTRACING" "-DNUNLOCKED" "-DQUIET" "-Dkitten_assume=cadical_mangled_kitten_assume" "-Dkitten_binary=cadical_mangled_kitten_binary" "-Dkitten_clause=cadical_mangled_kitten_clause" "-Dkitten_clause_with_id_and_exception=cadical_mangled_kitten_clause_with_id_and_exception" "-Dkitten_clear=cadical_mangled_kitten_clear" "-Dkitten_compute_clausal_core=cadical_mangled_kitten_compute_clausal_core" "-Dkitten_failed=cadical_mangled_kitten_failed" "-Dkitten_fixed=cadical_mangled_kitten_fixed" "-Dkitten_flip_literal=cadical_mangled_kitten_flip_literal" "-Dkitten_flip_phases=cadical_mangled_kitten_flip_phases" "-Dkitten_no_ticks_limit=cadical_mangled_kitten_no_ticks_limit" "-Dkitten_randomize_phases=cadical_mangled_kitten_randomize_phases" "-Dkitten_release=cadical_mangled_kitten_release" "-Dkitten_set_ticks_limit=cadical_mangled_kitten_set_ticks_limit" "-Dkitten_shrink_to_clausal_core=cadical_mangled_kitten_shrink_to_clausal_core" "-Dkitten_shuffle_clauses=cadical_mangled_kitten_shuffle_clauses" "-Dkitten_solve=cadical_mangled_kitten_solve" "-Dkitten_status=cadical_mangled_kitten_status" "-Dkitten_track_antecedents=cadical_mangled_kitten_track_antecedents" "-Dkitten_traverse_core_clauses=cadical_mangled_kitten_traverse_core_clauses" "-Dkitten_traverse_core_ids=cadical_mangled_kitten_traverse_core_ids" "-Dkitten_unit=cadical_mangled_kitten_unit" "-Dkitten_value=cadical_mangled_kitten_value" "-Dcompletely_backtrack_to_root_level=cadical_mangled_completely_backtrack_to_root_level" "-Dnew_learned_klause=cadical_mangled_new_learned_klause" "-DNDEBUG" "-o" "/opt/rustwide/target/release/build/pindakaas-cadical/70d37042355393b6/out/1ca444035cca2c1d-sweep.o" "-c" "vendor/cadical/src/sweep.cpp"
[INFO] [stderr] 
[INFO] [stderr] 
[INFO] running `Command { std: "docker" "inspect" "abab316690db439df893e1eaa1040aaba3adb4491bd622f47b0965546b1f0dde", kill_on_drop: false }`
[INFO] running `Command { std: "docker" "rm" "-f" "abab316690db439df893e1eaa1040aaba3adb4491bd622f47b0965546b1f0dde", kill_on_drop: false }`
[INFO] [stdout] abab316690db439df893e1eaa1040aaba3adb4491bd622f47b0965546b1f0dde
