[INFO] fetching crate pilota-build 0.13.11...
[INFO] testing pilota-build-0.13.11 against 1.100.0-beta.1+cargoflags=--release for beta-release-1.100-2
[INFO] extracting crate pilota-build 0.13.11 into /workspace/builds/worker-5-tc2/source
[INFO] started tweaking crates.io crate pilota-build 0.13.11
[INFO] removed 0 missing examples
[INFO] removed 0 missing tests
[INFO] finished tweaking crates.io crate pilota-build 0.13.11
[INFO] tweaked toml for crates.io crate pilota-build 0.13.11 written to /workspace/builds/worker-5-tc2/source/Cargo.toml
[INFO] validating manifest of crates.io crate pilota-build 0.13.11 on toolchain 1.100.0-beta.1
[INFO] running `Command { std: CARGO_HOME="/workspace/cargo-home" RUSTUP_HOME="/workspace/rustup-home" "/workspace/cargo-home/bin/cargo" "+1.100.0-beta.1" "metadata" "--manifest-path" "Cargo.toml" "--no-deps", kill_on_drop: false }`
[INFO] crate crates.io crate pilota-build 0.13.11 already has a lockfile, it will not be regenerated
[INFO] running `Command { std: CARGO_HOME="/workspace/cargo-home" RUSTUP_HOME="/workspace/rustup-home" "/workspace/cargo-home/bin/cargo" "+1.100.0-beta.1" "fetch" "--manifest-path" "Cargo.toml", kill_on_drop: false }`
[INFO] running `Command { std: "docker" "create" "-v" "/var/lib/crater-agent-workspace/builds/worker-5-tc2/source:/opt/rustwide/workdir:ro,Z" "-v" "/var/lib/crater-agent-workspace/builds/worker-5-tc2/target:/opt/rustwide/target:rw,Z" "-v" "/var/lib/crater-agent-workspace/cargo-home:/opt/rustwide/cargo-home:ro,Z" "-v" "/var/lib/crater-agent-workspace/rustup-home:/opt/rustwide/rustup-home:ro,Z" "-m" "1610612736" "--network" "none" "ghcr.io/rust-lang/crates-build-env/linux@sha256:77db811e55d90add9212f6832c23229e3de5f1c1f9905e8cb07319ea15df73ac" "sleep" "infinity", kill_on_drop: false }`
[INFO] [stdout] 3f42cf2606325e39eb8741573c0cea10e57181ba86d9d8455b39cd6b114dc340
[INFO] running `Command { std: "docker" "start" "3f42cf2606325e39eb8741573c0cea10e57181ba86d9d8455b39cd6b114dc340", kill_on_drop: false }`
[INFO] running `Command { std: "docker" "inspect" "3f42cf2606325e39eb8741573c0cea10e57181ba86d9d8455b39cd6b114dc340", kill_on_drop: false }`
[INFO] running `Command { std: "docker" "exec" "-e" "SOURCE_DIR=/opt/rustwide/workdir" "-e" "CARGO_HOME=/opt/rustwide/cargo-home" "-e" "RUSTUP_HOME=/opt/rustwide/rustup-home" "-e" "CARGO_TARGET_DIR=/opt/rustwide/target" "-w" "/opt/rustwide/workdir" "--user" "0:0" "3f42cf2606325e39eb8741573c0cea10e57181ba86d9d8455b39cd6b114dc340" "/opt/rustwide/cargo-home/bin/cargo" "+1.100.0-beta.1" "metadata" "--no-deps" "--format-version=1", kill_on_drop: false }`
[INFO] running `Command { std: "docker" "inspect" "3f42cf2606325e39eb8741573c0cea10e57181ba86d9d8455b39cd6b114dc340", kill_on_drop: false }`
[INFO] running `Command { std: "docker" "exec" "-e" "SOURCE_DIR=/opt/rustwide/workdir" "-e" "CARGO_HOME=/opt/rustwide/cargo-home" "-e" "RUSTUP_HOME=/opt/rustwide/rustup-home" "-e" "CARGO_TARGET_DIR=/opt/rustwide/target" "-e" "CARGO_INCREMENTAL=0" "-e" "RUST_BACKTRACE=full" "-e" "RUSTFLAGS=--cap-lints=warn" "-e" "RUSTDOCFLAGS=--cap-lints=warn" "-w" "/opt/rustwide/workdir" "--user" "0:0" "3f42cf2606325e39eb8741573c0cea10e57181ba86d9d8455b39cd6b114dc340" "/opt/rustwide/cargo-home/bin/cargo" "+1.100.0-beta.1" "build" "--frozen" "--message-format=json" "--release", kill_on_drop: false }`
[INFO] [stderr]    Compiling object v0.37.3
[INFO] [stderr]    Compiling memchr v2.8.0
[INFO] [stderr]    Compiling crossbeam-epoch v0.9.20
[INFO] [stderr]    Compiling stacker v0.1.23
[INFO] [stderr]    Compiling num-traits v0.2.19
[INFO] [stderr]    Compiling either v1.15.0
[INFO] [stderr]    Compiling simdutf8 v0.1.5
[INFO] [stderr]    Compiling thiserror-impl v1.0.69
[INFO] [stderr]    Compiling protobuf v3.7.2
[INFO] [stderr]    Compiling ahash v0.8.12
[INFO] [stderr]    Compiling is-terminal v0.4.17
[INFO] [stderr]    Compiling bytes v1.11.1
[INFO] [stderr]    Compiling rustix v0.38.44
[INFO] [stderr]    Compiling chumsky v0.10.1
[INFO] [stderr]    Compiling concolor-query v0.3.3
[INFO] [stderr]    Compiling siphasher v1.0.2
[INFO] [stderr]    Compiling async-trait v0.1.89
[INFO] [stderr]    Compiling concolor v0.1.1
[INFO] [stderr]    Compiling proc-macro2 v1.0.106
[INFO] [stderr]    Compiling phf_shared v0.12.1
[INFO] [stderr]    Compiling regex-syntax v0.8.10
[INFO] [stderr]    Compiling fastrand v2.3.0
[INFO] [stderr]    Compiling ariadne v0.5.1
[INFO] [stderr]    Compiling rustix v1.1.4
[INFO] [stderr]    Compiling crossbeam-deque v0.8.6
[INFO] [stderr]    Compiling tracing v0.1.44
[INFO] [stderr]    Compiling phf_generator v0.12.1
[INFO] [stderr]    Compiling memoffset v0.9.1
[INFO] [stderr]    Compiling async-recursion v1.1.1
[INFO] [stderr]    Compiling rayon-core v1.13.0
[INFO] [stderr]    Compiling synstructure v0.13.2
[INFO] [stderr]    Compiling seize v0.5.1
[INFO] [stderr]    Compiling quote v1.0.44
[INFO] [stderr]    Compiling pilota-thrift-reflect v0.2.0
[INFO] [stderr]    Compiling faststr v0.2.34
[INFO] [stderr]    Compiling tokio v1.49.0
[INFO] [stderr]    Compiling home v0.5.11
[INFO] [stderr]    Compiling hashbrown v0.14.5
[INFO] [stderr]    Compiling winnow v0.7.14
[INFO] [stderr]    Compiling papaya v0.2.3
[INFO] [stderr]    Compiling rayon v1.11.0
[INFO] [stderr]    Compiling salsa-macros v0.23.0
[INFO] [stderr]    Compiling thiserror v1.0.69
[INFO] [stderr]    Compiling protobuf-support v3.7.2
[INFO] [stderr]    Compiling ordered-float v5.1.0
[INFO] [stderr]    Compiling phf_macros v0.12.1
[INFO] [stderr]    Compiling intrusive-collections v0.9.7
[INFO] [stderr]    Compiling tracing-log v0.2.0
[INFO] [stderr]    Compiling serde_spanned v1.0.4
[INFO] [stderr]    Compiling hashlink v0.10.0
[INFO] [stderr]    Compiling crossbeam-queue v0.3.12
[INFO] [stderr]    Compiling dashmap v6.1.0
[INFO] [stderr]    Compiling toml_datetime v0.7.5+spec-1.1.0
[INFO] [stderr]    Compiling boxcar v0.2.14
[INFO] [stderr]    Compiling thin-vec v0.2.18
[INFO] [stderr]    Compiling toml_writer v1.0.6+spec-1.1.0
[INFO] [stderr]    Compiling tempfile v3.26.0
[INFO] [stderr]    Compiling salsa-macro-rules v0.23.0
[INFO] [stderr]    Compiling regex-automata v0.4.14
[INFO] [stderr]    Compiling petgraph v0.8.3
[INFO] [stderr]    Compiling serde_yaml v0.9.34+deprecated
[INFO] [stderr]    Compiling phf v0.12.1
[INFO] [stderr]    Compiling syn v2.0.117
[INFO] [stderr]    Compiling itertools v0.14.0
[INFO] [stderr]    Compiling normpath v1.5.0
[INFO] [stderr]    Compiling toml_parser v1.0.9+spec-1.1.0
[INFO] [stderr]    Compiling integer-encoding v4.1.0
[INFO] [stderr]    Compiling linkedbytes v0.1.16
[INFO] [stderr]    Compiling heck v0.5.0
[INFO] [stderr]    Compiling which v4.4.2
[INFO] [stderr]    Compiling toml v0.9.12+spec-1.1.0
[INFO] [stderr]    Compiling salsa v0.23.0
[INFO] [stderr]    Compiling matchers v0.2.0
[INFO] [stderr]    Compiling tracing-subscriber v0.3.22
[INFO] [stderr]    Compiling ar_archive_writer v0.5.1
[INFO] [stderr]    Compiling psm v0.1.30
[INFO] [stderr]    Compiling pilota v0.13.1
[INFO] [stderr]    Compiling protobuf-parse v3.7.2
[INFO] [stderr]    Compiling pilota-thrift-parser v0.13.7
[INFO] [stderr]    Compiling pilota-build v0.13.11 (/opt/rustwide/workdir)
[INFO] [stdout] warning: method `increment_by` is never used
[INFO] [stdout]   --> src/index.rs:14:8
[INFO] [stdout]    |
[INFO] [stdout]  3 | pub trait Idx: Sized + Copy + 'static {
[INFO] [stdout]    |           --- method in this trait
[INFO] [stdout] ...
[INFO] [stdout] 14 |     fn increment_by(&mut self, amount: usize) {
[INFO] [stdout]    |        ^^^^^^^^^^^^
[INFO] [stdout]    |
[INFO] [stdout]    = note: `#[warn(dead_code)]` (part of `#[warn(unused)]`) on by default
[INFO] [stdout] 
[INFO] [stdout] 
[INFO] [stdout] warning: struct `ExceptionVariant` is never constructed
[INFO] [stdout]   --> src/ir/mod.rs:80:12
[INFO] [stdout]    |
[INFO] [stdout] 80 | pub struct ExceptionVariant {
[INFO] [stdout]    |            ^^^^^^^^^^^^^^^^
[INFO] [stdout] 
[INFO] [stdout] 
[INFO] [stderr]     Finished `release` profile [optimized] target(s) in 2m 32s
[INFO] running `Command { std: "docker" "inspect" "3f42cf2606325e39eb8741573c0cea10e57181ba86d9d8455b39cd6b114dc340", kill_on_drop: false }`
[INFO] running `Command { std: "docker" "exec" "-e" "SOURCE_DIR=/opt/rustwide/workdir" "-e" "CARGO_HOME=/opt/rustwide/cargo-home" "-e" "RUSTUP_HOME=/opt/rustwide/rustup-home" "-e" "CARGO_TARGET_DIR=/opt/rustwide/target" "-e" "CARGO_INCREMENTAL=0" "-e" "RUST_BACKTRACE=full" "-e" "RUSTFLAGS=--cap-lints=warn" "-e" "RUSTDOCFLAGS=--cap-lints=warn" "-w" "/opt/rustwide/workdir" "--user" "0:0" "3f42cf2606325e39eb8741573c0cea10e57181ba86d9d8455b39cd6b114dc340" "/opt/rustwide/cargo-home/bin/cargo" "+1.100.0-beta.1" "test" "--frozen" "--no-run" "--message-format=json" "--release", kill_on_drop: false }`
[INFO] [stderr]    Compiling regex-automata v0.4.14
[INFO] [stderr]    Compiling ahash v0.8.12
[INFO] [stderr]    Compiling ordered-float v5.1.0
[INFO] [stderr]    Compiling itertools v0.13.0
[INFO] [stderr]    Compiling diffy v0.4.2
[INFO] [stderr]    Compiling pilota v0.13.1
[INFO] [stderr]    Compiling pilota-thrift-reflect v0.2.0
[INFO] [stderr]    Compiling criterion-plot v0.6.0
[INFO] [stderr]    Compiling matchers v0.2.0
[INFO] [stderr]    Compiling regex v1.12.3
[INFO] [stderr]    Compiling tracing-subscriber v0.3.22
[INFO] [stderr]    Compiling criterion v0.7.0
[INFO] [stderr]    Compiling pilota-build v0.13.11 (/opt/rustwide/workdir)
[INFO] [stdout] warning: method `increment_by` is never used
[INFO] [stdout]   --> src/index.rs:14:8
[INFO] [stdout]    |
[INFO] [stdout]  3 | pub trait Idx: Sized + Copy + 'static {
[INFO] [stdout]    |           --- method in this trait
[INFO] [stdout] ...
[INFO] [stdout] 14 |     fn increment_by(&mut self, amount: usize) {
[INFO] [stdout]    |        ^^^^^^^^^^^^
[INFO] [stdout]    |
[INFO] [stdout]    = note: `#[warn(dead_code)]` (part of `#[warn(unused)]`) on by default
[INFO] [stdout] 
[INFO] [stdout] 
[INFO] [stdout] warning: struct `ExceptionVariant` is never constructed
[INFO] [stdout]   --> src/ir/mod.rs:80:12
[INFO] [stdout]    |
[INFO] [stdout] 80 | pub struct ExceptionVariant {
[INFO] [stdout]    |            ^^^^^^^^^^^^^^^^
[INFO] [stdout] 
[INFO] [stdout] 
[INFO] [stdout] error[E0433]: cannot find `pilota_thrift_fieldmask` in the list of imported crates
[INFO] [stdout]    --> src/test/../../test_data/thrift_with_field_mask/enum_key_map.rs:112:54
[INFO] [stdout]     |
[INFO] [stdout] 112 |             pub _field_mask: ::std::option::Option<::pilota_thrift_fieldmask::FieldMask>,
[INFO] [stdout]     |                                                      ^^^^^^^^^^^^^^^^^^^^^^^ could not find `pilota_thrift_fieldmask` in the list of imported crates
[INFO] [stdout] 
[INFO] [stdout] 
[INFO] [stdout] error[E0433]: cannot find `pilota_thrift_fieldmask` in the list of imported crates
[INFO] [stdout]    --> src/test/../../test_data/thrift_with_field_mask/enum_key_map.rs:334:60
[INFO] [stdout]     |
[INFO] [stdout] 334 |             pub fn set_field_mask(&mut self, field_mask: ::pilota_thrift_fieldmask::FieldMask) {
[INFO] [stdout]     |                                                            ^^^^^^^^^^^^^^^^^^^^^^^ could not find `pilota_thrift_fieldmask` in the list of imported crates
[INFO] [stdout] 
[INFO] [stdout] 
[INFO] [stdout] error[E0433]: cannot find `pilota_thrift_fieldmask` in the list of imported crates
[INFO] [stdout]    --> src/test/../../test_data/thrift_with_field_mask/enum_key_map.rs:347:54
[INFO] [stdout]     |
[INFO] [stdout] 347 |             pub _field_mask: ::std::option::Option<::pilota_thrift_fieldmask::FieldMask>,
[INFO] [stdout]     |                                                      ^^^^^^^^^^^^^^^^^^^^^^^ could not find `pilota_thrift_fieldmask` in the list of imported crates
[INFO] [stdout] 
[INFO] [stdout] 
[INFO] [stdout] error[E0433]: cannot find `pilota_thrift_fieldmask` in the list of imported crates
[INFO] [stdout]    --> src/test/../../test_data/thrift_with_field_mask/enum_key_map.rs:997:60
[INFO] [stdout]     |
[INFO] [stdout] 997 |             pub fn set_field_mask(&mut self, field_mask: ::pilota_thrift_fieldmask::FieldMask) {
[INFO] [stdout]     |                                                            ^^^^^^^^^^^^^^^^^^^^^^^ could not find `pilota_thrift_fieldmask` in the list of imported crates
[INFO] [stdout] 
[INFO] [stdout] 
[INFO] [stdout] For more information about this error, try `rustc --explain E0433`.
[INFO] [stdout] 
[INFO] [stderr] error: could not compile `pilota-build` (lib test) due to 4 previous errors
[INFO] [stderr] warning: build failed, waiting for other jobs to finish...
[INFO] running `Command { std: "docker" "inspect" "3f42cf2606325e39eb8741573c0cea10e57181ba86d9d8455b39cd6b114dc340", kill_on_drop: false }`
[INFO] running `Command { std: "docker" "rm" "-f" "3f42cf2606325e39eb8741573c0cea10e57181ba86d9d8455b39cd6b114dc340", kill_on_drop: false }`
[INFO] [stdout] 3f42cf2606325e39eb8741573c0cea10e57181ba86d9d8455b39cd6b114dc340
