[INFO] fetching crate pijul-core 1.0.0-beta.24...
[INFO] testing pijul-core-1.0.0-beta.24 against 1.100.0-beta.1+cargoflags=--release for beta-release-1.100-2
[INFO] extracting crate pijul-core 1.0.0-beta.24 into /workspace/builds/worker-6-tc2/source
[INFO] started tweaking crates.io crate pijul-core 1.0.0-beta.24
[INFO] finished tweaking crates.io crate pijul-core 1.0.0-beta.24
[INFO] tweaked toml for crates.io crate pijul-core 1.0.0-beta.24 written to /workspace/builds/worker-6-tc2/source/Cargo.toml
[INFO] validating manifest of crates.io crate pijul-core 1.0.0-beta.24 on toolchain 1.100.0-beta.1
[INFO] running `Command { std: CARGO_HOME="/workspace/cargo-home" RUSTUP_HOME="/workspace/rustup-home" "/workspace/cargo-home/bin/cargo" "+1.100.0-beta.1" "metadata" "--manifest-path" "Cargo.toml" "--no-deps", kill_on_drop: false }`
[INFO] crate crates.io crate pijul-core 1.0.0-beta.24 already has a lockfile, it will not be regenerated
[INFO] running `Command { std: CARGO_HOME="/workspace/cargo-home" RUSTUP_HOME="/workspace/rustup-home" "/workspace/cargo-home/bin/cargo" "+1.100.0-beta.1" "fetch" "--manifest-path" "Cargo.toml", kill_on_drop: false }`
[INFO] running `Command { std: "docker" "create" "-v" "/var/lib/crater-agent-workspace/builds/worker-6-tc2/source:/opt/rustwide/workdir:ro,Z" "-v" "/var/lib/crater-agent-workspace/builds/worker-6-tc2/target:/opt/rustwide/target:rw,Z" "-v" "/var/lib/crater-agent-workspace/cargo-home:/opt/rustwide/cargo-home:ro,Z" "-v" "/var/lib/crater-agent-workspace/rustup-home:/opt/rustwide/rustup-home:ro,Z" "-m" "1610612736" "--network" "none" "ghcr.io/rust-lang/crates-build-env/linux@sha256:77db811e55d90add9212f6832c23229e3de5f1c1f9905e8cb07319ea15df73ac" "sleep" "infinity", kill_on_drop: false }`
[INFO] [stdout] 2315a4e7638504160c5ddc8a63539b6f1cf5c92071181f16cf669c840fe951a4
[INFO] running `Command { std: "docker" "start" "2315a4e7638504160c5ddc8a63539b6f1cf5c92071181f16cf669c840fe951a4", kill_on_drop: false }`
[INFO] running `Command { std: "docker" "inspect" "2315a4e7638504160c5ddc8a63539b6f1cf5c92071181f16cf669c840fe951a4", kill_on_drop: false }`
[INFO] running `Command { std: "docker" "exec" "-e" "SOURCE_DIR=/opt/rustwide/workdir" "-e" "CARGO_HOME=/opt/rustwide/cargo-home" "-e" "RUSTUP_HOME=/opt/rustwide/rustup-home" "-e" "CARGO_TARGET_DIR=/opt/rustwide/target" "-w" "/opt/rustwide/workdir" "--user" "0:0" "2315a4e7638504160c5ddc8a63539b6f1cf5c92071181f16cf669c840fe951a4" "/opt/rustwide/cargo-home/bin/cargo" "+1.100.0-beta.1" "metadata" "--no-deps" "--format-version=1", kill_on_drop: false }`
[INFO] running `Command { std: "docker" "inspect" "2315a4e7638504160c5ddc8a63539b6f1cf5c92071181f16cf669c840fe951a4", kill_on_drop: false }`
[INFO] running `Command { std: "docker" "exec" "-e" "SOURCE_DIR=/opt/rustwide/workdir" "-e" "CARGO_HOME=/opt/rustwide/cargo-home" "-e" "RUSTUP_HOME=/opt/rustwide/rustup-home" "-e" "CARGO_TARGET_DIR=/opt/rustwide/target" "-e" "CARGO_INCREMENTAL=0" "-e" "RUST_BACKTRACE=full" "-e" "RUSTFLAGS=--cap-lints=warn" "-e" "RUSTDOCFLAGS=--cap-lints=warn" "-w" "/opt/rustwide/workdir" "--user" "0:0" "2315a4e7638504160c5ddc8a63539b6f1cf5c92071181f16cf669c840fe951a4" "/opt/rustwide/cargo-home/bin/cargo" "+1.100.0-beta.1" "build" "--frozen" "--message-format=json" "--release", kill_on_drop: false }`
[INFO] [stderr]    Compiling serde v1.0.229
[INFO] [stderr]    Compiling crossbeam-utils v0.8.22
[INFO] [stderr]    Compiling aho-corasick v1.1.5
[INFO] [stderr]    Compiling cc v1.4.4
[INFO] [stderr]    Compiling bitflags v2.13.1
[INFO] [stderr]    Compiling syn v3.0.3
[INFO] [stderr]    Compiling syn v2.0.119
[INFO] [stderr]    Compiling curve25519-dalek v5.0.0
[INFO] [stderr]    Compiling bstr v1.13.1
[INFO] [stderr]    Compiling threadpool v1.8.1
[INFO] [stderr]    Compiling hashbrown v0.15.5
[INFO] [stderr]    Compiling sanakirja-core v2.0.0-beta.1
[INFO] [stderr]    Compiling jiff-core v0.1.0
[INFO] [stderr]    Compiling linked-hash-map v0.5.6
[INFO] [stderr]    Compiling minimal-lexical v0.2.1
[INFO] [stderr]    Compiling zeroize v1.9.0
[INFO] [stderr]    Compiling chardetng v1.0.0
[INFO] [stderr]    Compiling diffs v0.5.1
[INFO] [stderr]    Compiling rustix v1.1.4
[INFO] [stderr]    Compiling lru-cache v0.1.2
[INFO] [stderr]    Compiling nom v7.1.3
[INFO] [stderr]    Compiling canonical-path v2.0.2
[INFO] [stderr]    Compiling adler32 v1.2.0
[INFO] [stderr]    Compiling path-slash v0.2.1
[INFO] [stderr]    Compiling bincode v1.3.3
[INFO] [stderr]    Compiling crossbeam-epoch v0.9.20
[INFO] [stderr]    Compiling imara-diff v0.1.8
[INFO] [stderr]    Compiling crossbeam-deque v0.8.7
[INFO] [stderr]    Compiling jiff v0.2.35
[INFO] [stderr]    Compiling libz-sys v1.1.29
[INFO] [stderr]    Compiling libgit2-sys v0.18.8+1.9.7
[INFO] [stderr]    Compiling blake3 v1.8.7
[INFO] [stderr]    Compiling regex-automata v0.4.18
[INFO] [stderr]    Compiling serde_derive v1.0.229
[INFO] [stderr]    Compiling thiserror-impl v2.0.20
[INFO] [stderr]    Compiling thiserror v2.0.20
[INFO] [stderr]    Compiling fs4 v1.1.0
[INFO] [stderr]    Compiling tempfile v3.27.0
[INFO] [stderr]    Compiling thiserror-impl v1.0.69
[INFO] [stderr]    Compiling curve25519-dalek-derive v0.1.1
[INFO] [stderr]    Compiling pijul-macros v1.0.0-beta.13
[INFO] [stderr]    Compiling zstd-seekable v0.1.23
[INFO] [stderr]    Compiling thiserror v1.0.69
[INFO] [stderr]    Compiling serde_spanned v0.6.9
[INFO] [stderr]    Compiling toml_datetime v0.6.11
[INFO] [stderr]    Compiling sanakirja v2.0.0-beta.3
[INFO] [stderr]    Compiling toml_edit v0.22.27
[INFO] [stderr]    Compiling globset v0.4.20
[INFO] [stderr]    Compiling regex v1.13.1
[INFO] [stderr]    Compiling ignore v0.4.33
[INFO] [stderr]    Compiling toml v0.8.23
[INFO] [stderr]    Compiling git2 v0.21.0
[INFO] [stderr]    Compiling pijul-core v1.0.0-beta.24 (/opt/rustwide/workdir)
[INFO] [stderr]     Finished `release` profile [optimized] target(s) in 2m 12s
[INFO] running `Command { std: "docker" "inspect" "2315a4e7638504160c5ddc8a63539b6f1cf5c92071181f16cf669c840fe951a4", kill_on_drop: false }`
[INFO] running `Command { std: "docker" "exec" "-e" "SOURCE_DIR=/opt/rustwide/workdir" "-e" "CARGO_HOME=/opt/rustwide/cargo-home" "-e" "RUSTUP_HOME=/opt/rustwide/rustup-home" "-e" "CARGO_TARGET_DIR=/opt/rustwide/target" "-e" "CARGO_INCREMENTAL=0" "-e" "RUST_BACKTRACE=full" "-e" "RUSTFLAGS=--cap-lints=warn" "-e" "RUSTDOCFLAGS=--cap-lints=warn" "-w" "/opt/rustwide/workdir" "--user" "0:0" "2315a4e7638504160c5ddc8a63539b6f1cf5c92071181f16cf669c840fe951a4" "/opt/rustwide/cargo-home/bin/cargo" "+1.100.0-beta.1" "test" "--frozen" "--no-run" "--message-format=json" "--release", kill_on_drop: false }`
[INFO] [stderr]    Compiling globset v0.4.20
[INFO] [stderr]    Compiling anstream v1.0.0
[INFO] [stderr]    Compiling env_filter v2.0.0
[INFO] [stderr]    Compiling git2 v0.21.0
[INFO] [stderr]    Compiling sanakirja v2.0.0-beta.3
[INFO] [stderr]    Compiling rand_chacha v0.10.0
[INFO] [stderr]    Compiling env_logger v0.11.11
[INFO] [stderr]    Compiling ignore v0.4.33
[INFO] [stderr]    Compiling quickcheck v1.1.0
[INFO] [stderr]    Compiling pijul-core v1.0.0-beta.24 (/opt/rustwide/workdir)
[INFO] [stdout] error[E0583]: file not found for module `squash`
[INFO] [stdout]   --> src/tests/mod.rs:25:1
[INFO] [stdout]    |
[INFO] [stdout] 25 | mod squash;
[INFO] [stdout]    | ^^^^^^^^^^^
[INFO] [stdout]    |
[INFO] [stdout]    = help: to create the module `squash`, create file "src/tests/squash.rs" or "src/tests/squash/mod.rs"
[INFO] [stdout]    = note: if there is a `mod squash` elsewhere in the crate already, import it with `use crate::...` instead
[INFO] [stdout] 
[INFO] [stdout] 
[INFO] [stdout] error[E0583]: file not found for module `squash_conflicts`
[INFO] [stdout]   --> src/tests/mod.rs:26:1
[INFO] [stdout]    |
[INFO] [stdout] 26 | mod squash_conflicts;
[INFO] [stdout]    | ^^^^^^^^^^^^^^^^^^^^^
[INFO] [stdout]    |
[INFO] [stdout]    = help: to create the module `squash_conflicts`, create file "src/tests/squash_conflicts.rs" or "src/tests/squash_conflicts/mod.rs"
[INFO] [stdout]    = note: if there is a `mod squash_conflicts` elsewhere in the crate already, import it with `use crate::...` instead
[INFO] [stdout] 
[INFO] [stdout] 
[INFO] [stdout] error[E0583]: file not found for module `squash_fuzz`
[INFO] [stdout]   --> src/tests/mod.rs:27:1
[INFO] [stdout]    |
[INFO] [stdout] 27 | mod squash_fuzz;
[INFO] [stdout]    | ^^^^^^^^^^^^^^^^
[INFO] [stdout]    |
[INFO] [stdout]    = help: to create the module `squash_fuzz`, create file "src/tests/squash_fuzz.rs" or "src/tests/squash_fuzz/mod.rs"
[INFO] [stdout]    = note: if there is a `mod squash_fuzz` elsewhere in the crate already, import it with `use crate::...` instead
[INFO] [stdout] 
[INFO] [stdout] 
[INFO] [stdout] warning: unused import: `crate::changestore::*`
[INFO] [stdout]  --> src/tests/change.rs:2:5
[INFO] [stdout]   |
[INFO] [stdout] 2 | use crate::changestore::*;
[INFO] [stdout]   |     ^^^^^^^^^^^^^^^^^^^^^
[INFO] [stdout]   |
[INFO] [stdout]   = note: `#[warn(unused_imports)]` (part of `#[warn(unused)]`) on by default
[INFO] [stdout] 
[INFO] [stdout] 
[INFO] [stdout] warning: unused import: `crate::pristine::*`
[INFO] [stdout]  --> src/tests/change.rs:3:5
[INFO] [stdout]   |
[INFO] [stdout] 3 | use crate::pristine::*;
[INFO] [stdout]   |     ^^^^^^^^^^^^^^^^^^
[INFO] [stdout] 
[INFO] [stdout] 
[INFO] [stdout] warning: unused import: `crate::working_copy::*`
[INFO] [stdout]  --> src/tests/change.rs:5:5
[INFO] [stdout]   |
[INFO] [stdout] 5 | use crate::working_copy::*;
[INFO] [stdout]   |     ^^^^^^^^^^^^^^^^^^^^^^
[INFO] [stdout] 
[INFO] [stdout] 
[INFO] [stdout] warning: unused import: `crate::*`
[INFO] [stdout]  --> src/tests/change.rs:6:5
[INFO] [stdout]   |
[INFO] [stdout] 6 | use crate::*;
[INFO] [stdout]   |     ^^^^^^^^
[INFO] [stdout] 
[INFO] [stdout] 
[INFO] [stdout] warning: unused import: `crate::changestore::*`
[INFO] [stdout]  --> src/tests/text_changes.rs:2:5
[INFO] [stdout]   |
[INFO] [stdout] 2 | use crate::changestore::*;
[INFO] [stdout]   |     ^^^^^^^^^^^^^^^^^^^^^
[INFO] [stdout] 
[INFO] [stdout] 
[INFO] [stdout] warning: unused import: `crate::pristine::*`
[INFO] [stdout]  --> src/tests/text_changes.rs:3:5
[INFO] [stdout]   |
[INFO] [stdout] 3 | use crate::pristine::*;
[INFO] [stdout]   |     ^^^^^^^^^^^^^^^^^^
[INFO] [stdout] 
[INFO] [stdout] 
[INFO] [stdout] warning: unused import: `crate::working_copy::*`
[INFO] [stdout]  --> src/tests/text_changes.rs:4:5
[INFO] [stdout]   |
[INFO] [stdout] 4 | use crate::working_copy::*;
[INFO] [stdout]   |     ^^^^^^^^^^^^^^^^^^^^^^
[INFO] [stdout] 
[INFO] [stdout] 
[INFO] [stdout] warning: unused import: `crate::*`
[INFO] [stdout]  --> src/tests/text_changes.rs:5:5
[INFO] [stdout]   |
[INFO] [stdout] 5 | use crate::*;
[INFO] [stdout]   |     ^^^^^^^^
[INFO] [stdout] 
[INFO] [stdout] 
[INFO] [stdout] warning: use of deprecated method `quickcheck::QuickCheck::r#gen`: use `set_rng` instead
[INFO] [stdout]    --> src/tests/text_changes.rs:165:18
[INFO] [stdout]     |
[INFO] [stdout] 165 |                 .r#gen(quickcheck::Gen::new(3))
[INFO] [stdout]     |                  ^^^^^
[INFO] [stdout]     |
[INFO] [stdout]     = note: `#[warn(deprecated)]` on by default
[INFO] [stdout] 
[INFO] [stdout] 
[INFO] [stdout] For more information about this error, try `rustc --explain E0583`.
[INFO] [stdout] 
[INFO] [stderr] error: could not compile `pijul-core` (lib test) due to 3 previous errors; 9 warnings emitted
[INFO] [stderr] warning: build failed, waiting for other jobs to finish...
[INFO] running `Command { std: "docker" "inspect" "2315a4e7638504160c5ddc8a63539b6f1cf5c92071181f16cf669c840fe951a4", kill_on_drop: false }`
[INFO] running `Command { std: "docker" "rm" "-f" "2315a4e7638504160c5ddc8a63539b6f1cf5c92071181f16cf669c840fe951a4", kill_on_drop: false }`
[INFO] [stdout] 2315a4e7638504160c5ddc8a63539b6f1cf5c92071181f16cf669c840fe951a4
