[INFO] fetching crate pijul-at-config 1.0.0-beta.11...
[INFO] testing pijul-at-config-1.0.0-beta.11 against 1.99.0-beta.8+cargoflags=--release for beta-release-1.100-2
[INFO] extracting crate pijul-at-config 1.0.0-beta.11 into /workspace/builds/worker-6-tc1/source
[INFO] started tweaking crates.io crate pijul-at-config 1.0.0-beta.11
[INFO] removed 0 missing tests
[INFO] finished tweaking crates.io crate pijul-at-config 1.0.0-beta.11
[INFO] tweaked toml for crates.io crate pijul-at-config 1.0.0-beta.11 written to /workspace/builds/worker-6-tc1/source/Cargo.toml
[INFO] validating manifest of crates.io crate pijul-at-config 1.0.0-beta.11 on toolchain 1.99.0-beta.8
[INFO] running `Command { std: CARGO_HOME="/workspace/cargo-home" RUSTUP_HOME="/workspace/rustup-home" "/workspace/cargo-home/bin/cargo" "+1.99.0-beta.8" "metadata" "--manifest-path" "Cargo.toml" "--no-deps", kill_on_drop: false }`
[INFO] crate crates.io crate pijul-at-config 1.0.0-beta.11 already has a lockfile, it will not be regenerated
[INFO] running `Command { std: CARGO_HOME="/workspace/cargo-home" RUSTUP_HOME="/workspace/rustup-home" "/workspace/cargo-home/bin/cargo" "+1.99.0-beta.8" "fetch" "--manifest-path" "Cargo.toml", kill_on_drop: false }`
[INFO] [stderr]     Updating crates.io index
[INFO] [stderr]  Downloading crates ...
[INFO] [stderr]   Downloaded rand_core v0.10.0
[INFO] [stderr]   Downloaded fastrand v2.4.0
[INFO] [stderr]   Downloaded sanakirja v2.0.0-beta
[INFO] [stderr]   Downloaded pijul-at-macros v1.0.0-beta.11
[INFO] [stderr]   Downloaded pbkdf2 v0.9.0
[INFO] [stderr]   Downloaded fs4 v0.6.6
[INFO] [stderr]   Downloaded diffs v0.5.1
[INFO] [stderr]   Downloaded canonical-path v2.0.2
[INFO] [stderr]   Downloaded dirs-next v2.0.0
[INFO] [stderr]   Downloaded bs58 v0.4.0
[INFO] [stderr]   Downloaded sanakirja-core v2.0.0-beta
[INFO] [stderr]   Downloaded ctr v0.8.0
[INFO] [stderr]   Downloaded chardetng v0.1.17
[INFO] [stderr]   Downloaded rand v0.10.0
[INFO] [stderr]   Downloaded imara-diff v0.1.8
[INFO] [stderr]   Downloaded pijul-at-core v1.0.0-beta.11
[INFO] [stderr]   Downloaded blake3 v1.8.4
[INFO] [stderr]   Downloaded zstd-seekable v0.1.23
[INFO] running `Command { std: "docker" "create" "-v" "/var/lib/crater-agent-workspace/builds/worker-6-tc1/source:/opt/rustwide/workdir:ro,Z" "-v" "/var/lib/crater-agent-workspace/builds/worker-6-tc1/target:/opt/rustwide/target:rw,Z" "-v" "/var/lib/crater-agent-workspace/cargo-home:/opt/rustwide/cargo-home:ro,Z" "-v" "/var/lib/crater-agent-workspace/rustup-home:/opt/rustwide/rustup-home:ro,Z" "-m" "1610612736" "--network" "none" "ghcr.io/rust-lang/crates-build-env/linux@sha256:77db811e55d90add9212f6832c23229e3de5f1c1f9905e8cb07319ea15df73ac" "sleep" "infinity", kill_on_drop: false }`
[INFO] [stdout] bfcd3820ce81a229d502900b7673b4432016dc24006e8be93bc3030af2c2ff47
[INFO] running `Command { std: "docker" "start" "bfcd3820ce81a229d502900b7673b4432016dc24006e8be93bc3030af2c2ff47", kill_on_drop: false }`
[INFO] running `Command { std: "docker" "inspect" "bfcd3820ce81a229d502900b7673b4432016dc24006e8be93bc3030af2c2ff47", kill_on_drop: false }`
[INFO] running `Command { std: "docker" "exec" "-e" "SOURCE_DIR=/opt/rustwide/workdir" "-e" "CARGO_HOME=/opt/rustwide/cargo-home" "-e" "RUSTUP_HOME=/opt/rustwide/rustup-home" "-e" "CARGO_TARGET_DIR=/opt/rustwide/target" "-w" "/opt/rustwide/workdir" "--user" "0:0" "bfcd3820ce81a229d502900b7673b4432016dc24006e8be93bc3030af2c2ff47" "/opt/rustwide/cargo-home/bin/cargo" "+1.99.0-beta.8" "metadata" "--no-deps" "--format-version=1", kill_on_drop: false }`
[INFO] running `Command { std: "docker" "inspect" "bfcd3820ce81a229d502900b7673b4432016dc24006e8be93bc3030af2c2ff47", kill_on_drop: false }`
[INFO] running `Command { std: "docker" "exec" "-e" "SOURCE_DIR=/opt/rustwide/workdir" "-e" "CARGO_HOME=/opt/rustwide/cargo-home" "-e" "RUSTUP_HOME=/opt/rustwide/rustup-home" "-e" "CARGO_TARGET_DIR=/opt/rustwide/target" "-e" "CARGO_INCREMENTAL=0" "-e" "RUST_BACKTRACE=full" "-e" "RUSTFLAGS=--cap-lints=warn" "-e" "RUSTDOCFLAGS=--cap-lints=warn" "-w" "/opt/rustwide/workdir" "--user" "0:0" "bfcd3820ce81a229d502900b7673b4432016dc24006e8be93bc3030af2c2ff47" "/opt/rustwide/cargo-home/bin/cargo" "+1.99.0-beta.8" "build" "--frozen" "--message-format=json" "--release", kill_on_drop: false }`
[INFO] [stderr]    Compiling libc v0.2.184
[INFO] [stderr]    Compiling syn v2.0.117
[INFO] [stderr]    Compiling getrandom v0.1.16
[INFO] [stderr]    Compiling serde v1.0.228
[INFO] [stderr]    Compiling subtle v2.4.1
[INFO] [stderr]    Compiling getrandom v0.4.2
[INFO] [stderr]    Compiling smallvec v1.15.1
[INFO] [stderr]    Compiling generic-array v0.14.7
[INFO] [stderr]    Compiling cc v1.2.59
[INFO] [stderr]    Compiling rand_core v0.10.0
[INFO] [stderr]    Compiling zerocopy v0.8.48
[INFO] [stderr]    Compiling aho-corasick v1.1.4
[INFO] [stderr]    Compiling bitflags v2.11.0
[INFO] [stderr]    Compiling crc32fast v1.5.0
[INFO] [stderr]    Compiling rustix v0.38.44
[INFO] [stderr]    Compiling parking_lot_core v0.8.6
[INFO] [stderr]    Compiling indexmap v2.13.1
[INFO] [stderr]    Compiling instant v0.1.13
[INFO] [stderr]    Compiling linux-raw-sys v0.4.15
[INFO] [stderr]    Compiling toml_write v0.1.2
[INFO] [stderr]    Compiling rustix v1.1.4
[INFO] [stderr]    Compiling curve25519-dalek v4.1.3
[INFO] [stderr]    Compiling bstr v1.12.1
[INFO] [stderr]    Compiling uncased v0.9.10
[INFO] [stderr]    Compiling byteorder v1.5.0
[INFO] [stderr]    Compiling signature v1.6.4
[INFO] [stderr]    Compiling fastrand v2.4.0
[INFO] [stderr]    Compiling sanakirja-core v2.0.0-beta
[INFO] [stderr]    Compiling chacha20 v0.10.0
[INFO] [stderr]    Compiling serde_bytes v0.11.19
[INFO] [stderr]    Compiling digest v0.9.0
[INFO] [stderr]    Compiling crypto-mac v0.11.1
[INFO] [stderr]    Compiling block-buffer v0.9.0
[INFO] [stderr]    Compiling cipher v0.3.0
[INFO] [stderr]    Compiling figment v0.10.19
[INFO] [stderr]    Compiling linked-hash-map v0.5.6
[INFO] [stderr]    Compiling sha2 v0.9.9
[INFO] [stderr]    Compiling serde_json v1.0.149
[INFO] [stderr]    Compiling bincode v1.3.3
[INFO] [stderr]    Compiling ctr v0.8.0
[INFO] [stderr]    Compiling lru-cache v0.1.2
[INFO] [stderr]    Compiling hmac v0.11.0
[INFO] [stderr]    Compiling nom v7.1.3
[INFO] [stderr]    Compiling chardetng v0.1.17
[INFO] [stderr]    Compiling pbkdf2 v0.9.0
[INFO] [stderr]    Compiling aes v0.7.5
[INFO] [stderr]    Compiling imara-diff v0.1.8
[INFO] [stderr]    Compiling jiff v0.2.23
[INFO] [stderr]    Compiling shell-words v1.1.1
[INFO] [stderr]    Compiling canonical-path v2.0.2
[INFO] [stderr]    Compiling diffs v0.5.1
[INFO] [stderr]    Compiling bs58 v0.4.0
[INFO] [stderr]    Compiling path-slash v0.2.1
[INFO] [stderr]    Compiling regex-automata v0.4.14
[INFO] [stderr]    Compiling rand_core v0.5.1
[INFO] [stderr]    Compiling num_cpus v1.17.0
[INFO] [stderr]    Compiling blake3 v1.8.4
[INFO] [stderr]    Compiling parking_lot v0.11.2
[INFO] [stderr]    Compiling threadpool v1.8.1
[INFO] [stderr]    Compiling parking_lot_core v0.9.12
[INFO] [stderr]    Compiling tempfile v3.27.0
[INFO] [stderr]    Compiling memmap2 v0.9.10
[INFO] [stderr]    Compiling parking_lot v0.12.5
[INFO] [stderr]    Compiling rand v0.10.0
[INFO] [stderr]    Compiling fs4 v0.6.6
[INFO] [stderr]    Compiling console v0.15.11
[INFO] [stderr]    Compiling dirs-sys-next v0.1.2
[INFO] [stderr]    Compiling dirs-next v2.0.0
[INFO] [stderr]    Compiling whoami v1.6.1
[INFO] [stderr]    Compiling dialoguer v0.10.4
[INFO] [stderr]    Compiling serde_derive v1.0.228
[INFO] [stderr]    Compiling zeroize_derive v1.4.3
[INFO] [stderr]    Compiling thiserror-impl v1.0.69
[INFO] [stderr]    Compiling thiserror-impl v2.0.18
[INFO] [stderr]    Compiling curve25519-dalek-derive v0.1.1
[INFO] [stderr]    Compiling pijul-at-macros v1.0.0-beta.11
[INFO] [stderr]    Compiling globset v0.4.18
[INFO] [stderr]    Compiling regex v1.12.3
[INFO] [stderr]    Compiling zeroize v1.8.2
[INFO] [stderr]    Compiling curve25519-dalek v3.2.0
[INFO] [stderr]    Compiling ignore v0.4.25
[INFO] [stderr]    Compiling thiserror v1.0.69
[INFO] [stderr]    Compiling thiserror v2.0.18
[INFO] [stderr]    Compiling ppv-lite86 v0.2.21
[INFO] [stderr]    Compiling rand_chacha v0.2.2
[INFO] [stderr]    Compiling rand v0.7.3
[INFO] [stderr]    Compiling twox-hash v1.6.3
[INFO] [stderr]    Compiling zstd-seekable v0.1.23
[INFO] [stderr]    Compiling toml_datetime v0.6.11
[INFO] [stderr]    Compiling serde_spanned v0.6.9
[INFO] [stderr]    Compiling ed25519 v1.5.3
[INFO] [stderr]    Compiling sanakirja v2.0.0-beta
[INFO] [stderr]    Compiling ed25519-dalek v1.0.1
[INFO] [stderr]    Compiling toml_edit v0.22.27
[INFO] [stderr]    Compiling toml v0.8.23
[INFO] [stderr]    Compiling pijul-at-core v1.0.0-beta.11
[INFO] [stderr]    Compiling pijul-at-config v1.0.0-beta.11 (/opt/rustwide/workdir)
[INFO] [stderr]     Finished `release` profile [optimized] target(s) in 1m 40s
[INFO] running `Command { std: "docker" "inspect" "bfcd3820ce81a229d502900b7673b4432016dc24006e8be93bc3030af2c2ff47", kill_on_drop: false }`
[INFO] running `Command { std: "docker" "exec" "-e" "SOURCE_DIR=/opt/rustwide/workdir" "-e" "CARGO_HOME=/opt/rustwide/cargo-home" "-e" "RUSTUP_HOME=/opt/rustwide/rustup-home" "-e" "CARGO_TARGET_DIR=/opt/rustwide/target" "-e" "CARGO_INCREMENTAL=0" "-e" "RUST_BACKTRACE=full" "-e" "RUSTFLAGS=--cap-lints=warn" "-e" "RUSTDOCFLAGS=--cap-lints=warn" "-w" "/opt/rustwide/workdir" "--user" "0:0" "bfcd3820ce81a229d502900b7673b4432016dc24006e8be93bc3030af2c2ff47" "/opt/rustwide/cargo-home/bin/cargo" "+1.99.0-beta.8" "test" "--frozen" "--no-run" "--message-format=json" "--release", kill_on_drop: false }`
[INFO] [stderr]    Compiling pijul-at-config v1.0.0-beta.11 (/opt/rustwide/workdir)
[INFO] [stdout] error[E0432]: unresolved import `pijul_config`
[INFO] [stdout]  --> tests/config.rs:1:5
[INFO] [stdout]   |
[INFO] [stdout] 1 | use pijul_config::Config;
[INFO] [stdout]   |     ^^^^^^^^^^^^ use of unresolved module or unlinked crate `pijul_config`
[INFO] [stdout]   |
[INFO] [stdout] help: there is a crate or module with a similar name
[INFO] [stdout]   |
[INFO] [stdout] 1 | use pijul_at_config::Config;
[INFO] [stdout]   |           +++
[INFO] [stdout] 
[INFO] [stdout] 
[INFO] [stdout] error[E0432]: unresolved import `pijul_config`
[INFO] [stdout]  --> tests/parse_config_arg.rs:1:5
[INFO] [stdout]   |
[INFO] [stdout] 1 | use pijul_config::parse_config_arg;
[INFO] [stdout]   |     ^^^^^^^^^^^^ use of unresolved module or unlinked crate `pijul_config`
[INFO] [stdout]   |
[INFO] [stdout] help: there is a crate or module with a similar name
[INFO] [stdout]   |
[INFO] [stdout] 1 | use pijul_at_config::parse_config_arg;
[INFO] [stdout]   |           +++
[INFO] [stdout] 
[INFO] [stdout] 
[INFO] [stdout] error[E0432]: unresolved import `pijul_config`
[INFO] [stdout]  --> tests/layering.rs:1:5
[INFO] [stdout]   |
[INFO] [stdout] 1 | use pijul_config::{Choice, Config};
[INFO] [stdout]   |     ^^^^^^^^^^^^ use of unresolved module or unlinked crate `pijul_config`
[INFO] [stdout]   |
[INFO] [stdout] help: there is a crate or module with a similar name
[INFO] [stdout]   |
[INFO] [stdout] 1 | use pijul_at_config::{Choice, Config};
[INFO] [stdout]   |           +++
[INFO] [stdout] 
[INFO] [stdout] 
[INFO] [stdout] For more information about this error, try `rustc --explain E0432`.
[INFO] [stdout] 
[INFO] [stdout] For more information about this error, try `rustc --explain E0432`.
[INFO] [stdout] 
[INFO] [stderr] error: could not compile `pijul-at-config` (test "parse_config_arg") due to 1 previous error
[INFO] [stderr] warning: build failed, waiting for other jobs to finish...
[INFO] [stderr] error: could not compile `pijul-at-config` (test "config") due to 1 previous error
[INFO] [stdout] For more information about this error, try `rustc --explain E0432`.
[INFO] [stdout] 
[INFO] [stderr] error: could not compile `pijul-at-config` (test "layering") due to 1 previous error
[INFO] running `Command { std: "docker" "inspect" "bfcd3820ce81a229d502900b7673b4432016dc24006e8be93bc3030af2c2ff47", kill_on_drop: false }`
[INFO] running `Command { std: "docker" "rm" "-f" "bfcd3820ce81a229d502900b7673b4432016dc24006e8be93bc3030af2c2ff47", kill_on_drop: false }`
[INFO] [stdout] bfcd3820ce81a229d502900b7673b4432016dc24006e8be93bc3030af2c2ff47
