[INFO] fetching crate pico-boot-core 0.1.0...
[INFO] testing pico-boot-core-0.1.0 against 1.100.0-beta.1+cargoflags=--release for beta-release-1.100-2
[INFO] extracting crate pico-boot-core 0.1.0 into /workspace/builds/worker-1-tc2/source
[INFO] started tweaking crates.io crate pico-boot-core 0.1.0
[INFO] finished tweaking crates.io crate pico-boot-core 0.1.0
[INFO] tweaked toml for crates.io crate pico-boot-core 0.1.0 written to /workspace/builds/worker-1-tc2/source/Cargo.toml
[INFO] validating manifest of crates.io crate pico-boot-core 0.1.0 on toolchain 1.100.0-beta.1
[INFO] running `Command { std: CARGO_HOME="/workspace/cargo-home" RUSTUP_HOME="/workspace/rustup-home" "/workspace/cargo-home/bin/cargo" "+1.100.0-beta.1" "metadata" "--manifest-path" "Cargo.toml" "--no-deps", kill_on_drop: false }`
[INFO] crate crates.io crate pico-boot-core 0.1.0 already has a lockfile, it will not be regenerated
[INFO] running `Command { std: CARGO_HOME="/workspace/cargo-home" RUSTUP_HOME="/workspace/rustup-home" "/workspace/cargo-home/bin/cargo" "+1.100.0-beta.1" "fetch" "--manifest-path" "Cargo.toml", kill_on_drop: false }`
[INFO] [stderr]     Blocking waiting for file lock on package cache
[INFO] running `Command { std: "docker" "create" "-v" "/var/lib/crater-agent-workspace/builds/worker-1-tc2/source:/opt/rustwide/workdir:ro,Z" "-v" "/var/lib/crater-agent-workspace/builds/worker-1-tc2/target:/opt/rustwide/target:rw,Z" "-v" "/var/lib/crater-agent-workspace/cargo-home:/opt/rustwide/cargo-home:ro,Z" "-v" "/var/lib/crater-agent-workspace/rustup-home:/opt/rustwide/rustup-home:ro,Z" "-m" "1610612736" "--network" "none" "ghcr.io/rust-lang/crates-build-env/linux@sha256:77db811e55d90add9212f6832c23229e3de5f1c1f9905e8cb07319ea15df73ac" "sleep" "infinity", kill_on_drop: false }`
[INFO] [stdout] 1cbb736ba3c218e8ca8d66c25ec039d96de877ab0df00181da46a7a46effe98f
[INFO] running `Command { std: "docker" "start" "1cbb736ba3c218e8ca8d66c25ec039d96de877ab0df00181da46a7a46effe98f", kill_on_drop: false }`
[INFO] running `Command { std: "docker" "inspect" "1cbb736ba3c218e8ca8d66c25ec039d96de877ab0df00181da46a7a46effe98f", kill_on_drop: false }`
[INFO] running `Command { std: "docker" "exec" "-e" "SOURCE_DIR=/opt/rustwide/workdir" "-e" "CARGO_HOME=/opt/rustwide/cargo-home" "-e" "RUSTUP_HOME=/opt/rustwide/rustup-home" "-e" "CARGO_TARGET_DIR=/opt/rustwide/target" "-w" "/opt/rustwide/workdir" "--user" "0:0" "1cbb736ba3c218e8ca8d66c25ec039d96de877ab0df00181da46a7a46effe98f" "/opt/rustwide/cargo-home/bin/cargo" "+1.100.0-beta.1" "metadata" "--no-deps" "--format-version=1", kill_on_drop: false }`
[INFO] running `Command { std: "docker" "inspect" "1cbb736ba3c218e8ca8d66c25ec039d96de877ab0df00181da46a7a46effe98f", kill_on_drop: false }`
[INFO] running `Command { std: "docker" "exec" "-e" "SOURCE_DIR=/opt/rustwide/workdir" "-e" "CARGO_HOME=/opt/rustwide/cargo-home" "-e" "RUSTUP_HOME=/opt/rustwide/rustup-home" "-e" "CARGO_TARGET_DIR=/opt/rustwide/target" "-e" "CARGO_INCREMENTAL=0" "-e" "RUST_BACKTRACE=full" "-e" "RUSTFLAGS=--cap-lints=warn" "-e" "RUSTDOCFLAGS=--cap-lints=warn" "-w" "/opt/rustwide/workdir" "--user" "0:0" "1cbb736ba3c218e8ca8d66c25ec039d96de877ab0df00181da46a7a46effe98f" "/opt/rustwide/cargo-home/bin/cargo" "+1.100.0-beta.1" "build" "--frozen" "--message-format=json" "--release", kill_on_drop: false }`
[INFO] [stderr]    Compiling digest v0.11.3
[INFO] [stderr]    Compiling sha2 v0.11.0
[INFO] [stderr]    Compiling pico-boot-core v0.1.0 (/opt/rustwide/workdir)
[INFO] [stderr]     Finished `release` profile [optimized] target(s) in 3.18s
[INFO] running `Command { std: "docker" "inspect" "1cbb736ba3c218e8ca8d66c25ec039d96de877ab0df00181da46a7a46effe98f", kill_on_drop: false }`
[INFO] running `Command { std: "docker" "exec" "-e" "SOURCE_DIR=/opt/rustwide/workdir" "-e" "CARGO_HOME=/opt/rustwide/cargo-home" "-e" "RUSTUP_HOME=/opt/rustwide/rustup-home" "-e" "CARGO_TARGET_DIR=/opt/rustwide/target" "-e" "CARGO_INCREMENTAL=0" "-e" "RUST_BACKTRACE=full" "-e" "RUSTFLAGS=--cap-lints=warn" "-e" "RUSTDOCFLAGS=--cap-lints=warn" "-w" "/opt/rustwide/workdir" "--user" "0:0" "1cbb736ba3c218e8ca8d66c25ec039d96de877ab0df00181da46a7a46effe98f" "/opt/rustwide/cargo-home/bin/cargo" "+1.100.0-beta.1" "test" "--frozen" "--no-run" "--message-format=json" "--release", kill_on_drop: false }`
[INFO] [stderr]    Compiling zerocopy v0.8.54
[INFO] [stderr]    Compiling tempfile v3.27.0
[INFO] [stderr]    Compiling rand v0.9.4
[INFO] [stderr]    Compiling rusty-fork v0.3.1
[INFO] [stderr]    Compiling ppv-lite86 v0.2.21
[INFO] [stderr]    Compiling rand_chacha v0.9.0
[INFO] [stderr]    Compiling proptest v1.11.0
[INFO] [stderr]    Compiling pico-boot-core v0.1.0 (/opt/rustwide/workdir)
[INFO] [stdout] error[E0433]: cannot find module or crate `miniz_oxide` in this scope
[INFO] [stdout]   --> src/deflate.rs:18:5
[INFO] [stdout]    |
[INFO] [stdout] 18 | use miniz_oxide::inflate::core::decompress_with_limit;
[INFO] [stdout]    |     ^^^^^^^^^^^ use of unresolved module or unlinked crate `miniz_oxide`
[INFO] [stdout]    |
[INFO] [stdout]    = help: if you wanted to use a crate named `miniz_oxide`, use `cargo add miniz_oxide` to add it to your `Cargo.toml`
[INFO] [stdout] 
[INFO] [stdout] 
[INFO] [stdout] error[E0433]: cannot find module or crate `miniz_oxide` in this scope
[INFO] [stdout]   --> src/deflate.rs:19:5
[INFO] [stdout]    |
[INFO] [stdout] 19 | use miniz_oxide::inflate::TINFLStatus;
[INFO] [stdout]    |     ^^^^^^^^^^^ use of unresolved module or unlinked crate `miniz_oxide`
[INFO] [stdout]    |
[INFO] [stdout]    = help: if you wanted to use a crate named `miniz_oxide`, use `cargo add miniz_oxide` to add it to your `Cargo.toml`
[INFO] [stdout] 
[INFO] [stdout] 
[INFO] [stdout] error[E0433]: cannot find module or crate `miniz_oxide` in this scope
[INFO] [stdout]   --> src/deflate.rs:23:9
[INFO] [stdout]    |
[INFO] [stdout] 23 | pub use miniz_oxide::inflate::core::DecompressorOxide;
[INFO] [stdout]    |         ^^^^^^^^^^^ use of unresolved module or unlinked crate `miniz_oxide`
[INFO] [stdout]    |
[INFO] [stdout]    = help: if you wanted to use a crate named `miniz_oxide`, use `cargo add miniz_oxide` to add it to your `Cargo.toml`
[INFO] [stdout] 
[INFO] [stdout] 
[INFO] [stdout] error[E0432]: unresolved import `ed25519_dalek`
[INFO] [stdout]     --> src/server.rs:1416:9
[INFO] [stdout]      |
[INFO] [stdout] 1416 |     use ed25519_dalek::{Signer, SigningKey};
[INFO] [stdout]      |         ^^^^^^^^^^^^^ use of unresolved module or unlinked crate `ed25519_dalek`
[INFO] [stdout]      |
[INFO] [stdout]      = help: if you wanted to use a crate named `ed25519_dalek`, use `cargo add ed25519_dalek` to add it to your `Cargo.toml`
[INFO] [stdout] 
[INFO] [stdout] 
[INFO] [stdout] error[E0433]: cannot find module or crate `miniz_oxide` in this scope
[INFO] [stdout]    --> src/deflate.rs:178:32
[INFO] [stdout]     |
[INFO] [stdout] 178 |     payload.extend_from_slice(&miniz_oxide::deflate::compress_to_vec(raw, 10));
[INFO] [stdout]     |                                ^^^^^^^^^^^ use of unresolved module or unlinked crate `miniz_oxide`
[INFO] [stdout]     |
[INFO] [stdout]     = help: if you wanted to use a crate named `miniz_oxide`, use `cargo add miniz_oxide` to add it to your `Cargo.toml`
[INFO] [stdout] 
[INFO] [stdout] 
[INFO] [stdout] error[E0599]: no associated function or constant named `new_with_auth` found for struct `server::UploadServer` in the current scope
[INFO] [stdout]     --> src/server.rs:1434:23
[INFO] [stdout]      |
[INFO] [stdout]  384 | pub struct UploadServer {
[INFO] [stdout]      | ----------------------- associated function or constant `new_with_auth` not found for this struct
[INFO] [stdout] ...
[INFO] [stdout] 1434 |         UploadServer::new_with_auth(AuthConfig {
[INFO] [stdout]      |                       ^^^^^^^^^^^^^ associated function or constant not found in `server::UploadServer`
[INFO] [stdout]      |
[INFO] [stdout] note: if you're trying to build a new `server::UploadServer` consider using one of the following associated functions:
[INFO] [stdout]       server::UploadServer::new
[INFO] [stdout]       server::UploadServer::make
[INFO] [stdout]     --> src/server.rs:404:5
[INFO] [stdout]      |
[INFO] [stdout]  404 |     pub fn new() -> Self {
[INFO] [stdout]      |     ^^^^^^^^^^^^^^^^^^^^
[INFO] [stdout] ...
[INFO] [stdout]  415 |     fn make(auth: Option<AuthConfig>) -> Self {
[INFO] [stdout]      |     ^^^^^^^^^^^^^^^^^^^^^^^^^^^^^^^^^^^^^^^^^
[INFO] [stdout] 
[INFO] [stdout] 
[INFO] [stdout] Some errors have detailed explanations: E0432, E0433, E0599.
[INFO] [stdout] 
[INFO] [stdout] For more information about an error, try `rustc --explain E0432`.
[INFO] [stdout] 
[INFO] [stderr] error: could not compile `pico-boot-core` (lib test) due to 6 previous errors
[INFO] running `Command { std: "docker" "inspect" "1cbb736ba3c218e8ca8d66c25ec039d96de877ab0df00181da46a7a46effe98f", kill_on_drop: false }`
[INFO] running `Command { std: "docker" "rm" "-f" "1cbb736ba3c218e8ca8d66c25ec039d96de877ab0df00181da46a7a46effe98f", kill_on_drop: false }`
[INFO] [stdout] 1cbb736ba3c218e8ca8d66c25ec039d96de877ab0df00181da46a7a46effe98f
