[INFO] fetching crate pick_fast 0.1.27...
[INFO] testing pick_fast-0.1.27 against 1.99.0-beta.8+cargoflags=--release for beta-release-1.100-2
[INFO] extracting crate pick_fast 0.1.27 into /workspace/builds/worker-2-tc1/source
[INFO] started tweaking crates.io crate pick_fast 0.1.27
[INFO] removed 0 missing tests
[INFO] finished tweaking crates.io crate pick_fast 0.1.27
[INFO] tweaked toml for crates.io crate pick_fast 0.1.27 written to /workspace/builds/worker-2-tc1/source/Cargo.toml
[INFO] validating manifest of crates.io crate pick_fast 0.1.27 on toolchain 1.99.0-beta.8
[INFO] running `Command { std: CARGO_HOME="/workspace/cargo-home" RUSTUP_HOME="/workspace/rustup-home" "/workspace/cargo-home/bin/cargo" "+1.99.0-beta.8" "metadata" "--manifest-path" "Cargo.toml" "--no-deps", kill_on_drop: false }`
[INFO] crate crates.io crate pick_fast 0.1.27 already has a lockfile, it will not be regenerated
[INFO] running `Command { std: CARGO_HOME="/workspace/cargo-home" RUSTUP_HOME="/workspace/rustup-home" "/workspace/cargo-home/bin/cargo" "+1.99.0-beta.8" "fetch" "--manifest-path" "Cargo.toml", kill_on_drop: false }`
[INFO] [stderr]     Updating crates.io index
[INFO] [stderr]     Blocking waiting for file lock on package cache
[INFO] [stderr]  Downloading crates ...
[INFO] [stderr]   Downloaded svg v0.18.0
[INFO] [stderr]   Downloaded static_init_macro v1.0.4
[INFO] [stderr]   Downloaded ts_ v0.1.4
[INFO] [stderr]   Downloaded static_init v1.0.4
[INFO] [stderr]   Downloaded race v0.1.15
[INFO] [stderr]   Downloaded logforth v0.30.1
[INFO] [stderr]   Downloaded logforth-layout-text v0.4.0
[INFO] [stderr]   Downloaded logforth-core v0.4.0
[INFO] [stderr]   Downloaded logforth-layout-json v0.4.0
[INFO] [stderr]   Downloaded logforth-filter-rustlog v0.4.0
[INFO] [stderr]   Downloaded log_init v0.1.38
[INFO] [stderr]   Downloaded logforth-bridge-log v0.4.1
[INFO] [stderr]   Downloaded logforth-append-file v0.4.0
[INFO] [stderr]   Downloaded citer v0.1.42
[INFO] [stderr]   Downloaded format_num v0.1.0
[INFO] [stderr]   Downloaded aok v0.1.18
[INFO] [stderr]   Downloaded svg v0.7.2
[INFO] [stderr]   Downloaded charts v0.3.0
[INFO] running `Command { std: "docker" "create" "-v" "/var/lib/crater-agent-workspace/builds/worker-2-tc1/source:/opt/rustwide/workdir:ro,Z" "-v" "/var/lib/crater-agent-workspace/builds/worker-2-tc1/target:/opt/rustwide/target:rw,Z" "-v" "/var/lib/crater-agent-workspace/cargo-home:/opt/rustwide/cargo-home:ro,Z" "-v" "/var/lib/crater-agent-workspace/rustup-home:/opt/rustwide/rustup-home:ro,Z" "-m" "1610612736" "--network" "none" "ghcr.io/rust-lang/crates-build-env/linux@sha256:77db811e55d90add9212f6832c23229e3de5f1c1f9905e8cb07319ea15df73ac" "sleep" "infinity", kill_on_drop: false }`
[INFO] [stdout] 03e8ca6f1c3180c8b7d747372aa2707e54ef5def239e27675a4e06c385028409
[INFO] running `Command { std: "docker" "start" "03e8ca6f1c3180c8b7d747372aa2707e54ef5def239e27675a4e06c385028409", kill_on_drop: false }`
[INFO] running `Command { std: "docker" "inspect" "03e8ca6f1c3180c8b7d747372aa2707e54ef5def239e27675a4e06c385028409", kill_on_drop: false }`
[INFO] running `Command { std: "docker" "exec" "-e" "SOURCE_DIR=/opt/rustwide/workdir" "-e" "CARGO_HOME=/opt/rustwide/cargo-home" "-e" "RUSTUP_HOME=/opt/rustwide/rustup-home" "-e" "CARGO_TARGET_DIR=/opt/rustwide/target" "-w" "/opt/rustwide/workdir" "--user" "0:0" "03e8ca6f1c3180c8b7d747372aa2707e54ef5def239e27675a4e06c385028409" "/opt/rustwide/cargo-home/bin/cargo" "+1.99.0-beta.8" "metadata" "--no-deps" "--format-version=1", kill_on_drop: false }`
[INFO] running `Command { std: "docker" "inspect" "03e8ca6f1c3180c8b7d747372aa2707e54ef5def239e27675a4e06c385028409", kill_on_drop: false }`
[INFO] running `Command { std: "docker" "exec" "-e" "SOURCE_DIR=/opt/rustwide/workdir" "-e" "CARGO_HOME=/opt/rustwide/cargo-home" "-e" "RUSTUP_HOME=/opt/rustwide/rustup-home" "-e" "CARGO_TARGET_DIR=/opt/rustwide/target" "-e" "CARGO_INCREMENTAL=0" "-e" "RUST_BACKTRACE=full" "-e" "RUSTFLAGS=--cap-lints=warn" "-e" "RUSTDOCFLAGS=--cap-lints=warn" "-w" "/opt/rustwide/workdir" "--user" "0:0" "03e8ca6f1c3180c8b7d747372aa2707e54ef5def239e27675a4e06c385028409" "/opt/rustwide/cargo-home/bin/cargo" "+1.99.0-beta.8" "build" "--frozen" "--message-format=json" "--release", kill_on_drop: false }`
[INFO] [stderr]    Compiling citer v0.1.42
[INFO] [stderr]    Compiling pick_fast v0.1.27 (/opt/rustwide/workdir)
[INFO] [stderr]     Finished `release` profile [optimized] target(s) in 0.37s
[INFO] running `Command { std: "docker" "inspect" "03e8ca6f1c3180c8b7d747372aa2707e54ef5def239e27675a4e06c385028409", kill_on_drop: false }`
[INFO] running `Command { std: "docker" "exec" "-e" "SOURCE_DIR=/opt/rustwide/workdir" "-e" "CARGO_HOME=/opt/rustwide/cargo-home" "-e" "RUSTUP_HOME=/opt/rustwide/rustup-home" "-e" "CARGO_TARGET_DIR=/opt/rustwide/target" "-e" "CARGO_INCREMENTAL=0" "-e" "RUST_BACKTRACE=full" "-e" "RUSTFLAGS=--cap-lints=warn" "-e" "RUSTDOCFLAGS=--cap-lints=warn" "-w" "/opt/rustwide/workdir" "--user" "0:0" "03e8ca6f1c3180c8b7d747372aa2707e54ef5def239e27675a4e06c385028409" "/opt/rustwide/cargo-home/bin/cargo" "+1.99.0-beta.8" "test" "--frozen" "--no-run" "--message-format=json" "--release", kill_on_drop: false }`
[INFO] [stderr]    Compiling portable-atomic v1.14.0
[INFO] [stderr]    Compiling futures-sink v0.3.33
[INFO] [stderr]    Compiling simd-adler32 v0.3.10
[INFO] [stderr]    Compiling log v0.4.33
[INFO] [stderr]    Compiling jiff v0.2.35
[INFO] [stderr]    Compiling pathfinder_simd v0.5.6
[INFO] [stderr]    Compiling parking_lot_core v0.9.12
[INFO] [stderr]    Compiling freetype-sys v0.20.1
[INFO] [stderr]    Compiling yeslogic-fontconfig-sys v6.0.1
[INFO] [stderr]    Compiling thiserror v2.0.19
[INFO] [stderr]    Compiling logforth-core v0.4.0
[INFO] [stderr]    Compiling cfg_aliases v0.1.1
[INFO] [stderr]    Compiling ipnet v2.12.1
[INFO] [stderr]    Compiling thiserror-impl v2.0.19
[INFO] [stderr]    Compiling icu_normalizer v2.2.0
[INFO] [stderr]    Compiling tokio v1.53.1
[INFO] [stderr]    Compiling futures-channel v0.3.33
[INFO] [stderr]    Compiling static_init_macro v1.0.4
[INFO] [stderr]    Compiling tinyvec v1.12.0
[INFO] [stderr]    Compiling miniz_oxide v0.8.9
[INFO] [stderr]    Compiling parking_lot v0.12.5
[INFO] [stderr]    Compiling fdeflate v0.3.7
[INFO] [stderr]    Compiling static_init v1.0.4
[INFO] [stderr]    Compiling dirs-sys v0.5.0
[INFO] [stderr]    Compiling syn v1.0.109
[INFO] [stderr]    Compiling futures-util v0.3.33
[INFO] [stderr]    Compiling prefix-trie v0.8.4
[INFO] [stderr]    Compiling idna_adapter v1.2.2
[INFO] [stderr]    Compiling rand v0.10.2
[INFO] [stderr]    Compiling idna v1.1.0
[INFO] [stderr]    Compiling coarsetime v0.1.37
[INFO] [stderr]    Compiling flate2 v1.1.9
[INFO] [stderr]    Compiling once_cell v1.21.4
[INFO] [stderr]    Compiling url v2.5.8
[INFO] [stderr]    Compiling jpeg-decoder v0.3.2
[INFO] [stderr]    Compiling bytemuck v1.25.2
[INFO] [stderr]    Compiling font-kit v0.14.3
[INFO] [stderr]    Compiling tracing-core v0.1.36
[INFO] [stderr]    Compiling png v0.17.16
[INFO] [stderr]    Compiling data-encoding v2.11.1
[INFO] [stderr]    Compiling gif v0.12.0
[INFO] [stderr]    Compiling pathfinder_geometry v0.5.1
[INFO] [stderr]    Compiling logforth-bridge-log v0.4.1
[INFO] [stderr]    Compiling logforth-filter-rustlog v0.4.0
[INFO] [stderr]    Compiling dirs v6.0.0
[INFO] [stderr]    Compiling crossbeam-epoch v0.9.20
[INFO] [stderr]    Compiling tracing v0.1.44
[INFO] [stderr]    Compiling hickory-proto v0.26.1
[INFO] [stderr]    Compiling image v0.24.9
[INFO] [stderr]    Compiling regex v1.12.4
[INFO] [stderr]    Compiling crossbeam-channel v0.5.16
[INFO] [stderr]    Compiling uuid v1.24.0
[INFO] [stderr]    Compiling tagptr v0.2.0
[INFO] [stderr]    Compiling float-ord v0.3.2
[INFO] [stderr]    Compiling format_num v0.1.0
[INFO] [stderr]    Compiling moka v0.12.15
[INFO] [stderr]    Compiling chrono v0.4.45
[INFO] [stderr]    Compiling svg v0.7.2
[INFO] [stderr]    Compiling resolv-conf v0.7.6
[INFO] [stderr]    Compiling logforth-append-file v0.4.0
[INFO] [stderr]    Compiling futures-executor v0.3.33
[INFO] [stderr]    Compiling logforth-layout-text v0.4.0
[INFO] [stderr]    Compiling logforth-layout-json v0.4.0
[INFO] [stderr]    Compiling futures v0.3.33
[INFO] [stderr]    Compiling ttf-parser v0.20.0
[INFO] [stderr]    Compiling charts v0.3.0
[INFO] [stderr]    Compiling ts_ v0.1.4
[INFO] [stderr]    Compiling logforth v0.30.1
[INFO] [stderr]    Compiling aok v0.1.18
[INFO] [stderr]    Compiling svg v0.18.0
[INFO] [stderr]    Compiling plotters-bitmap v0.3.7
[INFO] [stderr]    Compiling hickory-net v0.26.1
[INFO] [stderr]    Compiling race v0.1.15
[INFO] [stderr]    Compiling log_init v0.1.38
[INFO] [stderr]    Compiling hickory-resolver v0.26.1
[INFO] [stderr]    Compiling plotters v0.3.7
[INFO] [stderr]    Compiling pick_fast v0.1.27 (/opt/rustwide/workdir)
[INFO] [stdout] error[E0603]: enum `Protocol` is private
[INFO] [stdout]    --> tests/dns.rs:9:30
[INFO] [stdout]     |
[INFO] [stdout]   9 |   config::{NameServerConfig, Protocol, ResolverConfig, ResolverOpts},
[INFO] [stdout]     |                              ^^^^^^^^ private enum
[INFO] [stdout]     |
[INFO] [stdout] note: the enum `Protocol` is defined here
[INFO] [stdout]    --> /opt/rustwide/cargo-home/registry/src/index.crates.io-1949cf8c6b5b557f/hickory-resolver-0.26.1/src/config.rs:42:5
[INFO] [stdout]     |
[INFO] [stdout]  42 | use crate::net::xfer::Protocol;
[INFO] [stdout]     |     ^^^^^^^^^^^^^^^^^^^^^^^^^^
[INFO] [stdout]     |
[INFO] [stdout]    ::: /opt/rustwide/cargo-home/registry/src/index.crates.io-1949cf8c6b5b557f/hickory-net-0.26.1/src/xfer/mod.rs:402:1
[INFO] [stdout]     |
[INFO] [stdout] 402 | #[non_exhaustive]
[INFO] [stdout]     | ----------------- cannot be constructed because it is `#[non_exhaustive]`
[INFO] [stdout] 
[INFO] [stdout] 
[INFO] [stdout] error[E0107]: missing generics for struct `Resolver`
[INFO] [stdout]   --> tests/dns.rs:20:43
[INFO] [stdout]    |
[INFO] [stdout] 20 | fn create_resolver(server: &DnsServer) -> Resolver {
[INFO] [stdout]    |                                           ^^^^^^^^ expected 1 generic argument
[INFO] [stdout]    |
[INFO] [stdout] note: struct defined here, with 1 generic parameter: `P`
[INFO] [stdout]   --> /opt/rustwide/cargo-home/registry/src/index.crates.io-1949cf8c6b5b557f/hickory-resolver-0.26.1/src/resolver.rs:95:12
[INFO] [stdout]    |
[INFO] [stdout] 95 | pub struct Resolver<P: ConnectionProvider> {
[INFO] [stdout]    |            ^^^^^^^^ -
[INFO] [stdout] help: add missing generic argument
[INFO] [stdout]    |
[INFO] [stdout] 20 | fn create_resolver(server: &DnsServer) -> Resolver<P> {
[INFO] [stdout]    |                                                   +++
[INFO] [stdout] 
[INFO] [stdout] 
[INFO] [stdout] error[E0061]: this function takes 3 arguments but 2 arguments were supplied
[INFO] [stdout]    --> tests/dns.rs:21:12
[INFO] [stdout]     |
[INFO] [stdout]  21 |   let ns = NameServerConfig::new(SocketAddr::new(server.ip, 53), Protocol::Udp);
[INFO] [stdout]     |            ^^^^^^^^^^^^^^^^^^^^^-----------------------------------------------
[INFO] [stdout]     |                                 ||
[INFO] [stdout]     |                                 |expected `IpAddr`, found `SocketAddr`
[INFO] [stdout]     |                                 argument #3 of type `Vec<ConnectionConfig>` is missing
[INFO] [stdout]     |
[INFO] [stdout] note: associated function defined here
[INFO] [stdout]    --> /opt/rustwide/cargo-home/registry/src/index.crates.io-1949cf8c6b5b557f/hickory-resolver-0.26.1/src/config.rs:308:12
[INFO] [stdout]     |
[INFO] [stdout] 308 |     pub fn new(
[INFO] [stdout]     |            ^^^
[INFO] [stdout] help: provide the argument
[INFO] [stdout]     |
[INFO] [stdout]  21 -   let ns = NameServerConfig::new(SocketAddr::new(server.ip, 53), Protocol::Udp);
[INFO] [stdout]  21 +   let ns = NameServerConfig::new(/* IpAddr */, Protocol::Udp, /* Vec<ConnectionConfig> */);
[INFO] [stdout]     |
[INFO] [stdout] 
[INFO] [stdout] 
[INFO] [stdout] error[E0599]: no associated function or constant named `new` found for struct `Resolver<P>` in the current scope
[INFO] [stdout]   --> tests/dns.rs:25:13
[INFO] [stdout]    |
[INFO] [stdout] 25 |   Resolver::new(config, ResolverOpts::default()).unwrap()
[INFO] [stdout]    |             ^^^ associated function or constant not found in `Resolver<_>`
[INFO] [stdout] 
[INFO] [stdout] 
[INFO] [stdout] Some errors have detailed explanations: E0061, E0107, E0599, E0603.
[INFO] [stdout] 
[INFO] [stdout] For more information about an error, try `rustc --explain E0061`.
[INFO] [stdout] 
[INFO] [stderr] error: could not compile `pick_fast` (test "dns") due to 4 previous errors
[INFO] [stderr] warning: build failed, waiting for other jobs to finish...
[INFO] running `Command { std: "docker" "inspect" "03e8ca6f1c3180c8b7d747372aa2707e54ef5def239e27675a4e06c385028409", kill_on_drop: false }`
[INFO] running `Command { std: "docker" "rm" "-f" "03e8ca6f1c3180c8b7d747372aa2707e54ef5def239e27675a4e06c385028409", kill_on_drop: false }`
[INFO] [stdout] 03e8ca6f1c3180c8b7d747372aa2707e54ef5def239e27675a4e06c385028409
