[INFO] fetching crate piccali-cli 0.9.0...
[INFO] testing piccali-cli-0.9.0 against 1.100.0-beta.1+cargoflags=--release for beta-release-1.100-2
[INFO] extracting crate piccali-cli 0.9.0 into /workspace/builds/worker-3-tc2/source
[INFO] started tweaking crates.io crate piccali-cli 0.9.0
[INFO] removed 0 missing tests
[INFO] finished tweaking crates.io crate piccali-cli 0.9.0
[INFO] tweaked toml for crates.io crate piccali-cli 0.9.0 written to /workspace/builds/worker-3-tc2/source/Cargo.toml
[INFO] validating manifest of crates.io crate piccali-cli 0.9.0 on toolchain 1.100.0-beta.1
[INFO] running `Command { std: CARGO_HOME="/workspace/cargo-home" RUSTUP_HOME="/workspace/rustup-home" "/workspace/cargo-home/bin/cargo" "+1.100.0-beta.1" "metadata" "--manifest-path" "Cargo.toml" "--no-deps", kill_on_drop: false }`
[INFO] crate crates.io crate piccali-cli 0.9.0 already has a lockfile, it will not be regenerated
[INFO] running `Command { std: CARGO_HOME="/workspace/cargo-home" RUSTUP_HOME="/workspace/rustup-home" "/workspace/cargo-home/bin/cargo" "+1.100.0-beta.1" "fetch" "--manifest-path" "Cargo.toml", kill_on_drop: false }`
[INFO] running `Command { std: "docker" "create" "-v" "/var/lib/crater-agent-workspace/builds/worker-3-tc2/source:/opt/rustwide/workdir:ro,Z" "-v" "/var/lib/crater-agent-workspace/builds/worker-3-tc2/target:/opt/rustwide/target:rw,Z" "-v" "/var/lib/crater-agent-workspace/cargo-home:/opt/rustwide/cargo-home:ro,Z" "-v" "/var/lib/crater-agent-workspace/rustup-home:/opt/rustwide/rustup-home:ro,Z" "-m" "1610612736" "--network" "none" "ghcr.io/rust-lang/crates-build-env/linux@sha256:77db811e55d90add9212f6832c23229e3de5f1c1f9905e8cb07319ea15df73ac" "sleep" "infinity", kill_on_drop: false }`
[INFO] [stdout] 5a2017abdb357efce2cd412b367d17fbfcede455d78759f833b6a3cbd93cbe1e
[INFO] running `Command { std: "docker" "start" "5a2017abdb357efce2cd412b367d17fbfcede455d78759f833b6a3cbd93cbe1e", kill_on_drop: false }`
[INFO] running `Command { std: "docker" "inspect" "5a2017abdb357efce2cd412b367d17fbfcede455d78759f833b6a3cbd93cbe1e", kill_on_drop: false }`
[INFO] running `Command { std: "docker" "exec" "-e" "SOURCE_DIR=/opt/rustwide/workdir" "-e" "CARGO_HOME=/opt/rustwide/cargo-home" "-e" "RUSTUP_HOME=/opt/rustwide/rustup-home" "-e" "CARGO_TARGET_DIR=/opt/rustwide/target" "-w" "/opt/rustwide/workdir" "--user" "0:0" "5a2017abdb357efce2cd412b367d17fbfcede455d78759f833b6a3cbd93cbe1e" "/opt/rustwide/cargo-home/bin/cargo" "+1.100.0-beta.1" "metadata" "--no-deps" "--format-version=1", kill_on_drop: false }`
[INFO] running `Command { std: "docker" "inspect" "5a2017abdb357efce2cd412b367d17fbfcede455d78759f833b6a3cbd93cbe1e", kill_on_drop: false }`
[INFO] running `Command { std: "docker" "exec" "-e" "SOURCE_DIR=/opt/rustwide/workdir" "-e" "CARGO_HOME=/opt/rustwide/cargo-home" "-e" "RUSTUP_HOME=/opt/rustwide/rustup-home" "-e" "CARGO_TARGET_DIR=/opt/rustwide/target" "-e" "CARGO_INCREMENTAL=0" "-e" "RUST_BACKTRACE=full" "-e" "RUSTFLAGS=--cap-lints=warn" "-e" "RUSTDOCFLAGS=--cap-lints=warn" "-w" "/opt/rustwide/workdir" "--user" "0:0" "5a2017abdb357efce2cd412b367d17fbfcede455d78759f833b6a3cbd93cbe1e" "/opt/rustwide/cargo-home/bin/cargo" "+1.100.0-beta.1" "build" "--frozen" "--message-format=json" "--release", kill_on_drop: false }`
[INFO] [stderr]    Compiling typenum v1.20.1
[INFO] [stderr]    Compiling unicase v2.9.0
[INFO] [stderr]    Compiling writeable v0.6.4
[INFO] [stderr]    Compiling icu_locale_fallback_data v2.3.0
[INFO] [stderr]    Compiling litemap v0.8.3
[INFO] [stderr]    Compiling const-oid v0.10.2
[INFO] [stderr]    Compiling serde_core v1.0.229
[INFO] [stderr]    Compiling zmij v1.0.23
[INFO] [stderr]    Compiling icu_segmenter_data v2.3.0
[INFO] [stderr]    Compiling serde_json v1.0.151
[INFO] [stderr]    Compiling itoa v1.0.18
[INFO] [stderr]    Compiling syn v3.0.5
[INFO] [stderr]    Compiling cpufeatures v0.3.1
[INFO] [stderr]    Compiling digest v0.11.3
[INFO] [stderr]    Compiling libc v0.2.189
[INFO] [stderr]    Compiling aho-corasick v1.1.5
[INFO] [stderr]    Compiling eyre v0.6.14
[INFO] [stderr]    Compiling smallvec v1.16.1
[INFO] [stderr]    Compiling peg-runtime v0.6.3
[INFO] [stderr]    Compiling mime v0.3.17
[INFO] [stderr]    Compiling mime_guess v2.0.5
[INFO] [stderr]    Compiling gimli v0.32.3
[INFO] [stderr]    Compiling sha2 v0.11.0
[INFO] [stderr]    Compiling miniz_oxide v0.8.9
[INFO] [stderr]    Compiling object v0.37.3
[INFO] [stderr]    Compiling peg-macros v0.6.3
[INFO] [stderr]    Compiling typed-builder-macro v0.23.2
[INFO] [stderr]    Compiling rustc-demangle v0.1.28
[INFO] [stderr]    Compiling smawk v0.3.3
[INFO] [stderr]    Compiling hybrid-array v0.4.15
[INFO] [stderr]    Compiling indenter v0.3.4
[INFO] [stderr]    Compiling block-buffer v0.12.1
[INFO] [stderr]    Compiling crypto-common v0.2.2
[INFO] [stderr]    Compiling clap_builder v4.6.7
[INFO] [stderr]    Compiling bstr v1.13.1
[INFO] [stderr]    Compiling rust-embed-utils v8.12.0
[INFO] [stderr]    Compiling peg v0.6.3
[INFO] [stderr]    Compiling ascii v1.1.0
[INFO] [stderr]    Compiling chunked_transfer v1.5.0
[INFO] [stderr]    Compiling owo-colors v4.4.0
[INFO] [stderr]    Compiling url-escape v0.1.2
[INFO] [stderr]    Compiling chrono v0.4.45
[INFO] [stderr]    Compiling tiny_http v0.12.0
[INFO] [stderr]    Compiling regex-automata v0.4.18
[INFO] [stderr]    Compiling typed-builder v0.23.2
[INFO] [stderr]    Compiling addr2line v0.25.1
[INFO] [stderr]    Compiling rust-embed-impl v8.12.0
[INFO] [stderr]    Compiling backtrace v0.3.76
[INFO] [stderr]    Compiling rust-embed v8.12.0
[INFO] [stderr]    Compiling synstructure v0.14.0
[INFO] [stderr]    Compiling regex v1.13.1
[INFO] [stderr]    Compiling globset v0.4.20
[INFO] [stderr]    Compiling color-eyre v0.6.5
[INFO] [stderr]    Compiling zerofrom-derive v0.1.8
[INFO] [stderr]    Compiling yoke-derive v0.8.3
[INFO] [stderr]    Compiling zerovec-derive v0.11.6
[INFO] [stderr]    Compiling displaydoc v0.2.7
[INFO] [stderr]    Compiling serde_derive v1.0.229
[INFO] [stderr]    Compiling thiserror-impl v2.0.20
[INFO] [stderr]    Compiling zerofrom v0.1.8
[INFO] [stderr]    Compiling clap_derive v4.6.7
[INFO] [stderr]    Compiling zerotrie v0.2.5
[INFO] [stderr]    Compiling yoke v0.8.3
[INFO] [stderr]    Compiling zerovec v0.11.8
[INFO] [stderr]    Compiling thiserror v2.0.20
[INFO] [stderr]    Compiling clap v4.6.7
[INFO] [stderr]    Compiling tinystr v0.8.4
[INFO] [stderr]    Compiling potential_utf v0.1.6
[INFO] [stderr]    Compiling icu_collections v2.3.0
[INFO] [stderr]    Compiling icu_locale_core v2.3.0
[INFO] [stderr]    Compiling serde v1.0.229
[INFO] [stderr]    Compiling gherkin v0.16.0
[INFO] [stderr]    Compiling icu_provider v2.3.1
[INFO] [stderr]    Compiling icu_locale_fallback v2.3.0
[INFO] [stderr]    Compiling icu_segmenter v2.3.0
[INFO] [stderr]    Compiling textwrap v0.16.4
[INFO] [stderr]    Compiling piccali-cli v0.9.0 (/opt/rustwide/workdir)
[INFO] [stdout] error: #[derive(RustEmbed)] folder '/opt/rustwide/workdir/template/dist/' does not exist. cwd: '/opt/rustwide/workdir'
[INFO] [stdout]  --> src/assets.rs:3:1
[INFO] [stdout]   |
[INFO] [stdout] 3 | / /// Embeds all files from `template/dist/` at compile time.
[INFO] [stdout] 4 | | #[derive(RustEmbed)]
[INFO] [stdout] 5 | | #[folder = "template/dist/"]
[INFO] [stdout] 6 | | pub struct FrontendAssets;
[INFO] [stdout]   | |__________________________^
[INFO] [stdout] 
[INFO] [stdout] 
[INFO] [stdout] error[E0599]: no associated function or constant named `iter` found for struct `FrontendAssets` in the current scope
[INFO] [stdout]   --> src/format.rs:91:38
[INFO] [stdout]    |
[INFO] [stdout] 91 |     for file_path in FrontendAssets::iter() {
[INFO] [stdout]    |                                      ^^^^ associated function or constant not found in `FrontendAssets`
[INFO] [stdout]    |
[INFO] [stdout]   ::: src/assets.rs:6:1
[INFO] [stdout]    |
[INFO] [stdout]  6 | pub struct FrontendAssets;
[INFO] [stdout]    | ------------------------- associated function or constant `iter` not found for this struct
[INFO] [stdout]    |
[INFO] [stdout]    = help: items from traits can only be used if the trait is implemented and in scope
[INFO] [stdout]    = note: the following traits define an item `iter`, perhaps you need to implement one of them:
[INFO] [stdout]            candidate #1: `Embed`
[INFO] [stdout]            candidate #2: `icu_provider::baked::DataStore`
[INFO] [stdout] 
[INFO] [stdout] 
[INFO] [stdout] error[E0599]: no associated function or constant named `get` found for struct `FrontendAssets` in the current scope
[INFO] [stdout]   --> src/format.rs:92:36
[INFO] [stdout]    |
[INFO] [stdout] 92 |         let file = FrontendAssets::get(file_path.as_ref())
[INFO] [stdout]    |                                    ^^^ associated function or constant not found in `FrontendAssets`
[INFO] [stdout]    |
[INFO] [stdout]   ::: src/assets.rs:6:1
[INFO] [stdout]    |
[INFO] [stdout]  6 | pub struct FrontendAssets;
[INFO] [stdout]    | ------------------------- associated function or constant `get` not found for this struct
[INFO] [stdout]    |
[INFO] [stdout]    = help: items from traits can only be used if the trait is implemented and in scope
[INFO] [stdout]    = note: the following traits define an item `get`, perhaps you need to implement one of them:
[INFO] [stdout]            candidate #1: `Embed`
[INFO] [stdout]            candidate #2: `SliceIndex`
[INFO] [stdout]            candidate #3: `icu_collections::codepointtrie::cptrie::TypedCodePointTrie`
[INFO] [stdout]            candidate #4: `icu_provider::baked::DataStore`
[INFO] [stdout]            candidate #5: `object::read::elf::relocation::Relr`
[INFO] [stdout] 
[INFO] [stdout] 
[INFO] [stdout] error[E0599]: no associated function or constant named `get` found for struct `FrontendAssets` in the current scope
[INFO] [stdout]    --> src/server.rs:159:31
[INFO] [stdout]     |
[INFO] [stdout] 159 |         match FrontendAssets::get(asset_path) {
[INFO] [stdout]     |                               ^^^ associated function or constant not found in `FrontendAssets`
[INFO] [stdout]     |
[INFO] [stdout]    ::: src/assets.rs:6:1
[INFO] [stdout]     |
[INFO] [stdout]   6 | pub struct FrontendAssets;
[INFO] [stdout]     | ------------------------- associated function or constant `get` not found for this struct
[INFO] [stdout]     |
[INFO] [stdout]     = help: items from traits can only be used if the trait is implemented and in scope
[INFO] [stdout]     = note: the following traits define an item `get`, perhaps you need to implement one of them:
[INFO] [stdout]             candidate #1: `Embed`
[INFO] [stdout]             candidate #2: `SliceIndex`
[INFO] [stdout]             candidate #3: `icu_collections::codepointtrie::cptrie::TypedCodePointTrie`
[INFO] [stdout]             candidate #4: `icu_provider::baked::DataStore`
[INFO] [stdout]             candidate #5: `object::read::elf::relocation::Relr`
[INFO] [stdout] 
[INFO] [stdout] 
[INFO] [stdout] error[E0599]: no associated function or constant named `get` found for struct `FrontendAssets` in the current scope
[INFO] [stdout]    --> src/server.rs:182:43
[INFO] [stdout]     |
[INFO] [stdout] 182 |                     match FrontendAssets::get("index.html") {
[INFO] [stdout]     |                                           ^^^ associated function or constant not found in `FrontendAssets`
[INFO] [stdout]     |
[INFO] [stdout]    ::: src/assets.rs:6:1
[INFO] [stdout]     |
[INFO] [stdout]   6 | pub struct FrontendAssets;
[INFO] [stdout]     | ------------------------- associated function or constant `get` not found for this struct
[INFO] [stdout]     |
[INFO] [stdout]     = help: items from traits can only be used if the trait is implemented and in scope
[INFO] [stdout]     = note: the following traits define an item `get`, perhaps you need to implement one of them:
[INFO] [stdout]             candidate #1: `Embed`
[INFO] [stdout]             candidate #2: `SliceIndex`
[INFO] [stdout]             candidate #3: `icu_collections::codepointtrie::cptrie::TypedCodePointTrie`
[INFO] [stdout]             candidate #4: `icu_provider::baked::DataStore`
[INFO] [stdout]             candidate #5: `object::read::elf::relocation::Relr`
[INFO] [stdout] 
[INFO] [stdout] 
[INFO] [stdout] For more information about this error, try `rustc --explain E0599`.
[INFO] [stdout] 
[INFO] [stderr] error: could not compile `piccali-cli` (bin "piccali-cli") due to 5 previous errors
[INFO] running `Command { std: "docker" "inspect" "5a2017abdb357efce2cd412b367d17fbfcede455d78759f833b6a3cbd93cbe1e", kill_on_drop: false }`
[INFO] running `Command { std: "docker" "rm" "-f" "5a2017abdb357efce2cd412b367d17fbfcede455d78759f833b6a3cbd93cbe1e", kill_on_drop: false }`
[INFO] [stdout] 5a2017abdb357efce2cd412b367d17fbfcede455d78759f833b6a3cbd93cbe1e
