[INFO] fetching crate pib-oparl-service 0.38.0...
[INFO] testing pib-oparl-service-0.38.0 against 1.99.0-beta.8+cargoflags=--release for beta-release-1.100-2
[INFO] extracting crate pib-oparl-service 0.38.0 into /workspace/builds/worker-0-tc1/source
[INFO] started tweaking crates.io crate pib-oparl-service 0.38.0
[INFO] finished tweaking crates.io crate pib-oparl-service 0.38.0
[INFO] tweaked toml for crates.io crate pib-oparl-service 0.38.0 written to /workspace/builds/worker-0-tc1/source/Cargo.toml
[INFO] validating manifest of crates.io crate pib-oparl-service 0.38.0 on toolchain 1.99.0-beta.8
[INFO] running `Command { std: CARGO_HOME="/workspace/cargo-home" RUSTUP_HOME="/workspace/rustup-home" "/workspace/cargo-home/bin/cargo" "+1.99.0-beta.8" "metadata" "--manifest-path" "Cargo.toml" "--no-deps", kill_on_drop: false }`
[INFO] crate crates.io crate pib-oparl-service 0.38.0 already has a lockfile, it will not be regenerated
[INFO] running `Command { std: CARGO_HOME="/workspace/cargo-home" RUSTUP_HOME="/workspace/rustup-home" "/workspace/cargo-home/bin/cargo" "+1.99.0-beta.8" "fetch" "--manifest-path" "Cargo.toml", kill_on_drop: false }`
[INFO] [stderr]     Updating crates.io index
[INFO] [stderr]  Downloading crates ...
[INFO] [stderr]   Downloaded snafu v0.9.2
[INFO] [stderr]   Downloaded pib-service-test-utils v0.38.0
[INFO] [stderr]   Downloaded pib-service-core-types v0.38.0
[INFO] [stderr]   Downloaded snafu-derive v0.9.2
[INFO] [stderr]   Downloaded pib-service-inventory v0.38.0
[INFO] [stderr]   Downloaded oparl-types v0.10.0
[INFO] [stderr]   Downloaded mockall_derive v0.15.0
[INFO] [stderr]   Downloaded pib-oparl-extensions v0.38.0
[INFO] [stderr]   Downloaded mockall v0.15.0
[INFO] [stderr]   Downloaded oparl-service-facade v0.17.0
[INFO] running `Command { std: "docker" "create" "-v" "/var/lib/crater-agent-workspace/builds/worker-0-tc1/source:/opt/rustwide/workdir:ro,Z" "-v" "/var/lib/crater-agent-workspace/builds/worker-0-tc1/target:/opt/rustwide/target:rw,Z" "-v" "/var/lib/crater-agent-workspace/cargo-home:/opt/rustwide/cargo-home:ro,Z" "-v" "/var/lib/crater-agent-workspace/rustup-home:/opt/rustwide/rustup-home:ro,Z" "-m" "1610612736" "--network" "none" "ghcr.io/rust-lang/crates-build-env/linux@sha256:77db811e55d90add9212f6832c23229e3de5f1c1f9905e8cb07319ea15df73ac" "sleep" "infinity", kill_on_drop: false }`
[INFO] [stdout] 66f8a930128411fc56bbf01cee7f2cff84a2a66bee400ef726bcd56591c4513d
[INFO] running `Command { std: "docker" "start" "66f8a930128411fc56bbf01cee7f2cff84a2a66bee400ef726bcd56591c4513d", kill_on_drop: false }`
[INFO] running `Command { std: "docker" "inspect" "66f8a930128411fc56bbf01cee7f2cff84a2a66bee400ef726bcd56591c4513d", kill_on_drop: false }`
[INFO] running `Command { std: "docker" "exec" "-e" "SOURCE_DIR=/opt/rustwide/workdir" "-e" "CARGO_HOME=/opt/rustwide/cargo-home" "-e" "RUSTUP_HOME=/opt/rustwide/rustup-home" "-e" "CARGO_TARGET_DIR=/opt/rustwide/target" "-w" "/opt/rustwide/workdir" "--user" "0:0" "66f8a930128411fc56bbf01cee7f2cff84a2a66bee400ef726bcd56591c4513d" "/opt/rustwide/cargo-home/bin/cargo" "+1.99.0-beta.8" "metadata" "--no-deps" "--format-version=1", kill_on_drop: false }`
[INFO] running `Command { std: "docker" "inspect" "66f8a930128411fc56bbf01cee7f2cff84a2a66bee400ef726bcd56591c4513d", kill_on_drop: false }`
[INFO] running `Command { std: "docker" "exec" "-e" "SOURCE_DIR=/opt/rustwide/workdir" "-e" "CARGO_HOME=/opt/rustwide/cargo-home" "-e" "RUSTUP_HOME=/opt/rustwide/rustup-home" "-e" "CARGO_TARGET_DIR=/opt/rustwide/target" "-e" "CARGO_INCREMENTAL=0" "-e" "RUST_BACKTRACE=full" "-e" "RUSTFLAGS=--cap-lints=warn" "-e" "RUSTDOCFLAGS=--cap-lints=warn" "-w" "/opt/rustwide/workdir" "--user" "0:0" "66f8a930128411fc56bbf01cee7f2cff84a2a66bee400ef726bcd56591c4513d" "/opt/rustwide/cargo-home/bin/cargo" "+1.99.0-beta.8" "build" "--frozen" "--message-format=json" "--release", kill_on_drop: false }`
[INFO] [stderr]    Compiling syn v3.0.6
[INFO] [stderr]    Compiling syn v2.0.119
[INFO] [stderr]    Compiling num-traits v0.2.19
[INFO] [stderr]    Compiling smallvec v1.16.2
[INFO] [stderr]    Compiling hex v0.4.3
[INFO] [stderr]    Compiling jiff-core v0.1.1
[INFO] [stderr]    Compiling tinyvec v1.13.3
[INFO] [stderr]    Compiling serde_json v1.0.151
[INFO] [stderr]    Compiling uuid v1.27.0
[INFO] [stderr]    Compiling tokio v1.53.2
[INFO] [stderr]    Compiling jiff v0.2.37
[INFO] [stderr]    Compiling synstructure v0.14.0
[INFO] [stderr]    Compiling darling_core v0.24.1
[INFO] [stderr]    Compiling derive_more-impl v2.1.1
[INFO] [stderr]    Compiling strum_macros v0.28.0
[INFO] [stderr]    Compiling snafu-derive v0.9.2
[INFO] [stderr]    Compiling zerofrom-derive v0.1.8
[INFO] [stderr]    Compiling yoke-derive v0.8.4
[INFO] [stderr]    Compiling zerovec-derive v0.11.6
[INFO] [stderr]    Compiling displaydoc v0.2.7
[INFO] [stderr]    Compiling serde_derive v1.0.229
[INFO] [stderr]    Compiling thiserror-impl v2.0.21
[INFO] [stderr]    Compiling async-trait v0.1.92
[INFO] [stderr]    Compiling zerofrom v0.1.8
[INFO] [stderr]    Compiling yoke v0.8.3
[INFO] [stderr]    Compiling zerovec v0.11.8
[INFO] [stderr]    Compiling zerotrie v0.2.5
[INFO] [stderr]    Compiling thiserror v2.0.21
[INFO] [stderr]    Compiling snafu v0.9.2
[INFO] [stderr]    Compiling strum v0.28.0
[INFO] [stderr]    Compiling derive_more v2.1.1
[INFO] [stderr]    Compiling darling_macro v0.24.1
[INFO] [stderr]    Compiling tinystr v0.8.4
[INFO] [stderr]    Compiling potential_utf v0.1.6
[INFO] [stderr]    Compiling icu_collections v2.3.0
[INFO] [stderr]    Compiling darling v0.24.1
[INFO] [stderr]    Compiling icu_locale_core v2.3.0
[INFO] [stderr]    Compiling serde_with_macros v3.24.0
[INFO] [stderr]    Compiling serde v1.0.229
[INFO] [stderr]    Compiling serde_with v3.24.0
[INFO] [stderr]    Compiling geo-types v0.7.20
[INFO] [stderr]    Compiling email_address v0.2.9
[INFO] [stderr]    Compiling pib-oparl-extensions v0.38.0
[INFO] [stderr]    Compiling icu_provider v2.3.1
[INFO] [stderr]    Compiling icu_normalizer v2.3.0
[INFO] [stderr]    Compiling icu_properties v2.3.0
[INFO] [stderr]    Compiling geojson v1.0.0
[INFO] [stderr]    Compiling idna_adapter v1.2.2
[INFO] [stderr]    Compiling idna v1.1.0
[INFO] [stderr]    Compiling url v2.5.8
[INFO] [stderr]    Compiling oparl-types v0.10.0
[INFO] [stderr]    Compiling pib-service-core-types v0.38.0
[INFO] [stderr]    Compiling oparl-service-facade v0.17.0
[INFO] [stderr]    Compiling pib-service-inventory v0.38.0
[INFO] [stderr]    Compiling pib-oparl-service v0.38.0 (/opt/rustwide/workdir)
[INFO] [stderr]     Finished `release` profile [optimized] target(s) in 47.76s
[INFO] running `Command { std: "docker" "inspect" "66f8a930128411fc56bbf01cee7f2cff84a2a66bee400ef726bcd56591c4513d", kill_on_drop: false }`
[INFO] running `Command { std: "docker" "exec" "-e" "SOURCE_DIR=/opt/rustwide/workdir" "-e" "CARGO_HOME=/opt/rustwide/cargo-home" "-e" "RUSTUP_HOME=/opt/rustwide/rustup-home" "-e" "CARGO_TARGET_DIR=/opt/rustwide/target" "-e" "CARGO_INCREMENTAL=0" "-e" "RUST_BACKTRACE=full" "-e" "RUSTFLAGS=--cap-lints=warn" "-e" "RUSTDOCFLAGS=--cap-lints=warn" "-w" "/opt/rustwide/workdir" "--user" "0:0" "66f8a930128411fc56bbf01cee7f2cff84a2a66bee400ef726bcd56591c4513d" "/opt/rustwide/cargo-home/bin/cargo" "+1.99.0-beta.8" "test" "--frozen" "--no-run" "--message-format=json" "--release", kill_on_drop: false }`
[INFO] [stderr]    Compiling mockall_derive v0.15.0
[INFO] [stderr]    Compiling mockall v0.15.0
[INFO] [stderr]    Compiling fragile v2.1.0
[INFO] [stderr]    Compiling predicates v3.1.4
[INFO] [stderr]    Compiling downcast v0.11.0
[INFO] [stderr]    Compiling pib-service-inventory v0.38.0
[INFO] [stderr]    Compiling pib-service-test-utils v0.38.0
[INFO] [stderr]    Compiling pib-oparl-service v0.38.0 (/opt/rustwide/workdir)
[INFO] [stdout] error[E0433]: cannot find `test` in `tokio`
[INFO] [stdout]   --> src/pib_oparl_service/handle_bodies.rs:41:14
[INFO] [stdout]    |
[INFO] [stdout] 41 |     #[tokio::test]
[INFO] [stdout]    |              ^^^^ could not find `test` in `tokio`
[INFO] [stdout] 
[INFO] [stdout] 
[INFO] [stdout] error[E0433]: cannot find `test` in `tokio`
[INFO] [stdout]   --> src/pib_oparl_service/handle_body.rs:31:14
[INFO] [stdout]    |
[INFO] [stdout] 31 |     #[tokio::test]
[INFO] [stdout]    |              ^^^^ could not find `test` in `tokio`
[INFO] [stdout] 
[INFO] [stdout] 
[INFO] [stdout] error[E0433]: cannot find `test` in `tokio`
[INFO] [stdout]   --> src/pib_oparl_service/handle_body_agenda_item.rs:46:14
[INFO] [stdout]    |
[INFO] [stdout] 46 |     #[tokio::test]
[INFO] [stdout]    |              ^^^^ could not find `test` in `tokio`
[INFO] [stdout] 
[INFO] [stdout] 
[INFO] [stdout] error[E0433]: cannot find `test` in `tokio`
[INFO] [stdout]    --> src/pib_oparl_service/handle_body_agenda_item.rs:102:14
[INFO] [stdout]     |
[INFO] [stdout] 102 |     #[tokio::test]
[INFO] [stdout]     |              ^^^^ could not find `test` in `tokio`
[INFO] [stdout] 
[INFO] [stdout] 
[INFO] [stdout] error[E0433]: cannot find `test` in `tokio`
[INFO] [stdout]    --> src/pib_oparl_service/handle_body_agenda_item.rs:129:14
[INFO] [stdout]     |
[INFO] [stdout] 129 |     #[tokio::test]
[INFO] [stdout]     |              ^^^^ could not find `test` in `tokio`
[INFO] [stdout] 
[INFO] [stdout] 
[INFO] [stdout] error[E0433]: cannot find `test` in `tokio`
[INFO] [stdout]   --> src/pib_oparl_service/handle_body_agenda_items.rs:51:14
[INFO] [stdout]    |
[INFO] [stdout] 51 |     #[tokio::test]
[INFO] [stdout]    |              ^^^^ could not find `test` in `tokio`
[INFO] [stdout] 
[INFO] [stdout] 
[INFO] [stdout] error[E0433]: cannot find `test` in `tokio`
[INFO] [stdout]    --> src/pib_oparl_service/handle_body_agenda_items.rs:165:14
[INFO] [stdout]     |
[INFO] [stdout] 165 |     #[tokio::test]
[INFO] [stdout]     |              ^^^^ could not find `test` in `tokio`
[INFO] [stdout] 
[INFO] [stdout] 
[INFO] [stdout] error[E0433]: cannot find `test` in `tokio`
[INFO] [stdout]   --> src/pib_oparl_service/handle_body_consultation.rs:47:14
[INFO] [stdout]    |
[INFO] [stdout] 47 |     #[tokio::test]
[INFO] [stdout]    |              ^^^^ could not find `test` in `tokio`
[INFO] [stdout] 
[INFO] [stdout] 
[INFO] [stdout] error[E0433]: cannot find `test` in `tokio`
[INFO] [stdout]   --> src/pib_oparl_service/handle_body_consultations.rs:35:14
[INFO] [stdout]    |
[INFO] [stdout] 35 |     #[tokio::test]
[INFO] [stdout]    |              ^^^^ could not find `test` in `tokio`
[INFO] [stdout] 
[INFO] [stdout] 
[INFO] [stdout] error[E0433]: cannot find `test` in `tokio`
[INFO] [stdout]   --> src/pib_oparl_service/handle_body_file.rs:34:14
[INFO] [stdout]    |
[INFO] [stdout] 34 |     #[tokio::test]
[INFO] [stdout]    |              ^^^^ could not find `test` in `tokio`
[INFO] [stdout] 
[INFO] [stdout] 
[INFO] [stdout] error[E0433]: cannot find `test` in `tokio`
[INFO] [stdout]   --> src/pib_oparl_service/handle_body_files.rs:35:14
[INFO] [stdout]    |
[INFO] [stdout] 35 |     #[tokio::test]
[INFO] [stdout]    |              ^^^^ could not find `test` in `tokio`
[INFO] [stdout] 
[INFO] [stdout] 
[INFO] [stdout] error[E0433]: cannot find `test` in `tokio`
[INFO] [stdout]   --> src/pib_oparl_service/handle_body_legislative_term.rs:34:14
[INFO] [stdout]    |
[INFO] [stdout] 34 |     #[tokio::test]
[INFO] [stdout]    |              ^^^^ could not find `test` in `tokio`
[INFO] [stdout] 
[INFO] [stdout] 
[INFO] [stdout] error[E0433]: cannot find `test` in `tokio`
[INFO] [stdout]   --> src/pib_oparl_service/handle_body_legislative_terms.rs:35:14
[INFO] [stdout]    |
[INFO] [stdout] 35 |     #[tokio::test]
[INFO] [stdout]    |              ^^^^ could not find `test` in `tokio`
[INFO] [stdout] 
[INFO] [stdout] 
[INFO] [stdout] error[E0433]: cannot find `test` in `tokio`
[INFO] [stdout]   --> src/pib_oparl_service/handle_body_location.rs:34:14
[INFO] [stdout]    |
[INFO] [stdout] 34 |     #[tokio::test]
[INFO] [stdout]    |              ^^^^ could not find `test` in `tokio`
[INFO] [stdout] 
[INFO] [stdout] 
[INFO] [stdout] error[E0433]: cannot find `test` in `tokio`
[INFO] [stdout]   --> src/pib_oparl_service/handle_body_locations.rs:35:14
[INFO] [stdout]    |
[INFO] [stdout] 35 |     #[tokio::test]
[INFO] [stdout]    |              ^^^^ could not find `test` in `tokio`
[INFO] [stdout] 
[INFO] [stdout] 
[INFO] [stdout] error[E0433]: cannot find `test` in `tokio`
[INFO] [stdout]   --> src/pib_oparl_service/handle_body_meeting.rs:41:14
[INFO] [stdout]    |
[INFO] [stdout] 41 |     #[tokio::test]
[INFO] [stdout]    |              ^^^^ could not find `test` in `tokio`
[INFO] [stdout] 
[INFO] [stdout] 
[INFO] [stdout] error[E0433]: cannot find `test` in `tokio`
[INFO] [stdout]   --> src/pib_oparl_service/handle_body_meeting.rs:94:14
[INFO] [stdout]    |
[INFO] [stdout] 94 |     #[tokio::test]
[INFO] [stdout]    |              ^^^^ could not find `test` in `tokio`
[INFO] [stdout] 
[INFO] [stdout] 
[INFO] [stdout] error[E0433]: cannot find `test` in `tokio`
[INFO] [stdout]   --> src/pib_oparl_service/handle_body_meetings.rs:51:14
[INFO] [stdout]    |
[INFO] [stdout] 51 |     #[tokio::test]
[INFO] [stdout]    |              ^^^^ could not find `test` in `tokio`
[INFO] [stdout] 
[INFO] [stdout] 
[INFO] [stdout] error[E0433]: cannot find `test` in `tokio`
[INFO] [stdout]    --> src/pib_oparl_service/handle_body_meetings.rs:161:14
[INFO] [stdout]     |
[INFO] [stdout] 161 |     #[tokio::test]
[INFO] [stdout]     |              ^^^^ could not find `test` in `tokio`
[INFO] [stdout] 
[INFO] [stdout] 
[INFO] [stdout] error[E0433]: cannot find `test` in `tokio`
[INFO] [stdout]   --> src/pib_oparl_service/handle_body_membership.rs:46:14
[INFO] [stdout]    |
[INFO] [stdout] 46 |     #[tokio::test]
[INFO] [stdout]    |              ^^^^ could not find `test` in `tokio`
[INFO] [stdout] 
[INFO] [stdout] 
[INFO] [stdout] error[E0433]: cannot find `test` in `tokio`
[INFO] [stdout]    --> src/pib_oparl_service/handle_body_membership.rs:100:14
[INFO] [stdout]     |
[INFO] [stdout] 100 |     #[tokio::test]
[INFO] [stdout]     |              ^^^^ could not find `test` in `tokio`
[INFO] [stdout] 
[INFO] [stdout] 
[INFO] [stdout] error[E0433]: cannot find `test` in `tokio`
[INFO] [stdout]    --> src/pib_oparl_service/handle_body_membership.rs:127:14
[INFO] [stdout]     |
[INFO] [stdout] 127 |     #[tokio::test]
[INFO] [stdout]     |              ^^^^ could not find `test` in `tokio`
[INFO] [stdout] 
[INFO] [stdout] 
[INFO] [stdout] error[E0433]: cannot find `test` in `tokio`
[INFO] [stdout]   --> src/pib_oparl_service/handle_body_memberships.rs:52:14
[INFO] [stdout]    |
[INFO] [stdout] 52 |     #[tokio::test]
[INFO] [stdout]    |              ^^^^ could not find `test` in `tokio`
[INFO] [stdout] 
[INFO] [stdout] 
[INFO] [stdout] error[E0433]: cannot find `test` in `tokio`
[INFO] [stdout]    --> src/pib_oparl_service/handle_body_memberships.rs:164:14
[INFO] [stdout]     |
[INFO] [stdout] 164 |     #[tokio::test]
[INFO] [stdout]     |              ^^^^ could not find `test` in `tokio`
[INFO] [stdout] 
[INFO] [stdout] 
[INFO] [stdout] error[E0433]: cannot find `test` in `tokio`
[INFO] [stdout]   --> src/pib_oparl_service/handle_body_organization.rs:45:14
[INFO] [stdout]    |
[INFO] [stdout] 45 |     #[tokio::test]
[INFO] [stdout]    |              ^^^^ could not find `test` in `tokio`
[INFO] [stdout] 
[INFO] [stdout] 
[INFO] [stdout] error[E0433]: cannot find `test` in `tokio`
[INFO] [stdout]    --> src/pib_oparl_service/handle_body_organization.rs:101:14
[INFO] [stdout]     |
[INFO] [stdout] 101 |     #[tokio::test]
[INFO] [stdout]     |              ^^^^ could not find `test` in `tokio`
[INFO] [stdout] 
[INFO] [stdout] 
[INFO] [stdout] error[E0433]: cannot find `test` in `tokio`
[INFO] [stdout]   --> src/pib_oparl_service/handle_body_organization_consultations.rs:36:14
[INFO] [stdout]    |
[INFO] [stdout] 36 |     #[tokio::test]
[INFO] [stdout]    |              ^^^^ could not find `test` in `tokio`
[INFO] [stdout] 
[INFO] [stdout] 
[INFO] [stdout] error[E0433]: cannot find `test` in `tokio`
[INFO] [stdout]   --> src/pib_oparl_service/handle_body_organization_meetings.rs:56:14
[INFO] [stdout]    |
[INFO] [stdout] 56 |     #[tokio::test]
[INFO] [stdout]    |              ^^^^ could not find `test` in `tokio`
[INFO] [stdout] 
[INFO] [stdout] 
[INFO] [stdout] error[E0433]: cannot find `test` in `tokio`
[INFO] [stdout]    --> src/pib_oparl_service/handle_body_organization_meetings.rs:167:14
[INFO] [stdout]     |
[INFO] [stdout] 167 |     #[tokio::test]
[INFO] [stdout]     |              ^^^^ could not find `test` in `tokio`
[INFO] [stdout] 
[INFO] [stdout] 
[INFO] [stdout] error[E0433]: cannot find `test` in `tokio`
[INFO] [stdout]   --> src/pib_oparl_service/handle_body_organizations.rs:51:14
[INFO] [stdout]    |
[INFO] [stdout] 51 |     #[tokio::test]
[INFO] [stdout]    |              ^^^^ could not find `test` in `tokio`
[INFO] [stdout] 
[INFO] [stdout] 
[INFO] [stdout] error[E0433]: cannot find `test` in `tokio`
[INFO] [stdout]    --> src/pib_oparl_service/handle_body_organizations.rs:167:14
[INFO] [stdout]     |
[INFO] [stdout] 167 |     #[tokio::test]
[INFO] [stdout]     |              ^^^^ could not find `test` in `tokio`
[INFO] [stdout] 
[INFO] [stdout] 
[INFO] [stdout] error[E0433]: cannot find `test` in `tokio`
[INFO] [stdout]   --> src/pib_oparl_service/handle_body_paper.rs:34:14
[INFO] [stdout]    |
[INFO] [stdout] 34 |     #[tokio::test]
[INFO] [stdout]    |              ^^^^ could not find `test` in `tokio`
[INFO] [stdout] 
[INFO] [stdout] 
[INFO] [stdout] error[E0433]: cannot find `test` in `tokio`
[INFO] [stdout]   --> src/pib_oparl_service/handle_body_papers.rs:35:14
[INFO] [stdout]    |
[INFO] [stdout] 35 |     #[tokio::test]
[INFO] [stdout]    |              ^^^^ could not find `test` in `tokio`
[INFO] [stdout] 
[INFO] [stdout] 
[INFO] [stdout] error[E0433]: cannot find `test` in `tokio`
[INFO] [stdout]   --> src/pib_oparl_service/handle_body_person.rs:46:14
[INFO] [stdout]    |
[INFO] [stdout] 46 |     #[tokio::test]
[INFO] [stdout]    |              ^^^^ could not find `test` in `tokio`
[INFO] [stdout] 
[INFO] [stdout] 
[INFO] [stdout] error[E0433]: cannot find `test` in `tokio`
[INFO] [stdout]    --> src/pib_oparl_service/handle_body_person.rs:100:14
[INFO] [stdout]     |
[INFO] [stdout] 100 |     #[tokio::test]
[INFO] [stdout]     |              ^^^^ could not find `test` in `tokio`
[INFO] [stdout] 
[INFO] [stdout] 
[INFO] [stdout] error[E0433]: cannot find `test` in `tokio`
[INFO] [stdout]    --> src/pib_oparl_service/handle_body_person.rs:127:14
[INFO] [stdout]     |
[INFO] [stdout] 127 |     #[tokio::test]
[INFO] [stdout]     |              ^^^^ could not find `test` in `tokio`
[INFO] [stdout] 
[INFO] [stdout] 
[INFO] [stdout] error[E0433]: cannot find `test` in `tokio`
[INFO] [stdout]   --> src/pib_oparl_service/handle_body_persons.rs:51:14
[INFO] [stdout]    |
[INFO] [stdout] 51 |     #[tokio::test]
[INFO] [stdout]    |              ^^^^ could not find `test` in `tokio`
[INFO] [stdout] 
[INFO] [stdout] 
[INFO] [stdout] error[E0433]: cannot find `test` in `tokio`
[INFO] [stdout]    --> src/pib_oparl_service/handle_body_persons.rs:163:14
[INFO] [stdout]     |
[INFO] [stdout] 163 |     #[tokio::test]
[INFO] [stdout]     |              ^^^^ could not find `test` in `tokio`
[INFO] [stdout] 
[INFO] [stdout] 
[INFO] [stdout] error[E0433]: cannot find `test` in `tokio`
[INFO] [stdout]   --> src/pib_oparl_service/handle_system.rs:31:14
[INFO] [stdout]    |
[INFO] [stdout] 31 |     #[tokio::test]
[INFO] [stdout]    |              ^^^^ could not find `test` in `tokio`
[INFO] [stdout] 
[INFO] [stdout] 
[INFO] [stdout] For more information about this error, try `rustc --explain E0433`.
[INFO] [stdout] 
[INFO] [stderr] error: could not compile `pib-oparl-service` (lib test) due to 39 previous errors
[INFO] running `Command { std: "docker" "inspect" "66f8a930128411fc56bbf01cee7f2cff84a2a66bee400ef726bcd56591c4513d", kill_on_drop: false }`
[INFO] running `Command { std: "docker" "rm" "-f" "66f8a930128411fc56bbf01cee7f2cff84a2a66bee400ef726bcd56591c4513d", kill_on_drop: false }`
[INFO] [stdout] 66f8a930128411fc56bbf01cee7f2cff84a2a66bee400ef726bcd56591c4513d
