[INFO] fetching crate pi_append_vec 0.6.3...
[INFO] testing pi_append_vec-0.6.3 against 1.100.0-beta.1+cargoflags=--release for beta-release-1.100-2
[INFO] extracting crate pi_append_vec 0.6.3 into /workspace/builds/worker-2-tc2/source
[INFO] started tweaking crates.io crate pi_append_vec 0.6.3
[INFO] finished tweaking crates.io crate pi_append_vec 0.6.3
[INFO] tweaked toml for crates.io crate pi_append_vec 0.6.3 written to /workspace/builds/worker-2-tc2/source/Cargo.toml
[INFO] validating manifest of crates.io crate pi_append_vec 0.6.3 on toolchain 1.100.0-beta.1
[INFO] running `Command { std: CARGO_HOME="/workspace/cargo-home" RUSTUP_HOME="/workspace/rustup-home" "/workspace/cargo-home/bin/cargo" "+1.100.0-beta.1" "metadata" "--manifest-path" "Cargo.toml" "--no-deps", kill_on_drop: false }`
[INFO] crate crates.io crate pi_append_vec 0.6.3 already has a lockfile, it will not be regenerated
[INFO] running `Command { std: CARGO_HOME="/workspace/cargo-home" RUSTUP_HOME="/workspace/rustup-home" "/workspace/cargo-home/bin/cargo" "+1.100.0-beta.1" "fetch" "--manifest-path" "Cargo.toml", kill_on_drop: false }`
[INFO] running `Command { std: "docker" "create" "-v" "/var/lib/crater-agent-workspace/builds/worker-2-tc2/source:/opt/rustwide/workdir:ro,Z" "-v" "/var/lib/crater-agent-workspace/builds/worker-2-tc2/target:/opt/rustwide/target:rw,Z" "-v" "/var/lib/crater-agent-workspace/cargo-home:/opt/rustwide/cargo-home:ro,Z" "-v" "/var/lib/crater-agent-workspace/rustup-home:/opt/rustwide/rustup-home:ro,Z" "-m" "1610612736" "--network" "none" "ghcr.io/rust-lang/crates-build-env/linux@sha256:77db811e55d90add9212f6832c23229e3de5f1c1f9905e8cb07319ea15df73ac" "sleep" "infinity", kill_on_drop: false }`
[INFO] [stdout] a8feb676b083fc91a34b51a38e79583304891eb4095beeb0f3be6e143c50846a
[INFO] running `Command { std: "docker" "start" "a8feb676b083fc91a34b51a38e79583304891eb4095beeb0f3be6e143c50846a", kill_on_drop: false }`
[INFO] running `Command { std: "docker" "inspect" "a8feb676b083fc91a34b51a38e79583304891eb4095beeb0f3be6e143c50846a", kill_on_drop: false }`
[INFO] running `Command { std: "docker" "exec" "-e" "SOURCE_DIR=/opt/rustwide/workdir" "-e" "CARGO_HOME=/opt/rustwide/cargo-home" "-e" "RUSTUP_HOME=/opt/rustwide/rustup-home" "-e" "CARGO_TARGET_DIR=/opt/rustwide/target" "-w" "/opt/rustwide/workdir" "--user" "0:0" "a8feb676b083fc91a34b51a38e79583304891eb4095beeb0f3be6e143c50846a" "/opt/rustwide/cargo-home/bin/cargo" "+1.100.0-beta.1" "metadata" "--no-deps" "--format-version=1", kill_on_drop: false }`
[INFO] running `Command { std: "docker" "inspect" "a8feb676b083fc91a34b51a38e79583304891eb4095beeb0f3be6e143c50846a", kill_on_drop: false }`
[INFO] running `Command { std: "docker" "exec" "-e" "SOURCE_DIR=/opt/rustwide/workdir" "-e" "CARGO_HOME=/opt/rustwide/cargo-home" "-e" "RUSTUP_HOME=/opt/rustwide/rustup-home" "-e" "CARGO_TARGET_DIR=/opt/rustwide/target" "-e" "CARGO_INCREMENTAL=0" "-e" "RUST_BACKTRACE=full" "-e" "RUSTFLAGS=--cap-lints=warn" "-e" "RUSTDOCFLAGS=--cap-lints=warn" "-w" "/opt/rustwide/workdir" "--user" "0:0" "a8feb676b083fc91a34b51a38e79583304891eb4095beeb0f3be6e143c50846a" "/opt/rustwide/cargo-home/bin/cargo" "+1.100.0-beta.1" "build" "--frozen" "--message-format=json" "--release", kill_on_drop: false }`
[INFO] [stderr]    Compiling pi_share v0.5.1
[INFO] [stderr]    Compiling pi_vec_remain v0.2.0
[INFO] [stderr]    Compiling pi_buckets v0.1.0
[INFO] [stdout] error[E0554]: `#![feature]` may not be used on the beta release channel
[INFO] [stdout]  --> /opt/rustwide/cargo-home/registry/src/index.crates.io-1949cf8c6b5b557f/pi_buckets-0.1.0/src/lib.rs:7:1
[INFO] [stdout]   |
[INFO] [stdout] 7 | #![feature(unsafe_cell_access)]
[INFO] [stdout]   | ^^^^^^^^^^^^^^^^^^^^^^^^^^^^^^^
[INFO] [stdout] 
[INFO] [stdout] 
[INFO] [stdout] error[E0554]: `#![feature]` may not be used on the beta release channel
[INFO] [stdout]  --> /opt/rustwide/cargo-home/registry/src/index.crates.io-1949cf8c6b5b557f/pi_vec_remain-0.2.0/src/lib.rs:3:1
[INFO] [stdout]   |
[INFO] [stdout] 3 | #![feature(test)]
[INFO] [stdout]   | ^^^^^^^^^^^^^^^^^
[INFO] [stdout] 
[INFO] [stdout] 
[INFO] [stdout] For more information about this error, try `rustc --explain E0554`.
[INFO] [stdout] 
[INFO] [stdout] For more information about this error, try `rustc --explain E0554`.
[INFO] [stdout] 
[INFO] [stderr] error: could not compile `pi_buckets` (lib) due to 1 previous error
[INFO] [stderr] warning: build failed, waiting for other jobs to finish...
[INFO] [stderr] error: could not compile `pi_vec_remain` (lib) due to 1 previous error
[INFO] [stdout] error[E0554]: `#![feature]` may not be used on the beta release channel
[INFO] [stdout]   --> /opt/rustwide/cargo-home/registry/src/index.crates.io-1949cf8c6b5b557f/pi_share-0.5.1/src/lib.rs:24:1
[INFO] [stdout]    |
[INFO] [stdout] 24 | #![feature(sync_unsafe_cell)]
[INFO] [stdout]    | ^^^^^^^^^^^^^^^^^^^^^^^^^^^^^
[INFO] [stdout] 
[INFO] [stdout] 
[INFO] [stdout] error[E0599]: no method named `into_raw_parts_with_alloc` found for struct `Vec<T, A>` in the current scope
[INFO] [stdout]     --> /opt/rustwide/cargo-home/registry/src/index.crates.io-1949cf8c6b5b557f/pi_share-0.5.1/src/xrc.rs:3236:48
[INFO] [stdout]      |
[INFO] [stdout] 3236 |             let (vec_ptr, len, cap, alloc) = v.into_raw_parts_with_alloc();
[INFO] [stdout]      |                                                ^^^^^^^^^^^^^^^^^^^^^^^^^
[INFO] [stdout]      |
[INFO] [stdout] help: there is a method `into_raw_parts_with_allocator` with a similar name
[INFO] [stdout]      |
[INFO] [stdout] 3236 |             let (vec_ptr, len, cap, alloc) = v.into_raw_parts_with_allocator();
[INFO] [stdout]      |                                                                         ++++
[INFO] [stdout] 
[INFO] [stdout] 
[INFO] [stdout] error[E0308]: mismatched types
[INFO] [stdout]     --> /opt/rustwide/cargo-home/registry/src/index.crates.io-1949cf8c6b5b557f/pi_share-0.5.1/src/xrc.rs:3243:44
[INFO] [stdout]      |
[INFO] [stdout] 3243 |             let _ = Vec::from_raw_parts_in(vec_ptr, 0, cap, &alloc);
[INFO] [stdout]      |                     ---------------------- ^^^^^^^ types differ in mutability
[INFO] [stdout]      |                     |
[INFO] [stdout]      |                     arguments to this function are incorrect
[INFO] [stdout]      |
[INFO] [stdout]      = note: expected raw pointer `*mut _`
[INFO] [stdout]                 found raw pointer `*const T`
[INFO] [stdout] note: associated function defined here
[INFO] [stdout]     --> /rustc/e3feeb59cd1bdd011a2bfcc0747b55125d9b8527/library/alloc/src/vec/mod.rs:1186:24
[INFO] [stdout] 
[INFO] [stdout] 
[INFO] [stdout] error[E0658]: use of unstable library feature `ptr_alignment_type`
[INFO] [stdout]     --> /opt/rustwide/cargo-home/registry/src/index.crates.io-1949cf8c6b5b557f/pi_share-0.5.1/src/xrc.rs:3425:28
[INFO] [stdout]      |
[INFO] [stdout] 3425 |     layout.size() + layout.padding_needed_for(align)
[INFO] [stdout]      |                            ^^^^^^^^^^^^^^^^^^
[INFO] [stdout]      |
[INFO] [stdout]      = note: see issue #102070 <https://github.com/rust-lang/rust/issues/102070> for more information
[INFO] [stdout] 
[INFO] [stdout] 
[INFO] [stdout] error[E0308]: mismatched types
[INFO] [stdout]     --> /opt/rustwide/cargo-home/registry/src/index.crates.io-1949cf8c6b5b557f/pi_share-0.5.1/src/xrc.rs:3425:47
[INFO] [stdout]      |
[INFO] [stdout] 3425 |     layout.size() + layout.padding_needed_for(align)
[INFO] [stdout]      |                            ------------------ ^^^^^ expected `Alignment`, found `usize`
[INFO] [stdout]      |                            |
[INFO] [stdout]      |                            arguments to this method are incorrect
[INFO] [stdout]      |
[INFO] [stdout] note: method defined here
[INFO] [stdout]     --> /rustc/e3feeb59cd1bdd011a2bfcc0747b55125d9b8527/library/core/src/alloc/layout.rs:341:17
[INFO] [stdout] 
[INFO] [stdout] 
[INFO] [stdout] Some errors have detailed explanations: E0308, E0554, E0599, E0658.
[INFO] [stdout] 
[INFO] [stdout] For more information about an error, try `rustc --explain E0308`.
[INFO] [stdout] 
[INFO] [stderr] error: could not compile `pi_share` (lib) due to 5 previous errors
[INFO] running `Command { std: "docker" "inspect" "a8feb676b083fc91a34b51a38e79583304891eb4095beeb0f3be6e143c50846a", kill_on_drop: false }`
[INFO] running `Command { std: "docker" "rm" "-f" "a8feb676b083fc91a34b51a38e79583304891eb4095beeb0f3be6e143c50846a", kill_on_drop: false }`
[INFO] [stdout] a8feb676b083fc91a34b51a38e79583304891eb4095beeb0f3be6e143c50846a
