[INFO] fetching crate photon-backend 0.1.4...
[INFO] testing photon-backend-0.1.4 against 1.99.0-beta.8+cargoflags=--release for beta-release-1.100-2
[INFO] extracting crate photon-backend 0.1.4 into /workspace/builds/worker-1-tc1/source
[INFO] started tweaking crates.io crate photon-backend 0.1.4
[INFO] removed 0 missing tests
[INFO] finished tweaking crates.io crate photon-backend 0.1.4
[INFO] tweaked toml for crates.io crate photon-backend 0.1.4 written to /workspace/builds/worker-1-tc1/source/Cargo.toml
[INFO] validating manifest of crates.io crate photon-backend 0.1.4 on toolchain 1.99.0-beta.8
[INFO] running `Command { std: CARGO_HOME="/workspace/cargo-home" RUSTUP_HOME="/workspace/rustup-home" "/workspace/cargo-home/bin/cargo" "+1.99.0-beta.8" "metadata" "--manifest-path" "Cargo.toml" "--no-deps", kill_on_drop: false }`
[INFO] crate crates.io crate photon-backend 0.1.4 already has a lockfile, it will not be regenerated
[INFO] running `Command { std: CARGO_HOME="/workspace/cargo-home" RUSTUP_HOME="/workspace/rustup-home" "/workspace/cargo-home/bin/cargo" "+1.99.0-beta.8" "fetch" "--manifest-path" "Cargo.toml", kill_on_drop: false }`
[INFO] [stderr]     Updating crates.io index
[INFO] [stderr]  Downloading crates ...
[INFO] [stderr]   Downloaded uf-photon-core v0.1.4
[INFO] [stderr]   Downloaded photon-telemetry v0.1.4
[INFO] [stderr]   Downloaded uf-quark v0.1.3
[INFO] running `Command { std: "docker" "create" "-v" "/var/lib/crater-agent-workspace/builds/worker-1-tc1/source:/opt/rustwide/workdir:ro,Z" "-v" "/var/lib/crater-agent-workspace/builds/worker-1-tc1/target:/opt/rustwide/target:rw,Z" "-v" "/var/lib/crater-agent-workspace/cargo-home:/opt/rustwide/cargo-home:ro,Z" "-v" "/var/lib/crater-agent-workspace/rustup-home:/opt/rustwide/rustup-home:ro,Z" "-m" "1610612736" "--network" "none" "ghcr.io/rust-lang/crates-build-env/linux@sha256:77db811e55d90add9212f6832c23229e3de5f1c1f9905e8cb07319ea15df73ac" "sleep" "infinity", kill_on_drop: false }`
[INFO] [stdout] 6ad15f55c1c0366f240e9f3cfccac92b1fb3bf45c165dc18f133da655ab523d3
[INFO] running `Command { std: "docker" "start" "6ad15f55c1c0366f240e9f3cfccac92b1fb3bf45c165dc18f133da655ab523d3", kill_on_drop: false }`
[INFO] running `Command { std: "docker" "inspect" "6ad15f55c1c0366f240e9f3cfccac92b1fb3bf45c165dc18f133da655ab523d3", kill_on_drop: false }`
[INFO] running `Command { std: "docker" "exec" "-e" "SOURCE_DIR=/opt/rustwide/workdir" "-e" "CARGO_HOME=/opt/rustwide/cargo-home" "-e" "RUSTUP_HOME=/opt/rustwide/rustup-home" "-e" "CARGO_TARGET_DIR=/opt/rustwide/target" "-w" "/opt/rustwide/workdir" "--user" "0:0" "6ad15f55c1c0366f240e9f3cfccac92b1fb3bf45c165dc18f133da655ab523d3" "/opt/rustwide/cargo-home/bin/cargo" "+1.99.0-beta.8" "metadata" "--no-deps" "--format-version=1", kill_on_drop: false }`
[INFO] running `Command { std: "docker" "inspect" "6ad15f55c1c0366f240e9f3cfccac92b1fb3bf45c165dc18f133da655ab523d3", kill_on_drop: false }`
[INFO] running `Command { std: "docker" "exec" "-e" "SOURCE_DIR=/opt/rustwide/workdir" "-e" "CARGO_HOME=/opt/rustwide/cargo-home" "-e" "RUSTUP_HOME=/opt/rustwide/rustup-home" "-e" "CARGO_TARGET_DIR=/opt/rustwide/target" "-e" "CARGO_INCREMENTAL=0" "-e" "RUST_BACKTRACE=full" "-e" "RUSTFLAGS=--cap-lints=warn" "-e" "RUSTDOCFLAGS=--cap-lints=warn" "-w" "/opt/rustwide/workdir" "--user" "0:0" "6ad15f55c1c0366f240e9f3cfccac92b1fb3bf45c165dc18f133da655ab523d3" "/opt/rustwide/cargo-home/bin/cargo" "+1.99.0-beta.8" "build" "--frozen" "--message-format=json" "--release", kill_on_drop: false }`
[INFO] [stderr]    Compiling uf-quark v0.1.3
[INFO] [stderr]    Compiling syn v3.0.4
[INFO] [stderr]    Compiling photon-telemetry v0.1.4
[INFO] [stderr]    Compiling thiserror-impl v2.0.20
[INFO] [stderr]    Compiling serde_derive v1.0.229
[INFO] [stderr]    Compiling thiserror v2.0.20
[INFO] [stderr]    Compiling serde v1.0.229
[INFO] [stderr]    Compiling uf-photon-core v0.1.4
[INFO] [stderr]    Compiling photon-backend v0.1.4 (/opt/rustwide/workdir)
[INFO] [stderr]     Finished `release` profile [optimized] target(s) in 7.03s
[INFO] running `Command { std: "docker" "inspect" "6ad15f55c1c0366f240e9f3cfccac92b1fb3bf45c165dc18f133da655ab523d3", kill_on_drop: false }`
[INFO] running `Command { std: "docker" "exec" "-e" "SOURCE_DIR=/opt/rustwide/workdir" "-e" "CARGO_HOME=/opt/rustwide/cargo-home" "-e" "RUSTUP_HOME=/opt/rustwide/rustup-home" "-e" "CARGO_TARGET_DIR=/opt/rustwide/target" "-e" "CARGO_INCREMENTAL=0" "-e" "RUST_BACKTRACE=full" "-e" "RUSTFLAGS=--cap-lints=warn" "-e" "RUSTDOCFLAGS=--cap-lints=warn" "-w" "/opt/rustwide/workdir" "--user" "0:0" "6ad15f55c1c0366f240e9f3cfccac92b1fb3bf45c165dc18f133da655ab523d3" "/opt/rustwide/cargo-home/bin/cargo" "+1.99.0-beta.8" "test" "--frozen" "--no-run" "--message-format=json" "--release", kill_on_drop: false }`
[INFO] [stderr]    Compiling syn v3.0.4
[INFO] [stderr]    Compiling syn v2.0.119
[INFO] [stderr]    Compiling clap_builder v4.6.6
[INFO] [stderr]    Compiling itertools v0.10.5
[INFO] [stderr]    Compiling parking_lot_core v0.9.12
[INFO] [stderr]    Compiling photon-telemetry v0.1.4
[INFO] [stderr]    Compiling is-terminal v0.4.17
[INFO] [stderr]    Compiling rayon v1.12.0
[INFO] [stderr]    Compiling parking_lot v0.12.5
[INFO] [stderr]    Compiling criterion-plot v0.5.0
[INFO] [stderr]    Compiling clap v4.6.6
[INFO] [stderr]    Compiling serde_derive v1.0.229
[INFO] [stderr]    Compiling futures-macro v0.3.34
[INFO] [stderr]    Compiling thiserror-impl v2.0.20
[INFO] [stderr]    Compiling tokio-macros v2.7.2
[INFO] [stderr]    Compiling zerocopy-derive v0.8.56
[INFO] [stderr]    Compiling serial_test_derive v3.5.0
[INFO] [stderr]    Compiling tokio v1.53.1
[INFO] [stderr]    Compiling futures-util v0.3.34
[INFO] [stderr]    Compiling thiserror v2.0.20
[INFO] [stderr]    Compiling zerocopy v0.8.56
[INFO] [stderr]    Compiling serde v1.0.229
[INFO] [stderr]    Compiling uf-photon-core v0.1.4
[INFO] [stderr]    Compiling tinytemplate v1.2.1
[INFO] [stderr]    Compiling photon-backend v0.1.4 (/opt/rustwide/workdir)
[INFO] [stderr]    Compiling futures-executor v0.3.34
[INFO] [stderr]    Compiling futures v0.3.34
[INFO] [stderr]    Compiling serial_test v3.5.0
[INFO] [stderr]    Compiling half v2.7.1
[INFO] [stderr]    Compiling ciborium-ll v0.2.2
[INFO] [stderr]    Compiling ciborium v0.2.2
[INFO] [stderr]    Compiling criterion v0.5.1
[INFO] [stdout] error[E0432]: unresolved imports `photon_backend::merge_shard_streams`, `photon_backend::shard_id`, `photon_backend::BackendContext`, `photon_backend::GenericPhotonBackend`, `photon_backend::InProcStoragePort`, `photon_backend::PhotonBackend`, `photon_backend::TopicDescriptor`, `photon_backend::TopicRegistry`, `photon_backend::TransportCrypto`
[INFO] [stdout]   --> tests/group_subscribe_merge.rs:11:5
[INFO] [stdout]    |
[INFO] [stdout] 11 |     merge_shard_streams, shard_id, BackendContext, GenericPhotonBackend, InProcStoragePort,
[INFO] [stdout]    |     ^^^^^^^^^^^^^^^^^^^  ^^^^^^^^  ^^^^^^^^^^^^^^  ^^^^^^^^^^^^^^^^^^^^  ^^^^^^^^^^^^^^^^^ no `InProcStoragePort` in the root
[INFO] [stdout]    |     |                    |         |               |
[INFO] [stdout]    |     |                    |         |               no `GenericPhotonBackend` in the root
[INFO] [stdout]    |     |                    |         no `BackendContext` in the root
[INFO] [stdout]    |     |                    no `shard_id` in the root
[INFO] [stdout]    |     no `merge_shard_streams` in the root
[INFO] [stdout] 12 |     PhotonBackend, TopicDescriptor, TopicRegistry, TransportCrypto,
[INFO] [stdout]    |     ^^^^^^^^^^^^^  ^^^^^^^^^^^^^^^  ^^^^^^^^^^^^^  ^^^^^^^^^^^^^^^ no `TransportCrypto` in the root
[INFO] [stdout]    |     |              |                |
[INFO] [stdout]    |     |              |                no `TopicRegistry` in the root
[INFO] [stdout]    |     |              no `TopicDescriptor` in the root
[INFO] [stdout]    |     no `PhotonBackend` in the root
[INFO] [stdout] 
[INFO] [stdout] 
[INFO] [stdout] error[E0425]: cannot find type `Result` in crate `photon_backend`
[INFO] [stdout]   --> tests/group_subscribe_merge.rs:44:56
[INFO] [stdout]    |
[INFO] [stdout] 44 |         Box<dyn futures::Stream<Item = photon_backend::Result<photon_backend::Event>> + Send>,
[INFO] [stdout]    |                                                        ^^^^^^ not found in `photon_backend`
[INFO] [stdout]    |
[INFO] [stdout] help: consider importing one of these items
[INFO] [stdout]    |
[INFO] [stdout]  5 + use std::fmt::Result;
[INFO] [stdout]    |
[INFO] [stdout]  5 + use std::io::Result;
[INFO] [stdout]    |
[INFO] [stdout]  5 + use std::result::Result;
[INFO] [stdout]    |
[INFO] [stdout]  5 + use std::thread::Result;
[INFO] [stdout]    |
[INFO] [stdout]    = and 2 other candidates
[INFO] [stdout] help: if you import `Result`, refer to it directly
[INFO] [stdout]    |
[INFO] [stdout] 44 -         Box<dyn futures::Stream<Item = photon_backend::Result<photon_backend::Event>> + Send>,
[INFO] [stdout] 44 +         Box<dyn futures::Stream<Item = Result<photon_backend::Event>> + Send>,
[INFO] [stdout]    |
[INFO] [stdout] 
[INFO] [stdout] 
[INFO] [stdout] error[E0425]: cannot find type `Event` in crate `photon_backend`
[INFO] [stdout]   --> tests/group_subscribe_merge.rs:44:79
[INFO] [stdout]    |
[INFO] [stdout] 44 |         Box<dyn futures::Stream<Item = photon_backend::Result<photon_backend::Event>> + Send>,
[INFO] [stdout]    |                                                                               ^^^^^ not found in `photon_backend`
[INFO] [stdout] 
[INFO] [stdout] 
[INFO] [stdout] error[E0425]: cannot find type `Event` in crate `photon_backend`
[INFO] [stdout]   --> tests/group_subscribe_merge.rs:46:22
[INFO] [stdout]    |
[INFO] [stdout] 46 | ) -> photon_backend::Event {
[INFO] [stdout]    |                      ^^^^^ not found in `photon_backend`
[INFO] [stdout] 
[INFO] [stdout] 
[INFO] [stdout] Some errors have detailed explanations: E0425, E0432.
[INFO] [stdout] 
[INFO] [stdout] For more information about an error, try `rustc --explain E0425`.
[INFO] [stdout] 
[INFO] [stdout] error[E0432]: unresolved imports `photon_backend::ExecutorServices`, `photon_backend::InProcStoragePort`, `photon_backend::RetentionPolicy`, `photon_backend::StoragePort`, `photon_backend::TransportCrypto`
[INFO] [stdout]  --> tests/retention_no_checkpoint.rs:8:5
[INFO] [stdout]   |
[INFO] [stdout] 8 |     ExecutorServices, InProcStoragePort, RetentionPolicy, StoragePort, TransportCrypto,
[INFO] [stdout]   |     ^^^^^^^^^^^^^^^^  ^^^^^^^^^^^^^^^^^  ^^^^^^^^^^^^^^^  ^^^^^^^^^^^  ^^^^^^^^^^^^^^^ no `TransportCrypto` in the root
[INFO] [stdout]   |     |                 |                  |                |
[INFO] [stdout]   |     |                 |                  |                no `StoragePort` in the root
[INFO] [stdout]   |     |                 |                  no `RetentionPolicy` in the root
[INFO] [stdout]   |     |                 no `InProcStoragePort` in the root
[INFO] [stdout]   |     no `ExecutorServices` in the root
[INFO] [stdout] 
[INFO] [stdout] 
[INFO] [stderr] error: could not compile `photon-backend` (test "group_subscribe_merge") due to 4 previous errors
[INFO] [stderr] warning: build failed, waiting for other jobs to finish...
[INFO] [stdout] error[E0432]: unresolved imports `photon_backend::ExecutorServices`, `photon_backend::InProcStoragePort`, `photon_backend::RetentionPolicy`, `photon_backend::StoragePort`, `photon_backend::SubscriptionPartition`, `photon_backend::TransportCrypto`
[INFO] [stdout]  --> tests/retention_reclaim.rs:8:5
[INFO] [stdout]   |
[INFO] [stdout] 8 |     ExecutorServices, InProcStoragePort, RetentionPolicy, StoragePort, SubscriptionPartition,
[INFO] [stdout]   |     ^^^^^^^^^^^^^^^^  ^^^^^^^^^^^^^^^^^  ^^^^^^^^^^^^^^^  ^^^^^^^^^^^  ^^^^^^^^^^^^^^^^^^^^^ no `SubscriptionPartition` in the root
[INFO] [stdout]   |     |                 |                  |                |
[INFO] [stdout]   |     |                 |                  |                no `StoragePort` in the root
[INFO] [stdout]   |     |                 |                  no `RetentionPolicy` in the root
[INFO] [stdout]   |     |                 no `InProcStoragePort` in the root
[INFO] [stdout]   |     no `ExecutorServices` in the root
[INFO] [stdout] 9 |     TransportCrypto,
[INFO] [stdout]   |     ^^^^^^^^^^^^^^^ no `TransportCrypto` in the root
[INFO] [stdout] 
[INFO] [stdout] 
[INFO] [stdout] error[E0432]: unresolved imports `photon_backend::InProcStoragePort`, `photon_backend::StoragePort`, `photon_backend::TransportCrypto`
[INFO] [stdout]  --> tests/checkpoint_regression.rs:7:22
[INFO] [stdout]   |
[INFO] [stdout] 7 | use photon_backend::{InProcStoragePort, StoragePort, TransportCrypto};
[INFO] [stdout]   |                      ^^^^^^^^^^^^^^^^^  ^^^^^^^^^^^  ^^^^^^^^^^^^^^^ no `TransportCrypto` in the root
[INFO] [stdout]   |                      |                  |
[INFO] [stdout]   |                      |                  no `StoragePort` in the root
[INFO] [stdout]   |                      no `InProcStoragePort` in the root
[INFO] [stdout] 
[INFO] [stdout] 
[INFO] [stdout] For more information about this error, try `rustc --explain E0432`.
[INFO] [stdout] 
[INFO] [stdout] error[E0432]: unresolved imports `photon_backend::PhotonError`, `photon_backend::TopicRegistry`
[INFO] [stdout]  --> tests/topic_not_found.rs:5:22
[INFO] [stdout]   |
[INFO] [stdout] 5 | use photon_backend::{PhotonError, TopicRegistry};
[INFO] [stdout]   |                      ^^^^^^^^^^^  ^^^^^^^^^^^^^ no `TopicRegistry` in the root
[INFO] [stdout]   |                      |
[INFO] [stdout]   |                      no `PhotonError` in the root
[INFO] [stdout] 
[INFO] [stdout] 
[INFO] [stdout] For more information about this error, try `rustc --explain E0432`.
[INFO] [stdout] 
[INFO] [stdout] For more information about this error, try `rustc --explain E0432`.
[INFO] [stdout] 
[INFO] [stderr] error: could not compile `photon-backend` (test "retention_no_checkpoint") due to 1 previous error
[INFO] [stderr] error: could not compile `photon-backend` (test "retention_reclaim") due to 1 previous error
[INFO] [stderr] error: could not compile `photon-backend` (test "topic_not_found") due to 1 previous error
[INFO] [stdout] For more information about this error, try `rustc --explain E0432`.
[INFO] [stdout] 
[INFO] [stderr] error: could not compile `photon-backend` (test "checkpoint_regression") due to 1 previous error
[INFO] running `Command { std: "docker" "inspect" "6ad15f55c1c0366f240e9f3cfccac92b1fb3bf45c165dc18f133da655ab523d3", kill_on_drop: false }`
[INFO] running `Command { std: "docker" "rm" "-f" "6ad15f55c1c0366f240e9f3cfccac92b1fb3bf45c165dc18f133da655ab523d3", kill_on_drop: false }`
[INFO] [stdout] 6ad15f55c1c0366f240e9f3cfccac92b1fb3bf45c165dc18f133da655ab523d3
