[INFO] fetching crate petal-decomposition 0.9.0...
[INFO] testing petal-decomposition-0.9.0 against 1.99.0-beta.8+cargoflags=--release for beta-release-1.100-2
[INFO] extracting crate petal-decomposition 0.9.0 into /workspace/builds/worker-4-tc1/source
[INFO] started tweaking crates.io crate petal-decomposition 0.9.0
[INFO] finished tweaking crates.io crate petal-decomposition 0.9.0
[INFO] tweaked toml for crates.io crate petal-decomposition 0.9.0 written to /workspace/builds/worker-4-tc1/source/Cargo.toml
[INFO] validating manifest of crates.io crate petal-decomposition 0.9.0 on toolchain 1.99.0-beta.8
[INFO] running `Command { std: CARGO_HOME="/workspace/cargo-home" RUSTUP_HOME="/workspace/rustup-home" "/workspace/cargo-home/bin/cargo" "+1.99.0-beta.8" "metadata" "--manifest-path" "Cargo.toml" "--no-deps", kill_on_drop: false }`
[INFO] crate crates.io crate petal-decomposition 0.9.0 already has a lockfile, it will not be regenerated
[INFO] running `Command { std: CARGO_HOME="/workspace/cargo-home" RUSTUP_HOME="/workspace/rustup-home" "/workspace/cargo-home/bin/cargo" "+1.99.0-beta.8" "fetch" "--manifest-path" "Cargo.toml", kill_on_drop: false }`
[INFO] [stderr]     Updating crates.io index
[INFO] [stderr]  Downloading crates ...
[INFO] [stderr]   Downloaded openblas-src v0.10.13
[INFO] [stderr]   Downloaded openblas-build v0.10.13
[INFO] [stderr]   Downloaded lapack v0.20.0
[INFO] [stderr]   Downloaded intel-mkl-src v0.8.1
[INFO] [stderr]   Downloaded ocipkg v0.2.9
[INFO] [stderr]   Downloaded intel-mkl-tool v0.8.1
[INFO] [stderr]   Downloaded lair v0.8.0
[INFO] [stderr]   Downloaded oci-spec v0.6.8
[INFO] [stderr]   Downloaded webpki-root-certs v1.0.4
[INFO] [stderr]   Downloaded netlib-src v0.9.0
[INFO] [stderr]   Downloaded lapack-sys v0.15.0
[INFO] running `Command { std: "docker" "create" "-v" "/var/lib/crater-agent-workspace/builds/worker-4-tc1/source:/opt/rustwide/workdir:ro,Z" "-v" "/var/lib/crater-agent-workspace/builds/worker-4-tc1/target:/opt/rustwide/target:rw,Z" "-v" "/var/lib/crater-agent-workspace/cargo-home:/opt/rustwide/cargo-home:ro,Z" "-v" "/var/lib/crater-agent-workspace/rustup-home:/opt/rustwide/rustup-home:ro,Z" "-m" "1610612736" "--network" "none" "ghcr.io/rust-lang/crates-build-env/linux@sha256:77db811e55d90add9212f6832c23229e3de5f1c1f9905e8cb07319ea15df73ac" "sleep" "infinity", kill_on_drop: false }`
[INFO] [stdout] b056b15ad3d5889d2792587529830c744d7c2ad771288ee406af61983bd169fd
[INFO] running `Command { std: "docker" "start" "b056b15ad3d5889d2792587529830c744d7c2ad771288ee406af61983bd169fd", kill_on_drop: false }`
[INFO] running `Command { std: "docker" "inspect" "b056b15ad3d5889d2792587529830c744d7c2ad771288ee406af61983bd169fd", kill_on_drop: false }`
[INFO] running `Command { std: "docker" "exec" "-e" "SOURCE_DIR=/opt/rustwide/workdir" "-e" "CARGO_HOME=/opt/rustwide/cargo-home" "-e" "RUSTUP_HOME=/opt/rustwide/rustup-home" "-e" "CARGO_TARGET_DIR=/opt/rustwide/target" "-w" "/opt/rustwide/workdir" "--user" "0:0" "b056b15ad3d5889d2792587529830c744d7c2ad771288ee406af61983bd169fd" "/opt/rustwide/cargo-home/bin/cargo" "+1.99.0-beta.8" "metadata" "--no-deps" "--format-version=1", kill_on_drop: false }`
[INFO] running `Command { std: "docker" "inspect" "b056b15ad3d5889d2792587529830c744d7c2ad771288ee406af61983bd169fd", kill_on_drop: false }`
[INFO] running `Command { std: "docker" "exec" "-e" "SOURCE_DIR=/opt/rustwide/workdir" "-e" "CARGO_HOME=/opt/rustwide/cargo-home" "-e" "RUSTUP_HOME=/opt/rustwide/rustup-home" "-e" "CARGO_TARGET_DIR=/opt/rustwide/target" "-e" "CARGO_INCREMENTAL=0" "-e" "RUST_BACKTRACE=full" "-e" "RUSTFLAGS=--cap-lints=warn" "-e" "RUSTDOCFLAGS=--cap-lints=warn" "-w" "/opt/rustwide/workdir" "--user" "0:0" "b056b15ad3d5889d2792587529830c744d7c2ad771288ee406af61983bd169fd" "/opt/rustwide/cargo-home/bin/cargo" "+1.99.0-beta.8" "build" "--frozen" "--message-format=json" "--release", kill_on_drop: false }`
[INFO] [stderr]    Compiling libc v0.2.178
[INFO] [stderr]    Compiling libm v0.2.15
[INFO] [stderr]    Compiling num-traits v0.2.19
[INFO] [stderr]    Compiling quote v1.0.42
[INFO] [stderr]    Compiling zerocopy v0.8.31
[INFO] [stderr]    Compiling petal-decomposition v0.9.0 (/opt/rustwide/workdir)
[INFO] [stderr]    Compiling itertools v0.14.0
[INFO] [stderr]    Compiling syn v2.0.111
[INFO] [stderr]    Compiling getrandom v0.3.4
[INFO] [stderr]    Compiling rand_core v0.9.3
[INFO] [stderr]    Compiling lapack-sys v0.15.0
[INFO] [stderr]    Compiling rand_pcg v0.9.0
[INFO] [stderr]    Compiling num-complex v0.4.6
[INFO] [stderr]    Compiling num-integer v0.1.46
[INFO] [stderr]    Compiling thiserror-impl v2.0.17
[INFO] [stderr]    Compiling ppv-lite86 v0.2.21
[INFO] [stderr]    Compiling ndarray v0.17.1
[INFO] [stderr]    Compiling lapack v0.20.0
[INFO] [stderr]    Compiling rand_chacha v0.9.0
[INFO] [stderr]    Compiling rand v0.9.2
[INFO] [stderr]    Compiling thiserror v2.0.17
[INFO] [stderr]    Compiling rand_distr v0.5.1
[INFO] [stderr]    Compiling lair v0.8.0
[INFO] [stderr]     Finished `release` profile [optimized] target(s) in 26.14s
[INFO] running `Command { std: "docker" "inspect" "b056b15ad3d5889d2792587529830c744d7c2ad771288ee406af61983bd169fd", kill_on_drop: false }`
[INFO] running `Command { std: "docker" "exec" "-e" "SOURCE_DIR=/opt/rustwide/workdir" "-e" "CARGO_HOME=/opt/rustwide/cargo-home" "-e" "RUSTUP_HOME=/opt/rustwide/rustup-home" "-e" "CARGO_TARGET_DIR=/opt/rustwide/target" "-e" "CARGO_INCREMENTAL=0" "-e" "RUST_BACKTRACE=full" "-e" "RUSTFLAGS=--cap-lints=warn" "-e" "RUSTDOCFLAGS=--cap-lints=warn" "-w" "/opt/rustwide/workdir" "--user" "0:0" "b056b15ad3d5889d2792587529830c744d7c2ad771288ee406af61983bd169fd" "/opt/rustwide/cargo-home/bin/cargo" "+1.99.0-beta.8" "test" "--frozen" "--no-run" "--message-format=json" "--release", kill_on_drop: false }`
[INFO] [stderr]    Compiling approx v0.5.1
[INFO] [stderr]    Compiling serde_core v1.0.228
[INFO] [stderr]    Compiling memchr v2.7.6
[INFO] [stderr]    Compiling ndarray v0.17.1
[INFO] [stderr]    Compiling serde_json v1.0.145
[INFO] [stderr]    Compiling lair v0.8.0
[INFO] [stderr]    Compiling petal-decomposition v0.9.0 (/opt/rustwide/workdir)
[INFO] [stdout] error: linking with `cc` failed: exit status: 1
[INFO] [stdout]   |
[INFO] [stdout]   = note:  "cc" "-m64" "/opt/rustwide/target/release/deps/rustcDQdC5a/symbols.o" "<17 object files omitted>" "-Wl,--as-needed" "-Wl,-Bstatic" "/opt/rustwide/target/release/deps/{liblapack-3c431ddc2ea14be3,liblapack_sys-1b59bfa1051b55a0}.rlib" "<sysroot>/lib/rustlib/x86_64-unknown-linux-gnu/lib/{libtest-*,libgetopts-*,librustc_std_workspace_std-*}.rlib" "/opt/rustwide/target/release/deps/{libitertools-977b2b9938638669,libeither-9494ab0a0482591e,librand_pcg-ae08a7c8180d74d4,librand_distr-654ad2f00a70cffb,librand-2157e6e6cc7fd77d,librand_chacha-80f6d9815e05f944,libppv_lite86-d99c363238c75d65,libzerocopy-430f0ac189649df0,librand_core-d9b7940296b919fe,libgetrandom-17fdd2c8f533d31c,liblibc-bc825f7af4364aad,libcfg_if-6d8dca19095bb388,liblair-3e217fa85f6c80dc,libthiserror-fee7b33c412d5247,libndarray-3c118ad84898d160,libmatrixmultiply-7e3eb8cb54c662fe,libapprox-1186cc5d312d4436,libnum_complex-f8511260eba19c4b,libnum_integer-1e69e5cbcce7dd35,libnum_traits-da3d32028c6286ad,librawpointer-e637704b8109ab79}.rlib" "<sysroot>/lib/rustlib/x86_64-unknown-linux-gnu/lib/{libstd-*,libpanic_unwind-*,libobject-*,libmemchr-*,libaddr2line-*,libgimli-*,libcfg_if-*,librustc_demangle-*,libstd_detect-*,libhashbrown-*,librustc_std_workspace_alloc-*,libminiz_oxide-*,libadler2-*,libunwind-*,liblibc-*,librustc_std_workspace_core-*,liballoc-*,libcore-*,libcompiler_builtins-*}.rlib" "-Wl,-Bdynamic" "-lgcc_s" "-lutil" "-lrt" "-lpthread" "-lm" "-ldl" "-lc" "-L" "/opt/rustwide/target/release/deps/rustcDQdC5a/raw-dylibs" "-B<sysroot>/lib/rustlib/x86_64-unknown-linux-gnu/bin/gcc-ld" "-fuse-ld=lld" "-Wl,--eh-frame-hdr" "-Wl,-z,noexecstack" "-L" "<sysroot>/lib/rustlib/x86_64-unknown-linux-gnu/lib" "-o" "/opt/rustwide/target/release/deps/petal_decomposition-f7ecec33f2f852a2" "-Wl,--gc-sections" "-pie" "-Wl,-z,relro,-z,now" "-Wl,-O1" "-Wl,--strip-debug" "-nodefaultlibs"
[INFO] [stdout]   = note: some arguments are omitted. use `--verbose` to show all linker arguments
[INFO] [stdout]   = note: rust-lld: error: undefined symbol: sgesvd_
[INFO] [stdout]           >>> referenced by petal_decomposition.fa14ff8134817bdd-cgu.05
[INFO] [stdout]           >>>               /opt/rustwide/target/release/deps/petal_decomposition-f7ecec33f2f852a2.petal_decomposition.fa14ff8134817bdd-cgu.05.rcgu.o:(<f32 as petal_decomposition::linalg::lapack::Lapack>::gesvd)
[INFO] [stdout]           >>> referenced by petal_decomposition.fa14ff8134817bdd-cgu.05
[INFO] [stdout]           >>>               /opt/rustwide/target/release/deps/petal_decomposition-f7ecec33f2f852a2.petal_decomposition.fa14ff8134817bdd-cgu.05.rcgu.o:(<f32 as petal_decomposition::linalg::lapack::Lapack>::gesvd)
[INFO] [stdout]           
[INFO] [stdout]           rust-lld: error: undefined symbol: dsyev_
[INFO] [stdout]           >>> referenced by petal_decomposition.fa14ff8134817bdd-cgu.05
[INFO] [stdout]           >>>               /opt/rustwide/target/release/deps/petal_decomposition-f7ecec33f2f852a2.petal_decomposition.fa14ff8134817bdd-cgu.05.rcgu.o:(<f64 as petal_decomposition::linalg::lapack::Lapack>::heev)
[INFO] [stdout]           >>> referenced by petal_decomposition.fa14ff8134817bdd-cgu.05
[INFO] [stdout]           >>>               /opt/rustwide/target/release/deps/petal_decomposition-f7ecec33f2f852a2.petal_decomposition.fa14ff8134817bdd-cgu.05.rcgu.o:(<f64 as petal_decomposition::linalg::lapack::Lapack>::heev)
[INFO] [stdout]           
[INFO] [stdout]           rust-lld: error: undefined symbol: dgelqf_
[INFO] [stdout]           >>> referenced by petal_decomposition.fa14ff8134817bdd-cgu.05
[INFO] [stdout]           >>>               /opt/rustwide/target/release/deps/petal_decomposition-f7ecec33f2f852a2.petal_decomposition.fa14ff8134817bdd-cgu.05.rcgu.o:(<f64 as petal_decomposition::linalg::lapack::Lapack>::gelqf)
[INFO] [stdout]           >>> referenced by petal_decomposition.fa14ff8134817bdd-cgu.05
[INFO] [stdout]           >>>               /opt/rustwide/target/release/deps/petal_decomposition-f7ecec33f2f852a2.petal_decomposition.fa14ff8134817bdd-cgu.05.rcgu.o:(<f64 as petal_decomposition::linalg::lapack::Lapack>::gelqf)
[INFO] [stdout]           
[INFO] [stdout]           rust-lld: error: undefined symbol: dgesdd_
[INFO] [stdout]           >>> referenced by petal_decomposition.fa14ff8134817bdd-cgu.05
[INFO] [stdout]           >>>               /opt/rustwide/target/release/deps/petal_decomposition-f7ecec33f2f852a2.petal_decomposition.fa14ff8134817bdd-cgu.05.rcgu.o:(<f64 as petal_decomposition::linalg::lapack::Lapack>::gesdd)
[INFO] [stdout]           >>> referenced by petal_decomposition.fa14ff8134817bdd-cgu.05
[INFO] [stdout]           >>>               /opt/rustwide/target/release/deps/petal_decomposition-f7ecec33f2f852a2.petal_decomposition.fa14ff8134817bdd-cgu.05.rcgu.o:(<f64 as petal_decomposition::linalg::lapack::Lapack>::gesdd)
[INFO] [stdout]           
[INFO] [stdout]           rust-lld: error: undefined symbol: dgesvd_
[INFO] [stdout]           >>> referenced by petal_decomposition.fa14ff8134817bdd-cgu.05
[INFO] [stdout]           >>>               /opt/rustwide/target/release/deps/petal_decomposition-f7ecec33f2f852a2.petal_decomposition.fa14ff8134817bdd-cgu.05.rcgu.o:(<f64 as petal_decomposition::linalg::lapack::Lapack>::gesvd)
[INFO] [stdout]           >>> referenced by petal_decomposition.fa14ff8134817bdd-cgu.05
[INFO] [stdout]           >>>               /opt/rustwide/target/release/deps/petal_decomposition-f7ecec33f2f852a2.petal_decomposition.fa14ff8134817bdd-cgu.05.rcgu.o:(<f64 as petal_decomposition::linalg::lapack::Lapack>::gesvd)
[INFO] [stdout]           
[INFO] [stdout]           rust-lld: error: undefined symbol: dorglq_
[INFO] [stdout]           >>> referenced by petal_decomposition.fa14ff8134817bdd-cgu.05
[INFO] [stdout]           >>>               /opt/rustwide/target/release/deps/petal_decomposition-f7ecec33f2f852a2.petal_decomposition.fa14ff8134817bdd-cgu.05.rcgu.o:(<f64 as petal_decomposition::linalg::lapack::Lapack>::unglq)
[INFO] [stdout]           >>> referenced by petal_decomposition.fa14ff8134817bdd-cgu.05
[INFO] [stdout]           >>>               /opt/rustwide/target/release/deps/petal_decomposition-f7ecec33f2f852a2.petal_decomposition.fa14ff8134817bdd-cgu.05.rcgu.o:(<f64 as petal_decomposition::linalg::lapack::Lapack>::unglq)
[INFO] [stdout]           collect2: error: ld returned 1 exit status
[INFO] [stdout]           
[INFO] [stdout] 
[INFO] [stdout] 
[INFO] [stderr] error: could not compile `petal-decomposition` (lib test) due to 1 previous error
[INFO] running `Command { std: "docker" "inspect" "b056b15ad3d5889d2792587529830c744d7c2ad771288ee406af61983bd169fd", kill_on_drop: false }`
[INFO] running `Command { std: "docker" "rm" "-f" "b056b15ad3d5889d2792587529830c744d7c2ad771288ee406af61983bd169fd", kill_on_drop: false }`
[INFO] [stdout] b056b15ad3d5889d2792587529830c744d7c2ad771288ee406af61983bd169fd
