[INFO] fetching crate perspective-python 5.6.0...
[INFO] testing perspective-python-5.6.0 against 1.100.0-beta.1+cargoflags=--release for beta-release-1.100-2
[INFO] extracting crate perspective-python 5.6.0 into /workspace/builds/worker-1-tc2/source
[INFO] started tweaking crates.io crate perspective-python 5.6.0
[INFO] finished tweaking crates.io crate perspective-python 5.6.0
[INFO] tweaked toml for crates.io crate perspective-python 5.6.0 written to /workspace/builds/worker-1-tc2/source/Cargo.toml
[INFO] validating manifest of crates.io crate perspective-python 5.6.0 on toolchain 1.100.0-beta.1
[INFO] running `Command { std: CARGO_HOME="/workspace/cargo-home" RUSTUP_HOME="/workspace/rustup-home" "/workspace/cargo-home/bin/cargo" "+1.100.0-beta.1" "metadata" "--manifest-path" "Cargo.toml" "--no-deps", kill_on_drop: false }`
[INFO] crate crates.io crate perspective-python 5.6.0 already has a lockfile, it will not be regenerated
[INFO] running `Command { std: CARGO_HOME="/workspace/cargo-home" RUSTUP_HOME="/workspace/rustup-home" "/workspace/cargo-home/bin/cargo" "+1.100.0-beta.1" "fetch" "--manifest-path" "Cargo.toml", kill_on_drop: false }`
[INFO] [stderr]     Blocking waiting for file lock on package cache
[INFO] [stderr]     Updating crates.io index
[INFO] [stderr]     Blocking waiting for file lock on package cache
[INFO] [stderr]      Locking 2 packages to highest compatible versions
[INFO] [stderr]       Adding perspective-client v5.6.0
[INFO] [stderr]       Adding perspective-server v5.6.0
[INFO] [stderr]     Blocking waiting for file lock on package cache
[INFO] running `Command { std: "docker" "create" "-v" "/var/lib/crater-agent-workspace/builds/worker-1-tc2/source:/opt/rustwide/workdir:ro,Z" "-v" "/var/lib/crater-agent-workspace/builds/worker-1-tc2/target:/opt/rustwide/target:rw,Z" "-v" "/var/lib/crater-agent-workspace/cargo-home:/opt/rustwide/cargo-home:ro,Z" "-v" "/var/lib/crater-agent-workspace/rustup-home:/opt/rustwide/rustup-home:ro,Z" "-m" "1610612736" "--network" "none" "ghcr.io/rust-lang/crates-build-env/linux@sha256:77db811e55d90add9212f6832c23229e3de5f1c1f9905e8cb07319ea15df73ac" "sleep" "infinity", kill_on_drop: false }`
[INFO] [stdout] e50fa67e040e350db307e14ce226520eb77223ade7799dd42990b70c05742152
[INFO] running `Command { std: "docker" "start" "e50fa67e040e350db307e14ce226520eb77223ade7799dd42990b70c05742152", kill_on_drop: false }`
[INFO] running `Command { std: "docker" "inspect" "e50fa67e040e350db307e14ce226520eb77223ade7799dd42990b70c05742152", kill_on_drop: false }`
[INFO] running `Command { std: "docker" "exec" "-e" "SOURCE_DIR=/opt/rustwide/workdir" "-e" "CARGO_HOME=/opt/rustwide/cargo-home" "-e" "RUSTUP_HOME=/opt/rustwide/rustup-home" "-e" "CARGO_TARGET_DIR=/opt/rustwide/target" "-w" "/opt/rustwide/workdir" "--user" "0:0" "e50fa67e040e350db307e14ce226520eb77223ade7799dd42990b70c05742152" "/opt/rustwide/cargo-home/bin/cargo" "+1.100.0-beta.1" "metadata" "--no-deps" "--format-version=1", kill_on_drop: false }`
[INFO] running `Command { std: "docker" "inspect" "e50fa67e040e350db307e14ce226520eb77223ade7799dd42990b70c05742152", kill_on_drop: false }`
[INFO] running `Command { std: "docker" "exec" "-e" "SOURCE_DIR=/opt/rustwide/workdir" "-e" "CARGO_HOME=/opt/rustwide/cargo-home" "-e" "RUSTUP_HOME=/opt/rustwide/rustup-home" "-e" "CARGO_TARGET_DIR=/opt/rustwide/target" "-e" "CARGO_INCREMENTAL=0" "-e" "RUST_BACKTRACE=full" "-e" "RUSTFLAGS=--cap-lints=warn" "-e" "RUSTDOCFLAGS=--cap-lints=warn" "-w" "/opt/rustwide/workdir" "--user" "0:0" "e50fa67e040e350db307e14ce226520eb77223ade7799dd42990b70c05742152" "/opt/rustwide/cargo-home/bin/cargo" "+1.100.0-beta.1" "build" "--frozen" "--message-format=json" "--release", kill_on_drop: false }`
[INFO] [stderr]    Compiling libc v0.2.186
[INFO] [stderr]    Compiling anyhow v1.0.100
[INFO] [stderr]    Compiling zerocopy v0.8.31
[INFO] [stderr]    Compiling find-msvc-tools v0.1.5
[INFO] [stderr]    Compiling either v1.15.0
[INFO] [stderr]    Compiling target-lexicon v0.13.3
[INFO] [stderr]    Compiling num-traits v0.2.19
[INFO] [stderr]    Compiling getrandom v0.3.4
[INFO] [stderr]    Compiling bytes v1.11.0
[INFO] [stderr]    Compiling rustix v1.1.2
[INFO] [stderr]    Compiling quote v1.0.47
[INFO] [stderr]    Compiling regex-syntax v0.8.8
[INFO] [stderr]    Compiling linux-raw-sys v0.11.0
[INFO] [stderr]    Compiling pin-project-lite v0.2.16
[INFO] [stderr]    Compiling fastrand v2.3.0
[INFO] [stderr]    Compiling fixedbitset v0.4.2
[INFO] [stderr]    Compiling itertools v0.12.1
[INFO] [stderr]    Compiling cc v1.2.48
[INFO] [stderr]    Compiling syn v2.0.111
[INFO] [stderr]    Compiling petgraph v0.6.5
[INFO] [stderr]    Compiling ahash v0.8.12
[INFO] [stderr]    Compiling semver v1.0.27
[INFO] [stderr]    Compiling futures-sink v0.3.33
[INFO] [stderr]    Compiling log v0.4.29
[INFO] [stderr]    Compiling futures-core v0.3.33
[INFO] [stderr]    Compiling rustc_version v0.4.1
[INFO] [stderr]    Compiling futures-channel v0.3.33
[INFO] [stderr]    Compiling futures-task v0.3.33
[INFO] [stderr]    Compiling futures-io v0.3.33
[INFO] [stderr]    Compiling cmake v0.1.58
[INFO] [stderr]    Compiling pyo3-build-config v0.29.2
[INFO] [stderr]    Compiling iana-time-zone v0.1.64
[INFO] [stderr]    Compiling slab v0.4.11
[INFO] [stderr]    Compiling arrow-schema v57.3.0
[INFO] [stderr]    Compiling flatbuffers v25.12.19
[INFO] [stderr]    Compiling num-integer v0.1.46
[INFO] [stderr]    Compiling chrono v0.4.42
[INFO] [stderr]    Compiling num-complex v0.4.6
[INFO] [stderr]    Compiling hashbrown v0.16.1
[INFO] [stderr]    Compiling serde_json v1.0.151
[INFO] [stderr]    Compiling num-bigint v0.4.6
[INFO] [stderr]    Compiling thiserror v2.0.17
[INFO] [stderr]    Compiling protobuf-src v2.1.1+27.1
[INFO] [stderr]    Compiling link-cplusplus v1.0.12
[INFO] [stderr]    Compiling indexmap v2.14.0
[INFO] [stderr]    Compiling regex-automata v0.4.13
[INFO] [stderr]    Compiling num_cpus v1.17.0
[INFO] [stderr]    Compiling rand_core v0.9.3
[INFO] [stderr]    Compiling pyo3-ffi v0.29.2
[INFO] [stderr]    Compiling pyo3 v0.29.2
[INFO] [stderr]    Compiling itoa v1.0.15
[INFO] [stderr]    Compiling bitflags v2.13.1
[INFO] [stderr]    Compiling semver-parser v0.7.0
[INFO] [stderr]    Compiling parking_lot_core v0.9.12
[INFO] [stderr]    Compiling event-listener v2.5.3
[INFO] [stderr]    Compiling semver v0.9.0
[INFO] [stderr]    Compiling itertools v0.10.5
[INFO] [stderr]    Compiling python-config-rs v0.1.2
[INFO] [stderr]    Compiling parking_lot v0.12.5
[INFO] [stderr]    Compiling async-lock v2.8.0
[INFO] [stderr]    Compiling socket2 v0.6.4
[INFO] [stderr]    Compiling tempfile v3.23.0
[INFO] [stderr]    Compiling mio v1.2.1
[INFO] [stderr]    Compiling signal-hook-registry v1.4.7
[INFO] [stderr]    Compiling serde_bytes v0.11.19
[INFO] [stderr]    Compiling tracing-log v0.2.0
[INFO] [stderr]    Compiling perspective-python v5.6.0 (/opt/rustwide/workdir)
[INFO] [stderr]    Compiling thread_local v1.1.9
[INFO] [stderr]    Compiling macro_rules_attribute-proc_macro v0.2.2
[INFO] [stderr]    Compiling pollster v0.3.0
[INFO] [stderr]    Compiling macro_rules_attribute v0.2.2
[INFO] [stderr]    Compiling regex v1.12.2
[INFO] [stderr]    Compiling prettyplease v0.2.37
[INFO] [stderr]    Compiling pyo3-macros-backend v0.29.2
[INFO] [stderr]    Compiling zerocopy-derive v0.8.31
[INFO] [stderr]    Compiling prost-derive v0.12.6
[INFO] [stderr]    Compiling futures-macro v0.3.33
[INFO] [stderr]    Compiling serde_derive v1.0.228
[INFO] [stderr]    Compiling thiserror-impl v2.0.17
[INFO] [stderr]    Compiling tracing-attributes v0.1.31
[INFO] [stderr]    Compiling futures-util v0.3.33
[INFO] [stderr]    Compiling thiserror-impl v1.0.69
[INFO] [stderr]    Compiling ts-rs-macros v11.1.0
[INFO] [stderr]    Compiling tokio-macros v2.7.0
[INFO] [stderr]    Compiling tracing v0.1.44
[INFO] [stderr]    Compiling prost v0.12.6
[INFO] [stderr]    Compiling tokio v1.52.3
[INFO] [stderr]    Compiling matchers v0.2.0
[INFO] [stderr]    Compiling prost-types v0.12.6
[INFO] [stderr]    Compiling pyo3-async-runtimes-macros v0.29.0
[INFO] [stderr]    Compiling thiserror v1.0.69
[INFO] [stderr]    Compiling tracing-subscriber v0.3.22
[INFO] [stderr]    Compiling extend v1.2.0
[INFO] [stderr]    Compiling ts-rs v11.1.0
[INFO] [stderr]    Compiling prost-build v0.12.6
[INFO] [stderr]    Compiling half v2.7.1
[INFO] [stderr]    Compiling serde v1.0.228
[INFO] [stderr]    Compiling ppv-lite86 v0.2.21
[INFO] [stderr]    Compiling futures-executor v0.3.33
[INFO] [stderr]    Compiling perspective-client v5.6.0
[INFO] [stderr]    Compiling futures v0.3.33
[INFO] [stderr]    Compiling arrow-buffer v57.3.0
[INFO] [stderr]    Compiling rand_chacha v0.9.0
[INFO] [stderr]    Compiling pyo3-macros v0.29.2
[INFO] [stderr]    Compiling rand v0.9.1
[INFO] [stderr]    Compiling arrow-data v57.3.0
[INFO] [stderr]    Compiling arrow-array v57.3.0
[INFO] [stderr]    Compiling arrow-select v57.3.0
[INFO] [stderr]    Compiling pyo3-async-runtimes v0.29.0
[INFO] [stderr]    Compiling pythonize v0.29.0
[INFO] [stderr]    Compiling arrow-ipc v57.3.0
[INFO] [stderr] error: could not compile `arrow-select` (lib)
[INFO] [stderr] 
[INFO] [stderr] Caused by:
[INFO] [stderr]   process didn't exit successfully: `/opt/rustwide/rustup-home/toolchains/1.100.0-beta.1-x86_64-unknown-linux-gnu/bin/rustc --crate-name arrow_select --edition=2024 /opt/rustwide/cargo-home/registry/src/index.crates.io-1949cf8c6b5b557f/arrow-select-57.3.0/src/lib.rs --error-format=json --json=diagnostic-rendered-ansi,artifacts,future-incompat,unused-externs-silent --crate-type lib --emit=dep-info,metadata,link -C opt-level=3 -C embed-bitcode=no --check-cfg 'cfg(docsrs,test)' --check-cfg 'cfg(feature, values())' -C metadata=d1b6e3049f3d5be7 -C extra-filename=-44c0c9e9958acc6c --out-dir /opt/rustwide/target/release/build/arrow-select/44c0c9e9958acc6c/out -C strip=debuginfo -L dependency=/opt/rustwide/target/release/build/ahash/d8d6f3641061a48d/out -L dependency=/opt/rustwide/target/release/build/arrow-buffer/d2ff7e45abef084e/out -L dependency=/opt/rustwide/target/release/build/arrow-data/e0caf3dc7f9355a1/out -L dependency=/opt/rustwide/target/release/build/arrow-schema/25b9ecdc218a0922/out -L dependency=/opt/rustwide/target/release/build/bytes/ee531cff3ae71f39/out -L dependency=/opt/rustwide/target/release/build/cfg-if/6d8dca19095bb388/out -L dependency=/opt/rustwide/target/release/build/chrono/d7254f0f2a0ad748/out -L dependency=/opt/rustwide/target/release/build/getrandom/fd4ac583d8ef3c62/out -L dependency=/opt/rustwide/target/release/build/half/0b0e1f03a7be98df/out -L dependency=/opt/rustwide/target/release/build/hashbrown/510a83e6dee1f340/out -L dependency=/opt/rustwide/target/release/build/iana-time-zone/ae6c222c4854ade7/out -L dependency=/opt/rustwide/target/release/build/libc/9127009e093ab63a/out -L dependency=/opt/rustwide/target/release/build/libm/e31d014029871662/out -L dependency=/opt/rustwide/target/release/build/num-bigint/59ea3910d4612634/out -L dependency=/opt/rustwide/target/release/build/num-complex/a08a43c0d7121fae/out -L dependency=/opt/rustwide/target/release/build/num-integer/c983052aee8a2db1/out -L dependency=/opt/rustwide/target/release/build/num-traits/9572d1c7de5d02cf/out -L dependency=/opt/rustwide/target/release/build/once_cell/35d4cc1b6bbf4e72/out -L dependency=/opt/rustwide/target/release/build/zerocopy-derive/31e84e83de331cf8/out -L dependency=/opt/rustwide/target/release/build/zerocopy/d3d062159c17243a/out --extern ahash=/opt/rustwide/target/release/build/ahash/d8d6f3641061a48d/out/libahash-d8d6f3641061a48d.rmeta --extern arrow_array=/opt/rustwide/target/release/build/arrow-array/3e864c1cee888b7d/out/libarrow_array-3e864c1cee888b7d.rmeta --extern arrow_buffer=/opt/rustwide/target/release/build/arrow-buffer/d2ff7e45abef084e/out/libarrow_buffer-d2ff7e45abef084e.rmeta --extern arrow_data=/opt/rustwide/target/release/build/arrow-data/e0caf3dc7f9355a1/out/libarrow_data-e0caf3dc7f9355a1.rmeta --extern arrow_schema=/opt/rustwide/target/release/build/arrow-schema/25b9ecdc218a0922/out/libarrow_schema-25b9ecdc218a0922.rmeta --extern num_traits=/opt/rustwide/target/release/build/num-traits/9572d1c7de5d02cf/out/libnum_traits-9572d1c7de5d02cf.rmeta --cap-lints allow --cap-lints=warn --force-warn=unused_crate_dependencies` (signal: 9, SIGKILL: kill)
[INFO] [stderr] warning: build failed, waiting for other jobs to finish...
[INFO] [stderr] error: could not compile `perspective-client` (lib)
[INFO] [stderr] 
[INFO] [stderr] Caused by:
[INFO] [stderr]   process didn't exit successfully: `/opt/rustwide/rustup-home/toolchains/1.100.0-beta.1-x86_64-unknown-linux-gnu/bin/rustc --crate-name perspective_client --edition=2024 /opt/rustwide/cargo-home/registry/src/index.crates.io-1949cf8c6b5b557f/perspective-client-5.6.0/src/rust/lib.rs --error-format=json --json=diagnostic-rendered-ansi,artifacts,future-incompat,unused-externs-silent --crate-type rlib --emit=dep-info,metadata,link -C opt-level=3 -C embed-bitcode=no --cfg 'feature="default"' --check-cfg 'cfg(docsrs,test)' --check-cfg 'cfg(feature, values("default", "generate-proto", "omit_metadata", "protobuf-src", "sendable", "talc", "talc-allocator"))' -C metadata=336e53edc98853b8 -C extra-filename=-240dc4af8ea641d0 --out-dir /opt/rustwide/target/release/build/perspective-client/240dc4af8ea641d0/out -C strip=debuginfo -L dependency=/opt/rustwide/target/release/build/ahash/d8d6f3641061a48d/out -L dependency=/opt/rustwide/target/release/build/arrow-array/3e864c1cee888b7d/out -L dependency=/opt/rustwide/target/release/build/arrow-buffer/d2ff7e45abef084e/out -L dependency=/opt/rustwide/target/release/build/arrow-data/e0caf3dc7f9355a1/out -L dependency=/opt/rustwide/target/release/build/arrow-schema/25b9ecdc218a0922/out -L dependency=/opt/rustwide/target/release/build/arrow-select/44c0c9e9958acc6c/out -L dependency=/opt/rustwide/target/release/build/bitflags/1be973072239c3aa/out -L dependency=/opt/rustwide/target/release/build/bytes/ee531cff3ae71f39/out -L dependency=/opt/rustwide/target/release/build/cfg-if/6d8dca19095bb388/out -L dependency=/opt/rustwide/target/release/build/chrono/d7254f0f2a0ad748/out -L dependency=/opt/rustwide/target/release/build/either/9494ab0a0482591e/out -L dependency=/opt/rustwide/target/release/build/equivalent/26a0d6a3c1145f1b/out -L dependency=/opt/rustwide/target/release/build/event-listener/aaad992b874e431c/out -L dependency=/opt/rustwide/target/release/build/flatbuffers/030da6488b86d70c/out -L dependency=/opt/rustwide/target/release/build/futures-channel/287c1821290b60b6/out -L dependency=/opt/rustwide/target/release/build/futures-core/6244fc04f4e913eb/out -L dependency=/opt/rustwide/target/release/build/futures-executor/78f8dbf3165bd005/out -L dependency=/opt/rustwide/target/release/build/futures-io/e73bdb73e2548fc8/out -L dependency=/opt/rustwide/target/release/build/futures-macro/12e8dc1f238c976d/out -L dependency=/opt/rustwide/target/release/build/futures-sink/b2a7dc57863450af/out -L dependency=/opt/rustwide/target/release/build/futures-task/fe5ed68fcd62e748/out -L dependency=/opt/rustwide/target/release/build/futures-util/107456cbd04bc2bc/out -L dependency=/opt/rustwide/target/release/build/getrandom/fd4ac583d8ef3c62/out -L dependency=/opt/rustwide/target/release/build/half/0b0e1f03a7be98df/out -L dependency=/opt/rustwide/target/release/build/hashbrown/510a83e6dee1f340/out -L dependency=/opt/rustwide/target/release/build/hashbrown/e584a62dc81c493d/out -L dependency=/opt/rustwide/target/release/build/iana-time-zone/ae6c222c4854ade7/out -L dependency=/opt/rustwide/target/release/build/indexmap/791addd4743076db/out -L dependency=/opt/rustwide/target/release/build/itoa/6ac79ecd3493b3ff/out -L dependency=/opt/rustwide/target/release/build/libc/9127009e093ab63a/out -L dependency=/opt/rustwide/target/release/build/libm/e31d014029871662/out -L dependency=/opt/rustwide/target/release/build/memchr/f5475d219327462e/out -L dependency=/opt/rustwide/target/release/build/num-bigint/59ea3910d4612634/out -L dependency=/opt/rustwide/target/release/build/num-complex/a08a43c0d7121fae/out -L dependency=/opt/rustwide/target/release/build/num-integer/c983052aee8a2db1/out -L dependency=/opt/rustwide/target/release/build/num-traits/9572d1c7de5d02cf/out -L dependency=/opt/rustwide/target/release/build/once_cell/35d4cc1b6bbf4e72/out -L dependency=/opt/rustwide/target/release/build/pin-project-lite/a042d89c9815bfb5/out -L dependency=/opt/rustwide/target/release/build/ppv-lite86/e1c5f9f485f14774/out -L dependency=/opt/rustwide/target/release/build/prost-derive/c8d2b34121254a01/out -L dependency=/opt/rustwide/target/release/build/prost/0ca6e8cc4774916d/out -L dependency=/opt/rustwide/target/release/build/rand_chacha/bf6189280401d727/out -L dependency=/opt/rustwide/target/release/build/rand_core/5e08ee53f9b180a3/out -L dependency=/opt/rustwide/target/release/build/serde_core/fc2e9ba380840c21/out -L dependency=/opt/rustwide/target/release/build/serde_derive/d9749d37c72d9c83/out -L dependency=/opt/rustwide/target/release/build/serde_json/28478ecef371a571/out -L dependency=/opt/rustwide/target/release/build/slab/5cedeef47dcbea1c/out -L dependency=/opt/rustwide/target/release/build/thiserror-impl/4295a4b4d2733f24/out -L dependency=/opt/rustwide/target/release/build/thiserror-impl/deb026b83bb50f19/out -L dependency=/opt/rustwide/target/release/build/thiserror/1d6c2dc698f83005/out -L dependency=/opt/rustwide/target/release/build/tracing-attributes/236028d53790ebbf/out -L dependency=/opt/rustwide/target/release/build/tracing-core/75cabdb7c32ac36b/out -L dependency=/opt/rustwide/target/release/build/ts-rs-macros/d27b89aab5f7ede7/out -L dependency=/opt/rustwide/target/release/build/zerocopy-derive/31e84e83de331cf8/out -L dependency=/opt/rustwide/target/release/build/zerocopy/d3d062159c17243a/out -L dependency=/opt/rustwide/target/release/build/zmij/586d023c1dba25b5/out --extern arrow_array=/opt/rustwide/target/release/build/arrow-array/3e864c1cee888b7d/out/libarrow_array-3e864c1cee888b7d.rmeta --extern arrow_ipc=/opt/rustwide/target/release/build/arrow-ipc/8cf1bf08b7a6b601/out/libarrow_ipc-8cf1bf08b7a6b601.rmeta --extern arrow_schema=/opt/rustwide/target/release/build/arrow-schema/25b9ecdc218a0922/out/libarrow_schema-25b9ecdc218a0922.rmeta --extern arrow_select=/opt/rustwide/target/release/build/arrow-select/44c0c9e9958acc6c/out/libarrow_select-44c0c9e9958acc6c.rmeta --extern async_lock=/opt/rustwide/target/release/build/async-lock/fb1cc1abecf2e652/out/libasync_lock-fb1cc1abecf2e652.rmeta --extern futures=/opt/rustwide/target/release/build/futures/41bb9f1996485549/out/libfutures-41bb9f1996485549.rmeta --extern getrandom=/opt/rustwide/target/release/build/getrandom/fd4ac583d8ef3c62/out/libgetrandom-fd4ac583d8ef3c62.rmeta --extern indexmap=/opt/rustwide/target/release/build/indexmap/791addd4743076db/out/libindexmap-791addd4743076db.rmeta --extern itertools=/opt/rustwide/target/release/build/itertools/70af2193f5982d6e/out/libitertools-70af2193f5982d6e.rmeta --extern num_traits=/opt/rustwide/target/release/build/num-traits/9572d1c7de5d02cf/out/libnum_traits-9572d1c7de5d02cf.rmeta --extern paste=/opt/rustwide/target/release/build/paste/f83aa068d9b8e545/out/libpaste-f83aa068d9b8e545.so --extern prost=/opt/rustwide/target/release/build/prost/0ca6e8cc4774916d/out/libprost-0ca6e8cc4774916d.rmeta --extern prost_types=/opt/rustwide/target/release/build/prost-types/b65561d76e00c31a/out/libprost_types-b65561d76e00c31a.rmeta --extern rand=/opt/rustwide/target/release/build/rand/284fb14bd10c7fe4/out/librand-284fb14bd10c7fe4.rmeta --extern serde=/opt/rustwide/target/release/build/serde/fa4c24bcbf6bae11/out/libserde-fa4c24bcbf6bae11.rmeta --extern serde_bytes=/opt/rustwide/target/release/build/serde_bytes/6ce3bbf712e6d50f/out/libserde_bytes-6ce3bbf712e6d50f.rmeta --extern serde_json=/opt/rustwide/target/release/build/serde_json/28478ecef371a571/out/libserde_json-28478ecef371a571.rmeta --extern thiserror=/opt/rustwide/target/release/build/thiserror/301fa933b3f2900b/out/libthiserror-301fa933b3f2900b.rmeta --extern tracing=/opt/rustwide/target/release/build/tracing/b305a23a0fa86f08/out/libtracing-b305a23a0fa86f08.rmeta --extern ts_rs=/opt/rustwide/target/release/build/ts-rs/5b1ac3d7920c4d85/out/libts_rs-5b1ac3d7920c4d85.rmeta --cap-lints allow --cap-lints=warn --force-warn=unused_crate_dependencies` (signal: 9, SIGKILL: kill)
[INFO] [stderr] error: failed to run custom build command for `protobuf-src v2.1.1+27.1`
[INFO] [stderr] note: To improve backtraces for build dependencies, set the CARGO_PROFILE_RELEASE_BUILD_OVERRIDE_DEBUG=true environment variable to enable debug information generation.
[INFO] [stderr] 
[INFO] [stderr] Caused by:
[INFO] [stderr]   process didn't exit successfully: `/opt/rustwide/target/release/build/protobuf-src/3ff8d248541b0463/out/build_script_build` (exit status: 101)
[INFO] [stderr]   --- stdout
[INFO] [stderr]   CMAKE_TOOLCHAIN_FILE_x86_64-unknown-linux-gnu = None
[INFO] [stderr]   CMAKE_TOOLCHAIN_FILE_x86_64_unknown_linux_gnu = None
[INFO] [stderr]   HOST_CMAKE_TOOLCHAIN_FILE = None
[INFO] [stderr]   CMAKE_TOOLCHAIN_FILE = None
[INFO] [stderr]   CMAKE_GENERATOR_x86_64-unknown-linux-gnu = None
[INFO] [stderr]   CMAKE_GENERATOR_x86_64_unknown_linux_gnu = None
[INFO] [stderr]   HOST_CMAKE_GENERATOR = None
[INFO] [stderr]   CMAKE_GENERATOR = None
[INFO] [stderr]   CMAKE_PREFIX_PATH_x86_64-unknown-linux-gnu = None
[INFO] [stderr]   CMAKE_PREFIX_PATH_x86_64_unknown_linux_gnu = None
[INFO] [stderr]   HOST_CMAKE_PREFIX_PATH = None
[INFO] [stderr]   CMAKE_PREFIX_PATH = None
[INFO] [stderr]   CMAKE_x86_64-unknown-linux-gnu = None
[INFO] [stderr]   CMAKE_x86_64_unknown_linux_gnu = None
[INFO] [stderr]   HOST_CMAKE = None
[INFO] [stderr]   CMAKE = None
[INFO] [stderr]   -- The C compiler identification is GNU 15.2.0
[INFO] [stderr]   -- The CXX compiler identification is GNU 15.2.0
[INFO] [stderr]   -- Detecting C compiler ABI info
[INFO] [stderr]   -- Detecting C compiler ABI info - done
[INFO] [stderr]   -- Check for working C compiler: /usr/bin/cc - skipped
[INFO] [stderr]   -- Detecting C compile features
[INFO] [stderr]   -- Detecting C compile features - done
[INFO] [stderr]   -- Detecting CXX compiler ABI info
[INFO] [stderr]   -- Detecting CXX compiler ABI info - done
[INFO] [stderr]   -- Check for working CXX compiler: /usr/bin/c++ - skipped
[INFO] [stderr]   -- Detecting CXX compile features
[INFO] [stderr]   -- Detecting CXX compile features - done
[INFO] [stderr]   -- 
[INFO] [stderr]   -- 27.2.0
[INFO] [stderr]   -- Performing Test protobuf_HAVE_LD_VERSION_SCRIPT
[INFO] [stderr]   -- Performing Test protobuf_HAVE_LD_VERSION_SCRIPT - Success
[INFO] [stderr]   -- Performing Test CMAKE_HAVE_LIBC_PTHREAD
[INFO] [stderr]   -- Performing Test CMAKE_HAVE_LIBC_PTHREAD - Success
[INFO] [stderr]   -- Found Threads: TRUE
[INFO] [stderr]   -- Found ZLIB: /usr/lib/x86_64-linux-gnu/libz.so (found version "1.3.1")
[INFO] [stderr]   -- Performing Test protobuf_HAVE_BUILTIN_ATOMICS
[INFO] [stderr]   -- Performing Test protobuf_HAVE_BUILTIN_ATOMICS - Success
[INFO] [stderr]   -- Performing Test ABSL_INTERNAL_AT_LEAST_CXX17
[INFO] [stderr]   -- Performing Test ABSL_INTERNAL_AT_LEAST_CXX17 - Failed
[INFO] [stderr]   -- Performing Test ABSL_INTERNAL_AT_LEAST_CXX20
[INFO] [stderr]   -- Performing Test ABSL_INTERNAL_AT_LEAST_CXX20 - Failed
[INFO] [stderr]   -- Configuring done (12.7s)
[INFO] [stderr]   -- Generating done (8.1s)
[INFO] [stderr]   -- Build files have been written to: /opt/rustwide/target/release/build/protobuf-src/4eac6c70820cd390/out/build
[INFO] [stderr]   [  0%] Building CXX object third_party/abseil-cpp/absl/base/CMakeFiles/spinlock_wait.dir/internal/spinlock_wait.cc.o
[INFO] [stderr]   [  0%] Building CXX object third_party/abseil-cpp/absl/base/CMakeFiles/log_severity.dir/log_severity.cc.o
[INFO] [stderr]   [  1%] Building CXX object third_party/abseil-cpp/absl/numeric/CMakeFiles/int128.dir/int128.cc.o
[INFO] [stderr]   [  1%] Linking CXX static library libabsl_spinlock_wait.a
[INFO] [stderr]   [  1%] Building CXX object third_party/abseil-cpp/absl/base/CMakeFiles/strerror.dir/internal/strerror.cc.o
[INFO] [stderr]   [  1%] Built target spinlock_wait
[INFO] [stderr]   [  1%] Building CXX object third_party/abseil-cpp/absl/time/CMakeFiles/time_zone.dir/internal/cctz/src/time_zone_fixed.cc.o
[INFO] [stderr]   [  1%] Building CXX object third_party/abseil-cpp/absl/time/CMakeFiles/time_zone.dir/internal/cctz/src/time_zone_format.cc.o
[INFO] [stderr]   [  2%] Building CXX object third_party/abseil-cpp/absl/time/CMakeFiles/time_zone.dir/internal/cctz/src/time_zone_if.cc.o
[INFO] [stderr]   [  2%] Building CXX object third_party/abseil-cpp/absl/debugging/CMakeFiles/utf8_for_code_point.dir/internal/utf8_for_code_point.cc.o
[INFO] [stderr]   [  3%] Building CXX object third_party/abseil-cpp/absl/profiling/CMakeFiles/exponential_biased.dir/internal/exponential_biased.cc.o
[INFO] [stderr]   [  3%] Linking CXX static library libabsl_log_severity.a
[INFO] [stderr]   [  3%] Linking CXX static library libabsl_utf8_for_code_point.a
[INFO] [stderr]   [  3%] Building CXX object third_party/abseil-cpp/absl/time/CMakeFiles/time_zone.dir/internal/cctz/src/time_zone_impl.cc.o
[INFO] [stderr]   [  3%] Building CXX object third_party/abseil-cpp/absl/time/CMakeFiles/civil_time.dir/internal/cctz/src/civil_time_detail.cc.o
[INFO] [stderr]   [  3%] Linking CXX static library libabsl_strerror.a
[INFO] [stderr]   [  3%] Building CXX object third_party/abseil-cpp/absl/time/CMakeFiles/time_zone.dir/internal/cctz/src/time_zone_info.cc.o
[INFO] [stderr]   [  3%] Built target log_severity
[INFO] [stderr]   [  3%] Built target utf8_for_code_point
[INFO] [stderr]   [  3%] Building CXX object third_party/abseil-cpp/absl/debugging/CMakeFiles/leak_check.dir/leak_check.cc.o
[INFO] [stderr]   [  3%] Built target strerror
[INFO] [stderr]   [  3%] Linking CXX static library libabsl_leak_check.a
[INFO] [stderr]   [  3%] Building CXX object third_party/abseil-cpp/absl/flags/CMakeFiles/flags_commandlineflag_internal.dir/internal/commandlineflag.cc.o
[INFO] [stderr]   [  4%] Building CXX object third_party/abseil-cpp/absl/log/CMakeFiles/log_internal_nullguard.dir/internal/nullguard.cc.o
[INFO] [stderr]   [  4%] Linking CXX static library libabsl_log_internal_nullguard.a
[INFO] [stderr]   [  4%] Linking CXX static library libabsl_exponential_biased.a
[INFO] [stderr]   [  4%] Built target log_internal_nullguard
[INFO] [stderr]   [  4%] Building CXX object third_party/abseil-cpp/absl/time/CMakeFiles/time_zone.dir/internal/cctz/src/time_zone_libc.cc.o
[INFO] [stderr]   [  4%] Linking CXX static library libabsl_flags_commandlineflag_internal.a
[INFO] [stderr]   [  4%] Built target leak_check
[INFO] [stderr]   [  4%] Building CXX object third_party/abseil-cpp/absl/random/CMakeFiles/random_seed_gen_exception.dir/seed_gen_exception.cc.o
[INFO] [stderr]   [  4%] Built target exponential_biased
[INFO] [stderr]   [  5%] Building CXX object third_party/abseil-cpp/absl/random/CMakeFiles/random_internal_platform.dir/internal/randen_round_keys.cc.o
[INFO] [stderr]   [  5%] Linking CXX static library libabsl_random_internal_platform.a
[INFO] [stderr]   [  5%] Built target flags_commandlineflag_internal
[INFO] [stderr]   [  5%] Building C object third_party/utf8_range/CMakeFiles/utf8_range.dir/utf8_range.c.o
[INFO] [stderr]   [  5%] Building CXX object third_party/abseil-cpp/absl/time/CMakeFiles/time_zone.dir/internal/cctz/src/time_zone_lookup.cc.o
[INFO] [stderr]   [  5%] Built target random_internal_platform
[INFO] [stderr]   [  5%] Building CXX object third_party/abseil-cpp/absl/profiling/CMakeFiles/periodic_sampler.dir/internal/periodic_sampler.cc.o
[INFO] [stderr]   [  5%] Linking CXX static library libabsl_int128.a
[INFO] [stderr]   [  6%] Linking C static library libutf8_range.a
[INFO] [stderr]   [  6%] Built target int128
[INFO] [stderr]   [  6%] Linking CXX static library libabsl_random_seed_gen_exception.a
[INFO] [stderr]   [  6%] Built target utf8_range
[INFO] [stderr]   [  7%] Building CXX object third_party/abseil-cpp/absl/time/CMakeFiles/time_zone.dir/internal/cctz/src/time_zone_posix.cc.o
[INFO] [stderr]   [  7%] Building CXX object third_party/abseil-cpp/absl/base/CMakeFiles/raw_logging_internal.dir/internal/raw_logging.cc.o
[INFO] [stderr]   [  7%] Linking CXX static library libabsl_periodic_sampler.a
[INFO] [stderr]   [  7%] Building CXX object third_party/abseil-cpp/absl/time/CMakeFiles/time_zone.dir/internal/cctz/src/zone_info_source.cc.o
[INFO] [stderr]   [  7%] Built target random_seed_gen_exception
[INFO] [stderr]   [  7%] Building CXX object third_party/abseil-cpp/absl/debugging/CMakeFiles/decode_rust_punycode.dir/internal/decode_rust_punycode.cc.o
[INFO] [stderr]   [  7%] Building CXX object third_party/abseil-cpp/absl/random/CMakeFiles/random_internal_randen_slow.dir/internal/randen_slow.cc.o
[INFO] [stderr]   [  7%] Building CXX object third_party/abseil-cpp/absl/random/CMakeFiles/random_internal_randen_hwaes_impl.dir/internal/randen_hwaes.cc.o
[INFO] [stderr]   [  7%] Linking CXX static library libabsl_civil_time.a
[INFO] [stderr]   [  7%] Built target periodic_sampler
[INFO] [stderr]   [  8%] Building C object CMakeFiles/libupb.dir/upb/base/status.c.o
[INFO] [stderr]   [  8%] Building C object CMakeFiles/libupb.dir/upb/hash/common.c.o
[INFO] [stderr]   [  8%] Building C object CMakeFiles/libupb.dir/upb/json/decode.c.o
[INFO] [stderr]   [  8%] Building C object CMakeFiles/libupb.dir/upb/json/encode.c.o
[INFO] [stderr]   [  8%] Linking CXX static library libabsl_raw_logging_internal.a
[INFO] [stderr]   [  8%] Built target civil_time
[INFO] [stderr]   [  8%] Built target raw_logging_internal
[INFO] [stderr]   [  8%] Building CXX object third_party/abseil-cpp/absl/base/CMakeFiles/base.dir/internal/cycleclock.cc.o
[INFO] [stderr]   [  8%] Building CXX object third_party/abseil-cpp/absl/base/CMakeFiles/base.dir/internal/spinlock.cc.o
[INFO] [stderr]   [  8%] Building C object CMakeFiles/libupb.dir/upb/lex/atoi.c.o
[INFO] [stderr]   [  8%] Linking CXX static library libabsl_decode_rust_punycode.a
[INFO] [stderr]   [  8%] Building CXX object third_party/abseil-cpp/absl/base/CMakeFiles/throw_delegate.dir/internal/throw_delegate.cc.o
[INFO] [stderr]   [  9%] Linking CXX static library libabsl_random_internal_randen_slow.a
[INFO] [stderr]   [  9%] Building C object CMakeFiles/libupb.dir/upb/lex/round_trip.c.o
[INFO] [stderr]   [  9%] Built target decode_rust_punycode
[INFO] [stderr]   [  9%] Building CXX object third_party/abseil-cpp/absl/debugging/CMakeFiles/debugging_internal.dir/internal/address_is_readable.cc.o
[INFO] [stderr]   [  9%] Built target random_internal_randen_slow
[INFO] [stderr]   [ 10%] Building C object CMakeFiles/libupb.dir/upb/lex/strtod.c.o
[INFO] [stderr]   [ 10%] Building CXX object third_party/abseil-cpp/absl/base/CMakeFiles/base.dir/internal/sysinfo.cc.o
[INFO] [stderr]   [ 11%] Building CXX object third_party/abseil-cpp/absl/debugging/CMakeFiles/demangle_rust.dir/internal/demangle_rust.cc.o
[INFO] [stderr]   [ 11%] Building C object CMakeFiles/libupb.dir/upb/lex/unicode.c.o
[INFO] [stderr]   [ 11%] Building C object CMakeFiles/libupb.dir/upb/mem/alloc.c.o
[INFO] [stderr]   [ 11%] Building C object CMakeFiles/libupb.dir/upb/mem/arena.c.o
[INFO] [stderr]   [ 11%] Linking CXX static library libabsl_throw_delegate.a
[INFO] [stderr]   [ 11%] Built target throw_delegate
[INFO] [stderr]   [ 11%] Building C object CMakeFiles/libupb.dir/upb/message/accessors.c.o
[INFO] [stderr]   [ 12%] Building C object CMakeFiles/libupb.dir/upb/message/array.c.o
[INFO] [stderr]   [ 12%] Linking CXX static library libabsl_time_zone.a
[INFO] [stderr]   [ 12%] Building C object CMakeFiles/libupb.dir/upb/message/compare.c.o
[INFO] [stderr]   [ 12%] Linking CXX static library libabsl_random_internal_randen_hwaes_impl.a
[INFO] [stderr]   [ 12%] Building C object CMakeFiles/libupb.dir/upb/message/compat.c.o
[INFO] [stderr]   [ 12%] Built target time_zone
[INFO] [stderr]   [ 12%] Building CXX object third_party/abseil-cpp/absl/debugging/CMakeFiles/debugging_internal.dir/internal/elf_mem_image.cc.o
[INFO] [stderr]   [ 12%] Built target random_internal_randen_hwaes_impl
[INFO] [stderr]   [ 12%] Building C object CMakeFiles/libupb.dir/upb/message/copy.c.o
[INFO] [stderr]   [ 12%] Building CXX object third_party/abseil-cpp/absl/base/CMakeFiles/base.dir/internal/thread_identity.cc.o
[INFO] [stderr]   [ 12%] Linking CXX static library libabsl_demangle_rust.a
[INFO] [stderr]   [ 12%] Built target demangle_rust
[INFO] [stderr]   [ 12%] Building CXX object third_party/abseil-cpp/absl/types/CMakeFiles/bad_variant_access.dir/bad_variant_access.cc.o
[INFO] [stderr]   [ 12%] Building CXX object third_party/abseil-cpp/absl/base/CMakeFiles/base.dir/internal/unscaledcycleclock.cc.o
[INFO] [stderr]   [ 12%] Building CXX object third_party/abseil-cpp/absl/debugging/CMakeFiles/debugging_internal.dir/internal/vdso_support.cc.o
[INFO] [stderr]   [ 12%] Building C object CMakeFiles/libupb.dir/upb/message/internal/compare_unknown.c.o
[INFO] [stderr]   [ 12%] Building C object CMakeFiles/libupb.dir/upb/message/internal/extension.c.o
[INFO] [stderr]   [ 13%] Building C object CMakeFiles/libupb.dir/upb/message/internal/message.c.o
[INFO] [stderr]   [ 14%] Linking CXX static library libabsl_debugging_internal.a
[INFO] [stderr]   [ 14%] Building C object CMakeFiles/libupb.dir/upb/message/map.c.o
[INFO] [stderr]   [ 14%] Building C object CMakeFiles/libupb.dir/upb/message/map_sorter.c.o
[INFO] [stderr]   [ 14%] Built target debugging_internal
[INFO] [stderr]   [ 14%] Building C object CMakeFiles/libupb.dir/upb/message/message.c.o
[INFO] [stderr]   [ 14%] Building C object CMakeFiles/libupb.dir/upb/mini_descriptor/build_enum.c.o
[INFO] [stderr]   [ 15%] Linking CXX static library libabsl_bad_variant_access.a
[INFO] [stderr]   [ 16%] Building C object CMakeFiles/libupb.dir/upb/mini_descriptor/decode.c.o
[INFO] [stderr]   [ 16%] Built target bad_variant_access
[INFO] [stderr]   [ 16%] Building C object CMakeFiles/libupb.dir/upb/mini_descriptor/internal/base92.c.o
[INFO] [stderr]   [ 16%] Building C object CMakeFiles/libupb.dir/upb/mini_descriptor/internal/encode.c.o
[INFO] [stderr]   [ 17%] Linking CXX static library libabsl_base.a
[INFO] [stderr]   [ 17%] Building C object CMakeFiles/libupb.dir/upb/mini_descriptor/link.c.o
[INFO] [stderr]   [ 17%] Building CXX object third_party/abseil-cpp/absl/types/CMakeFiles/bad_optional_access.dir/bad_optional_access.cc.o
[INFO] [stderr]   [ 17%] Built target base
[INFO] [stderr]   [ 17%] Building C object CMakeFiles/libupb.dir/upb/mini_table/extension_registry.c.o
[INFO] [stderr]   [ 17%] Building C object CMakeFiles/libupb.dir/upb/mini_table/internal/message.c.o
[INFO] [stderr]   [ 18%] Building C object CMakeFiles/libupb.dir/upb/mini_table/message.c.o
[INFO] [stderr]   [ 18%] Building CXX object third_party/abseil-cpp/absl/log/CMakeFiles/log_internal_conditions.dir/internal/conditions.cc.o
[INFO] [stderr]   [ 19%] Building CXX object third_party/abseil-cpp/absl/strings/CMakeFiles/cordz_functions.dir/internal/cordz_functions.cc.o
[INFO] [stderr]   [ 19%] Building C object CMakeFiles/libupb.dir/upb/reflection/def_pool.c.o
[INFO] [stderr]   [ 19%] Building C object CMakeFiles/libupb.dir/upb/reflection/def_type.c.o
[INFO] [stderr]   [ 19%] Building CXX object third_party/abseil-cpp/absl/random/CMakeFiles/random_internal_randen_hwaes.dir/internal/randen_detect.cc.o
[INFO] [stderr]   [ 19%] Linking CXX static library libabsl_random_internal_randen_hwaes.a
[INFO] [stderr]   [ 20%] Linking CXX static library libabsl_log_internal_conditions.a
[INFO] [stderr]   [ 20%] Built target random_internal_randen_hwaes
[INFO] [stderr]   [ 20%] Built target log_internal_conditions
[INFO] [stderr]   [ 20%] Building C object CMakeFiles/libupb.dir/upb/reflection/desc_state.c.o
[INFO] [stderr]   [ 20%] Linking CXX static library libabsl_bad_optional_access.a
[INFO] [stderr]   [ 20%] Building C object CMakeFiles/libupb.dir/upb/reflection/enum_def.c.o
[INFO] [stderr]   [ 20%] Built target bad_optional_access
[INFO] [stderr]   [ 20%] Linking CXX static library libabsl_cordz_functions.a
[INFO] [stderr]   [ 20%] Built target cordz_functions
[INFO] [stderr]   [ 20%] Building C object CMakeFiles/libupb.dir/upb/reflection/enum_reserved_range.c.o
[INFO] [stderr]   [ 21%] Building C object CMakeFiles/libupb.dir/upb/reflection/enum_value_def.c.o
[INFO] [stderr]   [ 22%] Building CXX object third_party/abseil-cpp/absl/base/CMakeFiles/scoped_set_env.dir/internal/scoped_set_env.cc.o
[INFO] [stderr]   [ 22%] Building C object CMakeFiles/libupb.dir/upb/reflection/extension_range.c.o
[INFO] [stderr]   [ 22%] Building C object CMakeFiles/libupb.dir/upb/reflection/field_def.c.o
[INFO] [stderr]   [ 22%] Building CXX object third_party/abseil-cpp/absl/types/CMakeFiles/bad_any_cast_impl.dir/bad_any_cast.cc.o
[INFO] [stderr]   [ 22%] Building C object CMakeFiles/libupb.dir/upb/reflection/file_def.c.o
[INFO] [stderr]   [ 22%] Building C object CMakeFiles/libupb.dir/upb/reflection/internal/def_builder.c.o
[INFO] [stderr]   [ 22%] Linking CXX static library libabsl_scoped_set_env.a
[INFO] [stderr]   [ 22%] Built target scoped_set_env
[INFO] [stderr]   [ 23%] Building C object CMakeFiles/libupb.dir/upb/reflection/internal/strdup2.c.o
[INFO] [stderr]   [ 23%] Building C object CMakeFiles/libupb.dir/upb/reflection/message.c.o
[INFO] [stderr]   [ 23%] Linking CXX static library libabsl_bad_any_cast_impl.a
[INFO] [stderr]   [ 23%] Building C object CMakeFiles/libupb.dir/upb/reflection/message_def.c.o
[INFO] [stderr]   [ 23%] Built target bad_any_cast_impl
[INFO] [stderr]   [ 23%] Building CXX object third_party/abseil-cpp/absl/strings/CMakeFiles/strings_internal.dir/internal/ostringstream.cc.o
[INFO] [stderr]   [ 23%] Building CXX object third_party/abseil-cpp/absl/strings/CMakeFiles/string_view.dir/string_view.cc.o
[INFO] [stderr]   [ 23%] Building C object CMakeFiles/libupb.dir/upb/reflection/message_reserved_range.c.o
[INFO] [stderr]   [ 24%] Building CXX object third_party/abseil-cpp/absl/strings/CMakeFiles/strings_internal.dir/internal/utf8.cc.o
[INFO] [stderr]   [ 24%] Building CXX object third_party/abseil-cpp/absl/strings/CMakeFiles/strings_internal.dir/internal/escaping.cc.o
[INFO] [stderr]   [ 24%] Building C object CMakeFiles/libupb.dir/upb/reflection/oneof_def.c.o
[INFO] [stderr]   [ 24%] Building C object CMakeFiles/libupb.dir/upb/reflection/method_def.c.o
[INFO] [stderr]   [ 24%] Building CXX object third_party/abseil-cpp/absl/base/CMakeFiles/malloc_internal.dir/internal/low_level_alloc.cc.o
[INFO] [stderr]   [ 25%] Building C object CMakeFiles/libupb.dir/upb/reflection/service_def.c.o
[INFO] [stderr]   [ 26%] Linking CXX static library libabsl_string_view.a
[INFO] [stderr]   [ 26%] Building C object CMakeFiles/libupb.dir/upb/text/encode.c.o
[INFO] [stderr]   [ 26%] Building CXX object third_party/abseil-cpp/absl/debugging/CMakeFiles/stacktrace.dir/stacktrace.cc.o
[INFO] [stderr]   [ 26%] Built target string_view
[INFO] [stderr]   [ 26%] Building C object CMakeFiles/libupb.dir/upb/util/def_to_proto.c.o
[INFO] [stderr]   [ 26%] Linking CXX static library libabsl_stacktrace.a
[INFO] [stderr]   [ 26%] Building CXX object third_party/abseil-cpp/absl/debugging/CMakeFiles/demangle_internal.dir/internal/demangle.cc.o
[INFO] [stderr]   [ 26%] Built target stacktrace
[INFO] [stderr]   [ 26%] Building C object CMakeFiles/libupb.dir/upb/util/required_fields.c.o
[INFO] [stderr]   [ 26%] Linking CXX static library libabsl_strings_internal.a
[INFO] [stderr]   [ 26%] Built target strings_internal
[INFO] [stderr]   [ 27%] Linking CXX static library libabsl_malloc_internal.a
[INFO] [stderr]   [ 27%] Building C object CMakeFiles/libupb.dir/upb/wire/decode.c.o
[INFO] [stderr]   [ 27%] Built target malloc_internal
[INFO] [stderr]   [ 28%] Building C object CMakeFiles/libupb.dir/upb/wire/encode.c.o
[INFO] [stderr]   [ 28%] Building C object CMakeFiles/libupb.dir/upb/wire/eps_copy_input_stream.c.o
[INFO] [stderr]   [ 28%] Building C object CMakeFiles/libupb.dir/upb/wire/internal/decode_fast.c.o
[INFO] [stderr]   [ 28%] Building CXX object third_party/abseil-cpp/absl/hash/CMakeFiles/city.dir/internal/city.cc.o
[INFO] [stderr]   [ 28%] Building CXX object third_party/abseil-cpp/absl/hash/CMakeFiles/low_level_hash.dir/internal/low_level_hash.cc.o
[INFO] [stderr]   [ 28%] Building C object CMakeFiles/libupb.dir/upb/wire/reader.c.o
[INFO] [stderr]   [ 28%] Building CXX object third_party/abseil-cpp/absl/crc/CMakeFiles/crc_cpu_detect.dir/internal/cpu_detect.cc.o
[INFO] [stderr]   [ 28%] Building C object CMakeFiles/libupb.dir/upb/reflection/cmake/google/protobuf/descriptor.upb_minitable.c.o
[INFO] [stderr]   [ 28%] Building CXX object third_party/abseil-cpp/absl/random/CMakeFiles/random_internal_randen.dir/internal/randen.cc.o
[INFO] [stderr]   [ 28%] Building CXX object third_party/abseil-cpp/absl/base/CMakeFiles/poison.dir/internal/poison.cc.o
[INFO] [stderr]   [ 28%] Building CXX object third_party/abseil-cpp/absl/synchronization/CMakeFiles/graphcycles_internal.dir/internal/graphcycles.cc.o
[INFO] [stderr]   [ 28%] Building CXX object third_party/abseil-cpp/absl/strings/CMakeFiles/strings.dir/charconv.cc.o
[INFO] [stderr]   [ 28%] Building CXX object third_party/abseil-cpp/absl/strings/CMakeFiles/strings.dir/ascii.cc.o
[INFO] [stderr]   [ 28%] Building CXX object third_party/abseil-cpp/absl/strings/CMakeFiles/strings.dir/escaping.cc.o
[INFO] [stderr]   [ 28%] Linking CXX static library libabsl_poison.a
[INFO] [stderr]   [ 28%] Linking C static library libupb.a
[INFO] [stderr]   [ 28%] Linking CXX static library libabsl_demangle_internal.a
[INFO] [stderr]   [ 28%] Linking CXX static library libabsl_city.a
[INFO] [stderr]   [ 28%] Built target demangle_internal
[INFO] [stderr]   [ 28%] Building CXX object third_party/abseil-cpp/absl/strings/CMakeFiles/strings.dir/internal/charconv_bigint.cc.o
[INFO] [stderr]   [ 28%] Built target poison
[INFO] [stderr]   [ 28%] Built target city
[INFO] [stderr]   [ 28%] Linking CXX static library libabsl_crc_cpu_detect.a
[INFO] [stderr]   [ 28%] Built target crc_cpu_detect
[INFO] [stderr]   [ 28%] Built target libupb
[INFO] [stderr]   [ 28%] Building CXX object third_party/abseil-cpp/absl/strings/CMakeFiles/strings.dir/internal/charconv_parse.cc.o
[INFO] [stderr]   [ 29%] Building CXX object third_party/abseil-cpp/absl/crc/CMakeFiles/crc_internal.dir/internal/crc.cc.o
[INFO] [stderr]   [ 30%] Building CXX object third_party/abseil-cpp/absl/strings/CMakeFiles/strings.dir/internal/damerau_levenshtein_distance.cc.o
[INFO] [stderr]   [ 31%] Linking CXX static library libabsl_random_internal_randen.a
[INFO] [stderr]   [ 31%] Building CXX object third_party/abseil-cpp/absl/strings/CMakeFiles/strings.dir/internal/memutil.cc.o
[INFO] [stderr]   [ 31%] Building CXX object third_party/abseil-cpp/absl/crc/CMakeFiles/crc_internal.dir/internal/crc_x86_arm_combined.cc.o
[INFO] [stderr]   [ 31%] Building CXX object third_party/abseil-cpp/absl/strings/CMakeFiles/strings.dir/internal/stringify_sink.cc.o
[INFO] [stderr]   [ 31%] Linking CXX static library libabsl_low_level_hash.a
[INFO] [stderr]   [ 31%] Linking CXX static library libabsl_graphcycles_internal.a
[INFO] [stderr]   [ 31%] Built target random_internal_randen
[INFO] [stderr]   [ 31%] Building CXX object third_party/abseil-cpp/absl/strings/CMakeFiles/strings.dir/match.cc.o
[INFO] [stderr]   [ 31%] Built target low_level_hash
[INFO] [stderr]   [ 31%] Building CXX object third_party/abseil-cpp/absl/strings/CMakeFiles/strings.dir/numbers.cc.o
[INFO] [stderr]   [ 31%] Built target graphcycles_internal
[INFO] [stderr]   [ 32%] Building CXX object third_party/abseil-cpp/absl/strings/CMakeFiles/strings.dir/str_cat.cc.o
[INFO] [stderr]   [ 32%] Building CXX object third_party/abseil-cpp/absl/strings/CMakeFiles/strings.dir/str_replace.cc.o
[INFO] [stderr]   [ 32%] Building CXX object third_party/abseil-cpp/absl/strings/CMakeFiles/strings.dir/str_split.cc.o
[INFO] [stderr]   [ 32%] Building CXX object third_party/abseil-cpp/absl/strings/CMakeFiles/strings.dir/substitute.cc.o
[INFO] [stderr]   [ 32%] Linking CXX static library libabsl_crc_internal.a
[INFO] [stderr]   [ 32%] Built target crc_internal
[INFO] [stderr]   [ 32%] Linking CXX static library libabsl_strings.a
[INFO] [stderr]   [ 32%] Built target strings
[INFO] [stderr]   [ 32%] Building CXX object third_party/abseil-cpp/absl/random/CMakeFiles/random_distributions.dir/gaussian_distribution.cc.o
[INFO] [stderr]   [ 32%] Building CXX object third_party/utf8_range/CMakeFiles/utf8_validity.dir/utf8_validity.cc.o
[INFO] [stderr]   [ 32%] Building C object third_party/utf8_range/CMakeFiles/utf8_validity.dir/utf8_range.c.o
[INFO] [stderr]   [ 32%] Building CXX object third_party/abseil-cpp/absl/time/CMakeFiles/time.dir/civil_time.cc.o
[INFO] [stderr]   [ 33%] Building CXX object third_party/abseil-cpp/absl/random/CMakeFiles/random_distributions.dir/discrete_distribution.cc.o
[INFO] [stderr]   [ 33%] Building CXX object third_party/abseil-cpp/absl/log/CMakeFiles/log_internal_fnmatch.dir/internal/fnmatch.cc.o
[INFO] [stderr]   [ 33%] Building CXX object third_party/abseil-cpp/absl/random/CMakeFiles/random_internal_seed_material.dir/internal/seed_material.cc.o
[INFO] [stderr]   [ 33%] Building CXX object third_party/abseil-cpp/absl/log/CMakeFiles/log_internal_proto.dir/internal/proto.cc.o
[INFO] [stderr]   [ 34%] Building CXX object third_party/abseil-cpp/absl/hash/CMakeFiles/hash.dir/internal/hash.cc.o
[INFO] [stderr]   [ 34%] Building CXX object third_party/abseil-cpp/absl/strings/CMakeFiles/str_format_internal.dir/internal/str_format/arg.cc.o
[INFO] [stderr]   [ 34%] Building CXX object third_party/abseil-cpp/absl/flags/CMakeFiles/flags_commandlineflag.dir/commandlineflag.cc.o
[INFO] [stderr]   [ 34%] Building CXX object third_party/abseil-cpp/absl/strings/CMakeFiles/str_format_internal.dir/internal/str_format/bind.cc.o
[INFO] [stderr]   [ 34%] Building CXX object third_party/abseil-cpp/absl/debugging/CMakeFiles/symbolize.dir/symbolize.cc.o
[INFO] [stderr]   [ 34%] Building CXX object third_party/abseil-cpp/absl/time/CMakeFiles/time.dir/clock.cc.o
[INFO] [stderr]   [ 34%] Linking CXX static library libabsl_log_internal_fnmatch.a
[INFO] [stderr]   [ 35%] Building CXX object third_party/abseil-cpp/absl/time/CMakeFiles/time.dir/duration.cc.o
[INFO] [stderr]   [ 35%] Built target log_internal_fnmatch
[INFO] [stderr]   [ 35%] Building CXX object third_party/abseil-cpp/absl/time/CMakeFiles/time.dir/format.cc.o
[INFO] [stderr]   [ 36%] Linking CXX static library libabsl_flags_commandlineflag.a
[INFO] [stderr]   [ 36%] Linking CXX static library libutf8_validity.a
[INFO] [stderr]   [ 36%] Built target flags_commandlineflag
[INFO] [stderr]   [ 37%] Building CXX object third_party/abseil-cpp/absl/flags/CMakeFiles/flags_private_handle_accessor.dir/internal/private_handle_accessor.cc.o
[INFO] [stderr]   [ 37%] Linking CXX static library libabsl_random_internal_seed_material.a
[INFO] [stderr]   [ 37%] Built target utf8_validity
[INFO] [stderr]   [ 37%] Building CXX object third_party/abseil-cpp/absl/time/CMakeFiles/time.dir/time.cc.o
[INFO] [stderr]   [ 37%] Linking CXX static library libabsl_random_distributions.a
[INFO] [stderr]   [ 37%] Linking CXX static library libabsl_log_internal_proto.a
[INFO] [stderr]   [ 37%] Built target random_internal_seed_material
[INFO] [stderr]   [ 37%] Building CXX object third_party/abseil-cpp/absl/random/CMakeFiles/random_internal_pool_urbg.dir/internal/pool_urbg.cc.o
[INFO] [stderr]   [ 37%] Built target random_distributions
[INFO] [stderr]   [ 37%] Building CXX object third_party/abseil-cpp/absl/strings/CMakeFiles/str_format_internal.dir/internal/str_format/extension.cc.o
[INFO] [stderr]   [ 37%] Built target log_internal_proto
[INFO] [stderr]   [ 37%] Building CXX object third_party/abseil-cpp/absl/strings/CMakeFiles/str_format_internal.dir/internal/str_format/float_conversion.cc.o
[INFO] [stderr]   [ 37%] Linking CXX static library libabsl_hash.a
[INFO] [stderr]   [ 37%] Building CXX object third_party/abseil-cpp/absl/strings/CMakeFiles/str_format_internal.dir/internal/str_format/output.cc.o
[INFO] [stderr]   [ 38%] Building CXX object third_party/abseil-cpp/absl/strings/CMakeFiles/str_format_internal.dir/internal/str_format/parser.cc.o
[INFO] [stderr]   [ 38%] Built target hash
[INFO] [stderr]   [ 38%] Linking CXX static library libabsl_flags_private_handle_accessor.a
[INFO] [stderr]   [ 38%] Linking CXX static library libabsl_symbolize.a
[INFO] [stderr]   [ 38%] Built target flags_private_handle_accessor
[INFO] [stderr]   [ 38%] Built target symbolize
[INFO] [stderr]   [ 38%] Building CXX object third_party/abseil-cpp/absl/debugging/CMakeFiles/examine_stack.dir/internal/examine_stack.cc.o
[INFO] [stderr]   [ 38%] Linking CXX static library libabsl_time.a
[INFO] [stderr]   [ 38%] Linking CXX static library libabsl_examine_stack.a
[INFO] [stderr]   [ 38%] Built target time
[INFO] [stderr]   [ 38%] Built target examine_stack
[INFO] [stderr]   [ 38%] Building CXX object third_party/abseil-cpp/absl/log/CMakeFiles/log_internal_globals.dir/internal/globals.cc.o
[INFO] [stderr]   [ 39%] Building CXX object third_party/abseil-cpp/absl/log/CMakeFiles/log_entry.dir/log_entry.cc.o
[INFO] [stderr]   [ 39%] Building CXX object third_party/abseil-cpp/absl/debugging/CMakeFiles/failure_signal_handler.dir/failure_signal_handler.cc.o
[INFO] [stderr]   [ 39%] Building CXX object third_party/abseil-cpp/absl/synchronization/CMakeFiles/kernel_timeout_internal.dir/internal/kernel_timeout.cc.o
[INFO] [stderr]   [ 39%] Linking CXX static library libabsl_random_internal_pool_urbg.a
[INFO] [stderr]   [ 39%] Built target random_internal_pool_urbg
[INFO] [stderr]   [ 40%] Building CXX object third_party/abseil-cpp/absl/random/CMakeFiles/random_seed_sequences.dir/seed_sequences.cc.o
[INFO] [stderr]   [ 40%] Linking CXX static library libabsl_str_format_internal.a
[INFO] [stderr]   [ 40%] Built target str_format_internal
[INFO] [stderr]   [ 40%] Building CXX object third_party/abseil-cpp/absl/crc/CMakeFiles/crc32c.dir/crc32c.cc.o
[INFO] [stderr]   [ 40%] Linking CXX static library libabsl_failure_signal_handler.a
[INFO] [stderr]   [ 40%] Linking CXX static library libabsl_kernel_timeout_internal.a
[INFO] [stderr]   [ 40%] Building CXX object third_party/abseil-cpp/absl/crc/CMakeFiles/crc32c.dir/internal/crc_memcpy_fallback.cc.o
[INFO] [stderr]   [ 40%] Building CXX object third_party/abseil-cpp/absl/flags/CMakeFiles/flags_marshalling.dir/marshalling.cc.o
[INFO] [stderr]   [ 40%] Building CXX object third_party/abseil-cpp/absl/crc/CMakeFiles/crc32c.dir/internal/crc_memcpy_x86_arm_combined.cc.o
[INFO] [stderr]   [ 40%] Built target failure_signal_handler
[INFO] [stderr]   [ 40%] Linking CXX static library libabsl_random_seed_sequences.a
[INFO] [stderr]   [ 40%] Linking CXX static library libabsl_log_entry.a
[INFO] [stderr]   [ 40%] Built target kernel_timeout_internal
[INFO] [stderr]   [ 40%] Building CXX object third_party/abseil-cpp/absl/random/CMakeFiles/random_internal_distribution_test_util.dir/internal/chi_square.cc.o
[INFO] [stderr]   [ 40%] Building CXX object third_party/abseil-cpp/absl/synchronization/CMakeFiles/synchronization.dir/barrier.cc.o
[INFO] [stderr]   [ 40%] Built target random_seed_sequences
[INFO] [stderr]   [ 41%] Building CXX object third_party/abseil-cpp/absl/synchronization/CMakeFiles/synchronization.dir/blocking_counter.cc.o
[INFO] [stderr]   [ 41%] Built target log_entry
[INFO] [stderr]   [ 42%] Building CXX object third_party/abseil-cpp/absl/crc/CMakeFiles/crc32c.dir/internal/crc_non_temporal_memcpy.cc.o
[INFO] [stderr]   [ 43%] Linking CXX static library libabsl_log_internal_globals.a
[INFO] [stderr]   [ 43%] Built target log_internal_globals
[INFO] [stderr]   [ 43%] Building CXX object third_party/abseil-cpp/absl/synchronization/CMakeFiles/synchronization.dir/internal/create_thread_identity.cc.o
[INFO] [stderr]   [ 43%] Building CXX object third_party/abseil-cpp/absl/random/CMakeFiles/random_internal_distribution_test_util.dir/internal/distribution_test_util.cc.o
[INFO] [stderr]   [ 44%] Building CXX object third_party/abseil-cpp/absl/log/CMakeFiles/log_sink.dir/log_sink.cc.o
[INFO] [stderr]   [ 44%] Building CXX object third_party/abseil-cpp/absl/log/CMakeFiles/log_internal_format.dir/internal/log_format.cc.o
[INFO] [stderr]   [ 44%] Building CXX object third_party/abseil-cpp/absl/synchronization/CMakeFiles/synchronization.dir/internal/futex_waiter.cc.o
[INFO] [stderr]   [ 44%] Building CXX object third_party/abseil-cpp/absl/synchronization/CMakeFiles/synchronization.dir/internal/per_thread_sem.cc.o
[INFO] [stderr]   [ 44%] Building CXX object third_party/abseil-cpp/absl/synchronization/CMakeFiles/synchronization.dir/internal/pthread_waiter.cc.o
[INFO] [stderr]   [ 44%] Linking CXX static library libabsl_log_sink.a
[INFO] [stderr]   [ 44%] Built target log_sink
[INFO] [stderr]   [ 45%] Building CXX object third_party/abseil-cpp/absl/synchronization/CMakeFiles/synchronization.dir/internal/sem_waiter.cc.o
[INFO] [stderr]   [ 45%] Building CXX object third_party/abseil-cpp/absl/synchronization/CMakeFiles/synchronization.dir/internal/stdcpp_waiter.cc.o
[INFO] [stderr]   [ 45%] Linking CXX static library libabsl_log_internal_format.a
[INFO] [stderr]   [ 45%] Linking CXX static library libabsl_flags_marshalling.a
[INFO] [stderr]   [ 45%] Linking CXX static library libabsl_random_internal_distribution_test_util.a
[INFO] [stderr]   [ 45%] Building CXX object third_party/abseil-cpp/absl/synchronization/CMakeFiles/synchronization.dir/internal/waiter_base.cc.o
[INFO] [stderr]   [ 45%] Built target flags_marshalling
[INFO] [stderr]   [ 45%] Built target log_internal_format
[INFO] [stderr]   [ 45%] Building CXX object third_party/abseil-cpp/absl/synchronization/CMakeFiles/synchronization.dir/internal/win32_waiter.cc.o
[INFO] [stderr]   [ 45%] Built target random_internal_distribution_test_util
[INFO] [stderr]   [ 45%] Building CXX object third_party/abseil-cpp/absl/synchronization/CMakeFiles/synchronization.dir/notification.cc.o
[INFO] [stderr]   [ 45%] Building CXX object third_party/abseil-cpp/absl/synchronization/CMakeFiles/synchronization.dir/mutex.cc.o
[INFO] [stderr]   [ 45%] Linking CXX static library libabsl_crc32c.a
[INFO] [stderr]   [ 45%] Built target crc32c
[INFO] [stderr]   [ 45%] Building CXX object third_party/abseil-cpp/absl/crc/CMakeFiles/crc_cord_state.dir/internal/crc_cord_state.cc.o
[INFO] [stderr]   [ 46%] Linking CXX static library libabsl_synchronization.a
[INFO] [stderr]   [ 46%] Built target synchronization
[INFO] [stderr]   [ 46%] Building CXX object third_party/abseil-cpp/absl/container/CMakeFiles/hashtablez_sampler.dir/internal/hashtablez_sampler.cc.o
[INFO] [stderr]   [ 46%] Building CXX object third_party/abseil-cpp/absl/container/CMakeFiles/hashtablez_sampler.dir/internal/hashtablez_sampler_force_weak_definition.cc.o
[INFO] [stderr]   [ 46%] Building CXX object third_party/abseil-cpp/absl/flags/CMakeFiles/flags_program_name.dir/internal/program_name.cc.o
[INFO] [stderr]   [ 46%] Building CXX object third_party/abseil-cpp/absl/strings/CMakeFiles/cordz_handle.dir/internal/cordz_handle.cc.o
[INFO] [stderr]   [ 46%] Building CXX object third_party/abseil-cpp/absl/log/CMakeFiles/vlog_config_internal.dir/internal/vlog_config.cc.o
[INFO] [stderr]   [ 46%] Linking CXX static library libabsl_crc_cord_state.a
[INFO] [stderr]   [ 46%] Built target crc_cord_state
[INFO] [stderr]   [ 46%] Building CXX object third_party/abseil-cpp/absl/strings/CMakeFiles/cord_internal.dir/internal/cord_internal.cc.o
[INFO] [stderr]   [ 46%] Building CXX object third_party/abseil-cpp/absl/strings/CMakeFiles/cord_internal.dir/internal/cord_rep_btree.cc.o
[INFO] [stderr]   [ 47%] Building CXX object third_party/abseil-cpp/absl/strings/CMakeFiles/cord_internal.dir/internal/cord_rep_btree_navigator.cc.o
[INFO] [stderr]   [ 47%] Building CXX object third_party/abseil-cpp/absl/strings/CMakeFiles/cord_internal.dir/internal/cord_rep_consume.cc.o
[INFO] [stderr]   [ 47%] Building CXX object third_party/abseil-cpp/absl/strings/CMakeFiles/cord_internal.dir/internal/cord_rep_btree_reader.cc.o
[INFO] [stderr]   [ 47%] Building CXX object third_party/abseil-cpp/absl/strings/CMakeFiles/cord_internal.dir/internal/cord_rep_crc.cc.o
[INFO] [stderr]   [ 47%] Linking CXX static library libabsl_flags_program_name.a
[INFO] [stderr]   [ 47%] Built target flags_program_name
[INFO] [stderr]   [ 47%] Linking CXX static library libabsl_hashtablez_sampler.a
[INFO] [stderr]   [ 47%] Building CXX object third_party/abseil-cpp/absl/flags/CMakeFiles/flags_config.dir/usage_config.cc.o
[INFO] [stderr]   [ 47%] Built target hashtablez_sampler
[INFO] [stderr]   [ 47%] Building CXX object third_party/abseil-cpp/absl/container/CMakeFiles/raw_hash_set.dir/internal/raw_hash_set.cc.o
[INFO] [stderr]   [ 47%] Linking CXX static library libabsl_cordz_handle.a
[INFO] [stderr]   [ 47%] Built target cordz_handle
[INFO] [stderr]   [ 47%] Linking CXX static library libabsl_flags_config.a
[INFO] [stderr]   [ 48%] Linking CXX static library libabsl_vlog_config_internal.a
[INFO] [stderr]   [ 48%] Built target flags_config
[INFO] [stderr]   [ 48%] Building CXX object third_party/abseil-cpp/absl/flags/CMakeFiles/flags_internal.dir/internal/flag.cc.o
[INFO] [stderr]   [ 48%] Built target vlog_config_internal
[INFO] [stderr]   [ 48%] Building CXX object third_party/abseil-cpp/absl/log/CMakeFiles/log_globals.dir/globals.cc.o
[INFO] [stderr]   [ 48%] Linking CXX static library libabsl_cord_internal.a
[INFO] [stderr]   [ 48%] Built target cord_internal
[INFO] [stderr]   [ 48%] Building CXX object third_party/abseil-cpp/absl/strings/CMakeFiles/cordz_info.dir/internal/cordz_info.cc.o
[INFO] [stderr]   [ 48%] Linking CXX static library libabsl_raw_hash_set.a
[INFO] [stderr]   [ 48%] Built target raw_hash_set
[INFO] [stderr]   [ 49%] Linking CXX static library libabsl_flags_internal.a
[INFO] [stderr]   [ 49%] Built target flags_internal
[INFO] [stderr]   [ 50%] Linking CXX static library libabsl_log_globals.a
[INFO] [stderr]   [ 50%] Built target log_globals
[INFO] [stderr]   [ 50%] Building CXX object third_party/abseil-cpp/absl/log/CMakeFiles/log_internal_log_sink_set.dir/internal/log_sink_set.cc.o
[INFO] [stderr]   [ 50%] Building CXX object third_party/abseil-cpp/absl/log/CMakeFiles/log_initialize.dir/initialize.cc.o
[INFO] [stderr]   [ 50%] Linking CXX static library libabsl_cordz_info.a
[INFO] [stderr]   [ 50%] Built target cordz_info
[INFO] [stderr]   [ 51%] Building CXX object third_party/abseil-cpp/absl/strings/CMakeFiles/cordz_sample_token.dir/internal/cordz_sample_token.cc.o
[INFO] [stderr]   [ 52%] Building CXX object third_party/abseil-cpp/absl/strings/CMakeFiles/cord.dir/cord.cc.o
[INFO] [stderr]   [ 52%] Building CXX object third_party/abseil-cpp/absl/strings/CMakeFiles/cord.dir/cord_analysis.cc.o
[INFO] [stderr]   [ 52%] Building CXX object third_party/abseil-cpp/absl/strings/CMakeFiles/cord.dir/cord_buffer.cc.o
[INFO] [stderr]   [ 52%] Linking CXX static library libabsl_log_initialize.a
[INFO] [stderr]   [ 52%] Built target log_initialize
[INFO] [stderr]   [ 52%] Linking CXX static library libabsl_cordz_sample_token.a
[INFO] [stderr]   [ 52%] Built target cordz_sample_token
[INFO] [stderr]   [ 52%] Linking CXX static library libabsl_log_internal_log_sink_set.a
[INFO] [stderr]   [ 52%] Built target log_internal_log_sink_set
[INFO] [stderr]   [ 52%] Building CXX object third_party/abseil-cpp/absl/log/CMakeFiles/log_internal_message.dir/internal/log_message.cc.o
[INFO] [stderr]   [ 52%] Linking CXX static library libabsl_cord.a
[INFO] [stderr]   [ 52%] Built target cord
[INFO] [stderr]   [ 52%] Building CXX object third_party/abseil-cpp/absl/flags/CMakeFiles/flags_reflection.dir/reflection.cc.o
[INFO] [stderr]   [ 52%] Linking CXX static library libabsl_log_internal_message.a
[INFO] [stderr]   [ 52%] Built target log_internal_message
[INFO] [stderr]   [ 53%] Building CXX object third_party/abseil-cpp/absl/status/CMakeFiles/status.dir/internal/status_internal.cc.o
[INFO] [stderr]   [ 53%] Building CXX object third_party/abseil-cpp/absl/log/CMakeFiles/log_internal_check_op.dir/internal/check_op.cc.o
[INFO] [stderr]   [ 53%] Building CXX object third_party/abseil-cpp/absl/log/CMakeFiles/die_if_null.dir/die_if_null.cc.o
[INFO] [stderr]   [ 53%] Building CXX object third_party/abseil-cpp/absl/status/CMakeFiles/status.dir/status.cc.o
[INFO] [stderr]   [ 53%] Building CXX object third_party/abseil-cpp/absl/status/CMakeFiles/status.dir/status_payload_printer.cc.o
[INFO] [stderr]   [ 53%] Linking CXX static library libabsl_log_internal_check_op.a
[INFO] [stderr]   [ 53%] Linking CXX static library libabsl_die_if_null.a
[INFO] [stderr]   [ 53%] Built target die_if_null
[INFO] [stderr]   [ 53%] Built target log_internal_check_op
[INFO] [stderr]   [ 53%] Linking CXX static library libabsl_flags_reflection.a
[INFO] [stderr]   [ 53%] Built target flags_reflection
[INFO] [stderr]   [ 53%] Linking CXX static library libabsl_status.a
[INFO] [stderr]   [ 53%] Building CXX object third_party/abseil-cpp/absl/log/CMakeFiles/log_flags.dir/flags.cc.o
[INFO] [stderr]   [ 53%] Building CXX object third_party/abseil-cpp/absl/flags/CMakeFiles/flags_usage_internal.dir/internal/usage.cc.o
[INFO] [stderr]   [ 53%] Built target status
[INFO] [stderr]   [ 53%] Building CXX object third_party/abseil-cpp/absl/status/CMakeFiles/statusor.dir/statusor.cc.o
[INFO] [stderr]   [ 53%] Linking CXX static library libabsl_log_flags.a
[INFO] [stderr]   [ 53%] Built target log_flags
[INFO] [stderr]   [ 54%] Linking CXX static library libabsl_statusor.a
[INFO] [stderr]   [ 54%] Built target statusor
[INFO] [stderr]   [ 54%] Building CXX object CMakeFiles/libprotobuf-lite.dir/src/google/protobuf/arena_align.cc.o
[INFO] [stderr]   [ 54%] Building CXX object CMakeFiles/libprotobuf-lite.dir/src/google/protobuf/generated_message_tctable_lite.cc.o
[INFO] [stderr]   [ 54%] Building CXX object CMakeFiles/libprotobuf-lite.dir/src/google/protobuf/implicit_weak_message.cc.o
[INFO] [stderr]   [ 54%] Building CXX object CMakeFiles/libprotobuf-lite.dir/src/google/protobuf/generated_message_util.cc.o
[INFO] [stderr]   [ 55%] Building CXX object CMakeFiles/libprotobuf-lite.dir/src/google/protobuf/generated_enum_util.cc.o
[INFO] [stderr]   [ 55%] Building CXX object CMakeFiles/libprotobuf-lite.dir/src/google/protobuf/inlined_string_field.cc.o
[INFO] [stderr]   [ 55%] Building CXX object CMakeFiles/libprotobuf-lite.dir/src/google/protobuf/io/coded_stream.cc.o
[INFO] [stderr]   [ 55%] Building CXX object CMakeFiles/libprotobuf-lite.dir/src/google/protobuf/arenastring.cc.o
[INFO] [stderr]   [ 56%] Building CXX object CMakeFiles/libprotobuf-lite.dir/src/google/protobuf/arena.cc.o
[INFO] [stderr]   [ 56%] Building CXX object CMakeFiles/libprotobuf-lite.dir/src/google/protobuf/any_lite.cc.o
[INFO] [stderr]   [ 56%] Building CXX object CMakeFiles/libprotobuf-lite.dir/src/google/protobuf/extension_set.cc.o
[INFO] [stderr]   [ 57%] Building CXX object CMakeFiles/libprotobuf.dir/src/google/protobuf/any.pb.cc.o
[INFO] [stderr]   [ 57%] Building CXX object CMakeFiles/libprotobuf-lite.dir/src/google/protobuf/arenaz_sampler.cc.o
[INFO] [stderr]   [ 57%] Building CXX object CMakeFiles/libprotobuf.dir/src/google/protobuf/api.pb.cc.o
[INFO] [stderr]   [ 57%] Building CXX object CMakeFiles/libprotobuf.dir/src/google/protobuf/duration.pb.cc.o
[INFO] [stderr]   [ 58%] Building CXX object CMakeFiles/libprotobuf-lite.dir/src/google/protobuf/io/io_win32.cc.o
[INFO] [stderr]   [ 58%] Building CXX object CMakeFiles/libprotobuf.dir/src/google/protobuf/empty.pb.cc.o
[INFO] [stderr]   [ 58%] Building CXX object CMakeFiles/libprotobuf.dir/src/google/protobuf/field_mask.pb.cc.o
[INFO] [stderr]   [ 59%] Building CXX object CMakeFiles/libprotobuf.dir/src/google/protobuf/source_context.pb.cc.o
[INFO] [stderr]   [ 59%] Building CXX object CMakeFiles/libprotobuf.dir/src/google/protobuf/struct.pb.cc.o
[INFO] [stderr]   [ 59%] Building CXX object CMakeFiles/libprotobuf.dir/src/google/protobuf/type.pb.cc.o
[INFO] [stderr]   [ 59%] Building CXX object CMakeFiles/libprotobuf.dir/src/google/protobuf/wrappers.pb.cc.o
[INFO] [stderr]   [ 59%] Building CXX object CMakeFiles/libprotobuf.dir/src/google/protobuf/timestamp.pb.cc.o
[INFO] [stderr]   [ 60%] Building CXX object CMakeFiles/libprotobuf.dir/src/google/protobuf/any_lite.cc.o
[INFO] [stderr]   [ 60%] Building CXX object CMakeFiles/libprotobuf.dir/src/google/protobuf/any.cc.o
[INFO] [stderr] 
[INFO] [stderr]   --- stderr
[INFO] [stderr]   running: cd "/opt/rustwide/target/release/build/protobuf-src/4eac6c70820cd390/out/build" && CMAKE_PREFIX_PATH="" LC_ALL="C" "cmake" "/opt/rustwide/cargo-home/registry/src/index.crates.io-1949cf8c6b5b557f/protobuf-src-2.1.1+27.1/protobuf" "-B" "/opt/rustwide/target/release/build/protobuf-src/4eac6c70820cd390/out/build" "-DABSL_PROPAGATE_CXX_STD=ON" "-Dprotobuf_BUILD_TESTS=OFF" "-Dprotobuf_DEBUG_POSTFIX=" "-DCMAKE_CXX_STANDARD=14" "-DCMAKE_INSTALL_LIBDIR=lib" "-DCMAKE_INSTALL_PREFIX=/opt/rustwide/target/release/build/protobuf-src/4eac6c70820cd390/out" "-DCMAKE_C_FLAGS= -ffunction-sections -fdata-sections -fPIC -m64" "-DCMAKE_C_COMPILER=/usr/bin/cc" "-DCMAKE_CXX_FLAGS= -ffunction-sections -fdata-sections -fPIC -m64" "-DCMAKE_CXX_COMPILER=/usr/bin/c++" "-DCMAKE_ASM_FLAGS= -ffunction-sections -fdata-sections -fPIC -m64" "-DCMAKE_ASM_COMPILER=/usr/bin/cc" "-DCMAKE_BUILD_TYPE=Debug"
[INFO] [stderr]   CMake Deprecation Warning at CMakeLists.txt:7 (cmake_policy):
[INFO] [stderr]     The OLD behavior for policy CMP0141 will be removed from a future version
[INFO] [stderr]     of CMake.
[INFO] [stderr] 
[INFO] [stderr]     The cmake-policies(7) manual explains that the OLD behaviors of all
[INFO] [stderr]     policies are deprecated and that a policy should be set to OLD only under
[INFO] [stderr]     specific short-term circumstances.  Projects should be ported to the NEW
[INFO] [stderr]     behavior and not rely on setting a policy to OLD.
[INFO] [stderr] 
[INFO] [stderr] 
[INFO] [stderr]   CMake Deprecation Warning at third_party/utf8_range/CMakeLists.txt:1 (cmake_minimum_required):
[INFO] [stderr]     Compatibility with CMake < 3.10 will be removed from a future version of
[INFO] [stderr]     CMake.
[INFO] [stderr] 
[INFO] [stderr]     Update the VERSION argument <min> value.  Or, use the <min>...<max> syntax
[INFO] [stderr]     to tell CMake that the project requires at least <min> but has been updated
[INFO] [stderr]     to work with policies introduced by <max> or earlier.
[INFO] [stderr] 
[INFO] [stderr] 
[INFO] [stderr]   CMake Warning:
[INFO] [stderr]     Manually-specified variables were not used by the project:
[INFO] [stderr] 
[INFO] [stderr]       CMAKE_ASM_COMPILER
[INFO] [stderr]       CMAKE_ASM_FLAGS
[INFO] [stderr] 
[INFO] [stderr] 
[INFO] [stderr]   running: cd "/opt/rustwide/target/release/build/protobuf-src/4eac6c70820cd390/out/build" && LC_ALL="C" MAKEFLAGS="-j --jobserver-fds=4,5 --jobserver-auth=4,5" "cmake" "--build" "/opt/rustwide/target/release/build/protobuf-src/4eac6c70820cd390/out/build" "--target" "install" "--config" "Debug"
[INFO] [stderr]   c++: fatal error: Killed signal terminated program cc1plus
[INFO] [stderr]   compilation terminated.
[INFO] [stderr]   gmake[2]: *** [third_party/abseil-cpp/absl/flags/CMakeFiles/flags_usage_internal.dir/build.make:79: third_party/abseil-cpp/absl/flags/CMakeFiles/flags_usage_internal.dir/internal/usage.cc.o] Error 1
[INFO] [stderr]   gmake[1]: *** [CMakeFiles/Makefile2:4024: third_party/abseil-cpp/absl/flags/CMakeFiles/flags_usage_internal.dir/all] Error 2
[INFO] [stderr]   gmake[1]: *** Waiting for unfinished jobs....
[INFO] [stderr]   c++: fatal error: Killed signal terminated program cc1plus
[INFO] [stderr]   compilation terminated.
[INFO] [stderr]   gmake[2]: *** [CMakeFiles/libprotobuf-lite.dir/build.make:177: CMakeFiles/libprotobuf-lite.dir/src/google/protobuf/generated_message_tctable_lite.cc.o] Error 1
[INFO] [stderr]   gmake[2]: *** Waiting for unfinished jobs....
[INFO] [stderr]   c++: fatal error: Killed signal terminated program cc1plus
[INFO] [stderr]   compilation terminated.
[INFO] [stderr]   gmake[2]: *** [CMakeFiles/libprotobuf-lite.dir/build.make:163: CMakeFiles/libprotobuf-lite.dir/src/google/protobuf/generated_enum_util.cc.o] Error 1
[INFO] [stderr]   c++: fatal error: Killed signal terminated program cc1plus
[INFO] [stderr]   compilation terminated.
[INFO] [stderr]   gmake[2]: *** [CMakeFiles/libprotobuf-lite.dir/build.make:149: CMakeFiles/libprotobuf-lite.dir/src/google/protobuf/extension_set.cc.o] Error 1
[INFO] [stderr]   c++: fatal error: Killed signal terminated program cc1plus
[INFO] [stderr]   compilation terminated.
[INFO] [stderr]   gmake[2]: *** [CMakeFiles/libprotobuf-lite.dir/build.make:191: CMakeFiles/libprotobuf-lite.dir/src/google/protobuf/generated_message_util.cc.o] Error 1
[INFO] [stderr]   c++: fatal error: Killed signal terminated program cc1plus
[INFO] [stderr]   compilation terminated.
[INFO] [stderr]   gmake[2]: *** [CMakeFiles/libprotobuf-lite.dir/build.make:233: CMakeFiles/libprotobuf-lite.dir/src/google/protobuf/io/coded_stream.cc.o] Error 1
[INFO] [stderr]   c++: fatal error: Killed signal terminated program cc1plus
[INFO] [stderr]   compilation terminated.
[INFO] [stderr]   gmake[2]: *** [CMakeFiles/libprotobuf-lite.dir/build.make:79: CMakeFiles/libprotobuf-lite.dir/src/google/protobuf/any_lite.cc.o] Error 1
[INFO] [stderr]   c++: fatal error: Killed signal terminated program cc1plus
[INFO] [stderr]   compilation terminated.
[INFO] [stderr]   gmake[2]: *** [CMakeFiles/libprotobuf.dir/build.make:107: CMakeFiles/libprotobuf.dir/src/google/protobuf/duration.pb.cc.o] Error 1
[INFO] [stderr]   gmake[2]: *** Waiting for unfinished jobs....
[INFO] [stderr]   c++: fatal error: Killed signal terminated program cc1plus
[INFO] [stderr]   compilation terminated.
[INFO] [stderr]   gmake[2]: *** [CMakeFiles/libprotobuf.dir/build.make:79: CMakeFiles/libprotobuf.dir/src/google/protobuf/any.pb.cc.o] Error 1
[INFO] [stderr]   c++: fatal error: Killed signal terminated program cc1plus
[INFO] [stderr]   compilation terminated.
[INFO] [stderr]   gmake[2]: *** [CMakeFiles/libprotobuf.dir/build.make:93: CMakeFiles/libprotobuf.dir/src/google/protobuf/api.pb.cc.o] Error 1
[INFO] [stderr]   c++: fatal error: Killed signal terminated program cc1plus
[INFO] [stderr]   compilation terminated.
[INFO] [stderr]   gmake[2]: *** [CMakeFiles/libprotobuf-lite.dir/build.make:121: CMakeFiles/libprotobuf-lite.dir/src/google/protobuf/arenastring.cc.o] Error 1
[INFO] [stderr]   c++: fatal error: Killed signal terminated program cc1plus
[INFO] [stderr]   compilation terminated.
[INFO] [stderr]   gmake[2]: *** [CMakeFiles/libprotobuf.dir/build.make:135: CMakeFiles/libprotobuf.dir/src/google/protobuf/field_mask.pb.cc.o] Error 1
[INFO] [stderr]   c++: fatal error: Killed signal terminated program cc1plus
[INFO] [stderr]   compilation terminated.
[INFO] [stderr]   gmake[2]: *** [CMakeFiles/libprotobuf-lite.dir/build.make:205: CMakeFiles/libprotobuf-lite.dir/src/google/protobuf/implicit_weak_message.cc.o] Error 1
[INFO] [stderr]   c++: fatal error: Killed signal terminated program cc1plus
[INFO] [stderr]   compilation terminated.
[INFO] [stderr]   gmake[2]: *** [CMakeFiles/libprotobuf-lite.dir/build.make:219: CMakeFiles/libprotobuf-lite.dir/src/google/protobuf/inlined_string_field.cc.o] Error 1
[INFO] [stderr]   gmake[1]: *** [CMakeFiles/Makefile2:986: CMakeFiles/libprotobuf-lite.dir/all] Error 2
[INFO] [stderr]   c++: fatal error: Killed signal terminated program cc1plus
[INFO] [stderr]   compilation terminated.
[INFO] [stderr]   gmake[2]: *** [CMakeFiles/libprotobuf.dir/build.make:149: CMakeFiles/libprotobuf.dir/src/google/protobuf/source_context.pb.cc.o] Error 1
[INFO] [stderr]   c++: fatal error: Killed signal terminated program cc1plus
[INFO] [stderr]   compilation terminated.
[INFO] [stderr]   gmake[2]: *** [CMakeFiles/libprotobuf.dir/build.make:121: CMakeFiles/libprotobuf.dir/src/google/protobuf/empty.pb.cc.o] Error 1
[INFO] [stderr]   gmake[1]: *** [CMakeFiles/Makefile2:1097: CMakeFiles/libprotobuf.dir/all] Error 2
[INFO] [stderr]   gmake: *** [Makefile:136: all] Error 2
[INFO] [stderr] 
[INFO] [stderr]   thread 'main' (677) panicked at /opt/rustwide/cargo-home/registry/src/index.crates.io-1949cf8c6b5b557f/cmake-0.1.58/src/lib.rs:1132:5:
[INFO] [stderr] 
[INFO] [stderr]   command did not execute successfully, got: exit status: 2
[INFO] [stderr] 
[INFO] [stderr]   build script failed, must exit now
[INFO] [stderr]   stack backtrace:
[INFO] [stderr]      0:     0x566f8babdbf1 - <<std[617be2ca0a6fd877]::sys::backtrace::BacktraceLock>::print::DisplayBacktrace as core[a373ad73a504971]::fmt::Display>::fmt
[INFO] [stderr]      1:     0x566f8bad1bfa - core[a373ad73a504971]::fmt::write
[INFO] [stderr]      2:     0x566f8bac344c - <std[617be2ca0a6fd877]::sys::stdio::unix::Stderr as core[a373ad73a504971]::io::write::Write>::write_fmt
[INFO] [stderr]      3:     0x566f8ba9d3d6 - std[617be2ca0a6fd877]::panicking::default_hook::{closure#0}
[INFO] [stderr]      4:     0x566f8bab8891 - std[617be2ca0a6fd877]::panicking::default_hook
[INFO] [stderr]      5:     0x566f8bab8a4b - std[617be2ca0a6fd877]::panicking::panic_with_hook
[INFO] [stderr]      6:     0x566f8ba9d482 - std[617be2ca0a6fd877]::panicking::panic_handler::{closure#0}
[INFO] [stderr]      7:     0x566f8ba960f9 - std[617be2ca0a6fd877]::sys::backtrace::__rust_end_short_backtrace::<std[617be2ca0a6fd877]::panicking::panic_handler::{closure#0}, !>
[INFO] [stderr]      8:     0x566f8ba9dc6d - __rustc[ea4f61d10b84890b]::rust_begin_unwind
[INFO] [stderr]      9:     0x566f8bad236c - core[a373ad73a504971]::panicking::panic_fmt
[INFO] [stderr]     10:     0x566f8ba2bff7 - cmake[22e4481d390b2794]::fail
[INFO] [stderr]     11:     0x566f8ba2bc83 - cmake[22e4481d390b2794]::run
[INFO] [stderr]     12:     0x566f8ba31c55 - <cmake[22e4481d390b2794]::Config>::build
[INFO] [stderr]     13:     0x566f8ba1ed12 - build_script_build[2064c0548e14d6ee]::main
[INFO] [stderr]     14:     0x566f8ba1f45b - <fn() -> core[a373ad73a504971]::result::Result<(), alloc[2e1b2a31b91974c5]::boxed::Box<dyn core[a373ad73a504971]::error::Error>> as core[a373ad73a504971]::ops::function::FnOnce<()>>::call_once
[INFO] [stderr]     15:     0x566f8ba1eb86 - std[617be2ca0a6fd877]::sys::backtrace::__rust_begin_short_backtrace::<fn() -> core[a373ad73a504971]::result::Result<(), alloc[2e1b2a31b91974c5]::boxed::Box<dyn core[a373ad73a504971]::error::Error>>, core[a373ad73a504971]::result::Result<(), alloc[2e1b2a31b91974c5]::boxed::Box<dyn core[a373ad73a504971]::error::Error>>>
[INFO] [stderr]     16:     0x566f8ba1eb99 - std[617be2ca0a6fd877]::rt::lang_start::<core[a373ad73a504971]::result::Result<(), alloc[2e1b2a31b91974c5]::boxed::Box<dyn core[a373ad73a504971]::error::Error>>>::{closure#0}
[INFO] [stderr]     17:     0x566f8bab7b98 - std[617be2ca0a6fd877]::rt::lang_start_internal
[INFO] [stderr]     18:     0x566f8ba1e691 - std[617be2ca0a6fd877]::rt::lang_start::<core[a373ad73a504971]::result::Result<(), alloc[2e1b2a31b91974c5]::boxed::Box<dyn core[a373ad73a504971]::error::Error>>>
[INFO] [stderr]     19:     0x566f8ba1f4c5 - main
[INFO] [stderr]     20:     0x735a25825601 - <unknown>
[INFO] [stderr]     21:     0x735a25825718 - __libc_start_main
[INFO] [stderr]     22:     0x566f8ba1da75 - _start
[INFO] [stderr]     23:                0x0 - <unknown>
[INFO] running `Command { std: "docker" "inspect" "e50fa67e040e350db307e14ce226520eb77223ade7799dd42990b70c05742152", kill_on_drop: false }`
[INFO] running `Command { std: "docker" "rm" "-f" "e50fa67e040e350db307e14ce226520eb77223ade7799dd42990b70c05742152", kill_on_drop: false }`
[INFO] [stdout] e50fa67e040e350db307e14ce226520eb77223ade7799dd42990b70c05742152
