[INFO] fetching crate perl-workspace-index 0.12.2...
[INFO] testing perl-workspace-index-0.12.2 against 1.100.0-beta.1+cargoflags=--release for beta-release-1.100-2
[INFO] extracting crate perl-workspace-index 0.12.2 into /workspace/builds/worker-4-tc2/source
[INFO] started tweaking crates.io crate perl-workspace-index 0.12.2
[INFO] finished tweaking crates.io crate perl-workspace-index 0.12.2
[INFO] tweaked toml for crates.io crate perl-workspace-index 0.12.2 written to /workspace/builds/worker-4-tc2/source/Cargo.toml
[INFO] validating manifest of crates.io crate perl-workspace-index 0.12.2 on toolchain 1.100.0-beta.1
[INFO] running `Command { std: CARGO_HOME="/workspace/cargo-home" RUSTUP_HOME="/workspace/rustup-home" "/workspace/cargo-home/bin/cargo" "+1.100.0-beta.1" "metadata" "--manifest-path" "Cargo.toml" "--no-deps", kill_on_drop: false }`
[INFO] crate crates.io crate perl-workspace-index 0.12.2 already has a lockfile, it will not be regenerated
[INFO] running `Command { std: CARGO_HOME="/workspace/cargo-home" RUSTUP_HOME="/workspace/rustup-home" "/workspace/cargo-home/bin/cargo" "+1.100.0-beta.1" "fetch" "--manifest-path" "Cargo.toml", kill_on_drop: false }`
[INFO] [stderr] warning: `package.homepage` is redundant with `package.repository`
[INFO] [stderr]   --> Cargo.toml:79:12
[INFO] [stderr]    |
[INFO] [stderr] 79 | homepage = "https://github.com/EffortlessMetrics/perl-lsp"
[INFO] [stderr]    |            ^^^^^^^^^^^^^^^^^^^^^^^^^^^^^^^^^^^^^^^^^^^^^^^
[INFO] [stderr] ...
[INFO] [stderr] 85 | repository = "https://github.com/EffortlessMetrics/perl-lsp"
[INFO] [stderr]    |              -----------------------------------------------
[INFO] [stderr]    |
[INFO] [stderr]    = note: `cargo::redundant_homepage` is set to `warn` by default
[INFO] [stderr] help: consider removing `package.homepage`
[INFO] [stderr] warning: `perl-workspace-index` (manifest) generated 1 warning
[INFO] running `Command { std: "docker" "create" "-v" "/var/lib/crater-agent-workspace/builds/worker-4-tc2/source:/opt/rustwide/workdir:ro,Z" "-v" "/var/lib/crater-agent-workspace/builds/worker-4-tc2/target:/opt/rustwide/target:rw,Z" "-v" "/var/lib/crater-agent-workspace/cargo-home:/opt/rustwide/cargo-home:ro,Z" "-v" "/var/lib/crater-agent-workspace/rustup-home:/opt/rustwide/rustup-home:ro,Z" "-m" "1610612736" "--network" "none" "ghcr.io/rust-lang/crates-build-env/linux@sha256:77db811e55d90add9212f6832c23229e3de5f1c1f9905e8cb07319ea15df73ac" "sleep" "infinity", kill_on_drop: false }`
[INFO] [stdout] 3ccffb2d047f4105f0c0eb32780031074522cb57327fd9a8290c11e5aee4245d
[INFO] running `Command { std: "docker" "start" "3ccffb2d047f4105f0c0eb32780031074522cb57327fd9a8290c11e5aee4245d", kill_on_drop: false }`
[INFO] running `Command { std: "docker" "inspect" "3ccffb2d047f4105f0c0eb32780031074522cb57327fd9a8290c11e5aee4245d", kill_on_drop: false }`
[INFO] running `Command { std: "docker" "exec" "-e" "SOURCE_DIR=/opt/rustwide/workdir" "-e" "CARGO_HOME=/opt/rustwide/cargo-home" "-e" "RUSTUP_HOME=/opt/rustwide/rustup-home" "-e" "CARGO_TARGET_DIR=/opt/rustwide/target" "-w" "/opt/rustwide/workdir" "--user" "0:0" "3ccffb2d047f4105f0c0eb32780031074522cb57327fd9a8290c11e5aee4245d" "/opt/rustwide/cargo-home/bin/cargo" "+1.100.0-beta.1" "metadata" "--no-deps" "--format-version=1", kill_on_drop: false }`
[INFO] running `Command { std: "docker" "inspect" "3ccffb2d047f4105f0c0eb32780031074522cb57327fd9a8290c11e5aee4245d", kill_on_drop: false }`
[INFO] running `Command { std: "docker" "exec" "-e" "SOURCE_DIR=/opt/rustwide/workdir" "-e" "CARGO_HOME=/opt/rustwide/cargo-home" "-e" "RUSTUP_HOME=/opt/rustwide/rustup-home" "-e" "CARGO_TARGET_DIR=/opt/rustwide/target" "-e" "CARGO_INCREMENTAL=0" "-e" "RUST_BACKTRACE=full" "-e" "RUSTFLAGS=--cap-lints=warn" "-e" "RUSTDOCFLAGS=--cap-lints=warn" "-w" "/opt/rustwide/workdir" "--user" "0:0" "3ccffb2d047f4105f0c0eb32780031074522cb57327fd9a8290c11e5aee4245d" "/opt/rustwide/cargo-home/bin/cargo" "+1.100.0-beta.1" "build" "--frozen" "--message-format=json" "--release", kill_on_drop: false }`
[INFO] [stderr] warning: `package.homepage` is redundant with `package.repository`
[INFO] [stderr]   --> Cargo.toml:79:12
[INFO] [stderr]    |
[INFO] [stderr] 79 | homepage = "https://github.com/EffortlessMetrics/perl-lsp"
[INFO] [stderr]    |            ^^^^^^^^^^^^^^^^^^^^^^^^^^^^^^^^^^^^^^^^^^^^^^^
[INFO] [stderr] ...
[INFO] [stderr] 85 | repository = "https://github.com/EffortlessMetrics/perl-lsp"
[INFO] [stderr]    |              -----------------------------------------------
[INFO] [stderr]    |
[INFO] [stderr]    = note: `cargo::redundant_homepage` is set to `warn` by default
[INFO] [stderr] help: consider removing `package.homepage`
[INFO] [stderr] warning: `perl-workspace-index` (manifest) generated 1 warning
[INFO] [stderr]    Compiling smallvec v1.15.1
[INFO] [stderr]    Compiling itoa v1.0.17
[INFO] [stderr]    Compiling fluent-uri v0.1.4
[INFO] [stderr]    Compiling str_indices v0.4.4
[INFO] [stderr]    Compiling serde v1.0.228
[INFO] [stderr]    Compiling serde_repr v0.1.20
[INFO] [stderr]    Compiling phf_shared v0.13.1
[INFO] [stderr]    Compiling perl-token v0.12.2
[INFO] [stderr]    Compiling tracing v0.1.44
[INFO] [stderr]    Compiling serde_json v1.0.149
[INFO] [stderr]    Compiling ropey v1.6.1
[INFO] [stderr]    Compiling phf_generator v0.13.1
[INFO] [stderr]    Compiling icu_normalizer v2.1.1
[INFO] [stderr]    Compiling parking_lot_core v0.9.12
[INFO] [stderr]    Compiling phf_macros v0.13.1
[INFO] [stderr]    Compiling perl-keywords v0.12.2
[INFO] [stderr]    Compiling parking_lot v0.12.5
[INFO] [stderr]    Compiling perl-regex v0.12.2
[INFO] [stderr]    Compiling perl-quote v0.12.2
[INFO] [stderr]    Compiling idna_adapter v1.2.1
[INFO] [stderr]    Compiling phf v0.13.1
[INFO] [stderr]    Compiling idna v1.1.0
[INFO] [stderr]    Compiling perl-builtins-phf v0.12.2
[INFO] [stderr]    Compiling perl-builtins v0.12.2
[INFO] [stderr]    Compiling perl-percentile v0.12.2
[INFO] [stderr]    Compiling perl-workspace-index-slo v0.12.2
[INFO] [stderr]    Compiling perl-workspace-index-monitoring v0.12.2
[INFO] [stderr]    Compiling lsp-types v0.97.0
[INFO] [stderr]    Compiling url v2.5.8
[INFO] [stderr]    Compiling perl-workspace-index-state-machine v0.12.2
[INFO] [stderr]    Compiling perl-symbol-types v0.12.2
[INFO] [stderr]    Compiling perl-uri-classify v0.12.2
[INFO] [stderr]    Compiling perl-uri v0.12.2
[INFO] [stderr]    Compiling perl-position-tracking v0.12.2
[INFO] [stderr]    Compiling perl-ast-v2 v0.12.2
[INFO] [stderr]    Compiling perl-lexer v0.12.2
[INFO] [stderr]    Compiling perl-heredoc v0.12.2
[INFO] [stderr]    Compiling perl-edit v0.12.2
[INFO] [stderr]    Compiling perl-ast v0.12.2
[INFO] [stderr]    Compiling perl-error v0.12.2
[INFO] [stderr]    Compiling perl-pragma v0.12.2
[INFO] [stderr]    Compiling perl-tokenizer v0.12.2
[INFO] [stderr]    Compiling perl-parser-core v0.12.2
[INFO] [stderr]    Compiling perl-workspace-index v0.12.2 (/opt/rustwide/workdir)
[INFO] [stderr]     Finished `release` profile [optimized] target(s) in 1m 03s
[INFO] running `Command { std: "docker" "inspect" "3ccffb2d047f4105f0c0eb32780031074522cb57327fd9a8290c11e5aee4245d", kill_on_drop: false }`
[INFO] running `Command { std: "docker" "exec" "-e" "SOURCE_DIR=/opt/rustwide/workdir" "-e" "CARGO_HOME=/opt/rustwide/cargo-home" "-e" "RUSTUP_HOME=/opt/rustwide/rustup-home" "-e" "CARGO_TARGET_DIR=/opt/rustwide/target" "-e" "CARGO_INCREMENTAL=0" "-e" "RUST_BACKTRACE=full" "-e" "RUSTFLAGS=--cap-lints=warn" "-e" "RUSTDOCFLAGS=--cap-lints=warn" "-w" "/opt/rustwide/workdir" "--user" "0:0" "3ccffb2d047f4105f0c0eb32780031074522cb57327fd9a8290c11e5aee4245d" "/opt/rustwide/cargo-home/bin/cargo" "+1.100.0-beta.1" "test" "--frozen" "--no-run" "--message-format=json" "--release", kill_on_drop: false }`
[INFO] [stderr] warning: `package.homepage` is redundant with `package.repository`
[INFO] [stderr]   --> Cargo.toml:79:12
[INFO] [stderr]    |
[INFO] [stderr] 79 | homepage = "https://github.com/EffortlessMetrics/perl-lsp"
[INFO] [stderr]    |            ^^^^^^^^^^^^^^^^^^^^^^^^^^^^^^^^^^^^^^^^^^^^^^^
[INFO] [stderr] ...
[INFO] [stderr] 85 | repository = "https://github.com/EffortlessMetrics/perl-lsp"
[INFO] [stderr]    |              -----------------------------------------------
[INFO] [stderr]    |
[INFO] [stderr]    = note: `cargo::redundant_homepage` is set to `warn` by default
[INFO] [stderr] help: consider removing `package.homepage`
[INFO] [stderr] warning: `perl-workspace-index` (manifest) generated 1 warning
[INFO] [stderr]    Compiling perl-workspace-index v0.12.2 (/opt/rustwide/workdir)
[INFO] [stdout] error[E0432]: unresolved import `perl_tdd_support`
[INFO] [stdout]    --> src/workspace/document_store.rs:150:9
[INFO] [stdout]     |
[INFO] [stdout] 150 |     use perl_tdd_support::must_some;
[INFO] [stdout]     |         ^^^^^^^^^^^^^^^^ use of unresolved module or unlinked crate `perl_tdd_support`
[INFO] [stdout]     |
[INFO] [stdout]     = help: if you wanted to use a crate named `perl_tdd_support`, use `cargo add perl_tdd_support` to add it to your `Cargo.toml`
[INFO] [stdout] 
[INFO] [stdout] 
[INFO] [stdout] error[E0432]: unresolved import `perl_tdd_support`
[INFO] [stdout]     --> src/workspace/workspace_index.rs:3085:9
[INFO] [stdout]      |
[INFO] [stdout] 3085 |     use perl_tdd_support::{must, must_some};
[INFO] [stdout]      |         ^^^^^^^^^^^^^^^^ use of unresolved module or unlinked crate `perl_tdd_support`
[INFO] [stdout]      |
[INFO] [stdout]      = help: if you wanted to use a crate named `perl_tdd_support`, use `cargo add perl_tdd_support` to add it to your `Cargo.toml`
[INFO] [stdout] 
[INFO] [stdout] 
[INFO] [stdout] error[E0432]: unresolved import `anyhow`
[INFO] [stdout]   --> src/workspace_index_utf16_test.rs:12:9
[INFO] [stdout]    |
[INFO] [stdout] 12 |     use anyhow::{Result, anyhow};
[INFO] [stdout]    |         ^^^^^^ use of unresolved module or unlinked crate `anyhow`
[INFO] [stdout]    |
[INFO] [stdout]    = help: if you wanted to use a crate named `anyhow`, use `cargo add anyhow` to add it to your `Cargo.toml`
[INFO] [stdout] 
[INFO] [stdout] 
[INFO] [stdout] For more information about this error, try `rustc --explain E0432`.
[INFO] [stdout] 
[INFO] [stderr] error: could not compile `perl-workspace-index` (lib test) due to 3 previous errors
[INFO] running `Command { std: "docker" "inspect" "3ccffb2d047f4105f0c0eb32780031074522cb57327fd9a8290c11e5aee4245d", kill_on_drop: false }`
[INFO] running `Command { std: "docker" "rm" "-f" "3ccffb2d047f4105f0c0eb32780031074522cb57327fd9a8290c11e5aee4245d", kill_on_drop: false }`
[INFO] [stdout] 3ccffb2d047f4105f0c0eb32780031074522cb57327fd9a8290c11e5aee4245d
