[INFO] fetching crate perl-dap 0.17.0...
[INFO] testing perl-dap-0.17.0 against 1.100.0-beta.1+cargoflags=--release for beta-release-1.100-2
[INFO] extracting crate perl-dap 0.17.0 into /workspace/builds/worker-4-tc2/source
[INFO] started tweaking crates.io crate perl-dap 0.17.0
[INFO] finished tweaking crates.io crate perl-dap 0.17.0
[INFO] tweaked toml for crates.io crate perl-dap 0.17.0 written to /workspace/builds/worker-4-tc2/source/Cargo.toml
[INFO] validating manifest of crates.io crate perl-dap 0.17.0 on toolchain 1.100.0-beta.1
[INFO] running `Command { std: CARGO_HOME="/workspace/cargo-home" RUSTUP_HOME="/workspace/rustup-home" "/workspace/cargo-home/bin/cargo" "+1.100.0-beta.1" "metadata" "--manifest-path" "Cargo.toml" "--no-deps", kill_on_drop: false }`
[INFO] crate crates.io crate perl-dap 0.17.0 already has a lockfile, it will not be regenerated
[INFO] running `Command { std: CARGO_HOME="/workspace/cargo-home" RUSTUP_HOME="/workspace/rustup-home" "/workspace/cargo-home/bin/cargo" "+1.100.0-beta.1" "fetch" "--manifest-path" "Cargo.toml", kill_on_drop: false }`
[INFO] [stderr] warning: `package.homepage` is redundant with `package.repository`
[INFO] [stderr]    --> Cargo.toml:108:12
[INFO] [stderr]     |
[INFO] [stderr] 108 | homepage = "https://github.com/EffortlessMetrics/perl-lsp"
[INFO] [stderr]     |            ^^^^^^^^^^^^^^^^^^^^^^^^^^^^^^^^^^^^^^^^^^^^^^^
[INFO] [stderr] ...
[INFO] [stderr] 114 | repository = "https://github.com/EffortlessMetrics/perl-lsp"
[INFO] [stderr]     |              -----------------------------------------------
[INFO] [stderr]     |
[INFO] [stderr]     = note: `cargo::redundant_homepage` is set to `warn` by default
[INFO] [stderr] help: consider removing `package.homepage`
[INFO] [stderr] warning: `perl-dap` (manifest) generated 1 warning
[INFO] running `Command { std: "docker" "create" "-v" "/var/lib/crater-agent-workspace/builds/worker-4-tc2/source:/opt/rustwide/workdir:ro,Z" "-v" "/var/lib/crater-agent-workspace/builds/worker-4-tc2/target:/opt/rustwide/target:rw,Z" "-v" "/var/lib/crater-agent-workspace/cargo-home:/opt/rustwide/cargo-home:ro,Z" "-v" "/var/lib/crater-agent-workspace/rustup-home:/opt/rustwide/rustup-home:ro,Z" "-m" "1610612736" "--network" "none" "ghcr.io/rust-lang/crates-build-env/linux@sha256:77db811e55d90add9212f6832c23229e3de5f1c1f9905e8cb07319ea15df73ac" "sleep" "infinity", kill_on_drop: false }`
[INFO] [stdout] 642be0f7dd8b0c740c751fcd65700cc15d600310f83d5ad870abe7ce1edbb439
[INFO] running `Command { std: "docker" "start" "642be0f7dd8b0c740c751fcd65700cc15d600310f83d5ad870abe7ce1edbb439", kill_on_drop: false }`
[INFO] running `Command { std: "docker" "inspect" "642be0f7dd8b0c740c751fcd65700cc15d600310f83d5ad870abe7ce1edbb439", kill_on_drop: false }`
[INFO] running `Command { std: "docker" "exec" "-e" "SOURCE_DIR=/opt/rustwide/workdir" "-e" "CARGO_HOME=/opt/rustwide/cargo-home" "-e" "RUSTUP_HOME=/opt/rustwide/rustup-home" "-e" "CARGO_TARGET_DIR=/opt/rustwide/target" "-w" "/opt/rustwide/workdir" "--user" "0:0" "642be0f7dd8b0c740c751fcd65700cc15d600310f83d5ad870abe7ce1edbb439" "/opt/rustwide/cargo-home/bin/cargo" "+1.100.0-beta.1" "metadata" "--no-deps" "--format-version=1", kill_on_drop: false }`
[INFO] running `Command { std: "docker" "inspect" "642be0f7dd8b0c740c751fcd65700cc15d600310f83d5ad870abe7ce1edbb439", kill_on_drop: false }`
[INFO] running `Command { std: "docker" "exec" "-e" "SOURCE_DIR=/opt/rustwide/workdir" "-e" "CARGO_HOME=/opt/rustwide/cargo-home" "-e" "RUSTUP_HOME=/opt/rustwide/rustup-home" "-e" "CARGO_TARGET_DIR=/opt/rustwide/target" "-e" "CARGO_INCREMENTAL=0" "-e" "RUST_BACKTRACE=full" "-e" "RUSTFLAGS=--cap-lints=warn" "-e" "RUSTDOCFLAGS=--cap-lints=warn" "-w" "/opt/rustwide/workdir" "--user" "0:0" "642be0f7dd8b0c740c751fcd65700cc15d600310f83d5ad870abe7ce1edbb439" "/opt/rustwide/cargo-home/bin/cargo" "+1.100.0-beta.1" "build" "--frozen" "--message-format=json" "--release", kill_on_drop: false }`
[INFO] [stderr] warning: `package.homepage` is redundant with `package.repository`
[INFO] [stderr]    --> Cargo.toml:108:12
[INFO] [stderr]     |
[INFO] [stderr] 108 | homepage = "https://github.com/EffortlessMetrics/perl-lsp"
[INFO] [stderr]     |            ^^^^^^^^^^^^^^^^^^^^^^^^^^^^^^^^^^^^^^^^^^^^^^^
[INFO] [stderr] ...
[INFO] [stderr] 114 | repository = "https://github.com/EffortlessMetrics/perl-lsp"
[INFO] [stderr]     |              -----------------------------------------------
[INFO] [stderr]     |
[INFO] [stderr]     = note: `cargo::redundant_homepage` is set to `warn` by default
[INFO] [stderr] help: consider removing `package.homepage`
[INFO] [stderr] warning: `perl-dap` (manifest) generated 1 warning
[INFO] [stderr]    Compiling memchr v2.8.2
[INFO] [stderr]    Compiling libc v0.2.186
[INFO] [stderr]    Compiling fluent-uri v0.1.4
[INFO] [stderr]    Compiling siphasher v1.0.2
[INFO] [stderr]    Compiling ropey v1.6.1
[INFO] [stderr]    Compiling fastrand v2.4.1
[INFO] [stderr]    Compiling perl-token v0.17.0
[INFO] [stderr]    Compiling serde_core v1.0.228
[INFO] [stderr]    Compiling syn v2.0.117
[INFO] [stderr]    Compiling cc v1.2.65
[INFO] [stderr]    Compiling winnow v1.0.2
[INFO] [stderr]    Compiling serde v1.0.228
[INFO] [stderr]    Compiling toml_writer v1.1.1+spec-1.1.0
[INFO] [stderr]    Compiling rustls-pki-types v1.14.1
[INFO] [stderr]    Compiling httparse v1.10.1
[INFO] [stderr]    Compiling portable-atomic v1.13.1
[INFO] [stderr]    Compiling rustls v0.23.40
[INFO] [stderr]    Compiling deranged v0.5.8
[INFO] [stderr]    Compiling phf_shared v0.14.0
[INFO] [stderr]    Compiling http v1.4.0
[INFO] [stderr]    Compiling tracing-log v0.2.0
[INFO] [stderr]    Compiling thread_local v1.1.9
[INFO] [stderr]    Compiling phf_generator v0.14.0
[INFO] [stderr]    Compiling toml_parser v1.1.2+spec-1.1.0
[INFO] [stderr]    Compiling perl-test-must v0.17.0
[INFO] [stderr]    Compiling num-conv v0.2.1
[INFO] [stderr]    Compiling rustc-hash v2.1.2
[INFO] [stderr]    Compiling anyhow v1.0.102
[INFO] [stderr]    Compiling nix v0.31.3
[INFO] [stderr]    Compiling webpki-roots v1.0.7
[INFO] [stderr]    Compiling serde_json v1.0.150
[INFO] [stderr]    Compiling aho-corasick v1.1.4
[INFO] [stderr]    Compiling crossbeam-epoch v0.9.18
[INFO] [stderr]    Compiling toml_datetime v1.1.1+spec-1.1.0
[INFO] [stderr]    Compiling serde_spanned v1.1.1
[INFO] [stderr]    Compiling utf8-zero v0.8.1
[INFO] [stderr]    Compiling tagptr v0.2.0
[INFO] [stderr]    Compiling symlink v0.1.0
[INFO] [stderr]    Compiling perl-subprocess-runtime v0.17.0
[INFO] [stderr]    Compiling perl-diagnostics v0.17.0
[INFO] [stderr]    Compiling ureq-proto v0.6.0
[INFO] [stderr]    Compiling toml v1.1.2+spec-1.1.0
[INFO] [stderr]    Compiling ring v0.17.14
[INFO] [stderr]    Compiling bitflags v2.11.1
[INFO] [stderr]    Compiling time v0.3.47
[INFO] [stderr]    Compiling parking_lot_core v0.9.12
[INFO] [stderr]    Compiling getrandom v0.2.17
[INFO] [stderr]    Compiling getrandom v0.4.2
[INFO] [stderr]    Compiling regex-automata v0.4.14
[INFO] [stderr]    Compiling errno v0.3.14
[INFO] [stderr]    Compiling parking_lot v0.12.5
[INFO] [stderr]    Compiling uuid v1.23.3
[INFO] [stderr]    Compiling signal-hook-registry v1.4.8
[INFO] [stderr]    Compiling socket2 v0.6.3
[INFO] [stderr]    Compiling mio v1.2.0
[INFO] [stderr]    Compiling moka v0.12.15
[INFO] [stderr]    Compiling synstructure v0.13.2
[INFO] [stderr]    Compiling serde_derive v1.0.228
[INFO] [stderr]    Compiling zerovec-derive v0.11.3
[INFO] [stderr]    Compiling displaydoc v0.2.5
[INFO] [stderr]    Compiling serde_repr v0.1.20
[INFO] [stderr]    Compiling strum_macros v0.28.0
[INFO] [stderr]    Compiling tracing-attributes v0.1.31
[INFO] [stderr]    Compiling thiserror-impl v2.0.18
[INFO] [stderr]    Compiling phf_macros v0.14.0
[INFO] [stderr]    Compiling clap_derive v4.6.1
[INFO] [stderr]    Compiling tokio-macros v2.7.0
[INFO] [stderr]    Compiling zerofrom-derive v0.1.7
[INFO] [stderr]    Compiling yoke-derive v0.8.2
[INFO] [stderr]    Compiling tokio v1.52.3
[INFO] [stderr]    Compiling phf v0.14.0
[INFO] [stderr]    Compiling zerofrom v0.1.7
[INFO] [stderr]    Compiling yoke v0.8.2
[INFO] [stderr]    Compiling zerotrie v0.2.4
[INFO] [stderr]    Compiling thiserror v2.0.18
[INFO] [stderr]    Compiling zerovec v0.11.6
[INFO] [stderr]    Compiling perl-regex v0.17.0
[INFO] [stderr]    Compiling tracing v0.1.44
[INFO] [stderr]    Compiling clap v4.6.1
[INFO] [stderr]    Compiling strum v0.28.0
[INFO] [stderr]    Compiling matchers v0.2.0
[INFO] [stderr]    Compiling regex v1.12.4
[INFO] [stderr]    Compiling tracing-subscriber v0.3.23
[INFO] [stderr]    Compiling tinystr v0.8.3
[INFO] [stderr]    Compiling potential_utf v0.1.5
[INFO] [stderr]    Compiling icu_collections v2.2.0
[INFO] [stderr]    Compiling icu_locale_core v2.2.0
[INFO] [stderr]    Compiling lsp-types v0.97.0
[INFO] [stderr]    Compiling icu_provider v2.2.0
[INFO] [stderr]    Compiling perl-semantic-facts v0.17.0
[INFO] [stderr]    Compiling tracing-appender v0.2.5
[INFO] [stderr]    Compiling icu_properties v2.2.0
[INFO] [stderr]    Compiling icu_normalizer v2.2.0
[INFO] [stderr]    Compiling perl-lsp-rs-core v0.17.0
[INFO] [stderr]    Compiling perl-dap v0.17.0 (/opt/rustwide/workdir)
[INFO] [stderr]    Compiling idna_adapter v1.2.2
[INFO] [stderr]    Compiling idna v1.1.0
[INFO] [stderr]    Compiling url v2.5.8
[INFO] [stderr]    Compiling perl-uri v0.17.0
[INFO] [stderr]    Compiling rustls-webpki v0.103.13
[INFO] [stderr]    Compiling ureq v3.3.0
[INFO] [stderr]    Compiling perl-position-tracking v0.17.0
[INFO] [stderr]    Compiling perl-ast-v2 v0.17.0
[INFO] [stderr]    Compiling perl-ast v0.17.0
[INFO] [stderr]    Compiling perl-lexer v0.17.0
[INFO] [stderr]    Compiling perl-pragma v0.17.0
[INFO] [stderr]    Compiling perl-symbol v0.17.0
[INFO] [stderr]    Compiling perl-parser-core v0.17.0
[INFO] [stderr]    Compiling perl-workspace v0.17.0
[INFO] [stderr]    Compiling perl-tdd-support v0.17.0
[INFO] [stderr]    Compiling perl-lsp-perltidy v0.17.0
[INFO] [stderr]    Compiling perl-module v0.17.0
[INFO] [stderr]    Compiling perl-semantic-analyzer v0.17.0
[INFO] [stderr]    Compiling perl-parser v0.17.0
[INFO] [stderr]     Finished `release` profile [optimized] target(s) in 3m 57s
[INFO] [stderr] warning: the following packages contain code that will be rejected by a future version of Rust: nix v0.31.3
[INFO] [stderr] note: to see what the problems were, use the option `--future-incompat-report`, or run `cargo report future-incompatibilities --id 7`
[INFO] running `Command { std: "docker" "inspect" "642be0f7dd8b0c740c751fcd65700cc15d600310f83d5ad870abe7ce1edbb439", kill_on_drop: false }`
[INFO] running `Command { std: "docker" "exec" "-e" "SOURCE_DIR=/opt/rustwide/workdir" "-e" "CARGO_HOME=/opt/rustwide/cargo-home" "-e" "RUSTUP_HOME=/opt/rustwide/rustup-home" "-e" "CARGO_TARGET_DIR=/opt/rustwide/target" "-e" "CARGO_INCREMENTAL=0" "-e" "RUST_BACKTRACE=full" "-e" "RUSTFLAGS=--cap-lints=warn" "-e" "RUSTDOCFLAGS=--cap-lints=warn" "-w" "/opt/rustwide/workdir" "--user" "0:0" "642be0f7dd8b0c740c751fcd65700cc15d600310f83d5ad870abe7ce1edbb439" "/opt/rustwide/cargo-home/bin/cargo" "+1.100.0-beta.1" "test" "--frozen" "--no-run" "--message-format=json" "--release", kill_on_drop: false }`
[INFO] [stderr] warning: `package.homepage` is redundant with `package.repository`
[INFO] [stderr]    --> Cargo.toml:108:12
[INFO] [stderr]     |
[INFO] [stderr] 108 | homepage = "https://github.com/EffortlessMetrics/perl-lsp"
[INFO] [stderr]     |            ^^^^^^^^^^^^^^^^^^^^^^^^^^^^^^^^^^^^^^^^^^^^^^^
[INFO] [stderr] ...
[INFO] [stderr] 114 | repository = "https://github.com/EffortlessMetrics/perl-lsp"
[INFO] [stderr]     |              -----------------------------------------------
[INFO] [stderr]     |
[INFO] [stderr]     = note: `cargo::redundant_homepage` is set to `warn` by default
[INFO] [stderr] help: consider removing `package.homepage`
[INFO] [stderr] warning: `perl-dap` (manifest) generated 1 warning
[INFO] [stderr]    Compiling perl-dap v0.17.0 (/opt/rustwide/workdir)
[INFO] [stdout] error[E0432]: unresolved import `perl_tdd_support`
[INFO] [stdout]   --> src/breakpoint/suggestion.rs:99:9
[INFO] [stdout]    |
[INFO] [stdout] 99 |     use perl_tdd_support::must;
[INFO] [stdout]    |         ^^^^^^^^^^^^^^^^ use of unresolved module or unlinked crate `perl_tdd_support`
[INFO] [stdout]    |
[INFO] [stdout]    = help: if you wanted to use a crate named `perl_tdd_support`, use `cargo add perl_tdd_support` to add it to your `Cargo.toml`
[INFO] [stdout] 
[INFO] [stdout] 
[INFO] [stdout] error[E0432]: unresolved import `perl_tdd_support`
[INFO] [stdout]    --> src/breakpoint/validator.rs:411:9
[INFO] [stdout]     |
[INFO] [stdout] 411 |     use perl_tdd_support::must;
[INFO] [stdout]     |         ^^^^^^^^^^^^^^^^ use of unresolved module or unlinked crate `perl_tdd_support`
[INFO] [stdout]     |
[INFO] [stdout]     = help: if you wanted to use a crate named `perl_tdd_support`, use `cargo add perl_tdd_support` to add it to your `Cargo.toml`
[INFO] [stdout] 
[INFO] [stdout] 
[INFO] [stdout] error[E0432]: unresolved import `perl_tdd_support`
[INFO] [stdout]    --> src/platform/mod.rs:337:9
[INFO] [stdout]     |
[INFO] [stdout] 337 |     use perl_tdd_support::{must, must_err};
[INFO] [stdout]     |         ^^^^^^^^^^^^^^^^ use of unresolved module or unlinked crate `perl_tdd_support`
[INFO] [stdout]     |
[INFO] [stdout]     = help: if you wanted to use a crate named `perl_tdd_support`, use `cargo add perl_tdd_support` to add it to your `Cargo.toml`
[INFO] [stdout] 
[INFO] [stdout] 
[INFO] [stdout] error[E0432]: unresolved import `perl_tdd_support`
[INFO] [stdout]    --> src/breakpoints.rs:641:9
[INFO] [stdout]     |
[INFO] [stdout] 641 |     use perl_tdd_support::must;
[INFO] [stdout]     |         ^^^^^^^^^^^^^^^^ use of unresolved module or unlinked crate `perl_tdd_support`
[INFO] [stdout]     |
[INFO] [stdout]     = help: if you wanted to use a crate named `perl_tdd_support`, use `cargo add perl_tdd_support` to add it to your `Cargo.toml`
[INFO] [stdout] 
[INFO] [stdout] 
[INFO] [stdout] error[E0432]: unresolved import `tempfile`
[INFO] [stdout]    --> src/breakpoints.rs:643:9
[INFO] [stdout]     |
[INFO] [stdout] 643 |     use tempfile::NamedTempFile;
[INFO] [stdout]     |         ^^^^^^^^ use of unresolved module or unlinked crate `tempfile`
[INFO] [stdout]     |
[INFO] [stdout]     = help: if you wanted to use a crate named `tempfile`, use `cargo add tempfile` to add it to your `Cargo.toml`
[INFO] [stdout] 
[INFO] [stdout] 
[INFO] [stdout] error[E0432]: unresolved import `tempfile`
[INFO] [stdout]     --> src/debug_adapter/process.rs:1942:13
[INFO] [stdout]      |
[INFO] [stdout] 1942 |         use tempfile::NamedTempFile;
[INFO] [stdout]      |             ^^^^^^^^ use of unresolved module or unlinked crate `tempfile`
[INFO] [stdout]      |
[INFO] [stdout]      = help: if you wanted to use a crate named `tempfile`, use `cargo add tempfile` to add it to your `Cargo.toml`
[INFO] [stdout] 
[INFO] [stdout] 
[INFO] [stdout] error[E0432]: unresolved import `perl_tdd_support`
[INFO] [stdout]    --> src/eval/patterns.rs:156:13
[INFO] [stdout]     |
[INFO] [stdout] 156 |         use perl_tdd_support::must;
[INFO] [stdout]     |             ^^^^^^^^^^^^^^^^ use of unresolved module or unlinked crate `perl_tdd_support`
[INFO] [stdout]     |
[INFO] [stdout]     = help: if you wanted to use a crate named `perl_tdd_support`, use `cargo add perl_tdd_support` to add it to your `Cargo.toml`
[INFO] [stdout] 
[INFO] [stdout] 
[INFO] [stdout] error[E0432]: unresolved import `perl_tdd_support`
[INFO] [stdout]    --> src/eval/patterns.rs:170:13
[INFO] [stdout]     |
[INFO] [stdout] 170 |         use perl_tdd_support::must;
[INFO] [stdout]     |             ^^^^^^^^^^^^^^^^ use of unresolved module or unlinked crate `perl_tdd_support`
[INFO] [stdout]     |
[INFO] [stdout]     = help: if you wanted to use a crate named `perl_tdd_support`, use `cargo add perl_tdd_support` to add it to your `Cargo.toml`
[INFO] [stdout] 
[INFO] [stdout] 
[INFO] [stdout] error[E0432]: unresolved import `perl_tdd_support`
[INFO] [stdout]    --> src/security/mod.rs:117:13
[INFO] [stdout]     |
[INFO] [stdout] 117 |         use perl_tdd_support::must;
[INFO] [stdout]     |             ^^^^^^^^^^^^^^^^ use of unresolved module or unlinked crate `perl_tdd_support`
[INFO] [stdout]     |
[INFO] [stdout]     = help: if you wanted to use a crate named `perl_tdd_support`, use `cargo add perl_tdd_support` to add it to your `Cargo.toml`
[INFO] [stdout] 
[INFO] [stdout] 
[INFO] [stdout] error[E0432]: unresolved import `perl_tdd_support`
[INFO] [stdout]    --> src/security/mod.rs:142:13
[INFO] [stdout]     |
[INFO] [stdout] 142 |         use perl_tdd_support::{must, must_some};
[INFO] [stdout]     |             ^^^^^^^^^^^^^^^^ use of unresolved module or unlinked crate `perl_tdd_support`
[INFO] [stdout]     |
[INFO] [stdout]     = help: if you wanted to use a crate named `perl_tdd_support`, use `cargo add perl_tdd_support` to add it to your `Cargo.toml`
[INFO] [stdout] 
[INFO] [stdout] 
[INFO] [stdout] error[E0432]: unresolved import `perl_tdd_support`
[INFO] [stdout]    --> src/security/mod.rs:258:13
[INFO] [stdout]     |
[INFO] [stdout] 258 |         use perl_tdd_support::must_err;
[INFO] [stdout]     |             ^^^^^^^^^^^^^^^^ use of unresolved module or unlinked crate `perl_tdd_support`
[INFO] [stdout]     |
[INFO] [stdout]     = help: if you wanted to use a crate named `perl_tdd_support`, use `cargo add perl_tdd_support` to add it to your `Cargo.toml`
[INFO] [stdout] 
[INFO] [stdout] 
[INFO] [stdout] error[E0432]: unresolved import `perl_tdd_support`
[INFO] [stdout]    --> src/security/mod.rs:274:13
[INFO] [stdout]     |
[INFO] [stdout] 274 |         use perl_tdd_support::must_err;
[INFO] [stdout]     |             ^^^^^^^^^^^^^^^^ use of unresolved module or unlinked crate `perl_tdd_support`
[INFO] [stdout]     |
[INFO] [stdout]     = help: if you wanted to use a crate named `perl_tdd_support`, use `cargo add perl_tdd_support` to add it to your `Cargo.toml`
[INFO] [stdout] 
[INFO] [stdout] 
[INFO] [stdout] error[E0432]: unresolved import `perl_tdd_support`
[INFO] [stdout]    --> src/stack/parser.rs:382:13
[INFO] [stdout]     |
[INFO] [stdout] 382 |         use perl_tdd_support::must_some;
[INFO] [stdout]     |             ^^^^^^^^^^^^^^^^ use of unresolved module or unlinked crate `perl_tdd_support`
[INFO] [stdout]     |
[INFO] [stdout]     = help: if you wanted to use a crate named `perl_tdd_support`, use `cargo add perl_tdd_support` to add it to your `Cargo.toml`
[INFO] [stdout] 
[INFO] [stdout] 
[INFO] [stdout] error[E0432]: unresolved import `perl_tdd_support`
[INFO] [stdout]    --> src/stack/parser.rs:393:13
[INFO] [stdout]     |
[INFO] [stdout] 393 |         use perl_tdd_support::must_some;
[INFO] [stdout]     |             ^^^^^^^^^^^^^^^^ use of unresolved module or unlinked crate `perl_tdd_support`
[INFO] [stdout]     |
[INFO] [stdout]     = help: if you wanted to use a crate named `perl_tdd_support`, use `cargo add perl_tdd_support` to add it to your `Cargo.toml`
[INFO] [stdout] 
[INFO] [stdout] 
[INFO] [stdout] error[E0432]: unresolved import `perl_tdd_support`
[INFO] [stdout]    --> src/stack/parser.rs:405:13
[INFO] [stdout]     |
[INFO] [stdout] 405 |         use perl_tdd_support::must_some;
[INFO] [stdout]     |             ^^^^^^^^^^^^^^^^ use of unresolved module or unlinked crate `perl_tdd_support`
[INFO] [stdout]     |
[INFO] [stdout]     = help: if you wanted to use a crate named `perl_tdd_support`, use `cargo add perl_tdd_support` to add it to your `Cargo.toml`
[INFO] [stdout] 
[INFO] [stdout] 
[INFO] [stdout] error[E0432]: unresolved import `perl_tdd_support`
[INFO] [stdout]    --> src/stack/parser.rs:415:13
[INFO] [stdout]     |
[INFO] [stdout] 415 |         use perl_tdd_support::must_some;
[INFO] [stdout]     |             ^^^^^^^^^^^^^^^^ use of unresolved module or unlinked crate `perl_tdd_support`
[INFO] [stdout]     |
[INFO] [stdout]     = help: if you wanted to use a crate named `perl_tdd_support`, use `cargo add perl_tdd_support` to add it to your `Cargo.toml`
[INFO] [stdout] 
[INFO] [stdout] 
[INFO] [stdout] error[E0432]: unresolved import `perl_tdd_support`
[INFO] [stdout]    --> src/stack/parser.rs:426:13
[INFO] [stdout]     |
[INFO] [stdout] 426 |         use perl_tdd_support::must_some;
[INFO] [stdout]     |             ^^^^^^^^^^^^^^^^ use of unresolved module or unlinked crate `perl_tdd_support`
[INFO] [stdout]     |
[INFO] [stdout]     = help: if you wanted to use a crate named `perl_tdd_support`, use `cargo add perl_tdd_support` to add it to your `Cargo.toml`
[INFO] [stdout] 
[INFO] [stdout] 
[INFO] [stdout] error[E0432]: unresolved import `perl_tdd_support`
[INFO] [stdout]    --> src/stack/parser.rs:436:13
[INFO] [stdout]     |
[INFO] [stdout] 436 |         use perl_tdd_support::must_some;
[INFO] [stdout]     |             ^^^^^^^^^^^^^^^^ use of unresolved module or unlinked crate `perl_tdd_support`
[INFO] [stdout]     |
[INFO] [stdout]     = help: if you wanted to use a crate named `perl_tdd_support`, use `cargo add perl_tdd_support` to add it to your `Cargo.toml`
[INFO] [stdout] 
[INFO] [stdout] 
[INFO] [stdout] error[E0432]: unresolved import `perl_tdd_support`
[INFO] [stdout]    --> src/stack/parser.rs:447:13
[INFO] [stdout]     |
[INFO] [stdout] 447 |         use perl_tdd_support::must_some;
[INFO] [stdout]     |             ^^^^^^^^^^^^^^^^ use of unresolved module or unlinked crate `perl_tdd_support`
[INFO] [stdout]     |
[INFO] [stdout]     = help: if you wanted to use a crate named `perl_tdd_support`, use `cargo add perl_tdd_support` to add it to your `Cargo.toml`
[INFO] [stdout] 
[INFO] [stdout] 
[INFO] [stdout] error[E0432]: unresolved import `perl_tdd_support`
[INFO] [stdout]    --> src/stack/parser.rs:458:13
[INFO] [stdout]     |
[INFO] [stdout] 458 |         use perl_tdd_support::must_some;
[INFO] [stdout]     |             ^^^^^^^^^^^^^^^^ use of unresolved module or unlinked crate `perl_tdd_support`
[INFO] [stdout]     |
[INFO] [stdout]     = help: if you wanted to use a crate named `perl_tdd_support`, use `cargo add perl_tdd_support` to add it to your `Cargo.toml`
[INFO] [stdout] 
[INFO] [stdout] 
[INFO] [stdout] error[E0432]: unresolved import `perl_tdd_support`
[INFO] [stdout]    --> src/stack/parser.rs:491:13
[INFO] [stdout]     |
[INFO] [stdout] 491 |         use perl_tdd_support::must_some;
[INFO] [stdout]     |             ^^^^^^^^^^^^^^^^ use of unresolved module or unlinked crate `perl_tdd_support`
[INFO] [stdout]     |
[INFO] [stdout]     = help: if you wanted to use a crate named `perl_tdd_support`, use `cargo add perl_tdd_support` to add it to your `Cargo.toml`
[INFO] [stdout] 
[INFO] [stdout] 
[INFO] [stdout] error[E0432]: unresolved import `perl_tdd_support`
[INFO] [stdout]    --> src/stack/parser.rs:506:13
[INFO] [stdout]     |
[INFO] [stdout] 506 |         use perl_tdd_support::must_some;
[INFO] [stdout]     |             ^^^^^^^^^^^^^^^^ use of unresolved module or unlinked crate `perl_tdd_support`
[INFO] [stdout]     |
[INFO] [stdout]     = help: if you wanted to use a crate named `perl_tdd_support`, use `cargo add perl_tdd_support` to add it to your `Cargo.toml`
[INFO] [stdout] 
[INFO] [stdout] 
[INFO] [stdout] error[E0432]: unresolved import `perl_tdd_support`
[INFO] [stdout]    --> src/stack/parser.rs:569:13
[INFO] [stdout]     |
[INFO] [stdout] 569 |         use perl_tdd_support::must_some;
[INFO] [stdout]     |             ^^^^^^^^^^^^^^^^ use of unresolved module or unlinked crate `perl_tdd_support`
[INFO] [stdout]     |
[INFO] [stdout]     = help: if you wanted to use a crate named `perl_tdd_support`, use `cargo add perl_tdd_support` to add it to your `Cargo.toml`
[INFO] [stdout] 
[INFO] [stdout] 
[INFO] [stdout] error[E0432]: unresolved import `perl_tdd_support`
[INFO] [stdout]    --> src/stack/parser.rs:589:13
[INFO] [stdout]     |
[INFO] [stdout] 589 |         use perl_tdd_support::must_some;
[INFO] [stdout]     |             ^^^^^^^^^^^^^^^^ use of unresolved module or unlinked crate `perl_tdd_support`
[INFO] [stdout]     |
[INFO] [stdout]     = help: if you wanted to use a crate named `perl_tdd_support`, use `cargo add perl_tdd_support` to add it to your `Cargo.toml`
[INFO] [stdout] 
[INFO] [stdout] 
[INFO] [stdout] error[E0432]: unresolved import `perl_tdd_support`
[INFO] [stdout]    --> src/stack/parser.rs:621:13
[INFO] [stdout]     |
[INFO] [stdout] 621 |         use perl_tdd_support::must_some;
[INFO] [stdout]     |             ^^^^^^^^^^^^^^^^ use of unresolved module or unlinked crate `perl_tdd_support`
[INFO] [stdout]     |
[INFO] [stdout]     = help: if you wanted to use a crate named `perl_tdd_support`, use `cargo add perl_tdd_support` to add it to your `Cargo.toml`
[INFO] [stdout] 
[INFO] [stdout] 
[INFO] [stdout] error[E0433]: cannot find module or crate `tempfile` in this scope
[INFO] [stdout]    --> src/debug_adapter/mod.rs:581:24
[INFO] [stdout]     |
[INFO] [stdout] 581 |         let mut file = tempfile::NamedTempFile::with_suffix(".pl")?;
[INFO] [stdout]     |                        ^^^^^^^^ use of unresolved module or unlinked crate `tempfile`
[INFO] [stdout]     |
[INFO] [stdout]     = help: if you wanted to use a crate named `tempfile`, use `cargo add tempfile` to add it to your `Cargo.toml`
[INFO] [stdout] 
[INFO] [stdout] 
[INFO] [stdout] error[E0433]: cannot find module or crate `tempfile` in this scope
[INFO] [stdout]     --> src/debug_adapter/mod.rs:1482:19
[INFO] [stdout]      |
[INFO] [stdout] 1482 |         let dir = tempfile::tempdir()?;
[INFO] [stdout]      |                   ^^^^^^^^ use of unresolved module or unlinked crate `tempfile`
[INFO] [stdout]      |
[INFO] [stdout]      = help: if you wanted to use a crate named `tempfile`, use `cargo add tempfile` to add it to your `Cargo.toml`
[INFO] [stdout] 
[INFO] [stdout] 
[INFO] [stdout] error[E0433]: cannot find module or crate `tempfile` in this scope
[INFO] [stdout]     --> src/debug_adapter/mod.rs:1570:19
[INFO] [stdout]      |
[INFO] [stdout] 1570 |         let dir = tempfile::tempdir()?;
[INFO] [stdout]      |                   ^^^^^^^^ use of unresolved module or unlinked crate `tempfile`
[INFO] [stdout]      |
[INFO] [stdout]      = help: if you wanted to use a crate named `tempfile`, use `cargo add tempfile` to add it to your `Cargo.toml`
[INFO] [stdout] 
[INFO] [stdout] 
[INFO] [stdout] error[E0433]: cannot find module or crate `tempfile` in this scope
[INFO] [stdout]     --> src/debug_adapter/mod.rs:1604:19
[INFO] [stdout]      |
[INFO] [stdout] 1604 |         let dir = tempfile::tempdir()?;
[INFO] [stdout]      |                   ^^^^^^^^ use of unresolved module or unlinked crate `tempfile`
[INFO] [stdout]      |
[INFO] [stdout]      = help: if you wanted to use a crate named `tempfile`, use `cargo add tempfile` to add it to your `Cargo.toml`
[INFO] [stdout] 
[INFO] [stdout] 
[INFO] [stdout] error[E0433]: cannot find module or crate `tempfile` in this scope
[INFO] [stdout]     --> src/debug_adapter/mod.rs:1636:19
[INFO] [stdout]      |
[INFO] [stdout] 1636 |         let dir = tempfile::tempdir()?;
[INFO] [stdout]      |                   ^^^^^^^^ use of unresolved module or unlinked crate `tempfile`
[INFO] [stdout]      |
[INFO] [stdout]      = help: if you wanted to use a crate named `tempfile`, use `cargo add tempfile` to add it to your `Cargo.toml`
[INFO] [stdout] 
[INFO] [stdout] 
[INFO] [stdout] error[E0433]: cannot find module or crate `tempfile` in this scope
[INFO] [stdout]     --> src/debug_adapter/mod.rs:1668:19
[INFO] [stdout]      |
[INFO] [stdout] 1668 |         let dir = tempfile::tempdir()?;
[INFO] [stdout]      |                   ^^^^^^^^ use of unresolved module or unlinked crate `tempfile`
[INFO] [stdout]      |
[INFO] [stdout]      = help: if you wanted to use a crate named `tempfile`, use `cargo add tempfile` to add it to your `Cargo.toml`
[INFO] [stdout] 
[INFO] [stdout] 
[INFO] [stdout] error[E0433]: cannot find module or crate `tempfile` in this scope
[INFO] [stdout]    --> src/platform/mod.rs:369:28
[INFO] [stdout]     |
[INFO] [stdout] 369 |         let tempdir = must(tempfile::tempdir());
[INFO] [stdout]     |                            ^^^^^^^^ use of unresolved module or unlinked crate `tempfile`
[INFO] [stdout]     |
[INFO] [stdout]     = help: if you wanted to use a crate named `tempfile`, use `cargo add tempfile` to add it to your `Cargo.toml`
[INFO] [stdout] 
[INFO] [stdout] 
[INFO] [stdout] error[E0433]: cannot find module or crate `tempfile` in this scope
[INFO] [stdout]    --> src/platform/mod.rs:398:28
[INFO] [stdout]     |
[INFO] [stdout] 398 |         let tempdir = must(tempfile::tempdir());
[INFO] [stdout]     |                            ^^^^^^^^ use of unresolved module or unlinked crate `tempfile`
[INFO] [stdout]     |
[INFO] [stdout]     = help: if you wanted to use a crate named `tempfile`, use `cargo add tempfile` to add it to your `Cargo.toml`
[INFO] [stdout] 
[INFO] [stdout] 
[INFO] [stdout] error[E0433]: cannot find module or crate `tempfile` in this scope
[INFO] [stdout]    --> src/platform/mod.rs:407:28
[INFO] [stdout]     |
[INFO] [stdout] 407 |         let tempdir = must(tempfile::tempdir());
[INFO] [stdout]     |                            ^^^^^^^^ use of unresolved module or unlinked crate `tempfile`
[INFO] [stdout]     |
[INFO] [stdout]     = help: if you wanted to use a crate named `tempfile`, use `cargo add tempfile` to add it to your `Cargo.toml`
[INFO] [stdout] 
[INFO] [stdout] 
[INFO] [stdout] error[E0433]: cannot find module or crate `tempfile` in this scope
[INFO] [stdout]    --> src/platform/mod.rs:464:28
[INFO] [stdout]     |
[INFO] [stdout] 464 |         let tempdir = must(tempfile::tempdir());
[INFO] [stdout]     |                            ^^^^^^^^ use of unresolved module or unlinked crate `tempfile`
[INFO] [stdout]     |
[INFO] [stdout]     = help: if you wanted to use a crate named `tempfile`, use `cargo add tempfile` to add it to your `Cargo.toml`
[INFO] [stdout] 
[INFO] [stdout] 
[INFO] [stdout] error[E0433]: cannot find module or crate `tempfile` in this scope
[INFO] [stdout]    --> src/security/mod.rs:105:23
[INFO] [stdout]     |
[INFO] [stdout] 105 |         let tempdir = tempfile::tempdir()?;
[INFO] [stdout]     |                       ^^^^^^^^ use of unresolved module or unlinked crate `tempfile`
[INFO] [stdout]     |
[INFO] [stdout]     = help: if you wanted to use a crate named `tempfile`, use `cargo add tempfile` to add it to your `Cargo.toml`
[INFO] [stdout] 
[INFO] [stdout] 
[INFO] [stdout] error[E0433]: cannot find module or crate `tempfile` in this scope
[INFO] [stdout]    --> src/security/mod.rs:118:28
[INFO] [stdout]     |
[INFO] [stdout] 118 |         let tempdir = must(tempfile::tempdir());
[INFO] [stdout]     |                            ^^^^^^^^ use of unresolved module or unlinked crate `tempfile`
[INFO] [stdout]     |
[INFO] [stdout]     = help: if you wanted to use a crate named `tempfile`, use `cargo add tempfile` to add it to your `Cargo.toml`
[INFO] [stdout] 
[INFO] [stdout] 
[INFO] [stdout] error[E0433]: cannot find module or crate `tempfile` in this scope
[INFO] [stdout]    --> src/security/mod.rs:143:28
[INFO] [stdout]     |
[INFO] [stdout] 143 |         let tempdir = must(tempfile::tempdir());
[INFO] [stdout]     |                            ^^^^^^^^ use of unresolved module or unlinked crate `tempfile`
[INFO] [stdout]     |
[INFO] [stdout]     = help: if you wanted to use a crate named `tempfile`, use `cargo add tempfile` to add it to your `Cargo.toml`
[INFO] [stdout] 
[INFO] [stdout] 
[INFO] [stdout] error[E0433]: cannot find module or crate `tempfile` in this scope
[INFO] [stdout]    --> src/security/mod.rs:146:29
[INFO] [stdout]     |
[INFO] [stdout] 146 |         let tempdir2 = must(tempfile::tempdir());
[INFO] [stdout]     |                             ^^^^^^^^ use of unresolved module or unlinked crate `tempfile`
[INFO] [stdout]     |
[INFO] [stdout]     = help: if you wanted to use a crate named `tempfile`, use `cargo add tempfile` to add it to your `Cargo.toml`
[INFO] [stdout] 
[INFO] [stdout] 
[INFO] [stdout] error[E0433]: cannot find module or crate `tempfile` in this scope
[INFO] [stdout]    --> src/security/mod.rs:172:23
[INFO] [stdout]     |
[INFO] [stdout] 172 |         let tempdir = tempfile::tempdir()?;
[INFO] [stdout]     |                       ^^^^^^^^ use of unresolved module or unlinked crate `tempfile`
[INFO] [stdout]     |
[INFO] [stdout]     = help: if you wanted to use a crate named `tempfile`, use `cargo add tempfile` to add it to your `Cargo.toml`
[INFO] [stdout] 
[INFO] [stdout] 
[INFO] [stdout] error[E0433]: cannot find module or crate `tempfile` in this scope
[INFO] [stdout]    --> src/security/mod.rs:188:23
[INFO] [stdout]     |
[INFO] [stdout] 188 |         let tempdir = tempfile::tempdir()?;
[INFO] [stdout]     |                       ^^^^^^^^ use of unresolved module or unlinked crate `tempfile`
[INFO] [stdout]     |
[INFO] [stdout]     = help: if you wanted to use a crate named `tempfile`, use `cargo add tempfile` to add it to your `Cargo.toml`
[INFO] [stdout] 
[INFO] [stdout] 
[INFO] [stdout] error[E0433]: cannot find module or crate `tempfile` in this scope
[INFO] [stdout]    --> src/security/mod.rs:204:23
[INFO] [stdout]     |
[INFO] [stdout] 204 |         let tempdir = tempfile::tempdir()?;
[INFO] [stdout]     |                       ^^^^^^^^ use of unresolved module or unlinked crate `tempfile`
[INFO] [stdout]     |
[INFO] [stdout]     = help: if you wanted to use a crate named `tempfile`, use `cargo add tempfile` to add it to your `Cargo.toml`
[INFO] [stdout] 
[INFO] [stdout] 
[INFO] [stdout] error[E0433]: cannot find module or crate `tempfile` in this scope
[INFO] [stdout]    --> src/security/mod.rs:303:23
[INFO] [stdout]     |
[INFO] [stdout] 303 |         let tempdir = tempfile::tempdir()?;
[INFO] [stdout]     |                       ^^^^^^^^ use of unresolved module or unlinked crate `tempfile`
[INFO] [stdout]     |
[INFO] [stdout]     = help: if you wanted to use a crate named `tempfile`, use `cargo add tempfile` to add it to your `Cargo.toml`
[INFO] [stdout] 
[INFO] [stdout] 
[INFO] [stdout] error[E0433]: cannot find module or crate `tempfile` in this scope
[INFO] [stdout]     --> src/breakpoints.rs:1369:26
[INFO] [stdout]      |
[INFO] [stdout] 1369 |         let dir_a = must(tempfile::tempdir());
[INFO] [stdout]      |                          ^^^^^^^^ use of unresolved module or unlinked crate `tempfile`
[INFO] [stdout]      |
[INFO] [stdout]      = help: if you wanted to use a crate named `tempfile`, use `cargo add tempfile` to add it to your `Cargo.toml`
[INFO] [stdout] 
[INFO] [stdout] 
[INFO] [stdout] error[E0433]: cannot find module or crate `tempfile` in this scope
[INFO] [stdout]     --> src/breakpoints.rs:1370:26
[INFO] [stdout]      |
[INFO] [stdout] 1370 |         let dir_b = must(tempfile::tempdir());
[INFO] [stdout]      |                          ^^^^^^^^ use of unresolved module or unlinked crate `tempfile`
[INFO] [stdout]      |
[INFO] [stdout]      = help: if you wanted to use a crate named `tempfile`, use `cargo add tempfile` to add it to your `Cargo.toml`
[INFO] [stdout] 
[INFO] [stdout] 
[INFO] [stdout] error[E0433]: cannot find module or crate `tempfile` in this scope
[INFO] [stdout]    --> src/debug_adapter/mod.rs:580:16
[INFO] [stdout]     |
[INFO] [stdout] 580 |     -> Result<(tempfile::NamedTempFile, String), Box<dyn std::error::Error>> {
[INFO] [stdout]     |                ^^^^^^^^ use of unresolved module or unlinked crate `tempfile`
[INFO] [stdout]     |
[INFO] [stdout]     = help: if you wanted to use a crate named `tempfile`, use `cargo add tempfile` to add it to your `Cargo.toml`
[INFO] [stdout] 
[INFO] [stdout] 
[INFO] [stdout] Some errors have detailed explanations: E0432, E0433.
[INFO] [stdout] 
[INFO] [stdout] For more information about an error, try `rustc --explain E0432`.
[INFO] [stdout] 
[INFO] [stderr] error: could not compile `perl-dap` (lib test) due to 46 previous errors
[INFO] running `Command { std: "docker" "inspect" "642be0f7dd8b0c740c751fcd65700cc15d600310f83d5ad870abe7ce1edbb439", kill_on_drop: false }`
[INFO] running `Command { std: "docker" "rm" "-f" "642be0f7dd8b0c740c751fcd65700cc15d600310f83d5ad870abe7ce1edbb439", kill_on_drop: false }`
[INFO] [stdout] 642be0f7dd8b0c740c751fcd65700cc15d600310f83d5ad870abe7ce1edbb439
