[INFO] fetching crate perl-dap-eval 0.12.2...
[INFO] testing perl-dap-eval-0.12.2 against 1.100.0-beta.1+cargoflags=--release for beta-release-1.100-2
[INFO] extracting crate perl-dap-eval 0.12.2 into /workspace/builds/worker-6-tc2/source
[INFO] started tweaking crates.io crate perl-dap-eval 0.12.2
[INFO] removed 0 missing tests
[INFO] finished tweaking crates.io crate perl-dap-eval 0.12.2
[INFO] tweaked toml for crates.io crate perl-dap-eval 0.12.2 written to /workspace/builds/worker-6-tc2/source/Cargo.toml
[INFO] validating manifest of crates.io crate perl-dap-eval 0.12.2 on toolchain 1.100.0-beta.1
[INFO] running `Command { std: CARGO_HOME="/workspace/cargo-home" RUSTUP_HOME="/workspace/rustup-home" "/workspace/cargo-home/bin/cargo" "+1.100.0-beta.1" "metadata" "--manifest-path" "Cargo.toml" "--no-deps", kill_on_drop: false }`
[INFO] crate crates.io crate perl-dap-eval 0.12.2 already has a lockfile, it will not be regenerated
[INFO] running `Command { std: CARGO_HOME="/workspace/cargo-home" RUSTUP_HOME="/workspace/rustup-home" "/workspace/cargo-home/bin/cargo" "+1.100.0-beta.1" "fetch" "--manifest-path" "Cargo.toml", kill_on_drop: false }`
[INFO] [stderr] warning: `package.homepage` is redundant with `package.repository`
[INFO] [stderr]   --> Cargo.toml:40:12
[INFO] [stderr]    |
[INFO] [stderr] 40 | homepage = "https://github.com/EffortlessMetrics/perl-lsp"
[INFO] [stderr]    |            ^^^^^^^^^^^^^^^^^^^^^^^^^^^^^^^^^^^^^^^^^^^^^^^
[INFO] [stderr] ...
[INFO] [stderr] 45 | repository = "https://github.com/EffortlessMetrics/perl-lsp"
[INFO] [stderr]    |              -----------------------------------------------
[INFO] [stderr]    |
[INFO] [stderr]    = note: `cargo::redundant_homepage` is set to `warn` by default
[INFO] [stderr] help: consider removing `package.homepage`
[INFO] [stderr] warning: `perl-dap-eval` (manifest) generated 1 warning
[INFO] running `Command { std: "docker" "create" "-v" "/var/lib/crater-agent-workspace/builds/worker-6-tc2/source:/opt/rustwide/workdir:ro,Z" "-v" "/var/lib/crater-agent-workspace/builds/worker-6-tc2/target:/opt/rustwide/target:rw,Z" "-v" "/var/lib/crater-agent-workspace/cargo-home:/opt/rustwide/cargo-home:ro,Z" "-v" "/var/lib/crater-agent-workspace/rustup-home:/opt/rustwide/rustup-home:ro,Z" "-m" "1610612736" "--network" "none" "ghcr.io/rust-lang/crates-build-env/linux@sha256:77db811e55d90add9212f6832c23229e3de5f1c1f9905e8cb07319ea15df73ac" "sleep" "infinity", kill_on_drop: false }`
[INFO] [stdout] 5ac74574693dd61c9722686f7ea6980279c86e712c66d106b1b32f8b36f7a867
[INFO] running `Command { std: "docker" "start" "5ac74574693dd61c9722686f7ea6980279c86e712c66d106b1b32f8b36f7a867", kill_on_drop: false }`
[INFO] running `Command { std: "docker" "inspect" "5ac74574693dd61c9722686f7ea6980279c86e712c66d106b1b32f8b36f7a867", kill_on_drop: false }`
[INFO] running `Command { std: "docker" "exec" "-e" "SOURCE_DIR=/opt/rustwide/workdir" "-e" "CARGO_HOME=/opt/rustwide/cargo-home" "-e" "RUSTUP_HOME=/opt/rustwide/rustup-home" "-e" "CARGO_TARGET_DIR=/opt/rustwide/target" "-w" "/opt/rustwide/workdir" "--user" "0:0" "5ac74574693dd61c9722686f7ea6980279c86e712c66d106b1b32f8b36f7a867" "/opt/rustwide/cargo-home/bin/cargo" "+1.100.0-beta.1" "metadata" "--no-deps" "--format-version=1", kill_on_drop: false }`
[INFO] running `Command { std: "docker" "inspect" "5ac74574693dd61c9722686f7ea6980279c86e712c66d106b1b32f8b36f7a867", kill_on_drop: false }`
[INFO] running `Command { std: "docker" "exec" "-e" "SOURCE_DIR=/opt/rustwide/workdir" "-e" "CARGO_HOME=/opt/rustwide/cargo-home" "-e" "RUSTUP_HOME=/opt/rustwide/rustup-home" "-e" "CARGO_TARGET_DIR=/opt/rustwide/target" "-e" "CARGO_INCREMENTAL=0" "-e" "RUST_BACKTRACE=full" "-e" "RUSTFLAGS=--cap-lints=warn" "-e" "RUSTDOCFLAGS=--cap-lints=warn" "-w" "/opt/rustwide/workdir" "--user" "0:0" "5ac74574693dd61c9722686f7ea6980279c86e712c66d106b1b32f8b36f7a867" "/opt/rustwide/cargo-home/bin/cargo" "+1.100.0-beta.1" "build" "--frozen" "--message-format=json" "--release", kill_on_drop: false }`
[INFO] [stderr] warning: `package.homepage` is redundant with `package.repository`
[INFO] [stderr]   --> Cargo.toml:40:12
[INFO] [stderr]    |
[INFO] [stderr] 40 | homepage = "https://github.com/EffortlessMetrics/perl-lsp"
[INFO] [stderr]    |            ^^^^^^^^^^^^^^^^^^^^^^^^^^^^^^^^^^^^^^^^^^^^^^^
[INFO] [stderr] ...
[INFO] [stderr] 45 | repository = "https://github.com/EffortlessMetrics/perl-lsp"
[INFO] [stderr]    |              -----------------------------------------------
[INFO] [stderr]    |
[INFO] [stderr]    = note: `cargo::redundant_homepage` is set to `warn` by default
[INFO] [stderr] help: consider removing `package.homepage`
[INFO] [stderr] warning: `perl-dap-eval` (manifest) generated 1 warning
[INFO] [stderr]    Compiling aho-corasick v1.1.4
[INFO] [stderr]    Compiling thiserror-impl v2.0.18
[INFO] [stderr]    Compiling thiserror v2.0.18
[INFO] [stderr]    Compiling regex-automata v0.4.14
[INFO] [stderr]    Compiling regex v1.12.3
[INFO] [stderr]    Compiling perl-dap-eval v0.12.2 (/opt/rustwide/workdir)
[INFO] [stderr]     Finished `release` profile [optimized] target(s) in 14.09s
[INFO] running `Command { std: "docker" "inspect" "5ac74574693dd61c9722686f7ea6980279c86e712c66d106b1b32f8b36f7a867", kill_on_drop: false }`
[INFO] running `Command { std: "docker" "exec" "-e" "SOURCE_DIR=/opt/rustwide/workdir" "-e" "CARGO_HOME=/opt/rustwide/cargo-home" "-e" "RUSTUP_HOME=/opt/rustwide/rustup-home" "-e" "CARGO_TARGET_DIR=/opt/rustwide/target" "-e" "CARGO_INCREMENTAL=0" "-e" "RUST_BACKTRACE=full" "-e" "RUSTFLAGS=--cap-lints=warn" "-e" "RUSTDOCFLAGS=--cap-lints=warn" "-w" "/opt/rustwide/workdir" "--user" "0:0" "5ac74574693dd61c9722686f7ea6980279c86e712c66d106b1b32f8b36f7a867" "/opt/rustwide/cargo-home/bin/cargo" "+1.100.0-beta.1" "test" "--frozen" "--no-run" "--message-format=json" "--release", kill_on_drop: false }`
[INFO] [stderr] warning: `package.homepage` is redundant with `package.repository`
[INFO] [stderr]   --> Cargo.toml:40:12
[INFO] [stderr]    |
[INFO] [stderr] 40 | homepage = "https://github.com/EffortlessMetrics/perl-lsp"
[INFO] [stderr]    |            ^^^^^^^^^^^^^^^^^^^^^^^^^^^^^^^^^^^^^^^^^^^^^^^
[INFO] [stderr] ...
[INFO] [stderr] 45 | repository = "https://github.com/EffortlessMetrics/perl-lsp"
[INFO] [stderr]    |              -----------------------------------------------
[INFO] [stderr]    |
[INFO] [stderr]    = note: `cargo::redundant_homepage` is set to `warn` by default
[INFO] [stderr] help: consider removing `package.homepage`
[INFO] [stderr] warning: `perl-dap-eval` (manifest) generated 1 warning
[INFO] [stderr]    Compiling perl-dap-eval v0.12.2 (/opt/rustwide/workdir)
[INFO] [stdout] error[E0432]: unresolved import `perl_tdd_support`
[INFO] [stdout]    --> src/patterns.rs:151:13
[INFO] [stdout]     |
[INFO] [stdout] 151 |         use perl_tdd_support::must;
[INFO] [stdout]     |             ^^^^^^^^^^^^^^^^ use of unresolved module or unlinked crate `perl_tdd_support`
[INFO] [stdout]     |
[INFO] [stdout]     = help: if you wanted to use a crate named `perl_tdd_support`, use `cargo add perl_tdd_support` to add it to your `Cargo.toml`
[INFO] [stdout] 
[INFO] [stdout] 
[INFO] [stdout] error[E0432]: unresolved import `perl_tdd_support`
[INFO] [stdout]    --> src/patterns.rs:165:13
[INFO] [stdout]     |
[INFO] [stdout] 165 |         use perl_tdd_support::must;
[INFO] [stdout]     |             ^^^^^^^^^^^^^^^^ use of unresolved module or unlinked crate `perl_tdd_support`
[INFO] [stdout]     |
[INFO] [stdout]     = help: if you wanted to use a crate named `perl_tdd_support`, use `cargo add perl_tdd_support` to add it to your `Cargo.toml`
[INFO] [stdout] 
[INFO] [stdout] 
[INFO] [stdout] For more information about this error, try `rustc --explain E0432`.
[INFO] [stdout] 
[INFO] [stderr] error: could not compile `perl-dap-eval` (lib test) due to 2 previous errors
[INFO] [stdout] error[E0432]: unresolved import `perl_tdd_support`
[INFO] [stdout]   --> tests/timeout_and_exception_tests.rs:11:5
[INFO] [stdout]    |
[INFO] [stdout] 11 | use perl_tdd_support::must_err;
[INFO] [stdout]    |     ^^^^^^^^^^^^^^^^ use of unresolved module or unlinked crate `perl_tdd_support`
[INFO] [stdout]    |
[INFO] [stdout]    = help: if you wanted to use a crate named `perl_tdd_support`, use `cargo add perl_tdd_support` to add it to your `Cargo.toml`
[INFO] [stdout] 
[INFO] [stdout] 
[INFO] [stderr] warning: build failed, waiting for other jobs to finish...
[INFO] [stdout] error[E0432]: unresolved import `perl_tdd_support`
[INFO] [stdout]  --> tests/safe_evaluator.rs:9:5
[INFO] [stdout]   |
[INFO] [stdout] 9 | use perl_tdd_support::must_err;
[INFO] [stdout]   |     ^^^^^^^^^^^^^^^^ use of unresolved module or unlinked crate `perl_tdd_support`
[INFO] [stdout]   |
[INFO] [stdout]   = help: if you wanted to use a crate named `perl_tdd_support`, use `cargo add perl_tdd_support` to add it to your `Cargo.toml`
[INFO] [stdout] 
[INFO] [stdout] 
[INFO] [stdout] For more information about this error, try `rustc --explain E0432`.
[INFO] [stdout] 
[INFO] [stderr] error: could not compile `perl-dap-eval` (test "timeout_and_exception_tests") due to 1 previous error
[INFO] [stdout] For more information about this error, try `rustc --explain E0432`.
[INFO] [stdout] 
[INFO] [stderr] error: could not compile `perl-dap-eval` (test "safe_evaluator") due to 1 previous error
[INFO] running `Command { std: "docker" "inspect" "5ac74574693dd61c9722686f7ea6980279c86e712c66d106b1b32f8b36f7a867", kill_on_drop: false }`
[INFO] running `Command { std: "docker" "rm" "-f" "5ac74574693dd61c9722686f7ea6980279c86e712c66d106b1b32f8b36f7a867", kill_on_drop: false }`
[INFO] [stdout] 5ac74574693dd61c9722686f7ea6980279c86e712c66d106b1b32f8b36f7a867
