[INFO] fetching crate peregrine-ml 0.32.0...
[INFO] testing peregrine-ml-0.32.0 against 1.99.0-beta.8+cargoflags=--release for beta-release-1.100-2
[INFO] extracting crate peregrine-ml 0.32.0 into /workspace/builds/worker-5-tc1/source
[INFO] removed /workspace/builds/worker-5-tc1/source/.cargo/config.toml
[INFO] started tweaking crates.io crate peregrine-ml 0.32.0
[INFO] removed 0 missing examples
[INFO] removed 0 missing tests
[INFO] finished tweaking crates.io crate peregrine-ml 0.32.0
[INFO] tweaked toml for crates.io crate peregrine-ml 0.32.0 written to /workspace/builds/worker-5-tc1/source/Cargo.toml
[INFO] validating manifest of crates.io crate peregrine-ml 0.32.0 on toolchain 1.99.0-beta.8
[INFO] running `Command { std: CARGO_HOME="/workspace/cargo-home" RUSTUP_HOME="/workspace/rustup-home" "/workspace/cargo-home/bin/cargo" "+1.99.0-beta.8" "metadata" "--manifest-path" "Cargo.toml" "--no-deps", kill_on_drop: false }`
[INFO] crate crates.io crate peregrine-ml 0.32.0 already has a lockfile, it will not be regenerated
[INFO] running `Command { std: CARGO_HOME="/workspace/cargo-home" RUSTUP_HOME="/workspace/rustup-home" "/workspace/cargo-home/bin/cargo" "+1.99.0-beta.8" "fetch" "--manifest-path" "Cargo.toml", kill_on_drop: false }`
[INFO] [stderr]     Updating crates.io index
[INFO] [stderr]  Downloading crates ...
[INFO] [stderr]   Downloaded rustls-pki-types v1.14.0
[INFO] [stderr]   Downloaded webpki-roots v0.26.11
[INFO] [stderr]   Downloaded zerofrom v0.1.6
[INFO] [stderr]   Downloaded zerofrom-derive v0.1.6
[INFO] [stderr]   Downloaded yoke-derive v0.8.1
[INFO] [stderr]   Downloaded autocfg v1.5.0
[INFO] [stderr]   Downloaded equator v0.4.2
[INFO] [stderr]   Downloaded zeroize v1.8.2
[INFO] [stderr]   Downloaded wasm-bindgen-shared v0.2.108
[INFO] [stderr]   Downloaded synstructure v0.13.2
[INFO] [stderr]   Downloaded yoke v0.8.1
[INFO] [stderr]   Downloaded writeable v0.6.2
[INFO] [stderr]   Downloaded aligned-vec v0.6.4
[INFO] [stderr]   Downloaded equator-macro v0.4.2
[INFO] [stderr]   Downloaded displaydoc v0.2.5
[INFO] [stderr]   Downloaded tinystr v0.8.2
[INFO] [stderr]   Downloaded ureq v2.12.1
[INFO] [stderr]   Downloaded serde_derive v1.0.228
[INFO] [stderr]   Downloaded litemap v0.8.1
[INFO] [stderr]   Downloaded crossbeam-epoch v0.9.18
[INFO] [stderr]   Downloaded crunchy v0.2.4
[INFO] [stderr]   Downloaded icu_provider v2.1.1
[INFO] [stderr]   Downloaded icu_locale_core v2.1.1
[INFO] [stderr]   Downloaded itoa v1.0.17
[INFO] [stderr]   Downloaded wasm-bindgen-macro-support v0.2.108
[INFO] [stderr]   Downloaded cfg-if v1.0.4
[INFO] [stderr]   Downloaded zerotrie v0.2.3
[INFO] [stderr]   Downloaded icu_normalizer v2.1.1
[INFO] [stderr]   Downloaded fax v0.2.6
[INFO] [stderr]   Downloaded wasm-bindgen-macro v0.2.108
[INFO] [stderr]   Downloaded windows-targets v0.52.6
[INFO] [stderr]   Downloaded potential_utf v0.1.4
[INFO] [stderr]   Downloaded quick-error v2.0.1
[INFO] [stderr]   Downloaded profiling-procmacros v1.0.17
[INFO] [stderr]   Downloaded arbitrary v1.4.2
[INFO] [stderr]   Downloaded idna_adapter v1.2.1
[INFO] [stderr]   Downloaded fax_derive v0.2.0
[INFO] [stderr]   Downloaded num-derive v0.4.2
[INFO] [stderr]   Downloaded zerovec-derive v0.11.2
[INFO] [stderr]   Downloaded wasi v0.11.1+wasi-snapshot-preview1
[INFO] [stderr]   Downloaded shlex v1.3.0
[INFO] [stderr]   Downloaded jobserver v0.1.34
[INFO] [stderr]   Downloaded find-msvc-tools v0.1.9
[INFO] [stderr]   Downloaded simd-adler32 v0.3.8
[INFO] [stderr]   Downloaded objc2-encode v4.1.0
[INFO] [stderr]   Downloaded zune-core v0.4.12
[INFO] [stderr]   Downloaded ravif v0.12.0
[INFO] [stderr]   Downloaded simd_helpers v0.1.0
[INFO] [stderr]   Downloaded quote v1.0.44
[INFO] [stderr]   Downloaded zmij v1.0.21
[INFO] [stderr]   Downloaded crossbeam-deque v0.8.6
[INFO] [stderr]   Downloaded rgb v0.8.52
[INFO] [stderr]   Downloaded either v1.15.0
[INFO] [stderr]   Downloaded zune-core v0.5.1
[INFO] [stderr]   Downloaded weezl v0.1.12
[INFO] [stderr]   Downloaded proc-macro2 v1.0.106
[INFO] [stderr]   Downloaded once_cell v1.21.3
[INFO] [stderr]   Downloaded crc32fast v1.5.0
[INFO] [stderr]   Downloaded crossbeam-utils v0.8.21
[INFO] [stderr]   Downloaded wasm-bindgen v0.2.108
[INFO] [stderr]   Downloaded rand_chacha v0.9.0
[INFO] [stderr]   Downloaded paste v1.0.15
[INFO] [stderr]   Downloaded noop_proc_macro v0.3.0
[INFO] [stderr]   Downloaded num-integer v0.1.46
[INFO] [stderr]   Downloaded avif-serialize v0.8.8
[INFO] [stderr]   Downloaded color_quant v1.1.0
[INFO] [stderr]   Downloaded bit_field v0.10.3
[INFO] [stderr]   Downloaded plotters-backend v0.3.7
[INFO] [stderr]   Downloaded unicode-ident v1.0.24
[INFO] [stderr]   Downloaded serde_core v1.0.228
[INFO] [stderr]   Downloaded smallvec v1.15.1
[INFO] [stderr]   Downloaded getrandom v0.3.4
[INFO] [stderr]   Downloaded wit-bindgen v0.51.0
[INFO] [stderr]   Downloaded r-efi v5.3.0
[INFO] [stderr]   Downloaded log v0.4.29
[INFO] [stderr]   Downloaded miniz_oxide v0.8.9
[INFO] [stderr]   Downloaded bitflags v2.11.0
[INFO] [stderr]   Downloaded zune-jpeg v0.4.21
[INFO] [stderr]   Downloaded half v2.7.1
[INFO] [stderr]   Downloaded num-rational v0.4.2
[INFO] [stderr]   Downloaded icu_properties v2.1.2
[INFO] [stderr]   Downloaded icu_normalizer_data v2.1.1
[INFO] [stderr]   Downloaded base64 v0.22.1
[INFO] [stderr]   Downloaded rayon-core v1.13.0
[INFO] [stderr]   Downloaded zune-jpeg v0.5.12
[INFO] [stderr]   Downloaded bumpalo v3.20.1
[INFO] [stderr]   Downloaded thiserror v2.0.18
[INFO] [stderr]   Downloaded lebe v0.5.3
[INFO] [stderr]   Downloaded clap_lex v1.0.0
[INFO] [stderr]   Downloaded serde v1.0.228
[INFO] [stderr]   Downloaded icu_collections v2.1.1
[INFO] [stderr]   Downloaded rustls-webpki v0.103.9
[INFO] [stderr]   Downloaded cc v1.2.56
[INFO] [stderr]   Downloaded flate2 v1.1.9
[INFO] [stderr]   Downloaded icu_properties_data v2.1.2
[INFO] [stderr]   Downloaded memchr v2.8.0
[INFO] [stderr]   Downloaded zerocopy-derive v0.8.39
[INFO] [stderr]   Downloaded new_debug_unreachable v1.0.6
[INFO] [stderr]   Downloaded loop9 v0.1.5
[INFO] [stderr]   Downloaded wasip2 v1.0.2+wasi-0.2.9
[INFO] [stderr]   Downloaded av1-grain v0.2.5
[INFO] [stderr]   Downloaded anstyle v1.0.13
[INFO] [stderr]   Downloaded zerovec v0.11.5
[INFO] [stderr]   Downloaded serde_json v1.0.149
[INFO] [stderr]   Downloaded profiling v1.0.17
[INFO] [stderr]   Downloaded arg_enum_proc_macro v0.3.4
[INFO] [stderr]   Downloaded cast v0.3.0
[INFO] [stderr]   Downloaded webpki-roots v1.0.6
[INFO] [stderr]   Downloaded rayon v1.11.0
[INFO] [stderr]   Downloaded ciborium-io v0.2.2
[INFO] [stderr]   Downloaded quick-xml v0.36.2
[INFO] [stderr]   Downloaded interpolate_name v0.2.4
[INFO] [stderr]   Downloaded byteorder-lite v0.1.0
[INFO] [stderr]   Downloaded same-file v1.0.6
[INFO] [stderr]   Downloaded is-terminal v0.4.17
[INFO] [stderr]   Downloaded maybe-rayon v0.1.1
[INFO] [stderr]   Downloaded y4m v0.8.0
[INFO] [stderr]   Downloaded plotters-svg v0.3.7
[INFO] [stderr]   Downloaded ciborium-ll v0.2.2
[INFO] [stderr]   Downloaded fdeflate v0.3.7
[INFO] [stderr]   Downloaded anes v0.1.6
[INFO] [stderr]   Downloaded winapi-util v0.1.11
[INFO] [stderr]   Downloaded as-slice v0.2.1
[INFO] [stderr]   Downloaded pastey v0.1.1
[INFO] [stderr]   Downloaded core2 v0.4.0
[INFO] [stderr]   Downloaded criterion-plot v0.5.0
[INFO] [stderr]   Downloaded bitstream-io v4.9.0
[INFO] [stderr]   Downloaded aligned v0.4.3
[INFO] [stderr]   Downloaded rustversion v1.0.22
[INFO] [stderr]   Downloaded v_frame v0.3.9
[INFO] [stderr]   Downloaded ppv-lite86 v0.2.21
[INFO] [stderr]   Downloaded walkdir v2.5.0
[INFO] [stderr]   Downloaded tinytemplate v1.2.1
[INFO] [stderr]   Downloaded thiserror-impl v2.0.18
[INFO] [stderr]   Downloaded arrayvec v0.7.6
[INFO] [stderr]   Downloaded hermit-abi v0.5.2
[INFO] [stderr]   Downloaded oorandom v11.1.5
[INFO] [stderr]   Downloaded built v0.8.0
[INFO] [stderr]   Downloaded bytemuck v1.25.0
[INFO] [stderr]   Downloaded rand_core v0.9.5
[INFO] [stderr]   Downloaded zune-inflate v0.2.54
[INFO] [stderr]   Downloaded objc2-metal v0.3.2
[INFO] [stderr]   Downloaded gif v0.14.1
[INFO] [stderr]   Downloaded ciborium v0.2.2
[INFO] [stderr]   Downloaded objc2 v0.6.3
[INFO] [stderr]   Downloaded zerocopy v0.8.39
[INFO] [stderr]   Downloaded js-sys v0.3.85
[INFO] [stderr]   Downloaded clap v4.5.60
[INFO] [stderr]   Downloaded num-traits v0.2.19
[INFO] [stderr]   Downloaded anyhow v1.0.101
[INFO] [stderr]   Downloaded image v0.25.9
[INFO] [stderr]   Downloaded num-bigint v0.4.6
[INFO] [stderr]   Downloaded image-webp v0.2.4
[INFO] [stderr]   Downloaded syn v2.0.116
[INFO] [stderr]   Downloaded qoi v0.4.1
[INFO] [stderr]   Downloaded criterion v0.5.1
[INFO] [stderr]   Downloaded imgref v1.12.0
[INFO] [stderr]   Downloaded objc2-foundation v0.3.2
[INFO] [stderr]   Downloaded rand v0.9.2
[INFO] [stderr]   Downloaded itertools v0.10.5
[INFO] [stderr]   Downloaded libfuzzer-sys v0.4.12
[INFO] [stderr]   Downloaded rustls v0.23.36
[INFO] [stderr]   Downloaded windows_aarch64_gnullvm v0.52.6
[INFO] [stderr]   Downloaded windows_x86_64_gnullvm v0.52.6
[INFO] [stderr]   Downloaded windows_i686_gnullvm v0.52.6
[INFO] [stderr]   Downloaded nom v8.0.0
[INFO] [stderr]   Downloaded png v0.18.1
[INFO] [stderr]   Downloaded plotters v0.3.7
[INFO] [stderr]   Downloaded regex v1.12.3
[INFO] [stderr]   Downloaded aho-corasick v1.1.4
[INFO] [stderr]   Downloaded itertools v0.14.0
[INFO] [stderr]   Downloaded moxcms v0.7.11
[INFO] [stderr]   Downloaded clap_builder v4.5.60
[INFO] [stderr]   Downloaded exr v1.74.0
[INFO] [stderr]   Downloaded regex-syntax v0.8.9
[INFO] [stderr]   Downloaded windows_aarch64_msvc v0.52.6
[INFO] [stderr]   Downloaded libc v0.2.182
[INFO] [stderr]   Downloaded windows_x86_64_msvc v0.52.6
[INFO] [stderr]   Downloaded windows_x86_64_gnu v0.52.6
[INFO] [stderr]   Downloaded windows_i686_gnu v0.52.6
[INFO] [stderr]   Downloaded windows_i686_msvc v0.52.6
[INFO] [stderr]   Downloaded av-scenechange v0.14.1
[INFO] [stderr]   Downloaded regex-automata v0.4.14
[INFO] [stderr]   Downloaded web-sys v0.3.85
[INFO] [stderr]   Downloaded pxfm v0.1.27
[INFO] [stderr]   Downloaded tiff v0.10.3
[INFO] [stderr]   Downloaded rav1e v0.8.1
[INFO] [stderr]   Downloaded windows-sys v0.52.0
[INFO] running `Command { std: "docker" "create" "-v" "/var/lib/crater-agent-workspace/builds/worker-5-tc1/source:/opt/rustwide/workdir:ro,Z" "-v" "/var/lib/crater-agent-workspace/builds/worker-5-tc1/target:/opt/rustwide/target:rw,Z" "-v" "/var/lib/crater-agent-workspace/cargo-home:/opt/rustwide/cargo-home:ro,Z" "-v" "/var/lib/crater-agent-workspace/rustup-home:/opt/rustwide/rustup-home:ro,Z" "-m" "1610612736" "--network" "none" "ghcr.io/rust-lang/crates-build-env/linux@sha256:77db811e55d90add9212f6832c23229e3de5f1c1f9905e8cb07319ea15df73ac" "sleep" "infinity", kill_on_drop: false }`
[INFO] [stdout] 507c9f6875fd39224a5b7aac153320ab772849b38f8d91eb2cdf7d5d5d85013b
[INFO] running `Command { std: "docker" "start" "507c9f6875fd39224a5b7aac153320ab772849b38f8d91eb2cdf7d5d5d85013b", kill_on_drop: false }`
[INFO] running `Command { std: "docker" "inspect" "507c9f6875fd39224a5b7aac153320ab772849b38f8d91eb2cdf7d5d5d85013b", kill_on_drop: false }`
[INFO] running `Command { std: "docker" "exec" "-e" "SOURCE_DIR=/opt/rustwide/workdir" "-e" "CARGO_HOME=/opt/rustwide/cargo-home" "-e" "RUSTUP_HOME=/opt/rustwide/rustup-home" "-e" "CARGO_TARGET_DIR=/opt/rustwide/target" "-w" "/opt/rustwide/workdir" "--user" "0:0" "507c9f6875fd39224a5b7aac153320ab772849b38f8d91eb2cdf7d5d5d85013b" "/opt/rustwide/cargo-home/bin/cargo" "+1.99.0-beta.8" "metadata" "--no-deps" "--format-version=1", kill_on_drop: false }`
[INFO] running `Command { std: "docker" "inspect" "507c9f6875fd39224a5b7aac153320ab772849b38f8d91eb2cdf7d5d5d85013b", kill_on_drop: false }`
[INFO] running `Command { std: "docker" "exec" "-e" "SOURCE_DIR=/opt/rustwide/workdir" "-e" "CARGO_HOME=/opt/rustwide/cargo-home" "-e" "RUSTUP_HOME=/opt/rustwide/rustup-home" "-e" "CARGO_TARGET_DIR=/opt/rustwide/target" "-e" "CARGO_INCREMENTAL=0" "-e" "RUST_BACKTRACE=full" "-e" "RUSTFLAGS=--cap-lints=warn" "-e" "RUSTDOCFLAGS=--cap-lints=warn" "-w" "/opt/rustwide/workdir" "--user" "0:0" "507c9f6875fd39224a5b7aac153320ab772849b38f8d91eb2cdf7d5d5d85013b" "/opt/rustwide/cargo-home/bin/cargo" "+1.99.0-beta.8" "build" "--frozen" "--message-format=json" "--release", kill_on_drop: false }`
[INFO] [stderr]    Compiling crossbeam-utils v0.8.21
[INFO] [stderr]    Compiling rayon-core v1.13.0
[INFO] [stderr]    Compiling libc v0.2.182
[INFO] [stderr]    Compiling either v1.15.0
[INFO] [stderr]    Compiling crossbeam-epoch v0.9.18
[INFO] [stderr]    Compiling crossbeam-deque v0.8.6
[INFO] [stderr]    Compiling rayon v1.11.0
[INFO] [stderr]    Compiling peregrine-ml v0.32.0 (/opt/rustwide/workdir)
[INFO] [stdout] error[E0425]: cannot find value `CBLAS_ROW_MAJOR` in this scope
[INFO] [stdout]     --> src/tensor.rs:1707:17
[INFO] [stdout]      |
[INFO] [stdout] 1707 |                 CBLAS_ROW_MAJOR, CBLAS_NO_TRANS, CBLAS_NO_TRANS,
[INFO] [stdout]      |                 ^^^^^^^^^^^^^^^ not found in this scope
[INFO] [stdout] 
[INFO] [stdout] 
[INFO] [stdout] error[E0425]: cannot find value `CBLAS_NO_TRANS` in this scope
[INFO] [stdout]     --> src/tensor.rs:1707:34
[INFO] [stdout]      |
[INFO] [stdout] 1707 |                 CBLAS_ROW_MAJOR, CBLAS_NO_TRANS, CBLAS_NO_TRANS,
[INFO] [stdout]      |                                  ^^^^^^^^^^^^^^ not found in this scope
[INFO] [stdout] 
[INFO] [stdout] 
[INFO] [stdout] error[E0425]: cannot find value `CBLAS_NO_TRANS` in this scope
[INFO] [stdout]     --> src/tensor.rs:1707:50
[INFO] [stdout]      |
[INFO] [stdout] 1707 |                 CBLAS_ROW_MAJOR, CBLAS_NO_TRANS, CBLAS_NO_TRANS,
[INFO] [stdout]      |                                                  ^^^^^^^^^^^^^^ not found in this scope
[INFO] [stdout] 
[INFO] [stdout] 
[INFO] [stdout] error[E0425]: cannot find value `CBLAS_ROW_MAJOR` in this scope
[INFO] [stdout]     --> src/tensor.rs:1807:17
[INFO] [stdout]      |
[INFO] [stdout] 1807 |                 CBLAS_ROW_MAJOR, CBLAS_NO_TRANS, CBLAS_NO_TRANS,
[INFO] [stdout]      |                 ^^^^^^^^^^^^^^^ not found in this scope
[INFO] [stdout] 
[INFO] [stdout] 
[INFO] [stdout] error[E0425]: cannot find value `CBLAS_NO_TRANS` in this scope
[INFO] [stdout]     --> src/tensor.rs:1807:34
[INFO] [stdout]      |
[INFO] [stdout] 1807 |                 CBLAS_ROW_MAJOR, CBLAS_NO_TRANS, CBLAS_NO_TRANS,
[INFO] [stdout]      |                                  ^^^^^^^^^^^^^^ not found in this scope
[INFO] [stdout] 
[INFO] [stdout] 
[INFO] [stdout] error[E0425]: cannot find value `CBLAS_NO_TRANS` in this scope
[INFO] [stdout]     --> src/tensor.rs:1807:50
[INFO] [stdout]      |
[INFO] [stdout] 1807 |                 CBLAS_ROW_MAJOR, CBLAS_NO_TRANS, CBLAS_NO_TRANS,
[INFO] [stdout]      |                                                  ^^^^^^^^^^^^^^ not found in this scope
[INFO] [stdout] 
[INFO] [stdout] 
[INFO] [stdout] error[E0425]: cannot find value `ih_buf` in this scope
[INFO] [stdout]     --> src/nn.rs:1123:25
[INFO] [stdout]      |
[INFO] [stdout] 1123 |                         ih_buf[j] = bih[j]; hh_buf[j] = bhh[j];
[INFO] [stdout]      |                         ^^^^^^
[INFO] [stdout]      |
[INFO] [stdout] help: a local variable with a similar name exists
[INFO] [stdout]      |
[INFO] [stdout] 1123 -                         ih_buf[j] = bih[j]; hh_buf[j] = bhh[j];
[INFO] [stdout] 1123 +                         hh_buf[j] = bih[j]; hh_buf[j] = bhh[j];
[INFO] [stdout]      |
[INFO] [stdout] 
[INFO] [stdout] 
[INFO] [stdout] error[E0425]: cannot find value `ih_buf` in this scope
[INFO] [stdout]     --> src/nn.rs:1124:42
[INFO] [stdout]      |
[INFO] [stdout] 1124 |                         for p in 0..is { ih_buf[j] += x_t[p] * wih[p * 3 * hs + j]; }
[INFO] [stdout]      |                                          ^^^^^^
[INFO] [stdout]      |
[INFO] [stdout] help: a local variable with a similar name exists
[INFO] [stdout]      |
[INFO] [stdout] 1124 -                         for p in 0..is { ih_buf[j] += x_t[p] * wih[p * 3 * hs + j]; }
[INFO] [stdout] 1124 +                         for p in 0..is { hh_buf[j] += x_t[p] * wih[p * 3 * hs + j]; }
[INFO] [stdout]      |
[INFO] [stdout] 
[INFO] [stdout] 
[INFO] [stdout] error[E0425]: cannot find value `x_t` in this scope
[INFO] [stdout]     --> src/nn.rs:1124:55
[INFO] [stdout]      |
[INFO] [stdout] 1124 |                         for p in 0..is { ih_buf[j] += x_t[p] * wih[p * 3 * hs + j]; }
[INFO] [stdout]      |                                                       ^^^ not found in this scope
[INFO] [stdout] 
[INFO] [stdout] 
[INFO] [stdout] error[E0425]: cannot find function `sgemm_strided` in this scope
[INFO] [stdout]    --> src/tensor.rs:231:17
[INFO] [stdout]     |
[INFO] [stdout] 231 |                 sgemm_strided(
[INFO] [stdout]     |                 ^^^^^^^^^^^^^ not found in this scope
[INFO] [stdout] 
[INFO] [stdout] 
[INFO] [stdout] error[E0425]: cannot find function `sgemm` in this scope
[INFO] [stdout]    --> src/tensor.rs:242:17
[INFO] [stdout]     |
[INFO] [stdout] 242 |                 sgemm(
[INFO] [stdout]     |                 ^^^^^ not found in this scope
[INFO] [stdout] 
[INFO] [stdout] 
[INFO] [stdout] error[E0425]: cannot find function `sgemm_strided` in this scope
[INFO] [stdout]    --> src/tensor.rs:262:13
[INFO] [stdout]     |
[INFO] [stdout] 262 |             sgemm_strided(
[INFO] [stdout]     |             ^^^^^^^^^^^^^ not found in this scope
[INFO] [stdout] 
[INFO] [stdout] 
[INFO] [stdout] error[E0425]: cannot find function `sgemm_strided` in this scope
[INFO] [stdout]    --> src/tensor.rs:272:13
[INFO] [stdout]     |
[INFO] [stdout] 272 |             sgemm_strided(
[INFO] [stdout]     |             ^^^^^^^^^^^^^ not found in this scope
[INFO] [stdout] 
[INFO] [stdout] 
[INFO] [stdout] error[E0425]: cannot find function `cblas_sgemm` in this scope
[INFO] [stdout]     --> src/tensor.rs:1706:13
[INFO] [stdout]      |
[INFO] [stdout] 1706 |             cblas_sgemm(
[INFO] [stdout]      |             ^^^^^^^^^^^ not found in this scope
[INFO] [stdout] 
[INFO] [stdout] 
[INFO] [stdout] error[E0425]: cannot find function `cblas_sgemm` in this scope
[INFO] [stdout]     --> src/tensor.rs:1806:13
[INFO] [stdout]      |
[INFO] [stdout] 1806 |             cblas_sgemm(
[INFO] [stdout]      |             ^^^^^^^^^^^ not found in this scope
[INFO] [stdout] 
[INFO] [stdout] 
[INFO] [stdout] For more information about this error, try `rustc --explain E0425`.
[INFO] [stdout] 
[INFO] [stderr] error: could not compile `peregrine-ml` (lib) due to 15 previous errors
[INFO] running `Command { std: "docker" "inspect" "507c9f6875fd39224a5b7aac153320ab772849b38f8d91eb2cdf7d5d5d85013b", kill_on_drop: false }`
[INFO] running `Command { std: "docker" "rm" "-f" "507c9f6875fd39224a5b7aac153320ab772849b38f8d91eb2cdf7d5d5d85013b", kill_on_drop: false }`
[INFO] [stdout] 507c9f6875fd39224a5b7aac153320ab772849b38f8d91eb2cdf7d5d5d85013b
