[INFO] fetching crate pdf-cos 0.39.0...
[INFO] testing pdf-cos-0.39.0 against 1.99.0-beta.8+cargoflags=--release for beta-release-1.100-2
[INFO] extracting crate pdf-cos 0.39.0 into /workspace/builds/worker-1-tc1/source
[INFO] started tweaking crates.io crate pdf-cos 0.39.0
[INFO] removed 0 missing examples
[INFO] removed 0 missing tests
[INFO] finished tweaking crates.io crate pdf-cos 0.39.0
[INFO] tweaked toml for crates.io crate pdf-cos 0.39.0 written to /workspace/builds/worker-1-tc1/source/Cargo.toml
[INFO] validating manifest of crates.io crate pdf-cos 0.39.0 on toolchain 1.99.0-beta.8
[INFO] running `Command { std: CARGO_HOME="/workspace/cargo-home" RUSTUP_HOME="/workspace/rustup-home" "/workspace/cargo-home/bin/cargo" "+1.99.0-beta.8" "metadata" "--manifest-path" "Cargo.toml" "--no-deps", kill_on_drop: false }`
[INFO] crate crates.io crate pdf-cos 0.39.0 already has a lockfile, it will not be regenerated
[INFO] running `Command { std: CARGO_HOME="/workspace/cargo-home" RUSTUP_HOME="/workspace/rustup-home" "/workspace/cargo-home/bin/cargo" "+1.99.0-beta.8" "fetch" "--manifest-path" "Cargo.toml", kill_on_drop: false }`
[INFO] [stderr]  Downloading crates ...
[INFO] [stderr]   Downloaded wasm-bindgen-test v0.2.50
[INFO] [stderr]   Downloaded wasm-bindgen-test-macro v0.2.50
[INFO] running `Command { std: "docker" "create" "-v" "/var/lib/crater-agent-workspace/builds/worker-1-tc1/source:/opt/rustwide/workdir:ro,Z" "-v" "/var/lib/crater-agent-workspace/builds/worker-1-tc1/target:/opt/rustwide/target:rw,Z" "-v" "/var/lib/crater-agent-workspace/cargo-home:/opt/rustwide/cargo-home:ro,Z" "-v" "/var/lib/crater-agent-workspace/rustup-home:/opt/rustwide/rustup-home:ro,Z" "-m" "1610612736" "--network" "none" "ghcr.io/rust-lang/crates-build-env/linux@sha256:77db811e55d90add9212f6832c23229e3de5f1c1f9905e8cb07319ea15df73ac" "sleep" "infinity", kill_on_drop: false }`
[INFO] [stdout] 0332ea16470990946ac0e2b086f0f92099c889410cceda848cefa863485545ff
[INFO] running `Command { std: "docker" "start" "0332ea16470990946ac0e2b086f0f92099c889410cceda848cefa863485545ff", kill_on_drop: false }`
[INFO] running `Command { std: "docker" "inspect" "0332ea16470990946ac0e2b086f0f92099c889410cceda848cefa863485545ff", kill_on_drop: false }`
[INFO] running `Command { std: "docker" "exec" "-e" "SOURCE_DIR=/opt/rustwide/workdir" "-e" "CARGO_HOME=/opt/rustwide/cargo-home" "-e" "RUSTUP_HOME=/opt/rustwide/rustup-home" "-e" "CARGO_TARGET_DIR=/opt/rustwide/target" "-w" "/opt/rustwide/workdir" "--user" "0:0" "0332ea16470990946ac0e2b086f0f92099c889410cceda848cefa863485545ff" "/opt/rustwide/cargo-home/bin/cargo" "+1.99.0-beta.8" "metadata" "--no-deps" "--format-version=1", kill_on_drop: false }`
[INFO] running `Command { std: "docker" "inspect" "0332ea16470990946ac0e2b086f0f92099c889410cceda848cefa863485545ff", kill_on_drop: false }`
[INFO] running `Command { std: "docker" "exec" "-e" "SOURCE_DIR=/opt/rustwide/workdir" "-e" "CARGO_HOME=/opt/rustwide/cargo-home" "-e" "RUSTUP_HOME=/opt/rustwide/rustup-home" "-e" "CARGO_TARGET_DIR=/opt/rustwide/target" "-e" "CARGO_INCREMENTAL=0" "-e" "RUST_BACKTRACE=full" "-e" "RUSTFLAGS=--cap-lints=warn" "-e" "RUSTDOCFLAGS=--cap-lints=warn" "-w" "/opt/rustwide/workdir" "--user" "0:0" "0332ea16470990946ac0e2b086f0f92099c889410cceda848cefa863485545ff" "/opt/rustwide/cargo-home/bin/cargo" "+1.99.0-beta.8" "build" "--frozen" "--message-format=json" "--release", kill_on_drop: false }`
[INFO] [stderr]    Compiling libc v0.2.183
[INFO] [stderr]    Compiling zerocopy v0.8.42
[INFO] [stderr]    Compiling memchr v2.8.0
[INFO] [stderr]    Compiling unicode-normalization v0.1.25
[INFO] [stderr]    Compiling bytecount v0.6.9
[INFO] [stderr]    Compiling unicode-properties v0.1.4
[INFO] [stderr]    Compiling block-padding v0.3.3
[INFO] [stderr]    Compiling syn v2.0.117
[INFO] [stderr]    Compiling time v0.3.47
[INFO] [stderr]    Compiling chrono v0.4.44
[INFO] [stderr]    Compiling weezl v0.1.12
[INFO] [stderr]    Compiling ttf-parser v0.25.1
[INFO] [stderr]    Compiling rangemap v1.7.1
[INFO] [stderr]    Compiling md-5 v0.10.6
[INFO] [stderr]    Compiling jiff v0.2.23
[INFO] [stderr]    Compiling inout v0.1.4
[INFO] [stderr]    Compiling cipher v0.4.4
[INFO] [stderr]    Compiling ecb v0.1.2
[INFO] [stderr]    Compiling cbc v0.1.2
[INFO] [stderr]    Compiling aes v0.8.4
[INFO] [stderr]    Compiling stringprep v0.1.5
[INFO] [stderr]    Compiling nom v8.0.0
[INFO] [stderr]    Compiling getrandom v0.3.4
[INFO] [stderr]    Compiling rand_core v0.9.5
[INFO] [stderr]    Compiling thiserror-impl v2.0.18
[INFO] [stderr]    Compiling thiserror v2.0.18
[INFO] [stderr]    Compiling nom_locate v5.0.0
[INFO] [stderr]    Compiling ppv-lite86 v0.2.21
[INFO] [stderr]    Compiling rand_chacha v0.9.0
[INFO] [stderr]    Compiling rand v0.9.2
[INFO] [stderr]    Compiling pdf-cos v0.39.0 (/opt/rustwide/workdir)
[INFO] [stderr]     Finished `release` profile [optimized] target(s) in 38.92s
[INFO] running `Command { std: "docker" "inspect" "0332ea16470990946ac0e2b086f0f92099c889410cceda848cefa863485545ff", kill_on_drop: false }`
[INFO] running `Command { std: "docker" "exec" "-e" "SOURCE_DIR=/opt/rustwide/workdir" "-e" "CARGO_HOME=/opt/rustwide/cargo-home" "-e" "RUSTUP_HOME=/opt/rustwide/rustup-home" "-e" "CARGO_TARGET_DIR=/opt/rustwide/target" "-e" "CARGO_INCREMENTAL=0" "-e" "RUST_BACKTRACE=full" "-e" "RUSTFLAGS=--cap-lints=warn" "-e" "RUSTDOCFLAGS=--cap-lints=warn" "-w" "/opt/rustwide/workdir" "--user" "0:0" "0332ea16470990946ac0e2b086f0f92099c889410cceda848cefa863485545ff" "/opt/rustwide/cargo-home/bin/cargo" "+1.99.0-beta.8" "test" "--frozen" "--no-run" "--message-format=json" "--release", kill_on_drop: false }`
[INFO] [stderr]    Compiling wasm-bindgen-shared v0.2.114
[INFO] [stderr]    Compiling bumpalo v3.20.2
[INFO] [stderr]    Compiling proc-macro2 v0.4.30
[INFO] [stderr]    Compiling aho-corasick v1.1.4
[INFO] [stderr]    Compiling unicode-xid v0.1.0
[INFO] [stderr]    Compiling syn v2.0.117
[INFO] [stderr]    Compiling wasm-bindgen v0.2.114
[INFO] [stderr]    Compiling getrandom v0.3.4
[INFO] [stderr]    Compiling dirs-sys v0.5.0
[INFO] [stderr]    Compiling serde_core v1.0.228
[INFO] [stderr]    Compiling anstream v0.6.21
[INFO] [stderr]    Compiling getrandom v0.4.2
[INFO] [stderr]    Compiling tempfile v3.27.0
[INFO] [stderr]    Compiling rand_core v0.9.5
[INFO] [stderr]    Compiling dirs v6.0.0
[INFO] [stderr]    Compiling shellexpand v3.1.2
[INFO] [stderr]    Compiling rand_chacha v0.9.0
[INFO] [stderr]    Compiling rand v0.9.2
[INFO] [stderr]    Compiling quote v0.6.13
[INFO] [stderr]    Compiling wasm-bindgen-test-macro v0.2.50
[INFO] [stderr]    Compiling regex-automata v0.4.14
[INFO] [stderr]    Compiling serde_json v1.0.149
[INFO] [stderr]    Compiling wasm-bindgen-macro-support v0.2.114
[INFO] [stderr]    Compiling thiserror-impl v2.0.18
[INFO] [stderr]    Compiling clap_derive v4.6.0
[INFO] [stderr]    Compiling regex v1.12.3
[INFO] [stderr]    Compiling env_filter v1.0.0
[INFO] [stderr]    Compiling env_logger v0.11.9
[INFO] [stderr]    Compiling thiserror v2.0.18
[INFO] [stderr]    Compiling pdf-cos v0.39.0 (/opt/rustwide/workdir)
[INFO] [stderr]    Compiling wasm-bindgen-macro v0.2.114
[INFO] [stderr]    Compiling clap v4.6.0
[INFO] [stderr]    Compiling js-sys v0.3.91
[INFO] [stderr]    Compiling console_error_panic_hook v0.1.7
[INFO] [stderr]    Compiling wasm-bindgen-futures v0.3.27
[INFO] [stderr]    Compiling wasm-bindgen-test v0.2.50
[INFO] [stderr] error: could not compile `pdf-cos` (example "create") due to 1 previous error
[INFO] [stdout] error[E0463]: can't find crate for `lopdf`
[INFO] [stdout]  --> examples/create.rs:2:1
[INFO] [stdout]   |
[INFO] [stdout] 2 | extern crate lopdf;
[INFO] [stdout]   | ^^^^^^^^^^^^^^^^^^^ can't find crate
[INFO] [stdout] 
[INFO] [stdout] 
[INFO] [stderr] warning: build failed, waiting for other jobs to finish...
[INFO] [stdout] For more information about this error, try `rustc --explain E0463`.
[INFO] [stdout] 
[INFO] [stdout] error[E0433]: cannot find module or crate `lopdf` in this scope
[INFO] [stdout]  --> examples/create_text_heavy_pdf.rs:1:5
[INFO] [stdout]   |
[INFO] [stdout] 1 | use lopdf::content::{Content, Operation};
[INFO] [stdout]   |     ^^^^^ use of unresolved module or unlinked crate `lopdf`
[INFO] [stdout]   |
[INFO] [stdout]   = help: if you wanted to use a crate named `lopdf`, use `cargo add lopdf` to add it to your `Cargo.toml`
[INFO] [stdout] 
[INFO] [stdout] 
[INFO] [stdout] error[E0433]: cannot find module or crate `lopdf` in this scope
[INFO] [stdout]  --> tests/extract_test.rs:1:5
[INFO] [stdout]   |
[INFO] [stdout] 1 | use lopdf::content::{Content, Operation};
[INFO] [stdout]   |     ^^^^^ use of unresolved module or unlinked crate `lopdf`
[INFO] [stdout]   |
[INFO] [stdout]   = help: if you wanted to use a crate named `lopdf`, use `cargo add lopdf` to add it to your `Cargo.toml`
[INFO] [stdout] 
[INFO] [stdout] 
[INFO] [stdout] error[E0463]: can't find crate for `lopdf`
[INFO] [stdout]  --> examples/merge.rs:5:1
[INFO] [stdout]   |
[INFO] [stdout] 5 | extern crate lopdf;
[INFO] [stdout]   | ^^^^^^^^^^^^^^^^^^^ can't find crate
[INFO] [stdout] 
[INFO] [stdout] 
[INFO] [stdout] For more information about this error, try `rustc --explain E0463`.
[INFO] [stdout] 
[INFO] [stdout] error[E0432]: unresolved import `lopdf`
[INFO] [stdout]  --> examples/create_text_heavy_pdf.rs:2:5
[INFO] [stdout]   |
[INFO] [stdout] 2 | use lopdf::dictionary;
[INFO] [stdout]   |     ^^^^^ use of unresolved module or unlinked crate `lopdf`
[INFO] [stdout]   |
[INFO] [stdout]   = help: if you wanted to use a crate named `lopdf`, use `cargo add lopdf` to add it to your `Cargo.toml`
[INFO] [stdout] 
[INFO] [stdout] 
[INFO] [stdout] error[E0432]: unresolved import `lopdf`
[INFO] [stdout]  --> examples/create_text_heavy_pdf.rs:3:5
[INFO] [stdout]   |
[INFO] [stdout] 3 | use lopdf::{Document, Object, Stream};
[INFO] [stdout]   |     ^^^^^ use of unresolved module or unlinked crate `lopdf`
[INFO] [stdout]   |
[INFO] [stdout]   = help: if you wanted to use a crate named `lopdf`, use `cargo add lopdf` to add it to your `Cargo.toml`
[INFO] [stdout] 
[INFO] [stdout] 
[INFO] [stdout] error[E0432]: unresolved import `lopdf`
[INFO] [stdout]  --> examples/test_metadata.rs:1:5
[INFO] [stdout]   |
[INFO] [stdout] 1 | use lopdf::Document;
[INFO] [stdout]   |     ^^^^^ use of unresolved module or unlinked crate `lopdf`
[INFO] [stdout]   |
[INFO] [stdout]   = help: if you wanted to use a crate named `lopdf`, use `cargo add lopdf` to add it to your `Cargo.toml`
[INFO] [stdout] 
[INFO] [stdout] 
[INFO] [stdout] error[E0432]: unresolved import `lopdf`
[INFO] [stdout]  --> examples/verify_page_compression.rs:1:5
[INFO] [stdout]   |
[INFO] [stdout] 1 | use lopdf::{Document, Object};
[INFO] [stdout]   |     ^^^^^ use of unresolved module or unlinked crate `lopdf`
[INFO] [stdout]   |
[INFO] [stdout]   = help: if you wanted to use a crate named `lopdf`, use `cargo add lopdf` to add it to your `Cargo.toml`
[INFO] [stdout] 
[INFO] [stdout] 
[INFO] [stdout] error[E0432]: unresolved import `lopdf`
[INFO] [stdout]  --> examples/verify_decryption.rs:4:5
[INFO] [stdout]   |
[INFO] [stdout] 4 | use lopdf::{Document, EncryptionState, EncryptionVersion, Permissions};
[INFO] [stdout]   |     ^^^^^ use of unresolved module or unlinked crate `lopdf`
[INFO] [stdout]   |
[INFO] [stdout]   = help: if you wanted to use a crate named `lopdf`, use `cargo add lopdf` to add it to your `Cargo.toml`
[INFO] [stdout] 
[INFO] [stdout] 
[INFO] [stdout] error[E0432]: unresolved import `lopdf`
[INFO] [stdout]  --> examples/test_better_compression.rs:1:5
[INFO] [stdout]   |
[INFO] [stdout] 1 | use lopdf::{Document, Object, ObjectId};
[INFO] [stdout]   |     ^^^^^ use of unresolved module or unlinked crate `lopdf`
[INFO] [stdout]   |
[INFO] [stdout]   = help: if you wanted to use a crate named `lopdf`, use `cargo add lopdf` to add it to your `Cargo.toml`
[INFO] [stdout] 
[INFO] [stdout] 
[INFO] [stdout] error[E0432]: unresolved import `lopdf`
[INFO] [stdout]  --> examples/debug_save_with_objstreams.rs:1:5
[INFO] [stdout]   |
[INFO] [stdout] 1 | use lopdf::{Document, Object, SaveOptions, dictionary};
[INFO] [stdout]   |     ^^^^^ use of unresolved module or unlinked crate `lopdf`
[INFO] [stdout]   |
[INFO] [stdout]   = help: if you wanted to use a crate named `lopdf`, use `cargo add lopdf` to add it to your `Cargo.toml`
[INFO] [stdout] 
[INFO] [stdout] 
[INFO] [stdout] error[E0433]: cannot find module or crate `lopdf` in this scope
[INFO] [stdout]   --> examples/verify_decryption.rs:59:35
[INFO] [stdout]    |
[INFO] [stdout] 59 |         lopdf::Object::Dictionary(lopdf::dictionary! {
[INFO] [stdout]    |                                   ^^^^^ use of unresolved module or unlinked crate `lopdf`
[INFO] [stdout] 
[INFO] [stdout] 
[INFO] [stdout] error[E0433]: cannot find module or crate `lopdf` in this scope
[INFO] [stdout]   --> examples/verify_decryption.rs:51:34
[INFO] [stdout]    |
[INFO] [stdout] 51 |     let catalog = doc.add_object(lopdf::dictionary! {
[INFO] [stdout]    |                                  ^^^^^ use of unresolved module or unlinked crate `lopdf`
[INFO] [stdout] 
[INFO] [stdout] 
[INFO] [stdout] error[E0432]: unresolved import `lopdf`
[INFO] [stdout]  --> examples/analyze_object_streams.rs:1:5
[INFO] [stdout]   |
[INFO] [stdout] 1 | use lopdf::{Document, Object};
[INFO] [stdout]   |     ^^^^^ use of unresolved module or unlinked crate `lopdf`
[INFO] [stdout]   |
[INFO] [stdout]   = help: if you wanted to use a crate named `lopdf`, use `cargo add lopdf` to add it to your `Cargo.toml`
[INFO] [stdout] 
[INFO] [stdout] 
[INFO] [stderr] error: could not compile `pdf-cos` (example "merge") due to 1 previous error
[INFO] [stdout] error[E0432]: unresolved import `lopdf`
[INFO] [stdout]  --> tests/extract_test.rs:2:5
[INFO] [stdout]   |
[INFO] [stdout] 2 | use lopdf::{Document, Object, Stream, StringFormat, dictionary};
[INFO] [stdout]   |     ^^^^^ use of unresolved module or unlinked crate `lopdf`
[INFO] [stdout]   |
[INFO] [stdout]   = help: if you wanted to use a crate named `lopdf`, use `cargo add lopdf` to add it to your `Cargo.toml`
[INFO] [stdout] 
[INFO] [stdout] 
[INFO] [stdout] For more information about this error, try `rustc --explain E0432`.
[INFO] [stdout] 
[INFO] [stdout] error[E0432]: unresolved import `lopdf`
[INFO] [stdout]  --> examples/print_annotations.rs:7:5
[INFO] [stdout]   |
[INFO] [stdout] 7 | use lopdf::{Document, Object};
[INFO] [stdout]   |     ^^^^^ use of unresolved module or unlinked crate `lopdf`
[INFO] [stdout]   |
[INFO] [stdout]   = help: if you wanted to use a crate named `lopdf`, use `cargo add lopdf` to add it to your `Cargo.toml`
[INFO] [stdout] 
[INFO] [stdout] 
[INFO] [stderr] error: could not compile `pdf-cos` (example "test_metadata") due to 1 previous error
[INFO] [stdout] Some errors have detailed explanations: E0432, E0433.
[INFO] [stdout] 
[INFO] [stdout] For more information about an error, try `rustc --explain E0432`.
[INFO] [stdout] 
[INFO] [stdout] error[E0432]: unresolved import `lopdf`
[INFO] [stdout]  --> tests/trailer_reference_compression_test.rs:1:5
[INFO] [stdout]   |
[INFO] [stdout] 1 | use lopdf::{Document, Object, ObjectStream, dictionary};
[INFO] [stdout]   |     ^^^^^ use of unresolved module or unlinked crate `lopdf`
[INFO] [stdout]   |
[INFO] [stdout]   = help: if you wanted to use a crate named `lopdf`, use `cargo add lopdf` to add it to your `Cargo.toml`
[INFO] [stdout] 
[INFO] [stdout] 
[INFO] [stdout] error[E0432]: unresolved import `lopdf`
[INFO] [stdout]    --> tests/trailer_reference_compression_test.rs:302:9
[INFO] [stdout]     |
[INFO] [stdout] 302 |     use lopdf::SaveOptions;
[INFO] [stdout]     |         ^^^^^ use of unresolved module or unlinked crate `lopdf`
[INFO] [stdout]     |
[INFO] [stdout]     = help: if you wanted to use a crate named `lopdf`, use `cargo add lopdf` to add it to your `Cargo.toml`
[INFO] [stdout] 
[INFO] [stdout] 
[INFO] [stdout] error[E0432]: unresolved import `lopdf`
[INFO] [stdout]  --> examples/analyze_pdf.rs:1:5
[INFO] [stdout]   |
[INFO] [stdout] 1 | use lopdf::{Document, Object};
[INFO] [stdout]   |     ^^^^^ use of unresolved module or unlinked crate `lopdf`
[INFO] [stdout]   |
[INFO] [stdout]   = help: if you wanted to use a crate named `lopdf`, use `cargo add lopdf` to add it to your `Cargo.toml`
[INFO] [stdout] 
[INFO] [stdout] 
[INFO] [stdout] error[E0432]: unresolved import `lopdf`
[INFO] [stdout]  --> tests/object_stream_comprehensive_test.rs:1:5
[INFO] [stdout]   |
[INFO] [stdout] 1 | use lopdf::{Document, Object, ObjectStream, Stream, dictionary};
[INFO] [stdout]   |     ^^^^^ use of unresolved module or unlinked crate `lopdf`
[INFO] [stdout]   |
[INFO] [stdout]   = help: if you wanted to use a crate named `lopdf`, use `cargo add lopdf` to add it to your `Cargo.toml`
[INFO] [stdout] 
[INFO] [stdout] 
[INFO] [stderr] error: could not compile `pdf-cos` (example "create_text_heavy_pdf") due to 3 previous errors
[INFO] [stdout] error[E0432]: unresolved import `lopdf`
[INFO] [stdout]  --> examples/test_object_stream_creation.rs:1:5
[INFO] [stdout]   |
[INFO] [stdout] 1 | use lopdf::{Dictionary, Document, Object, SaveOptions};
[INFO] [stdout]   |     ^^^^^ use of unresolved module or unlinked crate `lopdf`
[INFO] [stdout]   |
[INFO] [stdout]   = help: if you wanted to use a crate named `lopdf`, use `cargo add lopdf` to add it to your `Cargo.toml`
[INFO] [stdout] 
[INFO] [stdout] 
[INFO] [stderr] error: could not compile `pdf-cos` (example "print_annotations") due to 1 previous error
[INFO] [stdout] For more information about this error, try `rustc --explain E0432`.
[INFO] [stdout] 
[INFO] [stdout] For more information about this error, try `rustc --explain E0432`.
[INFO] [stdout] 
[INFO] [stderr] error: could not compile `pdf-cos` (example "verify_page_compression") due to 1 previous error
[INFO] [stdout] Some errors have detailed explanations: E0432, E0433.
[INFO] [stdout] 
[INFO] [stdout] For more information about an error, try `rustc --explain E0432`.
[INFO] [stdout] 
[INFO] [stderr] error: could not compile `pdf-cos` (test "extract_test") due to 2 previous errors
[INFO] [stdout] error[E0433]: cannot find module or crate `lopdf` in this scope
[INFO] [stdout]   --> examples/verify_decryption.rs:44:9
[INFO] [stdout]    |
[INFO] [stdout] 44 |         lopdf::Object::Array(vec![
[INFO] [stdout]    |         ^^^^^ use of unresolved module or unlinked crate `lopdf`
[INFO] [stdout]    |
[INFO] [stdout]    = help: if you wanted to use a crate named `lopdf`, use `cargo add lopdf` to add it to your `Cargo.toml`
[INFO] [stdout] 
[INFO] [stdout] 
[INFO] [stdout] error[E0433]: cannot find module or crate `lopdf` in this scope
[INFO] [stdout]   --> tests/font_test.rs:11:25
[INFO] [stdout]    |
[INFO] [stdout] 11 |     let mut font_data = lopdf::FontData::new(&font_file, "Montserrat-Regular".to_string());
[INFO] [stdout]    |                         ^^^^^ use of unresolved module or unlinked crate `lopdf`
[INFO] [stdout]    |
[INFO] [stdout]    = help: if you wanted to use a crate named `lopdf`, use `cargo add lopdf` to add it to your `Cargo.toml`
[INFO] [stdout] 
[INFO] [stdout] 
[INFO] [stdout] For more information about this error, try `rustc --explain E0432`.
[INFO] [stdout] 
[INFO] [stderr] error: could not compile `pdf-cos` (example "analyze_pdf") due to 1 previous error
[INFO] [stdout] For more information about this error, try `rustc --explain E0432`.
[INFO] [stdout] 
[INFO] [stdout] error[E0433]: cannot find module or crate `lopdf` in this scope
[INFO] [stdout]   --> examples/verify_decryption.rs:45:13
[INFO] [stdout]    |
[INFO] [stdout] 45 |             lopdf::Object::String(vec![1u8; 16], lopdf::StringFormat::Literal),
[INFO] [stdout]    |             ^^^^^ use of unresolved module or unlinked crate `lopdf`
[INFO] [stdout]    |
[INFO] [stdout]    = help: if you wanted to use a crate named `lopdf`, use `cargo add lopdf` to add it to your `Cargo.toml`
[INFO] [stdout] 
[INFO] [stdout] 
[INFO] [stderr] error: could not compile `pdf-cos` (example "test_object_stream_creation") due to 1 previous error
[INFO] [stdout] error[E0433]: cannot find module or crate `lopdf` in this scope
[INFO] [stdout]    --> tests/trailer_reference_compression_test.rs:109:46
[INFO] [stdout]     |
[INFO] [stdout] 109 |             Object::String(vec![1, 2, 3, 4], lopdf::StringFormat::Hexadecimal),
[INFO] [stdout]     |                                              ^^^^^ use of unresolved module or unlinked crate `lopdf`
[INFO] [stdout]     |
[INFO] [stdout]     = help: if you wanted to use a crate named `lopdf`, use `cargo add lopdf` to add it to your `Cargo.toml`
[INFO] [stdout] 
[INFO] [stdout] 
[INFO] [stdout] error[E0433]: cannot find module or crate `lopdf` in this scope
[INFO] [stdout]   --> examples/debug_save_with_objstreams.rs:12:68
[INFO] [stdout]    |
[INFO] [stdout] 12 |     let obj2_id = doc.add_object(Object::String(b"Hello".to_vec(), lopdf::StringFormat::Literal));
[INFO] [stdout]    |                                                                    ^^^^^ use of unresolved module or unlinked crate `lopdf`
[INFO] [stdout]    |
[INFO] [stdout]    = help: if you wanted to use a crate named `lopdf`, use `cargo add lopdf` to add it to your `Cargo.toml`
[INFO] [stdout] 
[INFO] [stdout] 
[INFO] [stdout] error[E0433]: cannot find module or crate `lopdf` in this scope
[INFO] [stdout]    --> tests/trailer_reference_compression_test.rs:110:46
[INFO] [stdout]     |
[INFO] [stdout] 110 |             Object::String(vec![5, 6, 7, 8], lopdf::StringFormat::Hexadecimal),
[INFO] [stdout]     |                                              ^^^^^ use of unresolved module or unlinked crate `lopdf`
[INFO] [stdout]     |
[INFO] [stdout]     = help: if you wanted to use a crate named `lopdf`, use `cargo add lopdf` to add it to your `Cargo.toml`
[INFO] [stdout] 
[INFO] [stdout] 
[INFO] [stdout] For more information about this error, try `rustc --explain E0433`.
[INFO] [stdout] 
[INFO] [stdout] error[E0433]: cannot find module or crate `lopdf` in this scope
[INFO] [stdout]   --> examples/verify_decryption.rs:45:50
[INFO] [stdout]    |
[INFO] [stdout] 45 |             lopdf::Object::String(vec![1u8; 16], lopdf::StringFormat::Literal),
[INFO] [stdout]    |                                                  ^^^^^ use of unresolved module or unlinked crate `lopdf`
[INFO] [stdout]    |
[INFO] [stdout]    = help: if you wanted to use a crate named `lopdf`, use `cargo add lopdf` to add it to your `Cargo.toml`
[INFO] [stdout] 
[INFO] [stdout] 
[INFO] [stderr] error: could not compile `pdf-cos` (test "font_test") due to 1 previous error
[INFO] [stdout] error[E0433]: cannot find module or crate `lopdf` in this scope
[INFO] [stdout]    --> tests/trailer_reference_compression_test.rs:284:60
[INFO] [stdout]     |
[INFO] [stdout] 284 |             Object::String(b"<4E4F204944454153>".to_vec(), lopdf::StringFormat::Hexadecimal),
[INFO] [stdout]     |                                                            ^^^^^ use of unresolved module or unlinked crate `lopdf`
[INFO] [stdout]     |
[INFO] [stdout]     = help: if you wanted to use a crate named `lopdf`, use `cargo add lopdf` to add it to your `Cargo.toml`
[INFO] [stdout] 
[INFO] [stdout] 
[INFO] [stdout] Some errors have detailed explanations: E0432, E0433.
[INFO] [stdout] 
[INFO] [stdout] For more information about an error, try `rustc --explain E0432`.
[INFO] [stdout] 
[INFO] [stdout] error[E0433]: cannot find module or crate `lopdf` in this scope
[INFO] [stdout]    --> tests/object_stream_comprehensive_test.rs:238:70
[INFO] [stdout]     |
[INFO] [stdout] 238 |     let string_id = doc.add_object(Object::String(b"Hello".to_vec(), lopdf::StringFormat::Literal));
[INFO] [stdout]     |                                                                      ^^^^^ use of unresolved module or unlinked crate `lopdf`
[INFO] [stdout]     |
[INFO] [stdout]     = help: if you wanted to use a crate named `lopdf`, use `cargo add lopdf` to add it to your `Cargo.toml`
[INFO] [stdout] 
[INFO] [stdout] 
[INFO] [stderr] error: could not compile `pdf-cos` (example "debug_save_with_objstreams") due to 2 previous errors
[INFO] [stdout] error[E0433]: cannot find module or crate `lopdf` in this scope
[INFO] [stdout]    --> tests/trailer_reference_compression_test.rs:285:60
[INFO] [stdout]     |
[INFO] [stdout] 285 |             Object::String(b"<4E4F204944454153>".to_vec(), lopdf::StringFormat::Hexadecimal),
[INFO] [stdout]     |                                                            ^^^^^ use of unresolved module or unlinked crate `lopdf`
[INFO] [stdout]     |
[INFO] [stdout]     = help: if you wanted to use a crate named `lopdf`, use `cargo add lopdf` to add it to your `Cargo.toml`
[INFO] [stdout] 
[INFO] [stdout] 
[INFO] [stdout] error[E0433]: cannot find module or crate `lopdf` in this scope
[INFO] [stdout]   --> examples/verify_decryption.rs:46:13
[INFO] [stdout]    |
[INFO] [stdout] 46 |             lopdf::Object::String(vec![2u8; 16], lopdf::StringFormat::Literal),
[INFO] [stdout]    |             ^^^^^ use of unresolved module or unlinked crate `lopdf`
[INFO] [stdout]    |
[INFO] [stdout]    = help: if you wanted to use a crate named `lopdf`, use `cargo add lopdf` to add it to your `Cargo.toml`
[INFO] [stdout] 
[INFO] [stdout] 
[INFO] [stdout] error[E0433]: cannot find module or crate `lopdf` in this scope
[INFO] [stdout]   --> examples/verify_decryption.rs:46:50
[INFO] [stdout]    |
[INFO] [stdout] 46 |             lopdf::Object::String(vec![2u8; 16], lopdf::StringFormat::Literal),
[INFO] [stdout]    |                                                  ^^^^^ use of unresolved module or unlinked crate `lopdf`
[INFO] [stdout]    |
[INFO] [stdout]    = help: if you wanted to use a crate named `lopdf`, use `cargo add lopdf` to add it to your `Cargo.toml`
[INFO] [stdout] 
[INFO] [stdout] 
[INFO] [stdout] error[E0433]: cannot find module or crate `lopdf` in this scope
[INFO] [stdout]   --> examples/verify_decryption.rs:55:29
[INFO] [stdout]    |
[INFO] [stdout] 55 |     doc.trailer.set("Root", lopdf::Object::Reference(catalog));
[INFO] [stdout]    |                             ^^^^^ use of unresolved module or unlinked crate `lopdf`
[INFO] [stdout]    |
[INFO] [stdout]    = help: if you wanted to use a crate named `lopdf`, use `cargo add lopdf` to add it to your `Cargo.toml`
[INFO] [stdout] 
[INFO] [stdout] 
[INFO] [stdout] error[E0433]: cannot find module or crate `lopdf` in this scope
[INFO] [stdout]   --> examples/verify_decryption.rs:59:9
[INFO] [stdout]    |
[INFO] [stdout] 59 |         lopdf::Object::Dictionary(lopdf::dictionary! {
[INFO] [stdout]    |         ^^^^^ use of unresolved module or unlinked crate `lopdf`
[INFO] [stdout]    |
[INFO] [stdout]    = help: if you wanted to use a crate named `lopdf`, use `cargo add lopdf` to add it to your `Cargo.toml`
[INFO] [stdout] 
[INFO] [stdout] 
[INFO] [stdout] Some errors have detailed explanations: E0432, E0433.
[INFO] [stdout] 
[INFO] [stdout] For more information about an error, try `rustc --explain E0432`.
[INFO] [stdout] 
[INFO] [stderr] error: could not compile `pdf-cos` (test "trailer_reference_compression_test") due to 6 previous errors
[INFO] [stdout] Some errors have detailed explanations: E0432, E0433.
[INFO] [stdout] 
[INFO] [stdout] For more information about an error, try `rustc --explain E0432`.
[INFO] [stdout] 
[INFO] [stderr] error: could not compile `pdf-cos` (test "object_stream_comprehensive_test") due to 2 previous errors
[INFO] [stdout] Some errors have detailed explanations: E0432, E0433.
[INFO] [stdout] 
[INFO] [stdout] For more information about an error, try `rustc --explain E0432`.
[INFO] [stdout] 
[INFO] [stdout] For more information about this error, try `rustc --explain E0432`.
[INFO] [stdout] 
[INFO] [stderr] error: could not compile `pdf-cos` (example "verify_decryption") due to 10 previous errors
[INFO] [stderr] error: could not compile `pdf-cos` (example "test_better_compression") due to 1 previous error
[INFO] [stdout] error[E0433]: cannot find module or crate `lopdf` in this scope
[INFO] [stdout]   --> examples/analyze_object_streams.rs:31:50
[INFO] [stdout]    |
[INFO] [stdout] 31 | fn load_document(path: &str) -> Result<Document, lopdf::Error> {
[INFO] [stdout]    |                                                  ^^^^^ use of unresolved module or unlinked crate `lopdf`
[INFO] [stdout]    |
[INFO] [stdout]    = help: if you wanted to use a crate named `lopdf`, use `cargo add lopdf` to add it to your `Cargo.toml`
[INFO] [stdout] 
[INFO] [stdout] 
[INFO] [stdout] Some errors have detailed explanations: E0432, E0433.
[INFO] [stdout] 
[INFO] [stdout] For more information about an error, try `rustc --explain E0432`.
[INFO] [stdout] 
[INFO] [stderr] error: could not compile `pdf-cos` (example "analyze_object_streams") due to 2 previous errors
[INFO] running `Command { std: "docker" "inspect" "0332ea16470990946ac0e2b086f0f92099c889410cceda848cefa863485545ff", kill_on_drop: false }`
[INFO] running `Command { std: "docker" "rm" "-f" "0332ea16470990946ac0e2b086f0f92099c889410cceda848cefa863485545ff", kill_on_drop: false }`
[INFO] [stdout] 0332ea16470990946ac0e2b086f0f92099c889410cceda848cefa863485545ff
