[INFO] fetching crate pcode-rs 0.2.0...
[INFO] testing pcode-rs-0.2.0 against 1.99.0-beta.8+cargoflags=--release for beta-release-1.100-2
[INFO] extracting crate pcode-rs 0.2.0 into /workspace/builds/worker-3-tc1/source
[INFO] started tweaking crates.io crate pcode-rs 0.2.0
[INFO] finished tweaking crates.io crate pcode-rs 0.2.0
[INFO] tweaked toml for crates.io crate pcode-rs 0.2.0 written to /workspace/builds/worker-3-tc1/source/Cargo.toml
[INFO] validating manifest of crates.io crate pcode-rs 0.2.0 on toolchain 1.99.0-beta.8
[INFO] running `Command { std: CARGO_HOME="/workspace/cargo-home" RUSTUP_HOME="/workspace/rustup-home" "/workspace/cargo-home/bin/cargo" "+1.99.0-beta.8" "metadata" "--manifest-path" "Cargo.toml" "--no-deps", kill_on_drop: false }`
[INFO] crate crates.io crate pcode-rs 0.2.0 already has a lockfile, it will not be regenerated
[INFO] running `Command { std: CARGO_HOME="/workspace/cargo-home" RUSTUP_HOME="/workspace/rustup-home" "/workspace/cargo-home/bin/cargo" "+1.99.0-beta.8" "fetch" "--manifest-path" "Cargo.toml", kill_on_drop: false }`
[INFO] [stderr]     Updating crates.io index
[INFO] [stderr]  Downloading crates ...
[INFO] [stderr]   Downloaded clap-num v1.2.0
[INFO] [stderr]   Downloaded zmij v1.0.18
[INFO] [stderr]   Downloaded cc v1.2.55
[INFO] [stderr]   Downloaded cmake v0.1.57
[INFO] [stderr]   Downloaded clap_derive v4.5.55
[INFO] [stderr]   Downloaded clap v4.5.56
[INFO] [stderr]   Downloaded clap_builder v4.5.56
[INFO] [stderr]   Downloaded quick-xml v0.39.0
[INFO] [stderr]   Downloaded libc v0.2.180
[INFO] running `Command { std: "docker" "create" "-v" "/var/lib/crater-agent-workspace/builds/worker-3-tc1/source:/opt/rustwide/workdir:ro,Z" "-v" "/var/lib/crater-agent-workspace/builds/worker-3-tc1/target:/opt/rustwide/target:rw,Z" "-v" "/var/lib/crater-agent-workspace/cargo-home:/opt/rustwide/cargo-home:ro,Z" "-v" "/var/lib/crater-agent-workspace/rustup-home:/opt/rustwide/rustup-home:ro,Z" "-m" "1610612736" "--network" "none" "ghcr.io/rust-lang/crates-build-env/linux@sha256:77db811e55d90add9212f6832c23229e3de5f1c1f9905e8cb07319ea15df73ac" "sleep" "infinity", kill_on_drop: false }`
[INFO] [stdout] 0c5059c91028cd4d9cf158c9bd2db343ccde213bbddcf9397457395f3c735a73
[INFO] running `Command { std: "docker" "start" "0c5059c91028cd4d9cf158c9bd2db343ccde213bbddcf9397457395f3c735a73", kill_on_drop: false }`
[INFO] running `Command { std: "docker" "inspect" "0c5059c91028cd4d9cf158c9bd2db343ccde213bbddcf9397457395f3c735a73", kill_on_drop: false }`
[INFO] running `Command { std: "docker" "exec" "-e" "SOURCE_DIR=/opt/rustwide/workdir" "-e" "CARGO_HOME=/opt/rustwide/cargo-home" "-e" "RUSTUP_HOME=/opt/rustwide/rustup-home" "-e" "CARGO_TARGET_DIR=/opt/rustwide/target" "-w" "/opt/rustwide/workdir" "--user" "0:0" "0c5059c91028cd4d9cf158c9bd2db343ccde213bbddcf9397457395f3c735a73" "/opt/rustwide/cargo-home/bin/cargo" "+1.99.0-beta.8" "metadata" "--no-deps" "--format-version=1", kill_on_drop: false }`
[INFO] running `Command { std: "docker" "inspect" "0c5059c91028cd4d9cf158c9bd2db343ccde213bbddcf9397457395f3c735a73", kill_on_drop: false }`
[INFO] running `Command { std: "docker" "exec" "-e" "SOURCE_DIR=/opt/rustwide/workdir" "-e" "CARGO_HOME=/opt/rustwide/cargo-home" "-e" "RUSTUP_HOME=/opt/rustwide/rustup-home" "-e" "CARGO_TARGET_DIR=/opt/rustwide/target" "-e" "CARGO_INCREMENTAL=0" "-e" "RUST_BACKTRACE=full" "-e" "RUSTFLAGS=--cap-lints=warn" "-e" "RUSTDOCFLAGS=--cap-lints=warn" "-w" "/opt/rustwide/workdir" "--user" "0:0" "0c5059c91028cd4d9cf158c9bd2db343ccde213bbddcf9397457395f3c735a73" "/opt/rustwide/cargo-home/bin/cargo" "+1.99.0-beta.8" "build" "--frozen" "--message-format=json" "--release", kill_on_drop: false }`
[INFO] [stderr]    Compiling prettyplease v0.2.37
[INFO] [stderr]    Compiling libc v0.2.180
[INFO] [stderr]    Compiling serde_core v1.0.228
[INFO] [stderr]    Compiling shlex v1.3.0
[INFO] [stderr]    Compiling minimal-lexical v0.2.1
[INFO] [stderr]    Compiling regex-syntax v0.8.8
[INFO] [stderr]    Compiling memchr v2.7.6
[INFO] [stderr]    Compiling either v1.15.0
[INFO] [stderr]    Compiling bindgen v0.72.1
[INFO] [stderr]    Compiling find-msvc-tools v0.1.9
[INFO] [stderr]    Compiling clang-sys v1.8.1
[INFO] [stderr]    Compiling libloading v0.8.9
[INFO] [stderr]    Compiling utf8parse v0.2.2
[INFO] [stderr]    Compiling serde v1.0.228
[INFO] [stderr]    Compiling zmij v1.0.18
[INFO] [stderr]    Compiling syn v2.0.114
[INFO] [stderr]    Compiling anstyle-parse v0.2.7
[INFO] [stderr]    Compiling bitflags v2.10.0
[INFO] [stderr]    Compiling log v0.4.29
[INFO] [stderr]    Compiling anstyle-query v1.1.5
[INFO] [stderr]    Compiling rustc-hash v2.1.1
[INFO] [stderr]    Compiling is_terminal_polyfill v1.70.2
[INFO] [stderr]    Compiling colorchoice v1.0.4
[INFO] [stderr]    Compiling serde_json v1.0.149
[INFO] [stderr]    Compiling strsim v0.11.1
[INFO] [stderr]    Compiling clap_lex v0.7.7
[INFO] [stderr]    Compiling anyhow v1.0.100
[INFO] [stderr]    Compiling anstream v0.6.21
[INFO] [stderr]    Compiling itertools v0.13.0
[INFO] [stderr]    Compiling cc v1.2.55
[INFO] [stderr]    Compiling clap-num v1.2.0
[INFO] [stderr]    Compiling clap_builder v4.5.56
[INFO] [stderr]    Compiling nom v7.1.3
[INFO] [stderr]    Compiling regex-automata v0.4.13
[INFO] [stderr]    Compiling cexpr v0.6.0
[INFO] [stderr]    Compiling cmake v0.1.57
[INFO] [stderr]    Compiling regex v1.12.2
[INFO] [stderr]    Compiling serde_derive v1.0.228
[INFO] [stderr]    Compiling clap_derive v4.5.55
[INFO] [stderr]    Compiling clap v4.5.56
[INFO] [stderr]    Compiling quick-xml v0.39.0
[INFO] [stderr]    Compiling pcode-rs v0.2.0 (/opt/rustwide/workdir)
[INFO] [stderr] error: failed to run custom build command for `pcode-rs v0.2.0 (/opt/rustwide/workdir)`
[INFO] [stderr] note: To improve backtraces for build dependencies, set the CARGO_PROFILE_RELEASE_BUILD_OVERRIDE_DEBUG=true environment variable to enable debug information generation.
[INFO] [stderr] 
[INFO] [stderr] Caused by:
[INFO] [stderr]   process didn't exit successfully: `/opt/rustwide/target/release/build/pcode-rs-74906e5d2824d1d0/build-script-build` (exit status: 101)
[INFO] [stderr]   --- stdout
[INFO] [stderr]   CMAKE_TOOLCHAIN_FILE_x86_64-unknown-linux-gnu = None
[INFO] [stderr]   CMAKE_TOOLCHAIN_FILE_x86_64_unknown_linux_gnu = None
[INFO] [stderr]   HOST_CMAKE_TOOLCHAIN_FILE = None
[INFO] [stderr]   CMAKE_TOOLCHAIN_FILE = None
[INFO] [stderr]   CMAKE_GENERATOR_x86_64-unknown-linux-gnu = None
[INFO] [stderr]   CMAKE_GENERATOR_x86_64_unknown_linux_gnu = None
[INFO] [stderr]   HOST_CMAKE_GENERATOR = None
[INFO] [stderr]   CMAKE_GENERATOR = None
[INFO] [stderr]   CMAKE_PREFIX_PATH_x86_64-unknown-linux-gnu = None
[INFO] [stderr]   CMAKE_PREFIX_PATH_x86_64_unknown_linux_gnu = None
[INFO] [stderr]   HOST_CMAKE_PREFIX_PATH = None
[INFO] [stderr]   CMAKE_PREFIX_PATH = None
[INFO] [stderr]   CMAKE_x86_64-unknown-linux-gnu = None
[INFO] [stderr]   CMAKE_x86_64_unknown_linux_gnu = None
[INFO] [stderr]   HOST_CMAKE = None
[INFO] [stderr]   CMAKE = None
[INFO] [stderr]   -- The C compiler identification is GNU 15.2.0
[INFO] [stderr]   -- The CXX compiler identification is GNU 15.2.0
[INFO] [stderr]   -- Detecting C compiler ABI info
[INFO] [stderr]   -- Detecting C compiler ABI info - done
[INFO] [stderr]   -- Check for working C compiler: /usr/bin/cc - skipped
[INFO] [stderr]   -- Detecting C compile features
[INFO] [stderr]   -- Detecting C compile features - done
[INFO] [stderr]   -- Detecting CXX compiler ABI info
[INFO] [stderr]   -- Detecting CXX compiler ABI info - done
[INFO] [stderr]   -- Check for working CXX compiler: /usr/bin/c++ - skipped
[INFO] [stderr]   -- Detecting CXX compile features
[INFO] [stderr]   -- Detecting CXX compile features - done
[INFO] [stderr]   -- Configuring done (2.1s)
[INFO] [stderr]   -- Generating done (0.0s)
[INFO] [stderr]   -- Build files have been written to: /opt/rustwide/target/release/build/pcode-rs-6155a62478cef767/out/build
[INFO] [stderr]   [  1%] Building CXX object CMakeFiles/rspcode_native.dir/simple_context.cpp.o
[INFO] [stderr]   [  3%] Building CXX object CMakeFiles/rspcode_native.dir/sleigh/float.cc.o
[INFO] [stderr]   [  4%] Building CXX object CMakeFiles/rspcode_native.dir/sleigh/context.cc.o
[INFO] [stderr]   [  6%] Building CXX object CMakeFiles/rspcode_native.dir/sleigh/pcodeparse.cc.o
[INFO] [stderr]   [  8%] Building CXX object CMakeFiles/rspcode_native.dir/sleigh/pcodecompile.cc.o
[INFO] [stderr]   [  9%] Building CXX object CMakeFiles/rspcode_native.dir/sleigh/slaformat.cc.o
[INFO] [stderr]   [ 11%] Building CXX object CMakeFiles/sleigh.dir/sleigh/slgh_compile.cc.o
[INFO] [stderr]   [ 13%] Building CXX object CMakeFiles/sleigh.dir/sleigh/filemanage.cc.o
[INFO] [stderr]   [ 14%] Building CXX object CMakeFiles/rspcode_native.dir/sleigh/globalcontext.cc.o
[INFO] [stderr]   [ 16%] Building CXX object CMakeFiles/rspcode_native.dir/sleigh/pcoderaw.cc.o
[INFO] [stderr]   [ 18%] Building CXX object CMakeFiles/rspcode_native.dir/sleigh/address.cc.o
[INFO] [stderr]   [ 19%] Building CXX object CMakeFiles/rspcode_native.dir/sleigh/sleigh.cc.o
[INFO] [stderr]   [ 21%] Building CXX object CMakeFiles/rspcode_native.dir/sleigh/compression.cc.o
[INFO] [stderr]   [ 22%] Building CXX object CMakeFiles/rspcode_native.dir/sleigh/marshal.cc.o
[INFO] [stderr]   [ 24%] Building CXX object CMakeFiles/rspcode_native.dir/sleigh/opcodes.cc.o
[INFO] [stderr]   [ 26%] Building CXX object CMakeFiles/rspcode_native.dir/sleigh/semantics.cc.o
[INFO] [stderr]   [ 27%] Building CXX object CMakeFiles/rspcode_native.dir/sleigh/sleighbase.cc.o
[INFO] [stderr]   [ 29%] Building CXX object CMakeFiles/rspcode_native.dir/sleigh/slghpatexpress.cc.o
[INFO] [stderr]   [ 31%] Building CXX object CMakeFiles/sleigh.dir/sleigh/slghparse.cc.o
[INFO] [stderr]   [ 34%] Building CXX object CMakeFiles/sleigh.dir/sleigh/slghscan.cc.o
[INFO] [stderr]   [ 34%] Building CXX object CMakeFiles/sleigh.dir/sleigh/compression.cc.o
[INFO] [stderr]   [ 36%] Building CXX object CMakeFiles/sleigh.dir/sleigh/address.cc.o
[INFO] [stderr]   [ 37%] Building CXX object CMakeFiles/sleigh.dir/sleigh/context.cc.o
[INFO] [stderr]   [ 39%] Building CXX object CMakeFiles/sleigh.dir/sleigh/float.cc.o
[INFO] [stderr] 
[INFO] [stderr]   --- stderr
[INFO] [stderr]   running: cd "/opt/rustwide/target/release/build/pcode-rs-6155a62478cef767/out/build" && CMAKE_PREFIX_PATH="" LC_ALL="C" "cmake" "/opt/rustwide/workdir/cpp/" "-B" "/opt/rustwide/target/release/build/pcode-rs-6155a62478cef767/out/build" "-DCMAKE_INSTALL_PREFIX=/opt/rustwide/target/release/build/pcode-rs-6155a62478cef767/out" "-DCMAKE_C_FLAGS= -ffunction-sections -fdata-sections -fPIC -m64 -w" "-DCMAKE_C_COMPILER=/usr/bin/cc" "-DCMAKE_CXX_FLAGS= -ffunction-sections -fdata-sections -fPIC -m64 -w" "-DCMAKE_CXX_COMPILER=/usr/bin/c++" "-DCMAKE_ASM_FLAGS= -ffunction-sections -fdata-sections -fPIC -m64 -w" "-DCMAKE_ASM_COMPILER=/usr/bin/cc" "-DCMAKE_BUILD_TYPE=Release"
[INFO] [stderr]   CMake Warning:
[INFO] [stderr]     Manually-specified variables were not used by the project:
[INFO] [stderr] 
[INFO] [stderr]       CMAKE_ASM_COMPILER
[INFO] [stderr]       CMAKE_ASM_FLAGS
[INFO] [stderr] 
[INFO] [stderr] 
[INFO] [stderr]   running: cd "/opt/rustwide/target/release/build/pcode-rs-6155a62478cef767/out/build" && LC_ALL="C" MAKEFLAGS="-j --jobserver-fds=4,5 --jobserver-auth=4,5" "cmake" "--build" "/opt/rustwide/target/release/build/pcode-rs-6155a62478cef767/out/build" "--target" "install" "--config" "Release"
[INFO] [stderr]   c++: fatal error: Killed signal terminated program cc1plus
[INFO] [stderr]   compilation terminated.
[INFO] [stderr]   gmake[2]: *** [CMakeFiles/rspcode_native.dir/build.make:149: CMakeFiles/rspcode_native.dir/sleigh/globalcontext.cc.o] Error 1
[INFO] [stderr]   gmake[2]: *** Waiting for unfinished jobs....
[INFO] [stderr]   c++: fatal error: Killed signal terminated program cc1plus
[INFO] [stderr]   compilation terminated.
[INFO] [stderr]   gmake[2]: *** [CMakeFiles/rspcode_native.dir/build.make:163: CMakeFiles/rspcode_native.dir/sleigh/marshal.cc.o] Error 1
[INFO] [stderr]   c++: fatal error: Killed signal terminated program cc1plus
[INFO] [stderr]   compilation terminated.
[INFO] [stderr]   gmake[2]: *** [CMakeFiles/rspcode_native.dir/build.make:261: CMakeFiles/rspcode_native.dir/sleigh/sleigh.cc.o] Error 1
[INFO] [stderr]   c++: fatal error: Killed signal terminated program cc1plus
[INFO] [stderr]   compilation terminated.
[INFO] [stderr]   gmake[2]: *** [CMakeFiles/rspcode_native.dir/build.make:205: CMakeFiles/rspcode_native.dir/sleigh/pcodeparse.cc.o] Error 1
[INFO] [stderr]   /opt/rustwide/workdir/cpp/simple_context.cpp:220:10: error: 'unique_ptr' in namespace 'std' does not name a template type
[INFO] [stderr]     220 |     std::unique_ptr<Sleigh> m_sleigh;
[INFO] [stderr]         |          ^~~~~~~~~~
[INFO] [stderr]   /opt/rustwide/workdir/cpp/simple_context.cpp:15:1: note: 'std::unique_ptr' is defined in header '<memory>'; this is probably fixable by adding '#include <memory>'
[INFO] [stderr]      14 | #include "simple_context.hpp"
[INFO] [stderr]     +++ |+#include <memory>
[INFO] [stderr]      15 | 
[INFO] [stderr]   /opt/rustwide/workdir/cpp/simple_context.cpp: In constructor 'SimpleContext::SimpleContext(const std::string&)':
[INFO] [stderr]   /opt/rustwide/workdir/cpp/simple_context.cpp:237:9: error: 'm_sleigh' was not declared in this scope
[INFO] [stderr]     237 |         m_sleigh.reset(new Sleigh(&m_loader, this));
[INFO] [stderr]         |         ^~~~~~~~
[INFO] [stderr]   /opt/rustwide/workdir/cpp/simple_context.cpp: In member function 'void SimpleContext::reset()':
[INFO] [stderr]   /opt/rustwide/workdir/cpp/simple_context.cpp:249:9: error: 'm_sleigh' was not declared in this scope
[INFO] [stderr]     249 |         m_sleigh.reset(new Sleigh(&m_loader, this));
[INFO] [stderr]         |         ^~~~~~~~
[INFO] [stderr]   /opt/rustwide/workdir/cpp/simple_context.cpp: In member function 'Disassembly* SimpleContext::disassemble(const char*, unsigned int, uint64_t, unsigned int)':
[INFO] [stderr]   /opt/rustwide/workdir/cpp/simple_context.cpp:261:9: error: 'm_sleigh' was not declared in this scope
[INFO] [stderr]     261 |         m_sleigh->fastReset();
[INFO] [stderr]         |         ^~~~~~~~
[INFO] [stderr]   /opt/rustwide/workdir/cpp/simple_context.cpp: In member function 'Translation* SimpleContext::translate(const char*, unsigned int, uint64_t, unsigned int, uint32_t)':
[INFO] [stderr]   /opt/rustwide/workdir/cpp/simple_context.cpp:316:9: error: 'm_sleigh' was not declared in this scope
[INFO] [stderr]     316 |         m_sleigh->fastReset();
[INFO] [stderr]         |         ^~~~~~~~
[INFO] [stderr]   c++: fatal error: Killed signal terminated program cc1plus
[INFO] [stderr]   compilation terminated.
[INFO] [stderr]   gmake[2]: *** [CMakeFiles/sleigh.dir/build.make:93: CMakeFiles/sleigh.dir/sleigh/slgh_compile.cc.o] Error 1
[INFO] [stderr]   gmake[2]: *** Waiting for unfinished jobs....
[INFO] [stderr]   c++: fatal error: Killed signal terminated program cc1plus
[INFO] [stderr]   compilation terminated.
[INFO] [stderr]   gmake[2]: *** [CMakeFiles/rspcode_native.dir/build.make:191: CMakeFiles/rspcode_native.dir/sleigh/pcodecompile.cc.o] Error 1
[INFO] [stderr]   gmake[2]: *** [CMakeFiles/rspcode_native.dir/build.make:79: CMakeFiles/rspcode_native.dir/simple_context.cpp.o] Error 1
[INFO] [stderr]   gmake[1]: *** [CMakeFiles/Makefile2:122: CMakeFiles/rspcode_native.dir/all] Error 2
[INFO] [stderr]   gmake[1]: *** Waiting for unfinished jobs....
[INFO] [stderr]   gmake[1]: *** [CMakeFiles/Makefile2:90: CMakeFiles/sleigh.dir/all] Error 2
[INFO] [stderr]   gmake: *** [Makefile:136: all] Error 2
[INFO] [stderr] 
[INFO] [stderr]   thread 'main' (903) panicked at /opt/rustwide/cargo-home/registry/src/index.crates.io-1949cf8c6b5b557f/cmake-0.1.57/src/lib.rs:1132:5:
[INFO] [stderr] 
[INFO] [stderr]   command did not execute successfully, got: exit status: 2
[INFO] [stderr] 
[INFO] [stderr]   build script failed, must exit now
[INFO] [stderr]   stack backtrace:
[INFO] [stderr]      0:     0x5829c918d921 - <<std[70759c8f55707aa4]::sys::backtrace::BacktraceLock>::print::DisplayBacktrace as core[df12db4294e9bfd3]::fmt::Display>::fmt
[INFO] [stderr]      1:     0x5829c91a590a - core[df12db4294e9bfd3]::fmt::write
[INFO] [stderr]      2:     0x5829c9193e4c - <std[70759c8f55707aa4]::sys::stdio::unix::Stderr as core[df12db4294e9bfd3]::io::write::Write>::write_fmt
[INFO] [stderr]      3:     0x5829c916a896 - std[70759c8f55707aa4]::panicking::default_hook::{closure#0}
[INFO] [stderr]      4:     0x5829c91877c1 - std[70759c8f55707aa4]::panicking::default_hook
[INFO] [stderr]      5:     0x5829c9187aeb - std[70759c8f55707aa4]::panicking::panic_with_hook
[INFO] [stderr]      6:     0x5829c916a942 - std[70759c8f55707aa4]::panicking::panic_handler::{closure#0}
[INFO] [stderr]      7:     0x5829c91634d9 - std[70759c8f55707aa4]::sys::backtrace::__rust_end_short_backtrace::<std[70759c8f55707aa4]::panicking::panic_handler::{closure#0}, !>
[INFO] [stderr]      8:     0x5829c916b15d - __rustc[8fa7c3cbc660c2b3]::rust_begin_unwind
[INFO] [stderr]      9:     0x5829c91a612c - core[df12db4294e9bfd3]::panicking::panic_fmt
[INFO] [stderr]     10:     0x5829c90f6b77 - cmake[ba466096c2bb4358]::fail
[INFO] [stderr]     11:     0x5829c90f6803 - cmake[ba466096c2bb4358]::run
[INFO] [stderr]     12:     0x5829c90fc7d5 - <cmake[ba466096c2bb4358]::Config>::build
[INFO] [stderr]     13:     0x5829c8c09de4 - build_script_build[9eda60ada74c9ee5]::main
[INFO] [stderr]     14:     0x5829c8c0b813 - <fn() as core[df12db4294e9bfd3]::ops::function::FnOnce<()>>::call_once
[INFO] [stderr]     15:     0x5829c8c09d06 - std[70759c8f55707aa4]::sys::backtrace::__rust_begin_short_backtrace::<fn(), ()>
[INFO] [stderr]     16:     0x5829c8c09d19 - std[70759c8f55707aa4]::rt::lang_start::<()>::{closure#0}
[INFO] [stderr]     17:     0x5829c9186a79 - std[70759c8f55707aa4]::rt::lang_start_internal
[INFO] [stderr]     18:     0x5829c8c095e1 - std[70759c8f55707aa4]::rt::lang_start::<()>
[INFO] [stderr]     19:     0x5829c8c0ba75 - main
[INFO] [stderr]     20:     0x7c5aefa5b601 - <unknown>
[INFO] [stderr]     21:     0x7c5aefa5b718 - __libc_start_main
[INFO] [stderr]     22:     0x5829c8c08565 - _start
[INFO] [stderr]     23:                0x0 - <unknown>
[INFO] running `Command { std: "docker" "inspect" "0c5059c91028cd4d9cf158c9bd2db343ccde213bbddcf9397457395f3c735a73", kill_on_drop: false }`
[INFO] running `Command { std: "docker" "rm" "-f" "0c5059c91028cd4d9cf158c9bd2db343ccde213bbddcf9397457395f3c735a73", kill_on_drop: false }`
[INFO] [stdout] 0c5059c91028cd4d9cf158c9bd2db343ccde213bbddcf9397457395f3c735a73
