[INFO] fetching crate payjoin 1.2.0...
[INFO] testing payjoin-1.2.0 against 1.100.0-beta.1+cargoflags=--release for beta-release-1.100-2
[INFO] extracting crate payjoin 1.2.0 into /workspace/builds/worker-5-tc2/source
[INFO] started tweaking crates.io crate payjoin 1.2.0
[INFO] finished tweaking crates.io crate payjoin 1.2.0
[INFO] tweaked toml for crates.io crate payjoin 1.2.0 written to /workspace/builds/worker-5-tc2/source/Cargo.toml
[INFO] validating manifest of crates.io crate payjoin 1.2.0 on toolchain 1.100.0-beta.1
[INFO] running `Command { std: CARGO_HOME="/workspace/cargo-home" RUSTUP_HOME="/workspace/rustup-home" "/workspace/cargo-home/bin/cargo" "+1.100.0-beta.1" "metadata" "--manifest-path" "Cargo.toml" "--no-deps", kill_on_drop: false }`
[INFO] crate crates.io crate payjoin 1.2.0 already has a lockfile, it will not be regenerated
[INFO] running `Command { std: CARGO_HOME="/workspace/cargo-home" RUSTUP_HOME="/workspace/rustup-home" "/workspace/cargo-home/bin/cargo" "+1.100.0-beta.1" "fetch" "--manifest-path" "Cargo.toml", kill_on_drop: false }`
[INFO] running `Command { std: "docker" "create" "-v" "/var/lib/crater-agent-workspace/builds/worker-5-tc2/source:/opt/rustwide/workdir:ro,Z" "-v" "/var/lib/crater-agent-workspace/builds/worker-5-tc2/target:/opt/rustwide/target:rw,Z" "-v" "/var/lib/crater-agent-workspace/cargo-home:/opt/rustwide/cargo-home:ro,Z" "-v" "/var/lib/crater-agent-workspace/rustup-home:/opt/rustwide/rustup-home:ro,Z" "-m" "1610612736" "--network" "none" "ghcr.io/rust-lang/crates-build-env/linux@sha256:77db811e55d90add9212f6832c23229e3de5f1c1f9905e8cb07319ea15df73ac" "sleep" "infinity", kill_on_drop: false }`
[INFO] [stdout] 49db0e2ecf392130bd926dc1dbf88413532b0c915c9e6037044d449ed6ba5c2c
[INFO] running `Command { std: "docker" "start" "49db0e2ecf392130bd926dc1dbf88413532b0c915c9e6037044d449ed6ba5c2c", kill_on_drop: false }`
[INFO] running `Command { std: "docker" "inspect" "49db0e2ecf392130bd926dc1dbf88413532b0c915c9e6037044d449ed6ba5c2c", kill_on_drop: false }`
[INFO] running `Command { std: "docker" "exec" "-e" "SOURCE_DIR=/opt/rustwide/workdir" "-e" "CARGO_HOME=/opt/rustwide/cargo-home" "-e" "RUSTUP_HOME=/opt/rustwide/rustup-home" "-e" "CARGO_TARGET_DIR=/opt/rustwide/target" "-w" "/opt/rustwide/workdir" "--user" "0:0" "49db0e2ecf392130bd926dc1dbf88413532b0c915c9e6037044d449ed6ba5c2c" "/opt/rustwide/cargo-home/bin/cargo" "+1.100.0-beta.1" "metadata" "--no-deps" "--format-version=1", kill_on_drop: false }`
[INFO] running `Command { std: "docker" "inspect" "49db0e2ecf392130bd926dc1dbf88413532b0c915c9e6037044d449ed6ba5c2c", kill_on_drop: false }`
[INFO] running `Command { std: "docker" "exec" "-e" "SOURCE_DIR=/opt/rustwide/workdir" "-e" "CARGO_HOME=/opt/rustwide/cargo-home" "-e" "RUSTUP_HOME=/opt/rustwide/rustup-home" "-e" "CARGO_TARGET_DIR=/opt/rustwide/target" "-e" "CARGO_INCREMENTAL=0" "-e" "RUST_BACKTRACE=full" "-e" "RUSTFLAGS=--cap-lints=warn" "-e" "RUSTDOCFLAGS=--cap-lints=warn" "-w" "/opt/rustwide/workdir" "--user" "0:0" "49db0e2ecf392130bd926dc1dbf88413532b0c915c9e6037044d449ed6ba5c2c" "/opt/rustwide/cargo-home/bin/cargo" "+1.100.0-beta.1" "build" "--frozen" "--message-format=json" "--release", kill_on_drop: false }`
[INFO] [stderr]    Compiling libc v0.2.189
[INFO] [stderr]    Compiling version_check v0.9.5
[INFO] [stderr]    Compiling serde v1.0.229
[INFO] [stderr]    Compiling zerocopy v0.8.59
[INFO] [stderr]    Compiling bitcoin-io v0.1.101
[INFO] [stderr]    Compiling syn v3.0.6
[INFO] [stderr]    Compiling syn v2.0.119
[INFO] [stderr]    Compiling typenum v1.20.1
[INFO] [stderr]    Compiling arrayvec v0.7.8
[INFO] [stderr]    Compiling secp256k1-sys v0.10.1
[INFO] [stderr]    Compiling generic-array v0.14.7
[INFO] [stderr]    Compiling serde_core v1.0.229
[INFO] [stderr]    Compiling hex-conservative v0.2.3
[INFO] [stderr]    Compiling hex_lit v0.1.1
[INFO] [stderr]    Compiling thiserror v1.0.69
[INFO] [stderr]    Compiling bitcoin v0.32.102
[INFO] [stderr]    Compiling base64 v0.21.7
[INFO] [stderr]    Compiling getrandom v0.2.17
[INFO] [stderr]    Compiling rand_core v0.6.4
[INFO] [stderr]    Compiling block-buffer v0.10.4
[INFO] [stderr]    Compiling crypto-common v0.1.7
[INFO] [stderr]    Compiling aead v0.5.2
[INFO] [stderr]    Compiling digest v0.10.7
[INFO] [stderr]    Compiling chacha20-poly1305 v0.2.1
[INFO] [stderr]    Compiling bech32 v0.11.1
[INFO] [stderr]    Compiling hmac v0.12.1
[INFO] [stderr]    Compiling bytes v1.12.1
[INFO] [stderr]    Compiling byteorder v1.5.0
[INFO] [stderr]    Compiling log v0.4.34
[INFO] [stderr]    Compiling percent-encoding-rfc3986 v0.1.3
[INFO] [stderr]    Compiling hkdf v0.12.4
[INFO] [stderr]    Compiling serde_derive v1.0.229
[INFO] [stderr]    Compiling http v1.5.0
[INFO] [stderr]    Compiling toml v0.5.11
[INFO] [stderr]    Compiling thiserror-impl v1.0.69
[INFO] [stderr]    Compiling zeroize_derive v1.5.0
[INFO] [stderr]    Compiling tracing-attributes v0.1.31
[INFO] [stderr]    Compiling zeroize v1.9.0
[INFO] [stderr]    Compiling ppv-lite86 v0.2.21
[INFO] [stderr]    Compiling bitcoin-ohttp v0.7.0
[INFO] [stderr]    Compiling rand_chacha v0.3.1
[INFO] [stderr]    Compiling bhttp v0.6.1
[INFO] [stderr]    Compiling tracing v0.1.44
[INFO] [stderr]    Compiling rand v0.8.8
[INFO] [stderr]    Compiling bitcoin_hashes v0.14.101
[INFO] [stderr]    Compiling bitcoin-units v0.1.101
[INFO] [stderr]    Compiling base58ck v0.1.101
[INFO] [stderr]    Compiling secp256k1 v0.29.1
[INFO] [stderr]    Compiling bitcoin-hpke v0.20.0
[INFO] [stderr]    Compiling bitcoin_uri v0.1.0
[INFO] [stderr]    Compiling payjoin v1.2.0 (/opt/rustwide/workdir)
[INFO] [stderr] warning: unused dependency `hkdf`
[INFO] [stderr]   --> Cargo.toml:20:15
[INFO] [stderr]    |
[INFO] [stderr] 20 | [dependencies.hkdf]
[INFO] [stderr]    |               ^^^^^
[INFO] [stderr]    |
[INFO] [stderr]    = note: `cargo::unused_dependencies` is set to `warn` by default
[INFO] [stderr] help: consider removing the dependency on `hkdf`
[INFO] [stderr] warning: `payjoin` (manifest) generated 1 warning
[INFO] [stderr]     Finished `release` profile [optimized] target(s) in 1m 25s
[INFO] running `Command { std: "docker" "inspect" "49db0e2ecf392130bd926dc1dbf88413532b0c915c9e6037044d449ed6ba5c2c", kill_on_drop: false }`
[INFO] running `Command { std: "docker" "exec" "-e" "SOURCE_DIR=/opt/rustwide/workdir" "-e" "CARGO_HOME=/opt/rustwide/cargo-home" "-e" "RUSTUP_HOME=/opt/rustwide/rustup-home" "-e" "CARGO_TARGET_DIR=/opt/rustwide/target" "-e" "CARGO_INCREMENTAL=0" "-e" "RUST_BACKTRACE=full" "-e" "RUSTFLAGS=--cap-lints=warn" "-e" "RUSTDOCFLAGS=--cap-lints=warn" "-w" "/opt/rustwide/workdir" "--user" "0:0" "49db0e2ecf392130bd926dc1dbf88413532b0c915c9e6037044d449ed6ba5c2c" "/opt/rustwide/cargo-home/bin/cargo" "+1.100.0-beta.1" "test" "--frozen" "--no-run" "--message-format=json" "--release", kill_on_drop: false }`
[INFO] [stderr]    Compiling syn v3.0.6
[INFO] [stderr]    Compiling getrandom v0.2.17
[INFO] [stderr]    Compiling parking_lot_core v0.9.12
[INFO] [stderr]    Compiling smallvec v1.16.2
[INFO] [stderr]    Compiling lock_api v0.4.14
[INFO] [stderr]    Compiling errno v0.3.14
[INFO] [stderr]    Compiling socket2 v0.6.5
[INFO] [stderr]    Compiling mio v1.2.3
[INFO] [stderr]    Compiling signal-hook-registry v1.4.8
[INFO] [stderr]    Compiling http-body v1.1.0
[INFO] [stderr]    Compiling rand_core v0.6.4
[INFO] [stderr]    Compiling parking_lot v0.12.5
[INFO] [stderr]    Compiling crypto-common v0.1.7
[INFO] [stderr]    Compiling rand_chacha v0.3.1
[INFO] [stderr]    Compiling digest v0.10.7
[INFO] [stderr]    Compiling aead v0.5.2
[INFO] [stderr]    Compiling hmac v0.12.1
[INFO] [stderr]    Compiling rand v0.8.8
[INFO] [stderr]    Compiling hkdf v0.12.4
[INFO] [stderr]    Compiling serde_derive v1.0.229
[INFO] [stderr]    Compiling tokio-macros v2.7.2
[INFO] [stderr]    Compiling tokio v1.53.1
[INFO] [stderr]    Compiling serde v1.0.229
[INFO] [stderr]    Compiling bitcoin-ohttp v0.7.0
[INFO] [stderr]    Compiling bitcoin_hashes v0.14.101
[INFO] [stderr]    Compiling bitcoin-units v0.1.101
[INFO] [stderr]    Compiling secp256k1 v0.29.1
[INFO] [stderr]    Compiling base58ck v0.1.101
[INFO] [stderr]    Compiling bitcoin v0.32.102
[INFO] [stderr]    Compiling bitcoin-hpke v0.20.0
[INFO] [stderr]    Compiling bitcoin_uri v0.1.0
[INFO] [stderr]    Compiling payjoin v1.2.0 (/opt/rustwide/workdir)
[INFO] [stdout] error[E0432]: unresolved import `payjoin_test_utils`
[INFO] [stdout]    --> src/core/psbt/mod.rs:466:9
[INFO] [stdout]     |
[INFO] [stdout] 466 |     use payjoin_test_utils::PARSED_ORIGINAL_PSBT;
[INFO] [stdout]     |         ^^^^^^^^^^^^^^^^^^ use of unresolved module or unlinked crate `payjoin_test_utils`
[INFO] [stdout]     |
[INFO] [stdout]     = help: if you wanted to use a crate named `payjoin_test_utils`, use `cargo add payjoin_test_utils` to add it to your `Cargo.toml`
[INFO] [stdout] 
[INFO] [stdout] 
[INFO] [stdout] error[E0432]: unresolved import `payjoin_test_utils`
[INFO] [stdout]    --> src/core/receive/common/mod.rs:610:9
[INFO] [stdout]     |
[INFO] [stdout] 610 |     use payjoin_test_utils::{DUMMY20, RECEIVER_INPUT_CONTRIBUTION};
[INFO] [stdout]     |         ^^^^^^^^^^^^^^^^^^ use of unresolved module or unlinked crate `payjoin_test_utils`
[INFO] [stdout]     |
[INFO] [stdout]     = help: if you wanted to use a crate named `payjoin_test_utils`, use `cargo add payjoin_test_utils` to add it to your `Cargo.toml`
[INFO] [stdout] 
[INFO] [stdout] 
[INFO] [stdout] error[E0432]: unresolved import `payjoin_test_utils`
[INFO] [stdout]    --> src/core/receive/optional_parameters.rs:171:9
[INFO] [stdout]     |
[INFO] [stdout] 171 |     use payjoin_test_utils::MAX_ADDITIONAL_FEE_CONTRIBUTION;
[INFO] [stdout]     |         ^^^^^^^^^^^^^^^^^^ use of unresolved module or unlinked crate `payjoin_test_utils`
[INFO] [stdout]     |
[INFO] [stdout]     = help: if you wanted to use a crate named `payjoin_test_utils`, use `cargo add payjoin_test_utils` to add it to your `Cargo.toml`
[INFO] [stdout] 
[INFO] [stdout] 
[INFO] [stdout] error[E0432]: unresolved import `payjoin_test_utils`
[INFO] [stdout]    --> src/core/receive/v2/session.rs:252:9
[INFO] [stdout]     |
[INFO] [stdout] 252 |     use payjoin_test_utils::{BoxError, EXAMPLE_URL};
[INFO] [stdout]     |         ^^^^^^^^^^^^^^^^^^ use of unresolved module or unlinked crate `payjoin_test_utils`
[INFO] [stdout]     |
[INFO] [stdout]     = help: if you wanted to use a crate named `payjoin_test_utils`, use `cargo add payjoin_test_utils` to add it to your `Cargo.toml`
[INFO] [stdout] 
[INFO] [stdout] 
[INFO] [stdout] error[E0432]: unresolved import `payjoin_test_utils`
[INFO] [stdout]     --> src/core/receive/v2/mod.rs:1919:9
[INFO] [stdout]      |
[INFO] [stdout] 1919 |     use payjoin_test_utils::{
[INFO] [stdout]      |         ^^^^^^^^^^^^^^^^^^ use of unresolved module or unlinked crate `payjoin_test_utils`
[INFO] [stdout]      |
[INFO] [stdout]      = help: if you wanted to use a crate named `payjoin_test_utils`, use `cargo add payjoin_test_utils` to add it to your `Cargo.toml`
[INFO] [stdout] 
[INFO] [stdout] 
[INFO] [stdout] error[E0432]: unresolved import `payjoin_test_utils`
[INFO] [stdout]    --> src/core/receive/mod.rs:675:9
[INFO] [stdout]     |
[INFO] [stdout] 675 |     use payjoin_test_utils::{
[INFO] [stdout]     |         ^^^^^^^^^^^^^^^^^^ use of unresolved module or unlinked crate `payjoin_test_utils`
[INFO] [stdout]     |
[INFO] [stdout]     = help: if you wanted to use a crate named `payjoin_test_utils`, use `cargo add payjoin_test_utils` to add it to your `Cargo.toml`
[INFO] [stdout] 
[INFO] [stdout] 
[INFO] [stdout] error[E0432]: unresolved import `payjoin_test_utils`
[INFO] [stdout]    --> src/core/send/v2/session.rs:184:9
[INFO] [stdout]     |
[INFO] [stdout] 184 |     use payjoin_test_utils::PARSED_ORIGINAL_PSBT;
[INFO] [stdout]     |         ^^^^^^^^^^^^^^^^^^ use of unresolved module or unlinked crate `payjoin_test_utils`
[INFO] [stdout]     |
[INFO] [stdout]     = help: if you wanted to use a crate named `payjoin_test_utils`, use `cargo add payjoin_test_utils` to add it to your `Cargo.toml`
[INFO] [stdout] 
[INFO] [stdout] 
[INFO] [stdout] error[E0432]: unresolved import `payjoin_test_utils`
[INFO] [stdout]    --> src/core/send/v2/mod.rs:642:9
[INFO] [stdout]     |
[INFO] [stdout] 642 |     use payjoin_test_utils::{BoxError, EXAMPLE_URL, PARSED_ORIGINAL_PSBT};
[INFO] [stdout]     |         ^^^^^^^^^^^^^^^^^^ use of unresolved module or unlinked crate `payjoin_test_utils`
[INFO] [stdout]     |
[INFO] [stdout]     = help: if you wanted to use a crate named `payjoin_test_utils`, use `cargo add payjoin_test_utils` to add it to your `Cargo.toml`
[INFO] [stdout] 
[INFO] [stdout] 
[INFO] [stdout] error[E0432]: unresolved import `payjoin_test_utils`
[INFO] [stdout]    --> src/core/send/mod.rs:750:9
[INFO] [stdout]     |
[INFO] [stdout] 750 |     use payjoin_test_utils::{
[INFO] [stdout]     |         ^^^^^^^^^^^^^^^^^^ use of unresolved module or unlinked crate `payjoin_test_utils`
[INFO] [stdout]     |
[INFO] [stdout]     = help: if you wanted to use a crate named `payjoin_test_utils`, use `cargo add payjoin_test_utils` to add it to your `Cargo.toml`
[INFO] [stdout] 
[INFO] [stdout] 
[INFO] [stdout] error[E0432]: unresolved import `payjoin_test_utils`
[INFO] [stdout]    --> src/core/uri/v2.rs:394:9
[INFO] [stdout]     |
[INFO] [stdout] 394 |     use payjoin_test_utils::{BoxError, EXAMPLE_URL};
[INFO] [stdout]     |         ^^^^^^^^^^^^^^^^^^ use of unresolved module or unlinked crate `payjoin_test_utils`
[INFO] [stdout]     |
[INFO] [stdout]     = help: if you wanted to use a crate named `payjoin_test_utils`, use `cargo add payjoin_test_utils` to add it to your `Cargo.toml`
[INFO] [stdout] 
[INFO] [stdout] 
[INFO] [stdout] error[E0432]: unresolved import `payjoin_test_utils`
[INFO] [stdout]    --> src/core/ohttp.rs:394:9
[INFO] [stdout]     |
[INFO] [stdout] 394 |     use payjoin_test_utils::{KEM, KEY_ID, SYMMETRIC};
[INFO] [stdout]     |         ^^^^^^^^^^^^^^^^^^ use of unresolved module or unlinked crate `payjoin_test_utils`
[INFO] [stdout]     |
[INFO] [stdout]     = help: if you wanted to use a crate named `payjoin_test_utils`, use `cargo add payjoin_test_utils` to add it to your `Cargo.toml`
[INFO] [stdout] 
[INFO] [stdout] 
[INFO] [stdout] error[E0433]: cannot find module or crate `payjoin_test_utils` in this scope
[INFO] [stdout]    --> src/core/receive/v2/session.rs:390:37
[INFO] [stdout]     |
[INFO] [stdout] 390 |             bitcoin::Psbt::from_str(payjoin_test_utils::RECEIVER_INPUT_CONTRIBUTION)
[INFO] [stdout]     |                                     ^^^^^^^^^^^^^^^^^^ use of unresolved module or unlinked crate `payjoin_test_utils`
[INFO] [stdout]     |
[INFO] [stdout]     = help: if you wanted to use a crate named `payjoin_test_utils`, use `cargo add payjoin_test_utils` to add it to your `Cargo.toml`
[INFO] [stdout] 
[INFO] [stdout] 
[INFO] [stdout] error[E0433]: cannot find module or crate `payjoin_test_utils` in this scope
[INFO] [stdout]     --> src/core/receive/v2/mod.rs:1938:40
[INFO] [stdout]      |
[INFO] [stdout] 1938 |         ohttp_keys: OhttpKeys::decode(&payjoin_test_utils::ohttp_key_config_bytes())
[INFO] [stdout]      |                                        ^^^^^^^^^^^^^^^^^^ use of unresolved module or unlinked crate `payjoin_test_utils`
[INFO] [stdout]      |
[INFO] [stdout]      = help: if you wanted to use a crate named `payjoin_test_utils`, use `cargo add payjoin_test_utils` to add it to your `Cargo.toml`
[INFO] [stdout] 
[INFO] [stdout] 
[INFO] [stdout] error[E0433]: cannot find module or crate `payjoin_test_utils` in this scope
[INFO] [stdout]     --> src/core/receive/v2/mod.rs:1997:22
[INFO] [stdout]      |
[INFO] [stdout] 1997 |         let server = payjoin_test_utils::ohttp_server();
[INFO] [stdout]      |                      ^^^^^^^^^^^^^^^^^^ use of unresolved module or unlinked crate `payjoin_test_utils`
[INFO] [stdout]      |
[INFO] [stdout]      = help: if you wanted to use a crate named `payjoin_test_utils`, use `cargo add payjoin_test_utils` to add it to your `Cargo.toml`
[INFO] [stdout] 
[INFO] [stdout] 
[INFO] [stdout] error[E0433]: cannot find module or crate `payjoin_test_utils` in this scope
[INFO] [stdout]    --> src/core/send/v2/session.rs:223:39
[INFO] [stdout]     |
[INFO] [stdout] 223 |             crate::OhttpKeys::decode(&payjoin_test_utils::ohttp_key_config_bytes())
[INFO] [stdout]     |                                       ^^^^^^^^^^^^^^^^^^ use of unresolved module or unlinked crate `payjoin_test_utils`
[INFO] [stdout]     |
[INFO] [stdout]     = help: if you wanted to use a crate named `payjoin_test_utils`, use `cargo add payjoin_test_utils` to add it to your `Cargo.toml`
[INFO] [stdout] 
[INFO] [stdout] 
[INFO] [stdout] error[E0433]: cannot find module or crate `payjoin_test_utils` in this scope
[INFO] [stdout]    --> src/core/send/v2/session.rs:400:39
[INFO] [stdout]     |
[INFO] [stdout] 400 |             crate::OhttpKeys::decode(&payjoin_test_utils::ohttp_key_config_bytes())
[INFO] [stdout]     |                                       ^^^^^^^^^^^^^^^^^^ use of unresolved module or unlinked crate `payjoin_test_utils`
[INFO] [stdout]     |
[INFO] [stdout]     = help: if you wanted to use a crate named `payjoin_test_utils`, use `cargo add payjoin_test_utils` to add it to your `Cargo.toml`
[INFO] [stdout] 
[INFO] [stdout] 
[INFO] [stdout] error[E0433]: cannot find module or crate `payjoin_test_utils` in this scope
[INFO] [stdout]    --> src/core/send/v2/mod.rs:660:32
[INFO] [stdout]     |
[INFO] [stdout] 660 |             OhttpKeys::decode(&payjoin_test_utils::ohttp_key_config_bytes())
[INFO] [stdout]     |                                ^^^^^^^^^^^^^^^^^^ use of unresolved module or unlinked crate `payjoin_test_utils`
[INFO] [stdout]     |
[INFO] [stdout]     = help: if you wanted to use a crate named `payjoin_test_utils`, use `cargo add payjoin_test_utils` to add it to your `Cargo.toml`
[INFO] [stdout] 
[INFO] [stdout] 
[INFO] [stdout] error[E0433]: cannot find module or crate `payjoin_test_utils` in this scope
[INFO] [stdout]    --> src/core/send/v2/mod.rs:753:45
[INFO] [stdout]     |
[INFO] [stdout] 753 |         let ohttp_keys = OhttpKeys::decode(&payjoin_test_utils::ohttp_key_config_bytes())
[INFO] [stdout]     |                                             ^^^^^^^^^^^^^^^^^^ use of unresolved module or unlinked crate `payjoin_test_utils`
[INFO] [stdout]     |
[INFO] [stdout]     = help: if you wanted to use a crate named `payjoin_test_utils`, use `cargo add payjoin_test_utils` to add it to your `Cargo.toml`
[INFO] [stdout] 
[INFO] [stdout] 
[INFO] [stdout] Some errors have detailed explanations: E0432, E0433.
[INFO] [stdout] 
[INFO] [stdout] For more information about an error, try `rustc --explain E0432`.
[INFO] [stdout] 
[INFO] [stderr] error: could not compile `payjoin` (lib test) due to 18 previous errors
[INFO] [stderr] warning: unused dependency `hkdf`
[INFO] [stderr]   --> Cargo.toml:20:15
[INFO] [stderr]    |
[INFO] [stderr] 20 | [dependencies.hkdf]
[INFO] [stderr]    |               ^^^^^
[INFO] [stderr]    |
[INFO] [stderr]    = note: `cargo::unused_dependencies` is set to `warn` by default
[INFO] [stderr] help: consider removing the dependency on `hkdf`
[INFO] [stderr] warning: `payjoin` (manifest) generated 1 warning
[INFO] running `Command { std: "docker" "inspect" "49db0e2ecf392130bd926dc1dbf88413532b0c915c9e6037044d449ed6ba5c2c", kill_on_drop: false }`
[INFO] running `Command { std: "docker" "rm" "-f" "49db0e2ecf392130bd926dc1dbf88413532b0c915c9e6037044d449ed6ba5c2c", kill_on_drop: false }`
[INFO] [stdout] 49db0e2ecf392130bd926dc1dbf88413532b0c915c9e6037044d449ed6ba5c2c
