[INFO] fetching crate parse-changelog 0.6.17...
[INFO] testing parse-changelog-0.6.17 against 1.100.0-beta.1+cargoflags=--release for beta-release-1.100-2
[INFO] extracting crate parse-changelog 0.6.17 into /workspace/builds/worker-0-tc2/source
[INFO] started tweaking crates.io crate parse-changelog 0.6.17
[INFO] removed 0 missing tests
[INFO] finished tweaking crates.io crate parse-changelog 0.6.17
[INFO] tweaked toml for crates.io crate parse-changelog 0.6.17 written to /workspace/builds/worker-0-tc2/source/Cargo.toml
[INFO] validating manifest of crates.io crate parse-changelog 0.6.17 on toolchain 1.100.0-beta.1
[INFO] running `Command { std: CARGO_HOME="/workspace/cargo-home" RUSTUP_HOME="/workspace/rustup-home" "/workspace/cargo-home/bin/cargo" "+1.100.0-beta.1" "metadata" "--manifest-path" "Cargo.toml" "--no-deps", kill_on_drop: false }`
[INFO] crate crates.io crate parse-changelog 0.6.17 already has a lockfile, it will not be regenerated
[INFO] running `Command { std: CARGO_HOME="/workspace/cargo-home" RUSTUP_HOME="/workspace/rustup-home" "/workspace/cargo-home/bin/cargo" "+1.100.0-beta.1" "fetch" "--manifest-path" "Cargo.toml", kill_on_drop: false }`
[INFO] running `Command { std: "docker" "create" "-v" "/var/lib/crater-agent-workspace/builds/worker-0-tc2/source:/opt/rustwide/workdir:ro,Z" "-v" "/var/lib/crater-agent-workspace/builds/worker-0-tc2/target:/opt/rustwide/target:rw,Z" "-v" "/var/lib/crater-agent-workspace/cargo-home:/opt/rustwide/cargo-home:ro,Z" "-v" "/var/lib/crater-agent-workspace/rustup-home:/opt/rustwide/rustup-home:ro,Z" "-m" "1610612736" "--network" "none" "ghcr.io/rust-lang/crates-build-env/linux@sha256:77db811e55d90add9212f6832c23229e3de5f1c1f9905e8cb07319ea15df73ac" "sleep" "infinity", kill_on_drop: false }`
[INFO] [stdout] 9490d30bd52c07a00b7a481948ff951c82723a9255104b02b65128ff48f5cb0d
[INFO] running `Command { std: "docker" "start" "9490d30bd52c07a00b7a481948ff951c82723a9255104b02b65128ff48f5cb0d", kill_on_drop: false }`
[INFO] running `Command { std: "docker" "inspect" "9490d30bd52c07a00b7a481948ff951c82723a9255104b02b65128ff48f5cb0d", kill_on_drop: false }`
[INFO] running `Command { std: "docker" "exec" "-e" "SOURCE_DIR=/opt/rustwide/workdir" "-e" "CARGO_HOME=/opt/rustwide/cargo-home" "-e" "RUSTUP_HOME=/opt/rustwide/rustup-home" "-e" "CARGO_TARGET_DIR=/opt/rustwide/target" "-w" "/opt/rustwide/workdir" "--user" "0:0" "9490d30bd52c07a00b7a481948ff951c82723a9255104b02b65128ff48f5cb0d" "/opt/rustwide/cargo-home/bin/cargo" "+1.100.0-beta.1" "metadata" "--no-deps" "--format-version=1", kill_on_drop: false }`
[INFO] running `Command { std: "docker" "inspect" "9490d30bd52c07a00b7a481948ff951c82723a9255104b02b65128ff48f5cb0d", kill_on_drop: false }`
[INFO] running `Command { std: "docker" "exec" "-e" "SOURCE_DIR=/opt/rustwide/workdir" "-e" "CARGO_HOME=/opt/rustwide/cargo-home" "-e" "RUSTUP_HOME=/opt/rustwide/rustup-home" "-e" "CARGO_TARGET_DIR=/opt/rustwide/target" "-e" "CARGO_INCREMENTAL=0" "-e" "RUST_BACKTRACE=full" "-e" "RUSTFLAGS=--cap-lints=warn" "-e" "RUSTDOCFLAGS=--cap-lints=warn" "-w" "/opt/rustwide/workdir" "--user" "0:0" "9490d30bd52c07a00b7a481948ff951c82723a9255104b02b65128ff48f5cb0d" "/opt/rustwide/cargo-home/bin/cargo" "+1.100.0-beta.1" "build" "--frozen" "--message-format=json" "--release", kill_on_drop: false }`
[INFO] [stderr]    Compiling memchr v2.8.1
[INFO] [stderr]    Compiling serde_core v1.0.228
[INFO] [stderr]    Compiling zmij v1.0.21
[INFO] [stderr]    Compiling serde_json v1.0.150
[INFO] [stderr]    Compiling regex-syntax v0.8.10
[INFO] [stderr]    Compiling itoa v1.0.18
[INFO] [stderr]    Compiling equivalent v1.0.2
[INFO] [stderr]    Compiling hashbrown v0.17.1
[INFO] [stderr]    Compiling lexopt v0.3.2
[INFO] [stderr]    Compiling aho-corasick v1.1.4
[INFO] [stderr]    Compiling regex-automata v0.4.14
[INFO] [stderr]    Compiling indexmap v2.14.0
[INFO] [stderr]    Compiling regex v1.12.3
[INFO] [stderr]    Compiling parse-changelog v0.6.17 (/opt/rustwide/workdir)
[INFO] [stderr]     Finished `release` profile [optimized] target(s) in 28.83s
[INFO] running `Command { std: "docker" "inspect" "9490d30bd52c07a00b7a481948ff951c82723a9255104b02b65128ff48f5cb0d", kill_on_drop: false }`
[INFO] running `Command { std: "docker" "exec" "-e" "SOURCE_DIR=/opt/rustwide/workdir" "-e" "CARGO_HOME=/opt/rustwide/cargo-home" "-e" "RUSTUP_HOME=/opt/rustwide/rustup-home" "-e" "CARGO_TARGET_DIR=/opt/rustwide/target" "-e" "CARGO_INCREMENTAL=0" "-e" "RUST_BACKTRACE=full" "-e" "RUSTFLAGS=--cap-lints=warn" "-e" "RUSTDOCFLAGS=--cap-lints=warn" "-w" "/opt/rustwide/workdir" "--user" "0:0" "9490d30bd52c07a00b7a481948ff951c82723a9255104b02b65128ff48f5cb0d" "/opt/rustwide/cargo-home/bin/cargo" "+1.100.0-beta.1" "test" "--frozen" "--no-run" "--message-format=json" "--release", kill_on_drop: false }`
[INFO] [stderr]    Compiling proc-macro2 v1.0.106
[INFO] [stderr]    Compiling unicode-ident v1.0.24
[INFO] [stderr]    Compiling quote v1.0.45
[INFO] [stderr]    Compiling autocfg v1.5.1
[INFO] [stderr]    Compiling serde v1.0.228
[INFO] [stderr]    Compiling fs-err v3.3.0
[INFO] [stderr]    Compiling syn v2.0.117
[INFO] [stderr]    Compiling serde_derive v1.0.228
[INFO] [stderr]    Compiling parse-changelog v0.6.17 (/opt/rustwide/workdir)
[INFO] [stdout] error[E0433]: cannot find module or crate `test_helper` in this scope
[INFO] [stdout]  --> tests/test.rs:7:5
[INFO] [stdout]   |
[INFO] [stdout] 7 | use test_helper::git::assert_diff;
[INFO] [stdout]   |     ^^^^^^^^^^^ use of unresolved module or unlinked crate `test_helper`
[INFO] [stdout]   |
[INFO] [stdout]   = help: if you wanted to use a crate named `test_helper`, use `cargo add test_helper` to add it to your `Cargo.toml`
[INFO] [stdout] 
[INFO] [stdout] 
[INFO] [stdout] error[E0433]: cannot find module or crate `test_helper` in this scope
[INFO] [stdout]   --> tests/cli.rs:11:5
[INFO] [stdout]    |
[INFO] [stdout] 11 | use test_helper::cli::{ChildExt as _, CommandExt as _};
[INFO] [stdout]    |     ^^^^^^^^^^^ use of unresolved module or unlinked crate `test_helper`
[INFO] [stdout]    |
[INFO] [stdout]    = help: if you wanted to use a crate named `test_helper`, use `cargo add test_helper` to add it to your `Cargo.toml`
[INFO] [stdout] 
[INFO] [stdout] 
[INFO] [stdout] error[E0433]: cannot find module or crate `test_helper` in this scope
[INFO] [stdout]    --> tests/cli.rs:205:5
[INFO] [stdout]     |
[INFO] [stdout] 205 |     test_helper::doc::sync_command_output_to_markdown(path, "readme-long-help", command, new);
[INFO] [stdout]     |     ^^^^^^^^^^^ use of unresolved module or unlinked crate `test_helper`
[INFO] [stdout]     |
[INFO] [stdout]     = help: if you wanted to use a crate named `test_helper`, use `cargo add test_helper` to add it to your `Cargo.toml`
[INFO] [stdout] 
[INFO] [stdout] 
[INFO] [stdout] For more information about this error, try `rustc --explain E0433`.
[INFO] [stdout] 
[INFO] [stderr] error: could not compile `parse-changelog` (test "test") due to 1 previous error
[INFO] [stderr] warning: build failed, waiting for other jobs to finish...
[INFO] [stdout] error[E0433]: cannot find module or crate `test_helper` in this scope
[INFO] [stdout]   --> src/gen/tests/track_size.rs:31:5
[INFO] [stdout]    |
[INFO] [stdout] 31 |     test_helper::git::assert_diff(
[INFO] [stdout]    |     ^^^^^^^^^^^ use of unresolved module or unlinked crate `test_helper`
[INFO] [stdout]    |
[INFO] [stdout]    = help: if you wanted to use a crate named `test_helper`, use `cargo add test_helper` to add it to your `Cargo.toml`
[INFO] [stdout] 
[INFO] [stdout] 
[INFO] [stdout] error[E0599]: no method named `assert_success` found for struct `Command` in the current scope
[INFO] [stdout]   --> tests/cli.rs:26:56
[INFO] [stdout]    |
[INFO] [stdout] 26 |     parse_changelog(["tests/fixtures/pin-project.md"]).assert_success().stdout_eq(
[INFO] [stdout]    |                                                        ^^^^^^^^^^^^^^ method not found in `Command`
[INFO] [stdout] 
[INFO] [stdout] 
[INFO] [stdout] error[E0599]: no method named `assert_success` found for struct `Command` in the current scope
[INFO] [stdout]   --> tests/cli.rs:29:65
[INFO] [stdout]    |
[INFO] [stdout] 29 |     parse_changelog(["tests/fixtures/pin-project.md", "1.0.0"]).assert_success().stdout_eq(
[INFO] [stdout]    |                                                                 ^^^^^^^^^^^^^^ method not found in `Command`
[INFO] [stdout] 
[INFO] [stdout] 
[INFO] [stdout] error[E0599]: no method named `assert_success` found for struct `Command` in the current scope
[INFO] [stdout]   --> tests/cli.rs:32:70
[INFO] [stdout]    |
[INFO] [stdout] 32 |     parse_changelog(["tests/fixtures/pin-project.md", "Unreleased"]).assert_success().stdout_eq("");
[INFO] [stdout]    |                                                                      ^^^^^^^^^^^^^^ method not found in `Command`
[INFO] [stdout] 
[INFO] [stdout] 
[INFO] [stdout] error[E0599]: no method named `assert_success` found for struct `Command` in the current scope
[INFO] [stdout]   --> tests/cli.rs:34:10
[INFO] [stdout]    |
[INFO] [stdout] 33 |     parse_changelog(["tests/fixtures/pin-project.md", "1.0.0", "--title"])
[INFO] [stdout] 34 |         .assert_success()
[INFO] [stdout]    |          ^^^^^^^^^^^^^^ method not found in `Command`
[INFO] [stdout] 
[INFO] [stdout] 
[INFO] [stdout] error[E0599]: no method named `assert_success` found for struct `Command` in the current scope
[INFO] [stdout]   --> tests/cli.rs:37:10
[INFO] [stdout]    |
[INFO] [stdout] 36 |     parse_changelog(["tests/fixtures/pin-project.md", "1.0.0", "--title-no-link"])
[INFO] [stdout] 37 |         .assert_success()
[INFO] [stdout]    |          ^^^^^^^^^^^^^^ method not found in `Command`
[INFO] [stdout] 
[INFO] [stdout] 
[INFO] [stdout] error[E0599]: no method named `spawn_with_stdin` found for struct `Command` in the current scope
[INFO] [stdout]   --> tests/cli.rs:40:10
[INFO] [stdout]    |
[INFO] [stdout] 39 |     parse_changelog(["-", "1.0.0"])
[INFO] [stdout] 40 |         .spawn_with_stdin(include_bytes!("fixtures/pin-project.md"))
[INFO] [stdout]    |          ^^^^^^^^^^^^^^^^ method not found in `Command`
[INFO] [stdout] 
[INFO] [stdout] 
[INFO] [stdout] error[E0599]: no method named `assert_success` found for struct `Command` in the current scope
[INFO] [stdout]   --> tests/cli.rs:47:49
[INFO] [stdout]    |
[INFO] [stdout] 47 |     parse_changelog(["tests/fixtures/rust.md"]).assert_success().stdout_eq(
[INFO] [stdout]    |                                                 ^^^^^^^^^^^^^^ method not found in `Command`
[INFO] [stdout] 
[INFO] [stdout] 
[INFO] [stdout] error[E0599]: no method named `assert_success` found for struct `Command` in the current scope
[INFO] [stdout]   --> tests/cli.rs:50:59
[INFO] [stdout]    |
[INFO] [stdout] 50 |     parse_changelog(["tests/fixtures/rust.md", "1.46.0"]).assert_success().stdout_eq(
[INFO] [stdout]    |                                                           ^^^^^^^^^^^^^^ method not found in `Command`
[INFO] [stdout] 
[INFO] [stdout] 
[INFO] [stdout] error[E0599]: no method named `assert_success` found for struct `Command` in the current scope
[INFO] [stdout]   --> tests/cli.rs:54:63
[INFO] [stdout]    |
[INFO] [stdout] 54 |     parse_changelog(["tests/fixtures/rust-atx.md", "1.46.0"]).assert_success().stdout_eq(
[INFO] [stdout]    |                                                               ^^^^^^^^^^^^^^ method not found in `Command`
[INFO] [stdout] 
[INFO] [stdout] 
[INFO] [stdout] error[E0599]: no method named `assert_success` found for struct `Command` in the current scope
[INFO] [stdout]   --> tests/cli.rs:66:6
[INFO] [stdout]    |
[INFO] [stdout] 58 |     parse_changelog([
[INFO] [stdout] 59 |         "tests/fixtures/cargo.md",
[INFO] [stdout] 60 |         "1.50",
[INFO] [stdout] 61 |         "--prefix",
[INFO] [stdout] 62 |         "Cargo ",
[INFO] [stdout] 63 |         "--version-format",
[INFO] [stdout] 64 |         r"^[0-9]+\.[0-9]+(\.[0-9])?$",
[INFO] [stdout] 65 |     ])
[INFO] [stdout] 66 |     .assert_success()
[INFO] [stdout]    |      ^^^^^^^^^^^^^^ method not found in `Command`
[INFO] [stdout] 
[INFO] [stdout] 
[INFO] [stdout] error[E0599]: no method named `assert_failure` found for struct `Command` in the current scope
[INFO] [stdout]   --> tests/cli.rs:73:10
[INFO] [stdout]    |
[INFO] [stdout] 72 |     parse_changelog([] as [&str; 0])
[INFO] [stdout] 73 |         .assert_failure()
[INFO] [stdout]    |          ^^^^^^^^^^^^^^ method not found in `Command`
[INFO] [stdout] 
[INFO] [stdout] 
[INFO] [stdout] error[E0599]: no method named `assert_failure` found for struct `Command` in the current scope
[INFO] [stdout]   --> tests/cli.rs:77:10
[INFO] [stdout]    |
[INFO] [stdout] 76 |     parse_changelog(["tests/fixtures/non-exist"])
[INFO] [stdout] 77 |         .assert_failure()
[INFO] [stdout]    |          ^^^^^^^^^^^^^^ method not found in `Command`
[INFO] [stdout] 
[INFO] [stdout] 
[INFO] [stdout] error[E0599]: no method named `assert_failure` found for struct `Command` in the current scope
[INFO] [stdout]   --> tests/cli.rs:81:10
[INFO] [stdout]    |
[INFO] [stdout] 80 |     parse_changelog(["tests/fixtures/pin-project.md", "0.0.0", "0.0.1"])
[INFO] [stdout] 81 |         .assert_failure()
[INFO] [stdout]    |          ^^^^^^^^^^^^^^ method not found in `Command`
[INFO] [stdout] 
[INFO] [stdout] 
[INFO] [stdout] error[E0599]: no method named `assert_failure` found for struct `Command` in the current scope
[INFO] [stdout]   --> tests/cli.rs:85:10
[INFO] [stdout]    |
[INFO] [stdout] 84 |     parse_changelog(["tests/fixtures/pin-project.md", "0.0.0", "--title", "--title-no-link"])
[INFO] [stdout] 85 |         .assert_failure()
[INFO] [stdout]    |          ^^^^^^^^^^^^^^ method not found in `Command`
[INFO] [stdout] 
[INFO] [stdout] 
[INFO] [stdout] error[E0599]: no method named `assert_failure` found for struct `Command` in the current scope
[INFO] [stdout]   --> tests/cli.rs:89:10
[INFO] [stdout]    |
[INFO] [stdout] 88 |     parse_changelog(["tests/fixtures/pin-project.md", "--non-exist"])
[INFO] [stdout] 89 |         .assert_failure()
[INFO] [stdout]    |          ^^^^^^^^^^^^^^ method not found in `Command`
[INFO] [stdout] 
[INFO] [stdout] 
[INFO] [stdout] error[E0599]: no method named `assert_failure` found for struct `Command` in the current scope
[INFO] [stdout]   --> tests/cli.rs:92:10
[INFO] [stdout]    |
[INFO] [stdout] 91 |     parse_changelog(["tests/fixtures/pin-project.md", "-n"])
[INFO] [stdout] 92 |         .assert_failure()
[INFO] [stdout]    |          ^^^^^^^^^^^^^^ method not found in `Command`
[INFO] [stdout] 
[INFO] [stdout] 
[INFO] [stdout] error[E0599]: no method named `assert_failure` found for struct `Command` in the current scope
[INFO] [stdout]    --> tests/cli.rs:105:14
[INFO] [stdout]     |
[INFO] [stdout] 104 |         parse_changelog(["tests/fixtures/pin-project.md", "0.0.0", flag, flag])
[INFO] [stdout] 105 |             .assert_failure()
[INFO] [stdout]     |              ^^^^^^^^^^^^^^ method not found in `Command`
[INFO] [stdout] 
[INFO] [stdout] 
[INFO] [stdout] error[E0599]: no method named `assert_failure` found for struct `Command` in the current scope
[INFO] [stdout]    --> tests/cli.rs:113:10
[INFO] [stdout]     |
[INFO] [stdout] 112 |     parse_changelog(["tests/fixtures/pin-project.md", "0.0.0"])
[INFO] [stdout] 113 |         .assert_failure()
[INFO] [stdout]     |          ^^^^^^^^^^^^^^ method not found in `Command`
[INFO] [stdout] 
[INFO] [stdout] 
[INFO] [stdout] error[E0599]: no method named `spawn_with_stdin` found for struct `Command` in the current scope
[INFO] [stdout]    --> tests/cli.rs:116:10
[INFO] [stdout]     |
[INFO] [stdout] 115 |     parse_changelog(["-", "0.0.0"])
[INFO] [stdout] 116 |         .spawn_with_stdin(include_bytes!("fixtures/pin-project.md"))
[INFO] [stdout]     |          ^^^^^^^^^^^^^^^^ method not found in `Command`
[INFO] [stdout] 
[INFO] [stdout] 
[INFO] [stdout] error[E0599]: no method named `assert_failure` found for struct `Command` in the current scope
[INFO] [stdout]    --> tests/cli.rs:121:10
[INFO] [stdout]     |
[INFO] [stdout] 120 |     parse_changelog(["tests/fixtures/cargo.md", "1.50", "--prefix", "Cargo "])
[INFO] [stdout] 121 |         .assert_failure()
[INFO] [stdout]     |          ^^^^^^^^^^^^^^ method not found in `Command`
[INFO] [stdout] 
[INFO] [stdout] 
[INFO] [stdout] error[E0599]: no method named `spawn_with_stdin` found for struct `Command` in the current scope
[INFO] [stdout]    --> tests/cli.rs:125:10
[INFO] [stdout]     |
[INFO] [stdout] 124 |     parse_changelog(["-"])
[INFO] [stdout] 125 |         .spawn_with_stdin("\n")
[INFO] [stdout]     |          ^^^^^^^^^^^^^^^^ method not found in `Command`
[INFO] [stdout] 
[INFO] [stdout] 
[INFO] [stdout] error[E0599]: no method named `assert_failure` found for struct `Command` in the current scope
[INFO] [stdout]    --> tests/cli.rs:130:10
[INFO] [stdout]     |
[INFO] [stdout] 129 |     parse_changelog(["tests/fixtures/pin-project.md", "1.0.0", "--version-format=\\"])
[INFO] [stdout] 130 |         .assert_failure()
[INFO] [stdout]     |          ^^^^^^^^^^^^^^ method not found in `Command`
[INFO] [stdout] 
[INFO] [stdout] 
[INFO] [stdout] error[E0599]: no method named `assert_failure` found for struct `Command` in the current scope
[INFO] [stdout]    --> tests/cli.rs:133:10
[INFO] [stdout]     |
[INFO] [stdout] 132 |     parse_changelog(["tests/fixtures/pin-project.md", "1.0.0", "--prefix-format=\\"])
[INFO] [stdout] 133 |         .assert_failure()
[INFO] [stdout]     |          ^^^^^^^^^^^^^^ method not found in `Command`
[INFO] [stdout] 
[INFO] [stdout] 
[INFO] [stdout] error[E0599]: no method named `spawn_with_stdin` found for struct `Command` in the current scope
[INFO] [stdout]    --> tests/cli.rs:137:10
[INFO] [stdout]     |
[INFO] [stdout] 136 |     parse_changelog(["-"])
[INFO] [stdout] 137 |         .spawn_with_stdin("# Unreleased\n")
[INFO] [stdout]     |          ^^^^^^^^^^^^^^^^ method not found in `Command`
[INFO] [stdout] 
[INFO] [stdout] 
[INFO] [stdout] error[E0599]: no method named `spawn_with_stdin` found for struct `Command` in the current scope
[INFO] [stdout]    --> tests/cli.rs:142:10
[INFO] [stdout]     |
[INFO] [stdout] 141 |     parse_changelog(["-"])
[INFO] [stdout] 142 |         .spawn_with_stdin([b'f', b'o', 0x80, b'o'])
[INFO] [stdout]     |          ^^^^^^^^^^^^^^^^ method not found in `Command`
[INFO] [stdout] 
[INFO] [stdout] 
[INFO] [stdout] error[E0599]: no method named `assert_success` found for struct `Command` in the current scope
[INFO] [stdout]    --> tests/cli.rs:160:77
[INFO] [stdout]     |
[INFO] [stdout] 160 |     let text = parse_changelog(["tests/fixtures/pin-project.md", "--json"]).assert_success().stdout;
[INFO] [stdout]     |                                                                             ^^^^^^^^^^^^^^ method not found in `Command`
[INFO] [stdout] 
[INFO] [stdout] 
[INFO] [stdout] error[E0599]: no method named `assert_success` found for struct `Command` in the current scope
[INFO] [stdout]    --> tests/cli.rs:164:70
[INFO] [stdout]     |
[INFO] [stdout] 164 |     let text = parse_changelog(["tests/fixtures/rust.md", "--json"]).assert_success().stdout;
[INFO] [stdout]     |                                                                      ^^^^^^^^^^^^^^ method not found in `Command`
[INFO] [stdout] 
[INFO] [stdout] 
[INFO] [stdout] error[E0599]: no method named `assert_success` found for struct `Command` in the current scope
[INFO] [stdout]    --> tests/cli.rs:168:74
[INFO] [stdout]     |
[INFO] [stdout] 168 |     let text = parse_changelog(["tests/fixtures/rust-atx.md", "--json"]).assert_success().stdout;
[INFO] [stdout]     |                                                                          ^^^^^^^^^^^^^^ method not found in `Command`
[INFO] [stdout] 
[INFO] [stdout] 
[INFO] [stdout] error[E0599]: no method named `assert_success` found for struct `Command` in the current scope
[INFO] [stdout]    --> tests/cli.rs:180:6
[INFO] [stdout]     |
[INFO] [stdout] 172 |     let text = parse_changelog([
[INFO] [stdout] 173 |         "tests/fixtures/cargo.md",
[INFO] [stdout] 174 |         "--json",
[INFO] [stdout] 175 |         "--prefix",
[INFO] [stdout] 176 |         "Cargo ",
[INFO] [stdout] 177 |         "--version-format",
[INFO] [stdout] 178 |         r"^[0-9]+\.[0-9]+(\.[0-9])?$",
[INFO] [stdout] 179 |     ])
[INFO] [stdout] 180 |     .assert_success()
[INFO] [stdout]     |      ^^^^^^^^^^^^^^ method not found in `Command`
[INFO] [stdout] 
[INFO] [stdout] 
[INFO] [stdout] error[E0599]: no method named `assert_success` found for struct `Command` in the current scope
[INFO] [stdout]    --> tests/cli.rs:188:41
[INFO] [stdout]     |
[INFO] [stdout] 188 |     let short = parse_changelog(["-h"]).assert_success();
[INFO] [stdout]     |                                         ^^^^^^^^^^^^^^ method not found in `Command`
[INFO] [stdout] 
[INFO] [stdout] 
[INFO] [stdout] error[E0599]: no method named `assert_success` found for struct `Command` in the current scope
[INFO] [stdout]    --> tests/cli.rs:189:44
[INFO] [stdout]     |
[INFO] [stdout] 189 |     let long = parse_changelog(["--help"]).assert_success();
[INFO] [stdout]     |                                            ^^^^^^^^^^^^^^ method not found in `Command`
[INFO] [stdout] 
[INFO] [stdout] 
[INFO] [stdout] error[E0599]: no method named `assert_success` found for struct `Command` in the current scope
[INFO] [stdout]    --> tests/cli.rs:196:29
[INFO] [stdout]     |
[INFO] [stdout] 196 |     parse_changelog(["-V"]).assert_success().stdout_eq(expected);
[INFO] [stdout]     |                             ^^^^^^^^^^^^^^ method not found in `Command`
[INFO] [stdout] 
[INFO] [stdout] 
[INFO] [stdout] For more information about this error, try `rustc --explain E0433`.
[INFO] [stdout] 
[INFO] [stdout] error[E0599]: no method named `assert_success` found for struct `Command` in the current scope
[INFO] [stdout]    --> tests/cli.rs:197:36
[INFO] [stdout]     |
[INFO] [stdout] 197 |     parse_changelog(["--version"]).assert_success().stdout_eq(expected);
[INFO] [stdout]     |                                    ^^^^^^^^^^^^^^ method not found in `Command`
[INFO] [stdout] 
[INFO] [stdout] 
[INFO] [stderr] error: could not compile `parse-changelog` (lib test) due to 1 previous error
[INFO] [stdout] error[E0599]: no method named `assert_success` found for struct `Command` in the current scope
[INFO] [stdout]    --> tests/cli.rs:202:43
[INFO] [stdout]     |
[INFO] [stdout] 202 |     let new = parse_changelog(["--help"]).assert_success().stdout;
[INFO] [stdout]     |                                           ^^^^^^^^^^^^^^ method not found in `Command`
[INFO] [stdout] 
[INFO] [stdout] 
[INFO] [stdout] Some errors have detailed explanations: E0433, E0599.
[INFO] [stdout] 
[INFO] [stdout] For more information about an error, try `rustc --explain E0433`.
[INFO] [stdout] 
[INFO] [stderr] error: could not compile `parse-changelog` (test "cli") due to 36 previous errors
[INFO] running `Command { std: "docker" "inspect" "9490d30bd52c07a00b7a481948ff951c82723a9255104b02b65128ff48f5cb0d", kill_on_drop: false }`
[INFO] running `Command { std: "docker" "rm" "-f" "9490d30bd52c07a00b7a481948ff951c82723a9255104b02b65128ff48f5cb0d", kill_on_drop: false }`
[INFO] [stdout] 9490d30bd52c07a00b7a481948ff951c82723a9255104b02b65128ff48f5cb0d
