[INFO] fetching crate parkring 1.0.0...
[INFO] testing parkring-1.0.0 against 1.100.0-beta.1+cargoflags=--release for beta-release-1.100-2
[INFO] extracting crate parkring 1.0.0 into /workspace/builds/worker-5-tc2/source
[INFO] removed /workspace/builds/worker-5-tc2/source/.cargo/config.toml
[INFO] started tweaking crates.io crate parkring 1.0.0
[INFO] removed 0 missing examples
[INFO] removed 0 missing tests
[INFO] finished tweaking crates.io crate parkring 1.0.0
[INFO] tweaked toml for crates.io crate parkring 1.0.0 written to /workspace/builds/worker-5-tc2/source/Cargo.toml
[INFO] validating manifest of crates.io crate parkring 1.0.0 on toolchain 1.100.0-beta.1
[INFO] running `Command { std: CARGO_HOME="/workspace/cargo-home" RUSTUP_HOME="/workspace/rustup-home" "/workspace/cargo-home/bin/cargo" "+1.100.0-beta.1" "metadata" "--manifest-path" "Cargo.toml" "--no-deps", kill_on_drop: false }`
[INFO] crate crates.io crate parkring 1.0.0 already has a lockfile, it will not be regenerated
[INFO] running `Command { std: CARGO_HOME="/workspace/cargo-home" RUSTUP_HOME="/workspace/rustup-home" "/workspace/cargo-home/bin/cargo" "+1.100.0-beta.1" "fetch" "--manifest-path" "Cargo.toml", kill_on_drop: false }`
[INFO] running `Command { std: "docker" "create" "-v" "/var/lib/crater-agent-workspace/builds/worker-5-tc2/source:/opt/rustwide/workdir:ro,Z" "-v" "/var/lib/crater-agent-workspace/builds/worker-5-tc2/target:/opt/rustwide/target:rw,Z" "-v" "/var/lib/crater-agent-workspace/cargo-home:/opt/rustwide/cargo-home:ro,Z" "-v" "/var/lib/crater-agent-workspace/rustup-home:/opt/rustwide/rustup-home:ro,Z" "-m" "1610612736" "--network" "none" "ghcr.io/rust-lang/crates-build-env/linux@sha256:77db811e55d90add9212f6832c23229e3de5f1c1f9905e8cb07319ea15df73ac" "sleep" "infinity", kill_on_drop: false }`
[INFO] [stdout] a4554c1de7050dcd4ac48a3aebe8db37343023ebdf8d282a0226a9c4312883b2
[INFO] running `Command { std: "docker" "start" "a4554c1de7050dcd4ac48a3aebe8db37343023ebdf8d282a0226a9c4312883b2", kill_on_drop: false }`
[INFO] running `Command { std: "docker" "inspect" "a4554c1de7050dcd4ac48a3aebe8db37343023ebdf8d282a0226a9c4312883b2", kill_on_drop: false }`
[INFO] running `Command { std: "docker" "exec" "-e" "SOURCE_DIR=/opt/rustwide/workdir" "-e" "CARGO_HOME=/opt/rustwide/cargo-home" "-e" "RUSTUP_HOME=/opt/rustwide/rustup-home" "-e" "CARGO_TARGET_DIR=/opt/rustwide/target" "-w" "/opt/rustwide/workdir" "--user" "0:0" "a4554c1de7050dcd4ac48a3aebe8db37343023ebdf8d282a0226a9c4312883b2" "/opt/rustwide/cargo-home/bin/cargo" "+1.100.0-beta.1" "metadata" "--no-deps" "--format-version=1", kill_on_drop: false }`
[INFO] running `Command { std: "docker" "inspect" "a4554c1de7050dcd4ac48a3aebe8db37343023ebdf8d282a0226a9c4312883b2", kill_on_drop: false }`
[INFO] running `Command { std: "docker" "exec" "-e" "SOURCE_DIR=/opt/rustwide/workdir" "-e" "CARGO_HOME=/opt/rustwide/cargo-home" "-e" "RUSTUP_HOME=/opt/rustwide/rustup-home" "-e" "CARGO_TARGET_DIR=/opt/rustwide/target" "-e" "CARGO_INCREMENTAL=0" "-e" "RUST_BACKTRACE=full" "-e" "RUSTFLAGS=--cap-lints=warn" "-e" "RUSTDOCFLAGS=--cap-lints=warn" "-w" "/opt/rustwide/workdir" "--user" "0:0" "a4554c1de7050dcd4ac48a3aebe8db37343023ebdf8d282a0226a9c4312883b2" "/opt/rustwide/cargo-home/bin/cargo" "+1.100.0-beta.1" "build" "--frozen" "--message-format=json" "--release", kill_on_drop: false }`
[INFO] [stderr]    Compiling libc v0.2.190
[INFO] [stderr]    Compiling parkring v1.0.0 (/opt/rustwide/workdir)
[INFO] [stderr]     Finished `release` profile [optimized + debuginfo] target(s) in 2.86s
[INFO] running `Command { std: "docker" "inspect" "a4554c1de7050dcd4ac48a3aebe8db37343023ebdf8d282a0226a9c4312883b2", kill_on_drop: false }`
[INFO] running `Command { std: "docker" "exec" "-e" "SOURCE_DIR=/opt/rustwide/workdir" "-e" "CARGO_HOME=/opt/rustwide/cargo-home" "-e" "RUSTUP_HOME=/opt/rustwide/rustup-home" "-e" "CARGO_TARGET_DIR=/opt/rustwide/target" "-e" "CARGO_INCREMENTAL=0" "-e" "RUST_BACKTRACE=full" "-e" "RUSTFLAGS=--cap-lints=warn" "-e" "RUSTDOCFLAGS=--cap-lints=warn" "-w" "/opt/rustwide/workdir" "--user" "0:0" "a4554c1de7050dcd4ac48a3aebe8db37343023ebdf8d282a0226a9c4312883b2" "/opt/rustwide/cargo-home/bin/cargo" "+1.100.0-beta.1" "test" "--frozen" "--no-run" "--message-format=json" "--release", kill_on_drop: false }`
[INFO] [stderr]    Compiling cfg-if v1.0.4
[INFO] [stderr]    Compiling getrandom v0.3.4
[INFO] [stderr]    Compiling rustix v1.1.5
[INFO] [stderr]    Compiling getrandom v0.4.3
[INFO] [stderr]    Compiling zerocopy v0.8.48
[INFO] [stderr]    Compiling bitflags v2.13.2
[INFO] [stderr]    Compiling autocfg v1.5.0
[INFO] [stderr]    Compiling linux-raw-sys v0.12.1
[INFO] [stderr]    Compiling fastrand v2.5.0
[INFO] [stderr]    Compiling once_cell v1.21.4
[INFO] [stderr]    Compiling wait-timeout v0.2.1
[INFO] [stderr]    Compiling bit-vec v0.8.0
[INFO] [stderr]    Compiling fnv v1.0.7
[INFO] [stderr]    Compiling quick-error v1.2.3
[INFO] [stderr]    Compiling regex-syntax v0.8.10
[INFO] [stderr]    Compiling unarray v0.1.4
[INFO] [stderr]    Compiling bit-set v0.8.0
[INFO] [stderr]    Compiling rand_core v0.9.5
[INFO] [stderr]    Compiling num-traits v0.2.19
[INFO] [stderr]    Compiling rand v0.9.5
[INFO] [stderr]    Compiling rand_xorshift v0.4.0
[INFO] [stderr]    Compiling tempfile v3.27.0
[INFO] [stderr]    Compiling rusty-fork v0.3.1
[INFO] [stderr]    Compiling ppv-lite86 v0.2.21
[INFO] [stderr]    Compiling rand_chacha v0.9.0
[INFO] [stderr]    Compiling proptest v1.11.0
[INFO] [stderr]    Compiling parkring v1.0.0 (/opt/rustwide/workdir)
[INFO] [stdout] error[E0599]: no associated function or constant named `with_capacity_and_start` found for struct `Worker<T>` in the current scope
[INFO] [stdout]    --> tests/deque.rs:52:30
[INFO] [stdout]     |
[INFO] [stdout]  52 |         let worker = Worker::with_capacity_and_start(capacity, start);
[INFO] [stdout]     |                              ^^^^^^^^^^^^^^^^^^^^^^^ associated function or constant not found in `Worker<_>`
[INFO] [stdout]     |
[INFO] [stdout] note: if you're trying to build a new `Worker<_>`, consider using `Worker::<T>::new` which returns `Worker<_>`
[INFO] [stdout]    --> src/deque/mod.rs:431:5
[INFO] [stdout]     |
[INFO] [stdout] 431 |     pub fn new() -> Self {
[INFO] [stdout]     |     ^^^^^^^^^^^^^^^^^^^^
[INFO] [stdout] 
[INFO] [stdout] 
[INFO] [stdout] error[E0599]: no associated function or constant named `with_capacity_and_start` found for struct `Worker<T>` in the current scope
[INFO] [stdout]    --> tests/deque.rs:81:26
[INFO] [stdout]     |
[INFO] [stdout]  81 |     let worker = Worker::with_capacity_and_start(2, 0);
[INFO] [stdout]     |                          ^^^^^^^^^^^^^^^^^^^^^^^ associated function or constant not found in `Worker<_>`
[INFO] [stdout]     |
[INFO] [stdout] note: if you're trying to build a new `Worker<_>`, consider using `Worker::<T>::new` which returns `Worker<_>`
[INFO] [stdout]    --> src/deque/mod.rs:431:5
[INFO] [stdout]     |
[INFO] [stdout] 431 |     pub fn new() -> Self {
[INFO] [stdout]     |     ^^^^^^^^^^^^^^^^^^^^
[INFO] [stdout] 
[INFO] [stdout] 
[INFO] [stdout] error[E0599]: no associated function or constant named `with_capacity_and_start` found for struct `Worker<T>` in the current scope
[INFO] [stdout]    --> tests/deque.rs:149:26
[INFO] [stdout]     |
[INFO] [stdout] 149 |     let worker = Worker::with_capacity_and_start(1, 0);
[INFO] [stdout]     |                          ^^^^^^^^^^^^^^^^^^^^^^^ associated function or constant not found in `Worker<_>`
[INFO] [stdout]     |
[INFO] [stdout] note: if you're trying to build a new `Worker<_>`, consider using `Worker::<T>::new` which returns `Worker<_>`
[INFO] [stdout]    --> src/deque/mod.rs:431:5
[INFO] [stdout]     |
[INFO] [stdout] 431 |     pub fn new() -> Self {
[INFO] [stdout]     |     ^^^^^^^^^^^^^^^^^^^^
[INFO] [stdout] 
[INFO] [stdout] 
[INFO] [stdout] For more information about this error, try `rustc --explain E0599`.
[INFO] [stdout] 
[INFO] [stderr] error: could not compile `parkring` (test "deque") due to 3 previous errors
[INFO] [stderr] warning: build failed, waiting for other jobs to finish...
[INFO] running `Command { std: "docker" "inspect" "a4554c1de7050dcd4ac48a3aebe8db37343023ebdf8d282a0226a9c4312883b2", kill_on_drop: false }`
[INFO] running `Command { std: "docker" "rm" "-f" "a4554c1de7050dcd4ac48a3aebe8db37343023ebdf8d282a0226a9c4312883b2", kill_on_drop: false }`
[INFO] [stdout] a4554c1de7050dcd4ac48a3aebe8db37343023ebdf8d282a0226a9c4312883b2
