[INFO] fetching crate parallel-processor 0.3.1...
[INFO] testing parallel-processor-0.3.1 against 1.99.0-beta.8+cargoflags=--release for beta-release-1.100-2
[INFO] extracting crate parallel-processor 0.3.1 into /workspace/builds/worker-0-tc1/source
[INFO] started tweaking crates.io crate parallel-processor 0.3.1
[INFO] finished tweaking crates.io crate parallel-processor 0.3.1
[INFO] tweaked toml for crates.io crate parallel-processor 0.3.1 written to /workspace/builds/worker-0-tc1/source/Cargo.toml
[INFO] validating manifest of crates.io crate parallel-processor 0.3.1 on toolchain 1.99.0-beta.8
[INFO] running `Command { std: CARGO_HOME="/workspace/cargo-home" RUSTUP_HOME="/workspace/rustup-home" "/workspace/cargo-home/bin/cargo" "+1.99.0-beta.8" "metadata" "--manifest-path" "Cargo.toml" "--no-deps", kill_on_drop: false }`
[INFO] crate crates.io crate parallel-processor 0.3.1 already has a lockfile, it will not be regenerated
[INFO] running `Command { std: CARGO_HOME="/workspace/cargo-home" RUSTUP_HOME="/workspace/rustup-home" "/workspace/cargo-home/bin/cargo" "+1.99.0-beta.8" "fetch" "--manifest-path" "Cargo.toml", kill_on_drop: false }`
[INFO] [stderr]     Updating crates.io index
[INFO] [stderr]  Downloading crates ...
[INFO] [stderr]   Downloaded unchecked-index v0.2.2
[INFO] [stderr]   Downloaded nightly-quirks v0.1.5
[INFO] [stderr]   Downloaded mt-debug-counters v0.1.4
[INFO] [stderr]   Downloaded limits-rs v0.2.0
[INFO] [stderr]   Downloaded desse-derive v0.2.1
[INFO] [stderr]   Downloaded desse v0.2.1
[INFO] [stderr]   Downloaded voracious_radix_sort v1.2.0
[INFO] running `Command { std: "docker" "create" "-v" "/var/lib/crater-agent-workspace/builds/worker-0-tc1/source:/opt/rustwide/workdir:ro,Z" "-v" "/var/lib/crater-agent-workspace/builds/worker-0-tc1/target:/opt/rustwide/target:rw,Z" "-v" "/var/lib/crater-agent-workspace/cargo-home:/opt/rustwide/cargo-home:ro,Z" "-v" "/var/lib/crater-agent-workspace/rustup-home:/opt/rustwide/rustup-home:ro,Z" "-m" "1610612736" "--network" "none" "ghcr.io/rust-lang/crates-build-env/linux@sha256:77db811e55d90add9212f6832c23229e3de5f1c1f9905e8cb07319ea15df73ac" "sleep" "infinity", kill_on_drop: false }`
[INFO] [stdout] 6c1ebad9639f0c1a0767a8f3fa66b1c2ff3565f74118110f7a85e27b1d90d124
[INFO] running `Command { std: "docker" "start" "6c1ebad9639f0c1a0767a8f3fa66b1c2ff3565f74118110f7a85e27b1d90d124", kill_on_drop: false }`
[INFO] running `Command { std: "docker" "inspect" "6c1ebad9639f0c1a0767a8f3fa66b1c2ff3565f74118110f7a85e27b1d90d124", kill_on_drop: false }`
[INFO] running `Command { std: "docker" "exec" "-e" "SOURCE_DIR=/opt/rustwide/workdir" "-e" "CARGO_HOME=/opt/rustwide/cargo-home" "-e" "RUSTUP_HOME=/opt/rustwide/rustup-home" "-e" "CARGO_TARGET_DIR=/opt/rustwide/target" "-w" "/opt/rustwide/workdir" "--user" "0:0" "6c1ebad9639f0c1a0767a8f3fa66b1c2ff3565f74118110f7a85e27b1d90d124" "/opt/rustwide/cargo-home/bin/cargo" "+1.99.0-beta.8" "metadata" "--no-deps" "--format-version=1", kill_on_drop: false }`
[INFO] running `Command { std: "docker" "inspect" "6c1ebad9639f0c1a0767a8f3fa66b1c2ff3565f74118110f7a85e27b1d90d124", kill_on_drop: false }`
[INFO] running `Command { std: "docker" "exec" "-e" "SOURCE_DIR=/opt/rustwide/workdir" "-e" "CARGO_HOME=/opt/rustwide/cargo-home" "-e" "RUSTUP_HOME=/opt/rustwide/rustup-home" "-e" "CARGO_TARGET_DIR=/opt/rustwide/target" "-e" "CARGO_INCREMENTAL=0" "-e" "RUST_BACKTRACE=full" "-e" "RUSTFLAGS=--cap-lints=warn" "-e" "RUSTDOCFLAGS=--cap-lints=warn" "-w" "/opt/rustwide/workdir" "--user" "0:0" "6c1ebad9639f0c1a0767a8f3fa66b1c2ff3565f74118110f7a85e27b1d90d124" "/opt/rustwide/cargo-home/bin/cargo" "+1.99.0-beta.8" "build" "--frozen" "--message-format=json" "--release", kill_on_drop: false }`
[INFO] [stderr]    Compiling syn v0.15.44
[INFO] [stderr]    Compiling parking_lot_core v0.9.12
[INFO] [stderr]    Compiling cc v1.2.62
[INFO] [stderr]    Compiling rustix v1.1.4
[INFO] [stderr]    Compiling thiserror-impl v1.0.69
[INFO] [stderr]    Compiling rand_core v0.9.5
[INFO] [stderr]    Compiling memchr v2.8.0
[INFO] [stderr]    Compiling chrono v0.4.44
[INFO] [stderr]    Compiling procfs v0.18.0
[INFO] [stderr]    Compiling virtue v0.0.18
[INFO] [stderr]    Compiling linux-raw-sys v0.12.1
[INFO] [stderr]    Compiling flate2 v1.1.9
[INFO] [stderr]    Compiling crossbeam-queue v0.3.12
[INFO] [stderr]    Compiling crossbeam-channel v0.5.15
[INFO] [stderr]    Compiling bytesize v1.3.3
[INFO] [stderr]    Compiling json v0.12.4
[INFO] [stderr]    Compiling hashbrown v0.14.5
[INFO] [stderr]    Compiling arc-swap v1.9.1
[INFO] [stderr]    Compiling rand_chacha v0.9.0
[INFO] [stderr]    Compiling parking_lot v0.12.5
[INFO] [stderr]    Compiling itertools v0.14.0
[INFO] [stderr]    Compiling page_size v0.6.0
[INFO] [stderr]    Compiling crossbeam v0.8.4
[INFO] [stderr]    Compiling unchecked-index v0.2.2
[INFO] [stderr]    Compiling replace_with v0.1.8
[INFO] [stderr]    Compiling nightly-quirks v0.1.5
[INFO] [stderr]    Compiling rand v0.9.4
[INFO] [stderr]    Compiling rustc-hash v2.1.2
[INFO] [stderr]    Compiling mt-debug-counters v0.1.4
[INFO] [stderr]    Compiling object v0.37.3
[INFO] [stderr]    Compiling bincode_derive v2.0.1
[INFO] [stderr]    Compiling thiserror v1.0.69
[INFO] [stderr]    Compiling dashmap v6.2.1
[INFO] [stderr]    Compiling limits-rs v0.2.0
[INFO] [stderr]    Compiling lz4-sys v1.11.1+lz4-1.10.0
[INFO] [stderr]    Compiling bincode v2.0.1
[INFO] [stderr]    Compiling procfs-core v0.18.0
[INFO] [stderr]    Compiling desse-derive v0.2.1
[INFO] [stderr]    Compiling desse v0.2.1
[INFO] [stderr]    Compiling backtrace v0.3.76
[INFO] [stderr]    Compiling lz4 v1.28.1
[INFO] [stderr]    Compiling parallel-processor v0.3.1 (/opt/rustwide/workdir)
[INFO] [stdout] warning: use of deprecated method `std::sync::atomic::Atomic::<usize>::fetch_update`: renamed to `try_update` for consistency
[INFO] [stdout]    --> src/memory_fs/allocator.rs:106:14
[INFO] [stdout]     |
[INFO] [stdout] 106 |             .fetch_update(Ordering::Relaxed, Ordering::Relaxed, |value| {
[INFO] [stdout]     |              ^^^^^^^^^^^^
[INFO] [stdout]     |
[INFO] [stdout]     = note: `#[warn(deprecated)]` on by default
[INFO] [stdout] help: replace the use of the deprecated method
[INFO] [stdout]     |
[INFO] [stdout] 106 -             .fetch_update(Ordering::Relaxed, Ordering::Relaxed, |value| {
[INFO] [stdout] 106 +             .try_update(Ordering::Relaxed, Ordering::Relaxed, |value| {
[INFO] [stdout]     |
[INFO] [stdout] 
[INFO] [stdout] 
[INFO] [stdout] warning: use of deprecated method `std::sync::atomic::Atomic::<usize>::fetch_update`: renamed to `try_update` for consistency
[INFO] [stdout]    --> src/execution_manager/scheduler.rs:104:14
[INFO] [stdout]     |
[INFO] [stdout] 104 |             .fetch_update(Ordering::Relaxed, Ordering::Relaxed, |v| {
[INFO] [stdout]     |              ^^^^^^^^^^^^
[INFO] [stdout]     |
[INFO] [stdout] help: replace the use of the deprecated method
[INFO] [stdout]     |
[INFO] [stdout] 104 -             .fetch_update(Ordering::Relaxed, Ordering::Relaxed, |v| {
[INFO] [stdout] 104 +             .try_update(Ordering::Relaxed, Ordering::Relaxed, |v| {
[INFO] [stdout]     |
[INFO] [stdout] 
[INFO] [stdout] 
[INFO] [stderr]     Finished `release` profile [optimized] target(s) in 50.86s
[INFO] running `Command { std: "docker" "inspect" "6c1ebad9639f0c1a0767a8f3fa66b1c2ff3565f74118110f7a85e27b1d90d124", kill_on_drop: false }`
[INFO] running `Command { std: "docker" "exec" "-e" "SOURCE_DIR=/opt/rustwide/workdir" "-e" "CARGO_HOME=/opt/rustwide/cargo-home" "-e" "RUSTUP_HOME=/opt/rustwide/rustup-home" "-e" "CARGO_TARGET_DIR=/opt/rustwide/target" "-e" "CARGO_INCREMENTAL=0" "-e" "RUST_BACKTRACE=full" "-e" "RUSTFLAGS=--cap-lints=warn" "-e" "RUSTDOCFLAGS=--cap-lints=warn" "-w" "/opt/rustwide/workdir" "--user" "0:0" "6c1ebad9639f0c1a0767a8f3fa66b1c2ff3565f74118110f7a85e27b1d90d124" "/opt/rustwide/cargo-home/bin/cargo" "+1.99.0-beta.8" "test" "--frozen" "--no-run" "--message-format=json" "--release", kill_on_drop: false }`
[INFO] [stderr]    Compiling voracious_radix_sort v1.2.0
[INFO] [stdout] warning: use of deprecated method `std::sync::atomic::Atomic::<usize>::fetch_update`: renamed to `try_update` for consistency
[INFO] [stdout]    --> src/memory_fs/allocator.rs:106:14
[INFO] [stdout]     |
[INFO] [stdout] 106 |             .fetch_update(Ordering::Relaxed, Ordering::Relaxed, |value| {
[INFO] [stdout]     |              ^^^^^^^^^^^^
[INFO] [stdout]     |
[INFO] [stdout]     = note: `#[warn(deprecated)]` on by default
[INFO] [stdout] help: replace the use of the deprecated method
[INFO] [stdout]     |
[INFO] [stdout] 106 -             .fetch_update(Ordering::Relaxed, Ordering::Relaxed, |value| {
[INFO] [stdout] 106 +             .try_update(Ordering::Relaxed, Ordering::Relaxed, |value| {
[INFO] [stdout]     |
[INFO] [stdout] 
[INFO] [stdout] 
[INFO] [stdout] warning: use of deprecated method `std::sync::atomic::Atomic::<usize>::fetch_update`: renamed to `try_update` for consistency
[INFO] [stdout]    --> src/execution_manager/scheduler.rs:104:14
[INFO] [stdout]     |
[INFO] [stdout] 104 |             .fetch_update(Ordering::Relaxed, Ordering::Relaxed, |v| {
[INFO] [stdout]     |              ^^^^^^^^^^^^
[INFO] [stdout]     |
[INFO] [stdout] help: replace the use of the deprecated method
[INFO] [stdout]     |
[INFO] [stdout] 104 -             .fetch_update(Ordering::Relaxed, Ordering::Relaxed, |v| {
[INFO] [stdout] 104 +             .try_update(Ordering::Relaxed, Ordering::Relaxed, |v| {
[INFO] [stdout]     |
[INFO] [stdout] 
[INFO] [stdout] 
[INFO] [stderr]    Compiling parallel-processor v0.3.1 (/opt/rustwide/workdir)
[INFO] [stdout] warning: use of deprecated method `std::sync::atomic::Atomic::<usize>::fetch_update`: renamed to `try_update` for consistency
[INFO] [stdout]    --> src/memory_fs/allocator.rs:106:14
[INFO] [stdout]     |
[INFO] [stdout] 106 |             .fetch_update(Ordering::Relaxed, Ordering::Relaxed, |value| {
[INFO] [stdout]     |              ^^^^^^^^^^^^
[INFO] [stdout]     |
[INFO] [stdout]     = note: `#[warn(deprecated)]` on by default
[INFO] [stdout] help: replace the use of the deprecated method
[INFO] [stdout]     |
[INFO] [stdout] 106 -             .fetch_update(Ordering::Relaxed, Ordering::Relaxed, |value| {
[INFO] [stdout] 106 +             .try_update(Ordering::Relaxed, Ordering::Relaxed, |value| {
[INFO] [stdout]     |
[INFO] [stdout] 
[INFO] [stdout] 
[INFO] [stdout] error[E0061]: this method takes 4 arguments but 3 arguments were supplied
[INFO] [stdout]    --> src/memory_fs/allocator.rs:602:26
[INFO] [stdout]     |
[INFO] [stdout] 602 |         CHUNKS_ALLOCATOR.initialize(MemoryDataSize::from_gibioctets(8), 22, 0);
[INFO] [stdout]     |                          ^^^^^^^^^^------------------------------------------- argument #4 of type `Option<MemoryAllocationLimits>` is missing
[INFO] [stdout]     |
[INFO] [stdout] note: method defined here
[INFO] [stdout]    --> src/memory_fs/allocator.rs:262:12
[INFO] [stdout]     |
[INFO] [stdout] 262 |     pub fn initialize(
[INFO] [stdout]     |            ^^^^^^^^^^
[INFO] [stdout] ...
[INFO] [stdout] 267 |         alloc_limits: Option<MemoryAllocationLimits>,
[INFO] [stdout]     |         --------------------------------------------
[INFO] [stdout] help: provide the argument
[INFO] [stdout]     |
[INFO] [stdout] 602 |         CHUNKS_ALLOCATOR.initialize(MemoryDataSize::from_gibioctets(8), 22, 0, /* Option<MemoryAllocationLimits> */);
[INFO] [stdout]     |                                                                              ++++++++++++++++++++++++++++++++++++++
[INFO] [stdout] 
[INFO] [stdout] 
[INFO] [stdout] error[E0061]: this function takes 5 arguments but 4 arguments were supplied
[INFO] [stdout]    --> src/memory_fs/mod.rs:154:9
[INFO] [stdout]     |
[INFO] [stdout] 154 |         MemoryFs::init(MemoryDataSize::from_mebioctets(100 * 1024), 1024, 3, 0);
[INFO] [stdout]     |         ^^^^^^^^^^^^^^--------------------------------------------------------- argument #5 of type `Option<MemoryAllocationLimits>` is missing
[INFO] [stdout]     |
[INFO] [stdout] note: associated function defined here
[INFO] [stdout]    --> src/memory_fs/mod.rs:36:12
[INFO] [stdout]     |
[INFO] [stdout]  36 |     pub fn init(
[INFO] [stdout]     |            ^^^^
[INFO] [stdout] ...
[INFO] [stdout]  41 |         alloc_limits: Option<MemoryAllocationLimits>,
[INFO] [stdout]     |         --------------------------------------------
[INFO] [stdout] help: provide the argument
[INFO] [stdout]     |
[INFO] [stdout] 154 |         MemoryFs::init(MemoryDataSize::from_mebioctets(100 * 1024), 1024, 3, 0, /* Option<MemoryAllocationLimits> */);
[INFO] [stdout]     |                                                                               ++++++++++++++++++++++++++++++++++++++
[INFO] [stdout] 
[INFO] [stdout] 
[INFO] [stdout] error[E0061]: this function takes 1 argument but 2 arguments were supplied
[INFO] [stdout]    --> src/memory_fs/mod.rs:167:29
[INFO] [stdout]     |
[INFO] [stdout] 167 |             let mut file2 = FileReader::open(
[INFO] [stdout]     |                             ^^^^^^^^^^^^^^^^
[INFO] [stdout] 168 |                 format!("/home/andrea/genome-assembly/test1234/{}.tmp", i),
[INFO] [stdout] 169 |                 None,
[INFO] [stdout]     |                 ---- unexpected argument #2 of type `Option<_>`
[INFO] [stdout]     |
[INFO] [stdout] note: associated function defined here
[INFO] [stdout]    --> src/memory_fs/file/reader.rs:113:12
[INFO] [stdout]     |
[INFO] [stdout] 113 |     pub fn open(path: impl AsRef<Path>) -> Option<Self> {
[INFO] [stdout]     |            ^^^^
[INFO] [stdout] help: remove the extra argument
[INFO] [stdout]     |
[INFO] [stdout] 168 -                 format!("/home/andrea/genome-assembly/test1234/{}.tmp", i),
[INFO] [stdout] 169 -                 None,
[INFO] [stdout] 168 +                 format!("/home/andrea/genome-assembly/test1234/{}.tmp", i),
[INFO] [stdout]     |
[INFO] [stdout] 
[INFO] [stdout] 
[INFO] [stdout] error[E0061]: this function takes 1 argument but 2 arguments were supplied
[INFO] [stdout]    --> src/memory_fs/mod.rs:184:28
[INFO] [stdout]     |
[INFO] [stdout] 184 |             let mut file = FileReader::open(
[INFO] [stdout]     |                            ^^^^^^^^^^^^^^^^
[INFO] [stdout] 185 |                 format!("/home/andrea/genome-assembly/test1234/{}.tmp", i),
[INFO] [stdout] 186 |                 None,
[INFO] [stdout]     |                 ---- unexpected argument #2 of type `Option<_>`
[INFO] [stdout]     |
[INFO] [stdout] note: associated function defined here
[INFO] [stdout]    --> src/memory_fs/file/reader.rs:113:12
[INFO] [stdout]     |
[INFO] [stdout] 113 |     pub fn open(path: impl AsRef<Path>) -> Option<Self> {
[INFO] [stdout]     |            ^^^^
[INFO] [stdout] help: remove the extra argument
[INFO] [stdout]     |
[INFO] [stdout] 185 -                 format!("/home/andrea/genome-assembly/test1234/{}.tmp", i),
[INFO] [stdout] 186 -                 None,
[INFO] [stdout] 185 +                 format!("/home/andrea/genome-assembly/test1234/{}.tmp", i),
[INFO] [stdout]     |
[INFO] [stdout] 
[INFO] [stdout] 
[INFO] [stdout] warning: use of deprecated method `std::sync::atomic::Atomic::<usize>::fetch_update`: renamed to `try_update` for consistency
[INFO] [stdout]    --> src/execution_manager/scheduler.rs:104:14
[INFO] [stdout]     |
[INFO] [stdout] 104 |             .fetch_update(Ordering::Relaxed, Ordering::Relaxed, |v| {
[INFO] [stdout]     |              ^^^^^^^^^^^^
[INFO] [stdout]     |
[INFO] [stdout] help: replace the use of the deprecated method
[INFO] [stdout]     |
[INFO] [stdout] 104 -             .fetch_update(Ordering::Relaxed, Ordering::Relaxed, |v| {
[INFO] [stdout] 104 +             .try_update(Ordering::Relaxed, Ordering::Relaxed, |v| {
[INFO] [stdout]     |
[INFO] [stdout] 
[INFO] [stdout] 
[INFO] [stdout] For more information about this error, try `rustc --explain E0061`.
[INFO] [stdout] 
[INFO] [stderr] error: could not compile `parallel-processor` (lib test) due to 4 previous errors; 2 warnings emitted
[INFO] running `Command { std: "docker" "inspect" "6c1ebad9639f0c1a0767a8f3fa66b1c2ff3565f74118110f7a85e27b1d90d124", kill_on_drop: false }`
[INFO] running `Command { std: "docker" "rm" "-f" "6c1ebad9639f0c1a0767a8f3fa66b1c2ff3565f74118110f7a85e27b1d90d124", kill_on_drop: false }`
[INFO] [stdout] 6c1ebad9639f0c1a0767a8f3fa66b1c2ff3565f74118110f7a85e27b1d90d124
