[INFO] fetching crate papyrus_proc_macros 0.4.0-rc.0...
[INFO] testing papyrus_proc_macros-0.4.0-rc.0 against 1.100.0-beta.1+cargoflags=--release for beta-release-1.100-2
[INFO] extracting crate papyrus_proc_macros 0.4.0-rc.0 into /workspace/builds/worker-3-tc2/source
[INFO] started tweaking crates.io crate papyrus_proc_macros 0.4.0-rc.0
[INFO] finished tweaking crates.io crate papyrus_proc_macros 0.4.0-rc.0
[INFO] tweaked toml for crates.io crate papyrus_proc_macros 0.4.0-rc.0 written to /workspace/builds/worker-3-tc2/source/Cargo.toml
[INFO] validating manifest of crates.io crate papyrus_proc_macros 0.4.0-rc.0 on toolchain 1.100.0-beta.1
[INFO] running `Command { std: CARGO_HOME="/workspace/cargo-home" RUSTUP_HOME="/workspace/rustup-home" "/workspace/cargo-home/bin/cargo" "+1.100.0-beta.1" "metadata" "--manifest-path" "Cargo.toml" "--no-deps", kill_on_drop: false }`
[INFO] running `Command { std: CARGO_HOME="/workspace/cargo-home" RUSTUP_HOME="/workspace/rustup-home" "/workspace/cargo-home/bin/cargo" "+1.100.0-beta.1" "generate-lockfile" "--manifest-path" "Cargo.toml", kill_on_drop: false }`
[INFO] [stderr]     Updating crates.io index
[INFO] [stderr]      Locking 306 packages to highest compatible versions
[INFO] [stderr]       Adding generic-array v0.14.7 (available: v0.14.9)
[INFO] [stderr]       Adding good_lp v1.15.2 (available: v1.15.3)
[INFO] [stderr]       Adding hashbrown v0.13.1 (available: v0.13.2)
[INFO] [stderr]       Adding metrics v0.21.1 (available: v0.24.6)
[INFO] [stderr]       Adding metrics-exporter-prometheus v0.12.2 (available: v0.18.3)
[INFO] [stderr]       Adding syn v2.0.119 (available: v3.0.9)
[INFO] running `Command { std: CARGO_HOME="/workspace/cargo-home" RUSTUP_HOME="/workspace/rustup-home" "/workspace/cargo-home/bin/cargo" "+1.100.0-beta.1" "fetch" "--manifest-path" "Cargo.toml", kill_on_drop: false }`
[INFO] running `Command { std: "docker" "create" "-v" "/var/lib/crater-agent-workspace/builds/worker-3-tc2/source:/opt/rustwide/workdir:ro,Z" "-v" "/var/lib/crater-agent-workspace/builds/worker-3-tc2/target:/opt/rustwide/target:rw,Z" "-v" "/var/lib/crater-agent-workspace/cargo-home:/opt/rustwide/cargo-home:ro,Z" "-v" "/var/lib/crater-agent-workspace/rustup-home:/opt/rustwide/rustup-home:ro,Z" "-m" "1610612736" "--network" "none" "ghcr.io/rust-lang/crates-build-env/linux@sha256:77db811e55d90add9212f6832c23229e3de5f1c1f9905e8cb07319ea15df73ac" "sleep" "infinity", kill_on_drop: false }`
[INFO] [stdout] ac88f24e689f404bacaf320945cb85084c820b7fda4662106557ef7db6882135
[INFO] running `Command { std: "docker" "start" "ac88f24e689f404bacaf320945cb85084c820b7fda4662106557ef7db6882135", kill_on_drop: false }`
[INFO] running `Command { std: "docker" "inspect" "ac88f24e689f404bacaf320945cb85084c820b7fda4662106557ef7db6882135", kill_on_drop: false }`
[INFO] running `Command { std: "docker" "exec" "-e" "SOURCE_DIR=/opt/rustwide/workdir" "-e" "CARGO_HOME=/opt/rustwide/cargo-home" "-e" "RUSTUP_HOME=/opt/rustwide/rustup-home" "-e" "CARGO_TARGET_DIR=/opt/rustwide/target" "-w" "/opt/rustwide/workdir" "--user" "0:0" "ac88f24e689f404bacaf320945cb85084c820b7fda4662106557ef7db6882135" "/opt/rustwide/cargo-home/bin/cargo" "+1.100.0-beta.1" "metadata" "--no-deps" "--format-version=1", kill_on_drop: false }`
[INFO] running `Command { std: "docker" "inspect" "ac88f24e689f404bacaf320945cb85084c820b7fda4662106557ef7db6882135", kill_on_drop: false }`
[INFO] running `Command { std: "docker" "exec" "-e" "SOURCE_DIR=/opt/rustwide/workdir" "-e" "CARGO_HOME=/opt/rustwide/cargo-home" "-e" "RUSTUP_HOME=/opt/rustwide/rustup-home" "-e" "CARGO_TARGET_DIR=/opt/rustwide/target" "-e" "CARGO_INCREMENTAL=0" "-e" "RUST_BACKTRACE=full" "-e" "RUSTFLAGS=--cap-lints=warn" "-e" "RUSTDOCFLAGS=--cap-lints=warn" "-w" "/opt/rustwide/workdir" "--user" "0:0" "ac88f24e689f404bacaf320945cb85084c820b7fda4662106557ef7db6882135" "/opt/rustwide/cargo-home/bin/cargo" "+1.100.0-beta.1" "build" "--frozen" "--message-format=json" "--release", kill_on_drop: false }`
[INFO] [stderr]    Compiling quote v1.0.47
[INFO] [stderr]    Compiling syn v2.0.119
[INFO] [stderr]    Compiling papyrus_proc_macros v0.4.0-rc.0 (/opt/rustwide/workdir)
[INFO] [stderr]     Finished `release` profile [optimized] target(s) in 9.62s
[INFO] running `Command { std: "docker" "inspect" "ac88f24e689f404bacaf320945cb85084c820b7fda4662106557ef7db6882135", kill_on_drop: false }`
[INFO] running `Command { std: "docker" "exec" "-e" "SOURCE_DIR=/opt/rustwide/workdir" "-e" "CARGO_HOME=/opt/rustwide/cargo-home" "-e" "RUSTUP_HOME=/opt/rustwide/rustup-home" "-e" "CARGO_TARGET_DIR=/opt/rustwide/target" "-e" "CARGO_INCREMENTAL=0" "-e" "RUST_BACKTRACE=full" "-e" "RUSTFLAGS=--cap-lints=warn" "-e" "RUSTDOCFLAGS=--cap-lints=warn" "-w" "/opt/rustwide/workdir" "--user" "0:0" "ac88f24e689f404bacaf320945cb85084c820b7fda4662106557ef7db6882135" "/opt/rustwide/cargo-home/bin/cargo" "+1.100.0-beta.1" "test" "--frozen" "--no-run" "--message-format=json" "--release", kill_on_drop: false }`
[INFO] [stderr]    Compiling serde_core v1.0.229
[INFO] [stderr]    Compiling typenum v1.20.1
[INFO] [stderr]    Compiling num-traits v0.2.19
[INFO] [stderr]    Compiling either v1.19.0
[INFO] [stderr]    Compiling serde v1.0.229
[INFO] [stderr]    Compiling zerocopy v0.8.63
[INFO] [stderr]    Compiling tracing-attributes v0.1.31
[INFO] [stderr]    Compiling smallvec v1.16.3
[INFO] [stderr]    Compiling syn v1.0.109
[INFO] [stderr]    Compiling regex-automata v0.4.18
[INFO] [stderr]    Compiling serde_json v1.0.154
[INFO] [stderr]    Compiling equivalent v1.0.3
[INFO] [stderr]    Compiling portable-atomic v1.15.0
[INFO] [stderr]    Compiling num-integer v0.1.47
[INFO] [stderr]    Compiling log v0.4.34
[INFO] [stderr]    Compiling getrandom v0.2.17
[INFO] [stderr]    Compiling rand_core v0.6.4
[INFO] [stderr]    Compiling parking_lot_core v0.9.12
[INFO] [stderr]    Compiling generic-array v0.14.7
[INFO] [stderr]    Compiling ref-cast-impl v1.0.27
[INFO] [stderr]    Compiling parking_lot v0.12.5
[INFO] [stderr]    Compiling serde_derive_internals v0.30.0
[INFO] [stderr]    Compiling keccak v0.1.6
[INFO] [stderr]    Compiling salsa-macros v0.28.5
[INFO] [stderr]    Compiling lalrpop-util v0.23.1
[INFO] [stderr]    Compiling crypto-common v0.1.7
[INFO] [stderr]    Compiling block-buffer v0.10.4
[INFO] [stderr]    Compiling digest v0.10.7
[INFO] [stderr]    Compiling sha3 v0.10.9
[INFO] [stderr]    Compiling schemars_derive v1.2.3
[INFO] [stderr]    Compiling phf_shared v0.13.1
[INFO] [stderr]    Compiling bit-vec v0.9.1
[INFO] [stderr]    Compiling fixedbitset v0.5.7
[INFO] [stderr]    Compiling precomputed-hash v0.1.1
[INFO] [stderr]    Compiling term v1.2.1
[INFO] [stderr]    Compiling new_debug_unreachable v1.0.6
[INFO] [stderr]    Compiling string_cache v0.9.0
[INFO] [stderr]    Compiling hashbrown v0.17.1
[INFO] [stderr]    Compiling ascii-canvas v4.0.0
[INFO] [stderr]    Compiling bit-set v0.9.1
[INFO] [stderr]    Compiling ena v0.14.4
[INFO] [stderr]    Compiling num-bigint v0.4.8
[INFO] [stderr]    Compiling indexmap v2.14.2
[INFO] [stderr]    Compiling regex v1.13.1
[INFO] [stderr]    Compiling itertools v0.14.0
[INFO] [stderr]    Compiling crossbeam-utils v0.8.23
[INFO] [stderr]    Compiling pico-args v0.5.0
[INFO] [stderr]    Compiling unicode-xid v0.2.6
[INFO] [stderr]    Compiling petgraph v0.8.3
[INFO] [stderr]    Compiling rand_chacha v0.3.1
[INFO] [stderr]    Compiling ppv-lite86 v0.2.21
[INFO] [stderr]    Compiling zeroize_derive v1.5.0
[INFO] [stderr]    Compiling thiserror-impl v2.0.21
[INFO] [stderr]    Compiling rand v0.8.8
[INFO] [stderr]    Compiling crossbeam-epoch v0.9.21
[INFO] [stderr]    Compiling tracing-core v0.1.36
[INFO] [stderr]    Compiling derivative v2.2.0
[INFO] [stderr]    Compiling aho-corasick v1.1.5
[INFO] [stderr]    Compiling regex-syntax v0.8.11
[INFO] [stderr]    Compiling tracing v0.1.44
[INFO] [stderr]    Compiling lalrpop v0.23.1
[INFO] [stderr]    Compiling ark-ff-macros v0.4.2
[INFO] [stderr]    Compiling ark-ff-asm v0.4.2
[INFO] [stderr]    Compiling crossbeam-deque v0.8.8
[INFO] [stderr]    Compiling rayon-core v1.13.0
[INFO] [stderr]    Compiling sha2 v0.10.9
[INFO] [stderr]    Compiling ark-std v0.4.0
[INFO] [stderr]    Compiling zeroize v1.9.1
[INFO] [stderr]    Compiling typeid v1.0.3
[INFO] [stderr]    Compiling ref-cast v1.0.27
[INFO] [stderr]    Compiling time-core v0.1.9
[INFO] [stderr]    Compiling deranged v0.5.9
[INFO] [stderr]    Compiling powerfmt v0.2.1
[INFO] [stderr]    Compiling num-conv v0.2.2
[INFO] [stderr]    Compiling rayon v1.12.0
[INFO] [stderr]    Compiling time v0.3.55
[INFO] [stderr]    Compiling ark-serialize v0.4.2
[INFO] [stderr]    Compiling sharded-slab v0.1.7
[INFO] [stderr]    Compiling tracing-log v0.2.0
[INFO] [stderr]    Compiling crossbeam-queue v0.3.14
[INFO] [stderr]    Compiling hashlink v0.12.2
[INFO] [stderr]    Compiling matchers v0.2.0
[INFO] [stderr]    Compiling itertools v0.10.5
[INFO] [stderr]    Compiling thread_local v1.1.10
[INFO] [stderr]    Compiling salsa-macro-rules v0.28.5
[INFO] [stderr]    Compiling nu-ansi-term v0.50.3
[INFO] [stderr]    Compiling inventory v0.3.25
[INFO] [stderr]    Compiling thin-vec v0.2.21
[INFO] [stderr]    Compiling boxcar v0.2.14
[INFO] [stderr]    Compiling intrusive-collections v0.10.3
[INFO] [stderr]    Compiling salsa v0.28.5
[INFO] [stderr]    Compiling ark-ff v0.4.2
[INFO] [stderr]    Compiling tracing-subscriber v0.3.23
[INFO] [stderr]    Compiling schemars v1.2.3
[INFO] [stderr]    Compiling crypto-bigint v0.5.5
[INFO] [stderr]    Compiling vector-map v1.1.0
[INFO] [stderr]    Compiling smol_str v0.3.6
[INFO] [stderr]    Compiling hybrid-array v0.4.15
[INFO] [stderr]    Compiling num-complex v0.4.6
[INFO] [stderr]    Compiling itertools v0.15.0
[INFO] [stderr]    Compiling indoc v2.0.8
[INFO] [stderr]    Compiling radium v0.7.0
[INFO] [stderr]    Compiling ndarray v0.17.2
[INFO] [stderr]    Compiling starknet-ff v0.3.7
[INFO] [stderr]    Compiling cairo-lang-sierra v2.21.0
[INFO] [stderr]    Compiling crypto-common v0.2.2
[INFO] [stderr]    Compiling lambdaworks-math v0.13.0
[INFO] [stderr]    Compiling cairo-lang-utils v2.21.0
[INFO] [stderr]    Compiling blake2 v0.10.6
[INFO] [stderr]    Compiling const-oid v0.10.2
[INFO] [stderr]    Compiling digest v0.11.3
[INFO] [stderr]    Compiling sprs v0.11.6
[INFO] [stderr]    Compiling lambdaworks-crypto v0.13.0
[INFO] [stderr]    Compiling thiserror v2.0.21
[INFO] [stderr]    Compiling thiserror-impl v1.0.69
[INFO] [stderr]    Compiling keccak v0.2.2
[INFO] [stderr]    Compiling sponge-cursor v0.1.0
[INFO] [stderr]    Compiling web-time v1.1.0
[INFO] [stderr]    Compiling microlp v0.4.0
[INFO] [stderr]    Compiling convert_case v0.12.0
[INFO] [stderr]    Compiling sha3 v0.12.0
[INFO] [stderr]    Compiling starknet-types-core v0.2.4
[INFO] [stderr]    Compiling starknet-curve v0.4.2
[INFO] [stderr]    Compiling const-fnv1a-hash v1.1.0
[INFO] [stderr]    Compiling unicode-segmentation v1.13.3
[INFO] [stderr]    Compiling starknet-crypto-codegen v0.3.3
[INFO] [stderr]    Compiling good_lp v1.15.2
[INFO] [stderr]    Compiling metrics-macros v0.7.1
[INFO] [stderr]    Compiling cairo-lang-eq-solver v2.21.0
[INFO] [stderr]    Compiling strum_macros v0.24.3
[INFO] [stderr]    Compiling derive_more v0.99.20
[INFO] [stderr]    Compiling crunchy v0.2.4
[INFO] [stderr]    Compiling ahash v0.8.12
[INFO] [stderr]    Compiling cairo-lang-casm v2.21.0
[INFO] [stderr]    Compiling hmac v0.12.1
[INFO] [stderr]    Compiling bytes v1.12.1
[INFO] [stderr]    Compiling tap v1.0.1
[INFO] [stderr]    Compiling rustc-hex v2.1.0
[INFO] [stderr]    Compiling assert_matches v1.5.0
[INFO] [stderr]    Compiling futures-core v0.3.34
[INFO] [stderr]    Compiling lambdaworks-math v0.10.0
[INFO] [stderr]    Compiling fixed-hash v0.8.0
[INFO] [stderr]    Compiling http v0.2.12
[INFO] [stderr]    Compiling wyz v0.5.1
[INFO] [stderr]    Compiling raw-cpuid v10.7.0
[INFO] [stderr]    Compiling lambdaworks-crypto v0.10.0
[INFO] [stderr]    Compiling cairo-lang-sierra-type-size v2.21.0
[INFO] [stderr]    Compiling cairo-lang-sierra-gas v2.21.0
[INFO] [stderr]    Compiling cairo-lang-sierra-ap-change v2.21.0
[INFO] [stderr]    Compiling rfc6979 v0.4.0
[INFO] [stderr]    Compiling thiserror v1.0.69
[INFO] [stderr]    Compiling uint v0.9.5
[INFO] [stderr]    Compiling httparse v1.10.1
[INFO] [stderr]    Compiling starknet-curve v0.3.0
[INFO] [stderr]    Compiling cairo-lang-sierra-to-casm v2.21.0
[INFO] [stderr]    Compiling impl-serde v0.4.0
[INFO] [stderr]    Compiling itertools v0.12.1
[INFO] [stderr]    Compiling mio v1.2.4
[INFO] [stderr]    Compiling socket2 v0.6.5
[INFO] [stderr]    Compiling futures-task v0.3.34
[INFO] [stderr]    Compiling try-lock v0.2.5
[INFO] [stderr]    Compiling size-of v0.1.5
[INFO] [stderr]    Compiling funty v2.0.0
[INFO] [stdout] error[E0570]: "aapcs" is not a supported ABI for the current target
[INFO] [stdout]    --> /opt/rustwide/cargo-home/registry/src/index.crates.io-1949cf8c6b5b557f/size-of-0.1.5/src/macros.rs:66:56
[INFO] [stdout]     |
[INFO] [stdout]  35 |   macro_rules! impl_function_ptrs {
[INFO] [stdout] ...
[INFO] [stdout]  66 |               impl<$($ty,)* U> $crate::SizeOf for extern $cconv fn($($ty),*) -> U {
[INFO] [stdout]     |                                                          ^^^^^^
[INFO] [stdout]     |
[INFO] [stdout]    ::: /opt/rustwide/cargo-home/registry/src/index.crates.io-1949cf8c6b5b557f/size-of-0.1.5/src/core_impls.rs:294:1
[INFO] [stdout]     |
[INFO] [stdout] 294 | / impl_function_ptrs! {
[INFO] [stdout] 295 | |     "C",
[INFO] [stdout] 296 | |     "Rust",
[INFO] [stdout] 297 | |     "aapcs",
[INFO] [stdout] ...   |
[INFO] [stdout] 303 | |     "fastcall",
[INFO] [stdout] 304 | | }
[INFO] [stdout]     | |_- in this macro invocation
[INFO] [stdout] 
[INFO] [stdout] 
[INFO] [stdout] error[E0570]: "stdcall" is not a supported ABI for the current target
[INFO] [stdout]    --> /opt/rustwide/cargo-home/registry/src/index.crates.io-1949cf8c6b5b557f/size-of-0.1.5/src/macros.rs:66:56
[INFO] [stdout]     |
[INFO] [stdout]  35 |   macro_rules! impl_function_ptrs {
[INFO] [stdout] ...
[INFO] [stdout]  66 |               impl<$($ty,)* U> $crate::SizeOf for extern $cconv fn($($ty),*) -> U {
[INFO] [stdout]     |                                                          ^^^^^^
[INFO] [stdout]     |
[INFO] [stdout]    ::: /opt/rustwide/cargo-home/registry/src/index.crates.io-1949cf8c6b5b557f/size-of-0.1.5/src/core_impls.rs:294:1
[INFO] [stdout]     |
[INFO] [stdout] 294 | / impl_function_ptrs! {
[INFO] [stdout] 295 | |     "C",
[INFO] [stdout] 296 | |     "Rust",
[INFO] [stdout] 297 | |     "aapcs",
[INFO] [stdout] ...   |
[INFO] [stdout] 303 | |     "fastcall",
[INFO] [stdout] 304 | | }
[INFO] [stdout]     | |_- in this macro invocation
[INFO] [stdout]     |
[INFO] [stdout]     = help: if you need `extern "stdcall"` on win32 and `extern "C"` everywhere else, use `extern "system"`
[INFO] [stdout] 
[INFO] [stdout] 
[INFO] [stdout] error[E0570]: "fastcall" is not a supported ABI for the current target
[INFO] [stdout]    --> /opt/rustwide/cargo-home/registry/src/index.crates.io-1949cf8c6b5b557f/size-of-0.1.5/src/macros.rs:66:56
[INFO] [stdout]     |
[INFO] [stdout]  35 |   macro_rules! impl_function_ptrs {
[INFO] [stdout] ...
[INFO] [stdout]  66 |               impl<$($ty,)* U> $crate::SizeOf for extern $cconv fn($($ty),*) -> U {
[INFO] [stdout]     |                                                          ^^^^^^
[INFO] [stdout]     |
[INFO] [stdout]    ::: /opt/rustwide/cargo-home/registry/src/index.crates.io-1949cf8c6b5b557f/size-of-0.1.5/src/core_impls.rs:294:1
[INFO] [stdout]     |
[INFO] [stdout] 294 | / impl_function_ptrs! {
[INFO] [stdout] 295 | |     "C",
[INFO] [stdout] 296 | |     "Rust",
[INFO] [stdout] 297 | |     "aapcs",
[INFO] [stdout] ...   |
[INFO] [stdout] 303 | |     "fastcall",
[INFO] [stdout] 304 | | }
[INFO] [stdout]     | |_- in this macro invocation
[INFO] [stdout] 
[INFO] [stdout] 
[INFO] [stdout] For more information about this error, try `rustc --explain E0570`.
[INFO] [stdout] 
[INFO] [stderr] error: could not compile `size-of` (lib) due to 3 previous errors
[INFO] [stderr] warning: build failed, waiting for other jobs to finish...
[INFO] running `Command { std: "docker" "inspect" "ac88f24e689f404bacaf320945cb85084c820b7fda4662106557ef7db6882135", kill_on_drop: false }`
[INFO] running `Command { std: "docker" "rm" "-f" "ac88f24e689f404bacaf320945cb85084c820b7fda4662106557ef7db6882135", kill_on_drop: false }`
[INFO] [stdout] ac88f24e689f404bacaf320945cb85084c820b7fda4662106557ef7db6882135
