[INFO] fetching crate panweave-runtime 0.1.0...
[INFO] testing panweave-runtime-0.1.0 against 1.100.0-beta.1+cargoflags=--release for beta-release-1.100-2
[INFO] extracting crate panweave-runtime 0.1.0 into /workspace/builds/worker-0-tc2/source
[INFO] started tweaking crates.io crate panweave-runtime 0.1.0
[INFO] removed 0 missing tests
[INFO] finished tweaking crates.io crate panweave-runtime 0.1.0
[INFO] tweaked toml for crates.io crate panweave-runtime 0.1.0 written to /workspace/builds/worker-0-tc2/source/Cargo.toml
[INFO] validating manifest of crates.io crate panweave-runtime 0.1.0 on toolchain 1.100.0-beta.1
[INFO] running `Command { std: CARGO_HOME="/workspace/cargo-home" RUSTUP_HOME="/workspace/rustup-home" "/workspace/cargo-home/bin/cargo" "+1.100.0-beta.1" "metadata" "--manifest-path" "Cargo.toml" "--no-deps", kill_on_drop: false }`
[INFO] crate crates.io crate panweave-runtime 0.1.0 already has a lockfile, it will not be regenerated
[INFO] running `Command { std: CARGO_HOME="/workspace/cargo-home" RUSTUP_HOME="/workspace/rustup-home" "/workspace/cargo-home/bin/cargo" "+1.100.0-beta.1" "fetch" "--manifest-path" "Cargo.toml", kill_on_drop: false }`
[INFO] running `Command { std: "docker" "create" "-v" "/var/lib/crater-agent-workspace/builds/worker-0-tc2/source:/opt/rustwide/workdir:ro,Z" "-v" "/var/lib/crater-agent-workspace/builds/worker-0-tc2/target:/opt/rustwide/target:rw,Z" "-v" "/var/lib/crater-agent-workspace/cargo-home:/opt/rustwide/cargo-home:ro,Z" "-v" "/var/lib/crater-agent-workspace/rustup-home:/opt/rustwide/rustup-home:ro,Z" "-m" "1610612736" "--network" "none" "ghcr.io/rust-lang/crates-build-env/linux@sha256:77db811e55d90add9212f6832c23229e3de5f1c1f9905e8cb07319ea15df73ac" "sleep" "infinity", kill_on_drop: false }`
[INFO] [stdout] f856bdd61ca884d6c91e87451b88d2dfbfd4a58ae837bacf4d72a0c51b24bc79
[INFO] running `Command { std: "docker" "start" "f856bdd61ca884d6c91e87451b88d2dfbfd4a58ae837bacf4d72a0c51b24bc79", kill_on_drop: false }`
[INFO] running `Command { std: "docker" "inspect" "f856bdd61ca884d6c91e87451b88d2dfbfd4a58ae837bacf4d72a0c51b24bc79", kill_on_drop: false }`
[INFO] running `Command { std: "docker" "exec" "-e" "SOURCE_DIR=/opt/rustwide/workdir" "-e" "CARGO_HOME=/opt/rustwide/cargo-home" "-e" "RUSTUP_HOME=/opt/rustwide/rustup-home" "-e" "CARGO_TARGET_DIR=/opt/rustwide/target" "-w" "/opt/rustwide/workdir" "--user" "0:0" "f856bdd61ca884d6c91e87451b88d2dfbfd4a58ae837bacf4d72a0c51b24bc79" "/opt/rustwide/cargo-home/bin/cargo" "+1.100.0-beta.1" "metadata" "--no-deps" "--format-version=1", kill_on_drop: false }`
[INFO] running `Command { std: "docker" "inspect" "f856bdd61ca884d6c91e87451b88d2dfbfd4a58ae837bacf4d72a0c51b24bc79", kill_on_drop: false }`
[INFO] running `Command { std: "docker" "exec" "-e" "SOURCE_DIR=/opt/rustwide/workdir" "-e" "CARGO_HOME=/opt/rustwide/cargo-home" "-e" "RUSTUP_HOME=/opt/rustwide/rustup-home" "-e" "CARGO_TARGET_DIR=/opt/rustwide/target" "-e" "CARGO_INCREMENTAL=0" "-e" "RUST_BACKTRACE=full" "-e" "RUSTFLAGS=--cap-lints=warn" "-e" "RUSTDOCFLAGS=--cap-lints=warn" "-w" "/opt/rustwide/workdir" "--user" "0:0" "f856bdd61ca884d6c91e87451b88d2dfbfd4a58ae837bacf4d72a0c51b24bc79" "/opt/rustwide/cargo-home/bin/cargo" "+1.100.0-beta.1" "build" "--frozen" "--message-format=json" "--release", kill_on_drop: false }`
[INFO] [stderr]    Compiling unicode-ident v1.0.25
[INFO] [stderr]    Compiling heapless v0.9.3
[INFO] [stderr]    Compiling proc-macro2 v1.0.107
[INFO] [stderr]    Compiling quote v1.0.47
[INFO] [stderr]    Compiling syn v2.0.119
[INFO] [stderr]    Compiling zeroize_derive v1.5.0
[INFO] [stderr]    Compiling zeroize v1.9.0
[INFO] [stderr]    Compiling panweave-types v0.1.0
[INFO] [stderr]    Compiling panweave-codec v0.1.0
[INFO] [stderr]    Compiling panweave-device-library v0.1.0
[INFO] [stderr]    Compiling panweave-storage v0.1.0
[INFO] [stderr]    Compiling panweave-security v0.1.0
[INFO] [stderr]    Compiling panweave-mac v0.1.0
[INFO] [stderr]    Compiling panweave-aps v0.1.0
[INFO] [stderr]    Compiling panweave-nwk v0.1.0
[INFO] [stderr]    Compiling panweave-zcl v0.1.0
[INFO] [stderr]    Compiling panweave-zdo v0.1.0
[INFO] [stderr]    Compiling panweave-bdb v0.1.0
[INFO] [stderr]    Compiling panweave-runtime v0.1.0 (/opt/rustwide/workdir)
[INFO] [stderr]     Finished `release` profile [optimized] target(s) in 16.31s
[INFO] running `Command { std: "docker" "inspect" "f856bdd61ca884d6c91e87451b88d2dfbfd4a58ae837bacf4d72a0c51b24bc79", kill_on_drop: false }`
[INFO] running `Command { std: "docker" "exec" "-e" "SOURCE_DIR=/opt/rustwide/workdir" "-e" "CARGO_HOME=/opt/rustwide/cargo-home" "-e" "RUSTUP_HOME=/opt/rustwide/rustup-home" "-e" "CARGO_TARGET_DIR=/opt/rustwide/target" "-e" "CARGO_INCREMENTAL=0" "-e" "RUST_BACKTRACE=full" "-e" "RUSTFLAGS=--cap-lints=warn" "-e" "RUSTDOCFLAGS=--cap-lints=warn" "-w" "/opt/rustwide/workdir" "--user" "0:0" "f856bdd61ca884d6c91e87451b88d2dfbfd4a58ae837bacf4d72a0c51b24bc79" "/opt/rustwide/cargo-home/bin/cargo" "+1.100.0-beta.1" "test" "--frozen" "--no-run" "--message-format=json" "--release", kill_on_drop: false }`
[INFO] [stderr]    Compiling subtle v2.6.1
[INFO] [stderr]    Compiling cpubits v0.1.1
[INFO] [stderr]    Compiling curve25519-dalek v5.0.0
[INFO] [stderr]    Compiling inout v0.2.2
[INFO] [stderr]    Compiling curve25519-dalek-derive v0.1.1
[INFO] [stderr]    Compiling cipher v0.5.2
[INFO] [stderr]    Compiling panweave-types v0.1.0
[INFO] [stderr]    Compiling aes v0.9.3
[INFO] [stderr]    Compiling panweave-codec v0.1.0
[INFO] [stderr]    Compiling panweave-device-library v0.1.0
[INFO] [stderr]    Compiling panweave-storage v0.1.0
[INFO] [stderr]    Compiling panweave-mac v0.1.0
[INFO] [stderr]    Compiling panweave-testkit v0.1.0
[INFO] [stderr]    Compiling x25519-dalek v3.0.0
[INFO] [stderr]    Compiling panweave-security v0.1.0
[INFO] [stderr]    Compiling panweave-aps v0.1.0
[INFO] [stderr]    Compiling panweave-nwk v0.1.0
[INFO] [stderr]    Compiling panweave-green-power v0.1.0
[INFO] [stderr]    Compiling panweave-pcap v0.1.0
[INFO] [stderr]    Compiling panweave-zcl v0.1.0
[INFO] [stderr]    Compiling panweave-zdo v0.1.0
[INFO] [stderr]    Compiling panweave-bdb v0.1.0
[INFO] [stderr]    Compiling panweave-runtime v0.1.0 (/opt/rustwide/workdir)
[INFO] [stdout] error[E0432]: unresolved import `panweave_sim`
[INFO] [stdout]   --> tests/interpan.rs:17:5
[INFO] [stdout]    |
[INFO] [stdout] 17 | use panweave_sim::{OnOffApp, SimStack, Simulator};
[INFO] [stdout]    |     ^^^^^^^^^^^^ use of unresolved module or unlinked crate `panweave_sim`
[INFO] [stdout]    |
[INFO] [stdout] help: there is a crate or module with a similar name
[INFO] [stdout]    |
[INFO] [stdout] 17 - use panweave_sim::{OnOffApp, SimStack, Simulator};
[INFO] [stdout] 17 + use panweave_aps::{OnOffApp, SimStack, Simulator};
[INFO] [stdout]    |
[INFO] [stdout] 
[INFO] [stdout] 
[INFO] [stdout] error[E0432]: unresolved import `panweave_sim`
[INFO] [stdout]   --> tests/door_lock.rs:21:5
[INFO] [stdout]    |
[INFO] [stdout] 21 | use panweave_sim::{OnOffApp, SimStack, Simulator};
[INFO] [stdout]    |     ^^^^^^^^^^^^ use of unresolved module or unlinked crate `panweave_sim`
[INFO] [stdout]    |
[INFO] [stdout] help: there is a crate or module with a similar name
[INFO] [stdout]    |
[INFO] [stdout] 21 - use panweave_sim::{OnOffApp, SimStack, Simulator};
[INFO] [stdout] 21 + use panweave_aps::{OnOffApp, SimStack, Simulator};
[INFO] [stdout]    |
[INFO] [stdout] 
[INFO] [stdout] 
[INFO] [stdout] For more information about this error, try `rustc --explain E0432`.
[INFO] [stdout] 
[INFO] [stdout] For more information about this error, try `rustc --explain E0432`.
[INFO] [stdout] 
[INFO] [stderr] error: could not compile `panweave-runtime` (test "door_lock") due to 1 previous error
[INFO] [stderr] warning: build failed, waiting for other jobs to finish...
[INFO] [stdout] error[E0432]: unresolved import `panweave_sim`
[INFO] [stdout]   --> tests/sensors.rs:17:5
[INFO] [stdout]    |
[INFO] [stdout] 17 | use panweave_sim::{OnOffApp, SimStack, Simulator};
[INFO] [stdout]    |     ^^^^^^^^^^^^ use of unresolved module or unlinked crate `panweave_sim`
[INFO] [stdout]    |
[INFO] [stdout] help: there is a crate or module with a similar name
[INFO] [stdout]    |
[INFO] [stdout] 17 - use panweave_sim::{OnOffApp, SimStack, Simulator};
[INFO] [stdout] 17 + use panweave_aps::{OnOffApp, SimStack, Simulator};
[INFO] [stdout]    |
[INFO] [stdout] 
[INFO] [stdout] 
[INFO] [stderr] error: could not compile `panweave-runtime` (test "interpan") due to 1 previous error
[INFO] [stdout] For more information about this error, try `rustc --explain E0432`.
[INFO] [stdout] 
[INFO] [stderr] error: could not compile `panweave-runtime` (test "sensors") due to 1 previous error
[INFO] [stdout] error[E0432]: unresolved import `panweave_sim`
[INFO] [stdout]   --> tests/parent_announce.rs:15:5
[INFO] [stdout]    |
[INFO] [stdout] 15 | use panweave_sim::{OnOffApp, SimStack, Simulator};
[INFO] [stdout]    |     ^^^^^^^^^^^^ use of unresolved module or unlinked crate `panweave_sim`
[INFO] [stdout]    |
[INFO] [stdout] help: there is a crate or module with a similar name
[INFO] [stdout]    |
[INFO] [stdout] 15 - use panweave_sim::{OnOffApp, SimStack, Simulator};
[INFO] [stdout] 15 + use panweave_mac::{OnOffApp, SimStack, Simulator};
[INFO] [stdout]    |
[INFO] [stdout] 
[INFO] [stdout] 
[INFO] [stdout] error[E0432]: unresolved import `panweave_sim`
[INFO] [stdout]   --> tests/milestone2.rs:38:5
[INFO] [stdout]    |
[INFO] [stdout] 38 | use panweave_sim::{OnOffApp, SimStack, Simulator};
[INFO] [stdout]    |     ^^^^^^^^^^^^ use of unresolved module or unlinked crate `panweave_sim`
[INFO] [stdout]    |
[INFO] [stdout] help: there is a crate or module with a similar name
[INFO] [stdout]    |
[INFO] [stdout] 38 - use panweave_sim::{OnOffApp, SimStack, Simulator};
[INFO] [stdout] 38 + use panweave_aps::{OnOffApp, SimStack, Simulator};
[INFO] [stdout]    |
[INFO] [stdout] 
[INFO] [stdout] 
[INFO] [stdout] error[E0432]: unresolved import `panweave_sim`
[INFO] [stdout]   --> tests/application_link_key.rs:20:5
[INFO] [stdout]    |
[INFO] [stdout] 20 | use panweave_sim::{OnOffApp, SimStack, Simulator};
[INFO] [stdout]    |     ^^^^^^^^^^^^ use of unresolved module or unlinked crate `panweave_sim`
[INFO] [stdout]    |
[INFO] [stdout] help: there is a crate or module with a similar name
[INFO] [stdout]    |
[INFO] [stdout] 20 - use panweave_sim::{OnOffApp, SimStack, Simulator};
[INFO] [stdout] 20 + use panweave_aps::{OnOffApp, SimStack, Simulator};
[INFO] [stdout]    |
[INFO] [stdout] 
[INFO] [stdout] 
[INFO] [stdout] error[E0432]: unresolved import `panweave_sim`
[INFO] [stdout]   --> tests/trust_center_swap_out.rs:21:5
[INFO] [stdout]    |
[INFO] [stdout] 21 | use panweave_sim::{OnOffApp, SimStack, Simulator};
[INFO] [stdout]    |     ^^^^^^^^^^^^ use of unresolved module or unlinked crate `panweave_sim`
[INFO] [stdout]    |
[INFO] [stdout] help: there is a crate or module with a similar name
[INFO] [stdout]    |
[INFO] [stdout] 21 - use panweave_sim::{OnOffApp, SimStack, Simulator};
[INFO] [stdout] 21 + use panweave_aps::{OnOffApp, SimStack, Simulator};
[INFO] [stdout]    |
[INFO] [stdout] 
[INFO] [stdout] 
[INFO] [stdout] error[E0432]: unresolved import `panweave_sim`
[INFO] [stdout]   --> tests/mac_interfaces.rs:17:5
[INFO] [stdout]    |
[INFO] [stdout] 17 | use panweave_sim::{OnOffApp, SimStack, Simulator};
[INFO] [stdout]    |     ^^^^^^^^^^^^ use of unresolved module or unlinked crate `panweave_sim`
[INFO] [stdout]    |
[INFO] [stdout] help: there is a crate or module with a similar name
[INFO] [stdout]    |
[INFO] [stdout] 17 - use panweave_sim::{OnOffApp, SimStack, Simulator};
[INFO] [stdout] 17 + use panweave_mac::{OnOffApp, SimStack, Simulator};
[INFO] [stdout]    |
[INFO] [stdout] 
[INFO] [stdout] 
[INFO] [stdout] error[E0614]: type `ExtendedAddress` cannot be dereferenced
[INFO] [stdout]    --> tests/parent_announce.rs:135:75
[INFO] [stdout]     |
[INFO] [stdout] 135 |             .any(|e| matches!(e, StackEvent::ChildClaimed { ieee, .. } if *ieee == ED_IEEE))
[INFO] [stdout]     |                                                                           ^^^^^ can't be dereferenced
[INFO] [stdout] 
[INFO] [stdout] 
[INFO] [stdout] error[E0432]: unresolved import `panweave_sim`
[INFO] [stdout]   --> tests/parent_link_failure.rs:19:5
[INFO] [stdout]    |
[INFO] [stdout] 19 | use panweave_sim::{OnOffApp, SimStack, Simulator};
[INFO] [stdout]    |     ^^^^^^^^^^^^ use of unresolved module or unlinked crate `panweave_sim`
[INFO] [stdout]    |
[INFO] [stdout] help: there is a crate or module with a similar name
[INFO] [stdout]    |
[INFO] [stdout] 19 - use panweave_sim::{OnOffApp, SimStack, Simulator};
[INFO] [stdout] 19 + use panweave_aps::{OnOffApp, SimStack, Simulator};
[INFO] [stdout]    |
[INFO] [stdout] 
[INFO] [stdout] 
[INFO] [stdout] error[E0432]: unresolved import `panweave_runtime::green_power`
[INFO] [stdout]   --> tests/green_power_sink.rs:28:23
[INFO] [stdout]    |
[INFO] [stdout] 28 | use panweave_runtime::green_power::SinkOptions;
[INFO] [stdout]    |                       ^^^^^^^^^^^ could not find `green_power` in `panweave_runtime`
[INFO] [stdout]    |
[INFO] [stdout] note: found an item that was configured out
[INFO] [stdout]   --> src/lib.rs:37:9
[INFO] [stdout]    |
[INFO] [stdout] 36 | #[cfg(feature = "green-power")]
[INFO] [stdout]    |       ----------------------- the item is gated behind the `green-power` feature
[INFO] [stdout] 37 | pub mod green_power;
[INFO] [stdout]    |         ^^^^^^^^^^^
[INFO] [stdout] 
[INFO] [stdout] 
[INFO] [stdout] error[E0432]: unresolved import `panweave_sim`
[INFO] [stdout]   --> tests/green_power_sink.rs:31:5
[INFO] [stdout]    |
[INFO] [stdout] 31 | use panweave_sim::{OnOffApp, SimStack, Simulator};
[INFO] [stdout]    |     ^^^^^^^^^^^^ use of unresolved module or unlinked crate `panweave_sim`
[INFO] [stdout]    |
[INFO] [stdout] help: there is a crate or module with a similar name
[INFO] [stdout]    |
[INFO] [stdout] 31 - use panweave_sim::{OnOffApp, SimStack, Simulator};
[INFO] [stdout] 31 + use panweave_mac::{OnOffApp, SimStack, Simulator};
[INFO] [stdout]    |
[INFO] [stdout] 
[INFO] [stdout] 
[INFO] [stdout] Some errors have detailed explanations: E0432, E0614.
[INFO] [stdout] 
[INFO] [stdout] For more information about an error, try `rustc --explain E0432`.
[INFO] [stdout] 
[INFO] [stderr] error: could not compile `panweave-runtime` (test "parent_announce") due to 2 previous errors
[INFO] [stdout] error[E0432]: unresolved import `panweave_sim`
[INFO] [stdout]   --> tests/remove_node_distributed.rs:14:5
[INFO] [stdout]    |
[INFO] [stdout] 14 | use panweave_sim::{OnOffApp, SimStack, Simulator};
[INFO] [stdout]    |     ^^^^^^^^^^^^ use of unresolved module or unlinked crate `panweave_sim`
[INFO] [stdout]    |
[INFO] [stdout] help: there is a crate or module with a similar name
[INFO] [stdout]    |
[INFO] [stdout] 14 - use panweave_sim::{OnOffApp, SimStack, Simulator};
[INFO] [stdout] 14 + use panweave_mac::{OnOffApp, SimStack, Simulator};
[INFO] [stdout]    |
[INFO] [stdout] 
[INFO] [stdout] 
[INFO] [stdout] error[E0432]: unresolved import `panweave_sim`
[INFO] [stdout]   --> tests/commissioning.rs:19:5
[INFO] [stdout]    |
[INFO] [stdout] 19 | use panweave_sim::{BdbApp, SimStack, Simulator};
[INFO] [stdout]    |     ^^^^^^^^^^^^ use of unresolved module or unlinked crate `panweave_sim`
[INFO] [stdout]    |
[INFO] [stdout] help: there is a crate or module with a similar name
[INFO] [stdout]    |
[INFO] [stdout] 19 - use panweave_sim::{BdbApp, SimStack, Simulator};
[INFO] [stdout] 19 + use panweave_aps::{BdbApp, SimStack, Simulator};
[INFO] [stdout]    |
[INFO] [stdout] 
[INFO] [stdout] 
[INFO] [stdout] error[E0432]: unresolved import `panweave_sim`
[INFO] [stdout]   --> tests/dlk.rs:23:5
[INFO] [stdout]    |
[INFO] [stdout] 23 | use panweave_sim::{OnOffApp, SimStack, Simulator};
[INFO] [stdout]    |     ^^^^^^^^^^^^ use of unresolved module or unlinked crate `panweave_sim`
[INFO] [stdout]    |
[INFO] [stdout] help: there is a crate or module with a similar name
[INFO] [stdout]    |
[INFO] [stdout] 23 - use panweave_sim::{OnOffApp, SimStack, Simulator};
[INFO] [stdout] 23 + use panweave_mac::{OnOffApp, SimStack, Simulator};
[INFO] [stdout]    |
[INFO] [stdout] 
[INFO] [stdout] 
[INFO] [stdout] error[E0432]: unresolved import `panweave_sim`
[INFO] [stdout]   --> tests/green_power.rs:27:5
[INFO] [stdout]    |
[INFO] [stdout] 27 | use panweave_sim::{OnOffApp, SimStack, Simulator};
[INFO] [stdout]    |     ^^^^^^^^^^^^ use of unresolved module or unlinked crate `panweave_sim`
[INFO] [stdout]    |
[INFO] [stdout] help: there is a crate or module with a similar name
[INFO] [stdout]    |
[INFO] [stdout] 27 - use panweave_sim::{OnOffApp, SimStack, Simulator};
[INFO] [stdout] 27 + use panweave_aps::{OnOffApp, SimStack, Simulator};
[INFO] [stdout]    |
[INFO] [stdout] 
[INFO] [stdout] 
[INFO] [stdout] error[E0432]: unresolved import `panweave_sim`
[INFO] [stdout]   --> tests/network_survey.rs:18:5
[INFO] [stdout]    |
[INFO] [stdout] 18 | use panweave_sim::{OnOffApp, SimStack, Simulator};
[INFO] [stdout]    |     ^^^^^^^^^^^^ use of unresolved module or unlinked crate `panweave_sim`
[INFO] [stdout]    |
[INFO] [stdout] help: there is a crate or module with a similar name
[INFO] [stdout]    |
[INFO] [stdout] 18 - use panweave_sim::{OnOffApp, SimStack, Simulator};
[INFO] [stdout] 18 + use panweave_mac::{OnOffApp, SimStack, Simulator};
[INFO] [stdout]    |
[INFO] [stdout] 
[INFO] [stdout] 
[INFO] [stdout] error[E0432]: unresolved import `panweave_sim`
[INFO] [stdout]   --> tests/window_covering.rs:20:5
[INFO] [stdout]    |
[INFO] [stdout] 20 | use panweave_sim::{OnOffApp, SimStack, Simulator};
[INFO] [stdout]    |     ^^^^^^^^^^^^ use of unresolved module or unlinked crate `panweave_sim`
[INFO] [stdout]    |
[INFO] [stdout] help: there is a crate or module with a similar name
[INFO] [stdout]    |
[INFO] [stdout] 20 - use panweave_sim::{OnOffApp, SimStack, Simulator};
[INFO] [stdout] 20 + use panweave_aps::{OnOffApp, SimStack, Simulator};
[INFO] [stdout]    |
[INFO] [stdout] 
[INFO] [stdout] 
[INFO] [stderr] error: could not compile `panweave-runtime` (test "mac_interfaces") due to 1 previous error
[INFO] [stdout] For more information about this error, try `rustc --explain E0432`.
[INFO] [stdout] 
[INFO] [stdout] For more information about this error, try `rustc --explain E0432`.
[INFO] [stdout] 
[INFO] [stdout] For more information about this error, try `rustc --explain E0432`.
[INFO] [stdout] 
[INFO] [stdout] For more information about this error, try `rustc --explain E0432`.
[INFO] [stdout] 
[INFO] [stdout] error[E0614]: type `ExtendedAddress` cannot be dereferenced
[INFO] [stdout]    --> tests/trust_center_swap_out.rs:204:56
[INFO] [stdout]     |
[INFO] [stdout] 204 |         StackEvent::TrustCenterSwapped { old, new } if *old == TC1_IEEE && *new == TC2_IEEE
[INFO] [stdout]     |                                                        ^^^^ can't be dereferenced
[INFO] [stdout] 
[INFO] [stdout] 
[INFO] [stdout] error[E0614]: type `ExtendedAddress` cannot be dereferenced
[INFO] [stdout]    --> tests/trust_center_swap_out.rs:204:76
[INFO] [stdout]     |
[INFO] [stdout] 204 |         StackEvent::TrustCenterSwapped { old, new } if *old == TC1_IEEE && *new == TC2_IEEE
[INFO] [stdout]     |                                                                            ^^^^ can't be dereferenced
[INFO] [stdout] 
[INFO] [stdout] 
[INFO] [stdout] error[E0614]: type `ExtendedAddress` cannot be dereferenced
[INFO] [stdout]    --> tests/milestone2.rs:172:78
[INFO] [stdout]     |
[INFO] [stdout] 172 |                 |e| matches!(e, StackEvent::DeviceAuthorized { ieee, .. } if *ieee == SED_IEEE),
[INFO] [stdout]     |                                                                              ^^^^^ can't be dereferenced
[INFO] [stdout] 
[INFO] [stdout] 
[INFO] [stdout] error[E0614]: type `ExtendedAddress` cannot be dereferenced
[INFO] [stdout]    --> tests/milestone2.rs:185:77
[INFO] [stdout]     |
[INFO] [stdout] 185 |             .any(|e| matches!(e, StackEvent::DeviceAnnounce { ieee, .. } if *ieee == SED_IEEE))
[INFO] [stdout]     |                                                                             ^^^^^ can't be dereferenced
[INFO] [stdout] 
[INFO] [stdout] 
[INFO] [stdout] For more information about this error, try `rustc --explain E0432`.
[INFO] [stdout] 
[INFO] [stdout] error[E0614]: type `ExtendedAddress` cannot be dereferenced
[INFO] [stdout]    --> tests/dlk.rs:260:54
[INFO] [stdout]     |
[INFO] [stdout] 260 |         StackEvent::DeviceAuthorized { ieee, .. } if *ieee == JOINER
[INFO] [stdout]     |                                                      ^^^^^ can't be dereferenced
[INFO] [stdout] 
[INFO] [stdout] 
[INFO] [stderr] error: could not compile `panweave-runtime` (test "green_power") due to 1 previous error
[INFO] [stdout] error[E0614]: type `ExtendedAddress` cannot be dereferenced
[INFO] [stdout]    --> tests/dlk.rs:333:86
[INFO] [stdout]     |
[INFO] [stdout] 333 |             .any(|e| matches!(e, StackEvent::FrameCounterSynchronized { partner } if *partner == ROUTER))
[INFO] [stdout]     |                                                                                      ^^^^^^^^ can't be dereferenced
[INFO] [stdout] 
[INFO] [stdout] 
[INFO] [stderr] error: could not compile `panweave-runtime` (test "parent_link_failure") due to 1 previous error
[INFO] [stderr] error: could not compile `panweave-runtime` (test "commissioning") due to 1 previous error
[INFO] [stdout] error[E0614]: type `ExtendedAddress` cannot be dereferenced
[INFO] [stdout]    --> tests/dlk.rs:388:79
[INFO] [stdout]     |
[INFO] [stdout] 388 |             .any(|e| matches!(e, StackEvent::JoinerVerified { device, .. } if *device == JOINER))
[INFO] [stdout]     |                                                                               ^^^^^^^ can't be dereferenced
[INFO] [stdout] 
[INFO] [stdout] 
[INFO] [stdout] error[E0614]: type `ExtendedAddress` cannot be dereferenced
[INFO] [stdout]    --> tests/dlk.rs:418:79
[INFO] [stdout]     |
[INFO] [stdout] 418 |             .any(|e| matches!(e, StackEvent::JoinerVerified { device, .. } if *device == JOINER))
[INFO] [stdout]     |                                                                               ^^^^^^^ can't be dereferenced
[INFO] [stdout] 
[INFO] [stdout] 
[INFO] [stdout] error[E0614]: type `ExtendedAddress` cannot be dereferenced
[INFO] [stdout]    --> tests/milestone2.rs:413:84
[INFO] [stdout]     |
[INFO] [stdout] 413 |             .any(|e| matches!(e, StackEvent::DeviceLeft { ieee, rejoin: false } if *ieee == SED_IEEE))
[INFO] [stdout]     |                                                                                    ^^^^^ can't be dereferenced
[INFO] [stdout] 
[INFO] [stdout] 
[INFO] [stdout] error[E0614]: type `ExtendedAddress` cannot be dereferenced
[INFO] [stdout]    --> tests/milestone2.rs:417:48
[INFO] [stdout]     |
[INFO] [stdout] 417 |         StackEvent::DeviceLeft { ieee, .. } if *ieee == SED_IEEE
[INFO] [stdout]     |                                                ^^^^^ can't be dereferenced
[INFO] [stdout] 
[INFO] [stdout] 
[INFO] [stdout] For more information about this error, try `rustc --explain E0432`.
[INFO] [stdout] 
[INFO] [stdout] error[E0614]: type `ExtendedAddress` cannot be dereferenced
[INFO] [stdout]    --> tests/milestone2.rs:434:79
[INFO] [stdout]     |
[INFO] [stdout] 434 |             |e| matches!(e, StackEvent::DeviceLeft { ieee, rejoin: false } if *ieee == ROUTER_IEEE),
[INFO] [stdout]     |                                                                               ^^^^^ can't be dereferenced
[INFO] [stdout] 
[INFO] [stdout] 
[INFO] [stderr] error: could not compile `panweave-runtime` (test "remove_node_distributed") due to 1 previous error
[INFO] [stdout] Some errors have detailed explanations: E0432, E0614.
[INFO] [stdout] 
[INFO] [stderr] error: could not compile `panweave-runtime` (test "application_link_key") due to 1 previous error
[INFO] [stdout] For more information about an error, try `rustc --explain E0432`.
[INFO] [stdout] 
[INFO] [stdout] error[E0599]: no variant named `GreenPowerPaired` found for enum `StackEvent`
[INFO] [stdout]    --> tests/green_power_sink.rs:244:46
[INFO] [stdout]     |
[INFO] [stdout] 244 |             .any(|e| matches!(e, StackEvent::GreenPowerPaired { .. }))
[INFO] [stdout]     |                                              ^^^^^^^^^^^^^^^^ variant not found in `StackEvent`
[INFO] [stdout] 
[INFO] [stdout] 
[INFO] [stdout] For more information about this error, try `rustc --explain E0432`.
[INFO] [stdout] 
[INFO] [stdout] error[E0599]: no variant named `GreenPowerPaired` found for enum `StackEvent`
[INFO] [stdout]    --> tests/green_power_sink.rs:250:25
[INFO] [stdout]     |
[INFO] [stdout] 250 |             StackEvent::GreenPowerPaired {
[INFO] [stdout]     |                         ^^^^^^^^^^^^^^^^ variant not found in `StackEvent`
[INFO] [stdout] 
[INFO] [stdout] 
[INFO] [stdout] Some errors have detailed explanations: E0432, E0614.
[INFO] [stdout] 
[INFO] [stdout] For more information about an error, try `rustc --explain E0432`.
[INFO] [stdout] 
[INFO] [stdout] error[E0614]: type `ShortAddress` cannot be dereferenced
[INFO] [stdout]    --> tests/green_power_sink.rs:304:59
[INFO] [stdout]     |
[INFO] [stdout] 304 |         StackEvent::DeviceAnnounce { short, ieee, .. } if *short == ALIAS && *ieee == ExtendedAddress::BROADCAST
[INFO] [stdout]     |                                                           ^^^^^^ can't be dereferenced
[INFO] [stdout] 
[INFO] [stdout] 
[INFO] [stdout] error[E0614]: type `ExtendedAddress` cannot be dereferenced
[INFO] [stdout]    --> tests/green_power_sink.rs:304:78
[INFO] [stdout]     |
[INFO] [stdout] 304 |         StackEvent::DeviceAnnounce { short, ieee, .. } if *short == ALIAS && *ieee == ExtendedAddress::BROADCAST
[INFO] [stdout]     |                                                                              ^^^^^ can't be dereferenced
[INFO] [stdout] 
[INFO] [stdout] 
[INFO] [stdout] error[E0599]: no variant named `GreenPowerCommand` found for enum `StackEvent`
[INFO] [stdout]    --> tests/green_power_sink.rs:329:41
[INFO] [stdout]     |
[INFO] [stdout] 329 |             |e| matches!(e, StackEvent::GreenPowerCommand { command_id, .. } if *command_id == command::TOGGLE)
[INFO] [stdout]     |                                         ^^^^^^^^^^^^^^^^^ variant not found in `StackEvent`
[INFO] [stdout] 
[INFO] [stdout] 
[INFO] [stderr] error: could not compile `panweave-runtime` (test "trust_center_swap_out") due to 3 previous errors
[INFO] [stdout] error[E0614]: type `ShortAddress` cannot be dereferenced
[INFO] [stdout]    --> tests/green_power_sink.rs:403:28
[INFO] [stdout]     |
[INFO] [stdout] 403 |                         if *short == ALIAS && *ieee == ExtendedAddress::BROADCAST
[INFO] [stdout]     |                            ^^^^^^ can't be dereferenced
[INFO] [stdout] 
[INFO] [stdout] 
[INFO] [stdout] error[E0614]: type `ExtendedAddress` cannot be dereferenced
[INFO] [stdout]    --> tests/green_power_sink.rs:403:47
[INFO] [stdout]     |
[INFO] [stdout] 403 |                         if *short == ALIAS && *ieee == ExtendedAddress::BROADCAST
[INFO] [stdout]     |                                               ^^^^^ can't be dereferenced
[INFO] [stdout] 
[INFO] [stdout] 
[INFO] [stdout] error[E0599]: no variant named `GreenPowerDecommissioned` found for enum `StackEvent`
[INFO] [stdout]    --> tests/green_power_sink.rs:454:46
[INFO] [stdout]     |
[INFO] [stdout] 454 |             .any(|e| matches!(e, StackEvent::GreenPowerDecommissioned { gpd } if *gpd == GPD))
[INFO] [stdout]     |                                              ^^^^^^^^^^^^^^^^^^^^^^^^ variant not found in `StackEvent`
[INFO] [stdout] 
[INFO] [stdout] 
[INFO] [stderr] error: could not compile `panweave-runtime` (test "network_survey") due to 1 previous error
[INFO] [stdout] Some errors have detailed explanations: E0432, E0614.
[INFO] [stdout] 
[INFO] [stderr] error: could not compile `panweave-runtime` (test "dlk") due to 5 previous errors
[INFO] [stdout] For more information about an error, try `rustc --explain E0432`.
[INFO] [stdout] 
[INFO] [stderr] error: could not compile `panweave-runtime` (test "milestone2") due to 6 previous errors
[INFO] [stdout] error[E0599]: no variant named `GreenPowerPaired` found for enum `StackEvent`
[INFO] [stdout]    --> tests/green_power_sink.rs:622:46
[INFO] [stdout]     |
[INFO] [stdout] 622 |             .any(|e| matches!(e, StackEvent::GreenPowerPaired { gpd, .. } if *gpd == GPD))
[INFO] [stdout]     |                                              ^^^^^^^^^^^^^^^^ variant not found in `StackEvent`
[INFO] [stdout] 
[INFO] [stdout] 
[INFO] [stdout] error[E0599]: no variant named `GreenPowerPaired` found for enum `StackEvent`
[INFO] [stdout]    --> tests/green_power_sink.rs:742:29
[INFO] [stdout]     |
[INFO] [stdout] 742 |                 StackEvent::GreenPowerPaired {
[INFO] [stdout]     |                             ^^^^^^^^^^^^^^^^ variant not found in `StackEvent`
[INFO] [stdout] 
[INFO] [stdout] 
[INFO] [stdout] error[E0614]: type `ShortAddress` cannot be dereferenced
[INFO] [stdout]    --> tests/green_power_sink.rs:760:65
[INFO] [stdout]     |
[INFO] [stdout] 760 |                     StackEvent::DeviceAnnounce { short, .. } if *short == ALIAS
[INFO] [stdout]     |                                                                 ^^^^^^ can't be dereferenced
[INFO] [stdout] 
[INFO] [stdout] 
[INFO] [stdout] error[E0599]: no variant named `GreenPowerDecommissioned` found for enum `StackEvent`
[INFO] [stdout]    --> tests/green_power_sink.rs:821:46
[INFO] [stdout]     |
[INFO] [stdout] 821 |             .any(|e| matches!(e, StackEvent::GreenPowerDecommissioned { gpd } if *gpd == GPD))
[INFO] [stdout]     |                                              ^^^^^^^^^^^^^^^^^^^^^^^^ variant not found in `StackEvent`
[INFO] [stdout] 
[INFO] [stdout] 
[INFO] [stdout] error[E0599]: no variant named `GreenPowerPaired` found for enum `StackEvent`
[INFO] [stdout]    --> tests/green_power_sink.rs:901:47
[INFO] [stdout]     |
[INFO] [stdout] 901 |             .all(|e| !matches!(e, StackEvent::GreenPowerPaired { .. }))
[INFO] [stdout]     |                                               ^^^^^^^^^^^^^^^^ variant not found in `StackEvent`
[INFO] [stdout] 
[INFO] [stdout] 
[INFO] [stdout] error[E0599]: no variant named `GreenPowerPaired` found for enum `StackEvent`
[INFO] [stdout]    --> tests/green_power_sink.rs:927:46
[INFO] [stdout]     |
[INFO] [stdout] 927 |             .any(|e| matches!(e, StackEvent::GreenPowerPaired { gpd, device_id: 0x30, .. } if *gpd == GPD))
[INFO] [stdout]     |                                              ^^^^^^^^^^^^^^^^ variant not found in `StackEvent`
[INFO] [stdout] 
[INFO] [stdout] 
[INFO] [stdout] error[E0599]: no variant named `GreenPowerCommand` found for enum `StackEvent`
[INFO] [stdout]    --> tests/green_power_sink.rs:953:21
[INFO] [stdout]     |
[INFO] [stdout] 953 |         StackEvent::GreenPowerCommand {
[INFO] [stdout]     |                     ^^^^^^^^^^^^^^^^^ variant not found in `StackEvent`
[INFO] [stdout] 
[INFO] [stdout] 
[INFO] [stdout] For more information about this error, try `rustc --explain E0432`.
[INFO] [stdout] 
[INFO] [stdout] Some errors have detailed explanations: E0432, E0599, E0614.
[INFO] [stdout] 
[INFO] [stdout] For more information about an error, try `rustc --explain E0432`.
[INFO] [stdout] 
[INFO] [stderr] error: could not compile `panweave-runtime` (test "window_covering") due to 1 previous error
[INFO] [stderr] error: could not compile `panweave-runtime` (test "green_power_sink") due to 17 previous errors
[INFO] running `Command { std: "docker" "inspect" "f856bdd61ca884d6c91e87451b88d2dfbfd4a58ae837bacf4d72a0c51b24bc79", kill_on_drop: false }`
[INFO] running `Command { std: "docker" "rm" "-f" "f856bdd61ca884d6c91e87451b88d2dfbfd4a58ae837bacf4d72a0c51b24bc79", kill_on_drop: false }`
[INFO] [stdout] f856bdd61ca884d6c91e87451b88d2dfbfd4a58ae837bacf4d72a0c51b24bc79
