[INFO] fetching crate panda 0.5.3...
[INFO] testing panda-0.5.3 against 1.99.0-beta.8+cargoflags=--release for beta-release-1.100-2
[INFO] extracting crate panda 0.5.3 into /workspace/builds/worker-3-tc1/source
[INFO] started tweaking crates.io crate panda 0.5.3
[INFO] removed 0 missing examples
[INFO] finished tweaking crates.io crate panda 0.5.3
[INFO] tweaked toml for crates.io crate panda 0.5.3 written to /workspace/builds/worker-3-tc1/source/Cargo.toml
[INFO] validating manifest of crates.io crate panda 0.5.3 on toolchain 1.99.0-beta.8
[INFO] running `Command { std: CARGO_HOME="/workspace/cargo-home" RUSTUP_HOME="/workspace/rustup-home" "/workspace/cargo-home/bin/cargo" "+1.99.0-beta.8" "metadata" "--manifest-path" "Cargo.toml" "--no-deps", kill_on_drop: false }`
[INFO] crate crates.io crate panda 0.5.3 already has a lockfile, it will not be regenerated
[INFO] running `Command { std: CARGO_HOME="/workspace/cargo-home" RUSTUP_HOME="/workspace/rustup-home" "/workspace/cargo-home/bin/cargo" "+1.99.0-beta.8" "fetch" "--manifest-path" "Cargo.toml", kill_on_drop: false }`
[INFO] [stderr]     Updating crates.io index
[INFO] [stderr]  Downloading crates ...
[INFO] [stderr]   Downloaded smallvec v1.4.0
[INFO] [stderr]   Downloaded unicode-normalization v0.1.12
[INFO] [stderr]   Downloaded pin-project-lite v0.1.7
[INFO] [stderr]   Downloaded tempfile v3.1.0
[INFO] [stderr]   Downloaded url v2.1.1
[INFO] [stderr]   Downloaded autocfg v1.0.0
[INFO] [stderr]   Downloaded tracing-attributes v0.1.8
[INFO] [stderr]   Downloaded vcpkg v0.2.9
[INFO] [stderr]   Downloaded pkg-config v0.3.17
[INFO] [stderr]   Downloaded tracing-futures v0.2.4
[INFO] [stderr]   Downloaded proc-macro-nested v0.1.5
[INFO] [stderr]   Downloaded proc-macro-hack v0.5.16
[INFO] [stderr]   Downloaded futures-io v0.3.5
[INFO] [stderr]   Downloaded adler32 v1.0.4
[INFO] [stderr]   Downloaded wasm-bindgen-macro v0.2.63
[INFO] [stderr]   Downloaded crossbeam-queue v0.2.2
[INFO] [stderr]   Downloaded futures-task v0.3.5
[INFO] [stderr]   Downloaded byteorder v1.3.4
[INFO] [stderr]   Downloaded wasm-bindgen-futures v0.4.13
[INFO] [stderr]   Downloaded scoped-tls-hkt v0.1.2
[INFO] [stderr]   Downloaded native-tls v0.2.4
[INFO] [stderr]   Downloaded itoa v0.4.5
[INFO] [stderr]   Downloaded serde_repr v0.1.5
[INFO] [stderr]   Downloaded input_buffer v0.3.1
[INFO] [stderr]   Downloaded gloo-timers v0.2.1
[INFO] [stderr]   Downloaded sluice v0.5.2
[INFO] [stderr]   Downloaded futures-sink v0.3.5
[INFO] [stderr]   Downloaded futures-core v0.3.5
[INFO] [stderr]   Downloaded utf-8 v0.7.5
[INFO] [stderr]   Downloaded wasm-bindgen-shared v0.2.63
[INFO] [stderr]   Downloaded wepoll-binding v2.0.2
[INFO] [stderr]   Downloaded unicode-xid v0.2.0
[INFO] [stderr]   Downloaded memoffset v0.5.4
[INFO] [stderr]   Downloaded remove_dir_all v0.5.2
[INFO] [stderr]   Downloaded futures-macro v0.3.5
[INFO] [stderr]   Downloaded log v0.4.8
[INFO] [stderr]   Downloaded redox_syscall v0.1.56
[INFO] [stderr]   Downloaded pin-project-internal v0.4.20
[INFO] [stderr]   Downloaded memchr v2.3.3
[INFO] [stderr]   Downloaded futures-executor v0.3.5
[INFO] [stderr]   Downloaded async-tls v0.7.0
[INFO] [stderr]   Downloaded wepoll-sys v2.0.0
[INFO] [stderr]   Downloaded async-task v3.0.0
[INFO] [stderr]   Downloaded kv-log-macro v1.0.6
[INFO] [stderr]   Downloaded miow v0.2.1
[INFO] [stderr]   Downloaded bytes v0.5.4
[INFO] [stderr]   Downloaded futures-channel v0.3.5
[INFO] [stderr]   Downloaded socket2 v0.3.12
[INFO] [stderr]   Downloaded futures v0.3.5
[INFO] [stderr]   Downloaded generic-array v0.12.3
[INFO] [stderr]   Downloaded wasm-bindgen-backend v0.2.63
[INFO] [stderr]   Downloaded piper v0.1.3
[INFO] [stderr]   Downloaded crossbeam-deque v0.7.3
[INFO] [stderr]   Downloaded hermit-abi v0.1.13
[INFO] [stderr]   Downloaded net2 v0.2.34
[INFO] [stderr]   Downloaded getrandom v0.1.14
[INFO] [stderr]   Downloaded quote v1.0.7
[INFO] [stderr]   Downloaded proc-macro2 v1.0.18
[INFO] [stderr]   Downloaded miniz_oxide v0.3.6
[INFO] [stderr]   Downloaded crc32fast v1.2.0
[INFO] [stderr]   Downloaded async-tungstenite v0.5.0
[INFO] [stderr]   Downloaded typenum v1.12.0
[INFO] [stderr]   Downloaded httparse v1.3.4
[INFO] [stderr]   Downloaded wasm-bindgen-macro-support v0.2.63
[INFO] [stderr]   Downloaded smol v0.1.11
[INFO] [stderr]   Downloaded ppv-lite86 v0.2.8
[INFO] [stderr]   Downloaded openssl-sys v0.9.58
[INFO] [stderr]   Downloaded serde_derive v1.0.111
[INFO] [stderr]   Downloaded tracing-core v0.1.10
[INFO] [stderr]   Downloaded pin-project v0.4.20
[INFO] [stderr]   Downloaded once_cell v1.4.0
[INFO] [stderr]   Downloaded tungstenite v0.10.1
[INFO] [stderr]   Downloaded cc v1.0.54
[INFO] [stderr]   Downloaded serde_json v1.0.53
[INFO] [stderr]   Downloaded serde v1.0.111
[INFO] [stderr]   Downloaded tracing v0.1.15
[INFO] [stderr]   Downloaded curl v0.4.29
[INFO] [stderr]   Downloaded flate2 v1.0.14
[INFO] [stderr]   Downloaded webpki v0.21.3
[INFO] [stderr]   Downloaded js-sys v0.3.40
[INFO] [stderr]   Downloaded http v0.2.1
[INFO] [stderr]   Downloaded crossbeam-channel v0.4.2
[INFO] [stderr]   Downloaded mio v0.6.22
[INFO] [stderr]   Downloaded futures-util v0.3.5
[INFO] [stderr]   Downloaded wasm-bindgen v0.2.63
[INFO] [stderr]   Downloaded openssl v0.10.29
[INFO] [stderr]   Downloaded syn v1.0.30
[INFO] [stderr]   Downloaded async-std v1.6.0
[INFO] [stderr]   Downloaded webpki-roots v0.19.0
[INFO] [stderr]   Downloaded isahc v0.9.3
[INFO] [stderr]   Downloaded tokio v0.2.21
[INFO] [stderr]   Downloaded libc v0.2.71
[INFO] [stderr]   Downloaded web-sys v0.3.40
[INFO] [stderr]   Downloaded libz-sys v1.0.25
[INFO] [stderr]   Downloaded winapi v0.3.8
[INFO] [stderr]   Downloaded encoding_rs v0.8.23
[INFO] [stderr]   Downloaded libnghttp2-sys v0.1.4+1.41.0
[INFO] [stderr]   Downloaded curl-sys v0.4.31+curl-7.70.0
[INFO] [stderr]   Downloaded ring v0.16.14
[INFO] running `Command { std: "docker" "create" "-v" "/var/lib/crater-agent-workspace/builds/worker-3-tc1/source:/opt/rustwide/workdir:ro,Z" "-v" "/var/lib/crater-agent-workspace/builds/worker-3-tc1/target:/opt/rustwide/target:rw,Z" "-v" "/var/lib/crater-agent-workspace/cargo-home:/opt/rustwide/cargo-home:ro,Z" "-v" "/var/lib/crater-agent-workspace/rustup-home:/opt/rustwide/rustup-home:ro,Z" "-m" "1610612736" "--network" "none" "ghcr.io/rust-lang/crates-build-env/linux@sha256:77db811e55d90add9212f6832c23229e3de5f1c1f9905e8cb07319ea15df73ac" "sleep" "infinity", kill_on_drop: false }`
[INFO] [stdout] a204d201c488a6a188c4a886b48df43d2caa3f5f4853154465e8d5e15d19c4fb
[INFO] running `Command { std: "docker" "start" "a204d201c488a6a188c4a886b48df43d2caa3f5f4853154465e8d5e15d19c4fb", kill_on_drop: false }`
[INFO] running `Command { std: "docker" "inspect" "a204d201c488a6a188c4a886b48df43d2caa3f5f4853154465e8d5e15d19c4fb", kill_on_drop: false }`
[INFO] running `Command { std: "docker" "exec" "-e" "SOURCE_DIR=/opt/rustwide/workdir" "-e" "CARGO_HOME=/opt/rustwide/cargo-home" "-e" "RUSTUP_HOME=/opt/rustwide/rustup-home" "-e" "CARGO_TARGET_DIR=/opt/rustwide/target" "-w" "/opt/rustwide/workdir" "--user" "0:0" "a204d201c488a6a188c4a886b48df43d2caa3f5f4853154465e8d5e15d19c4fb" "/opt/rustwide/cargo-home/bin/cargo" "+1.99.0-beta.8" "metadata" "--no-deps" "--format-version=1", kill_on_drop: false }`
[INFO] running `Command { std: "docker" "inspect" "a204d201c488a6a188c4a886b48df43d2caa3f5f4853154465e8d5e15d19c4fb", kill_on_drop: false }`
[INFO] running `Command { std: "docker" "exec" "-e" "SOURCE_DIR=/opt/rustwide/workdir" "-e" "CARGO_HOME=/opt/rustwide/cargo-home" "-e" "RUSTUP_HOME=/opt/rustwide/rustup-home" "-e" "CARGO_TARGET_DIR=/opt/rustwide/target" "-e" "CARGO_INCREMENTAL=0" "-e" "RUST_BACKTRACE=full" "-e" "RUSTFLAGS=--cap-lints=warn" "-e" "RUSTDOCFLAGS=--cap-lints=warn" "-w" "/opt/rustwide/workdir" "--user" "0:0" "a204d201c488a6a188c4a886b48df43d2caa3f5f4853154465e8d5e15d19c4fb" "/opt/rustwide/cargo-home/bin/cargo" "+1.99.0-beta.8" "build" "--frozen" "--message-format=json" "--release", kill_on_drop: false }`
[INFO] [stderr]    Compiling cc v1.0.54
[INFO] [stderr]    Compiling libc v0.2.71
[INFO] [stderr]    Compiling pkg-config v0.3.17
[INFO] [stderr]    Compiling proc-macro2 v1.0.18
[INFO] [stderr]    Compiling autocfg v1.0.0
[INFO] [stderr]    Compiling unicode-xid v0.2.0
[INFO] [stderr]    Compiling syn v1.0.30
[INFO] [stderr]    Compiling log v0.4.8
[INFO] [stderr]    Compiling slab v0.4.2
[INFO] [stderr]    Compiling proc-macro-nested v0.1.5
[INFO] [stderr]    Compiling typenum v1.12.0
[INFO] [stderr]    Compiling memchr v2.3.3
[INFO] [stderr]    Compiling bitflags v1.2.1
[INFO] [stderr]    Compiling bytes v0.5.4
[INFO] [stderr]    Compiling getrandom v0.1.14
[INFO] [stderr]    Compiling futures-sink v0.3.5
[INFO] [stderr]    Compiling once_cell v1.4.0
[INFO] [stderr]    Compiling proc-macro-hack v0.5.16
[INFO] [stderr]    Compiling futures-core v0.3.5
[INFO] [stderr]    Compiling openssl-probe v0.1.2
[INFO] [stderr]    Compiling futures-io v0.3.5
[INFO] [stderr]    Compiling openssl v0.10.29
[INFO] [stderr]    Compiling byteorder v1.3.4
[INFO] [stderr]    Compiling futures-channel v0.3.5
[INFO] [stderr]    Compiling byte-tools v0.3.1
[INFO] [stderr]    Compiling smallvec v1.4.0
[INFO] [stderr]    Compiling matches v0.1.8
[INFO] [stderr]    Compiling itoa v0.4.5
[INFO] [stderr]    Compiling native-tls v0.2.4
[INFO] [stderr]    Compiling futures-task v0.3.5
[INFO] [stderr]    Compiling net2 v0.2.34
[INFO] [stderr]    Compiling iovec v0.1.4
[INFO] [stderr]    Compiling unicode-bidi v0.3.4
[INFO] [stderr]    Compiling block-padding v0.1.5
[INFO] [stderr]    Compiling crossbeam-utils v0.7.2
[INFO] [stderr]    Compiling ppv-lite86 v0.2.8
[INFO] [stderr]    Compiling ryu v1.0.5
[INFO] [stderr]    Compiling maybe-uninit v2.0.0
[INFO] [stderr]    Compiling httparse v1.3.4
[INFO] [stderr]    Compiling rand_core v0.5.1
[INFO] [stderr]    Compiling unicode-normalization v0.1.12
[INFO] [stderr]    Compiling serde v1.0.111
[INFO] [stderr]    Compiling http v0.2.1
[INFO] [stderr]    Compiling mio v0.6.22
[INFO] [stderr]    Compiling openssl-sys v0.9.58
[INFO] [stderr]    Compiling libz-sys v1.0.25
[INFO] [stderr]    Compiling libnghttp2-sys v0.1.4+1.41.0
[INFO] [stderr]    Compiling curl-sys v0.4.31+curl-7.70.0
[INFO] [stderr]    Compiling tracing-core v0.1.10
[INFO] [stderr]    Compiling opaque-debug v0.2.3
[INFO] [stderr]    Compiling pin-project-lite v0.1.7
[INFO] [stderr]    Compiling fake-simd v0.1.2
[INFO] [stderr]    Compiling rand_chacha v0.2.2
[INFO] [stderr]    Compiling encoding_rs v0.8.23
[INFO] [stderr]    Compiling crc32fast v1.2.0
[INFO] [stderr]    Compiling percent-encoding v2.1.0
[INFO] [stderr]    Compiling quote v1.0.7
[INFO] [stderr]    Compiling curl v0.4.29
[INFO] [stderr]    Compiling rand v0.7.3
[INFO] [stderr] warning: openssl-sys@0.9.58: build/expando.c:4:24: error: pasting "RUST_VERSION_OPENSSL_" and "(" does not give a valid preprocessing token
[INFO] [stderr] warning: openssl-sys@0.9.58:     4 | #define VERSION2(n, v) RUST_VERSION_##n##_##v
[INFO] [stderr] warning: openssl-sys@0.9.58:       |                        ^~~~~~~~~~~~~
[INFO] [stderr] warning: openssl-sys@0.9.58: build/expando.c:5:23: note: in expansion of macro 'VERSION2'
[INFO] [stderr] warning: openssl-sys@0.9.58:     5 | #define VERSION(n, v) VERSION2(n, v)
[INFO] [stderr] warning: openssl-sys@0.9.58:       |                       ^~~~~~~~
[INFO] [stderr] warning: openssl-sys@0.9.58: build/expando.c:10:1: note: in expansion of macro 'VERSION'
[INFO] [stderr] warning: openssl-sys@0.9.58:    10 | VERSION(OPENSSL, OPENSSL_VERSION_NUMBER)
[INFO] [stderr] warning: openssl-sys@0.9.58:       | ^~~~~~~
[INFO] [stderr] error: failed to run custom build command for `openssl-sys v0.9.58`
[INFO] [stderr] note: To improve backtraces for build dependencies, set the CARGO_PROFILE_RELEASE_BUILD_OVERRIDE_DEBUG=true environment variable to enable debug information generation.
[INFO] [stderr] 
[INFO] [stderr] Caused by:
[INFO] [stderr]   process didn't exit successfully: `/opt/rustwide/target/release/build/openssl-sys-018a169c8659d753/build-script-main` (exit status: 101)
[INFO] [stderr]   --- stdout
[INFO] [stderr]   cargo:rustc-cfg=const_fn
[INFO] [stderr]   cargo:rerun-if-env-changed=X86_64_UNKNOWN_LINUX_GNU_OPENSSL_LIB_DIR
[INFO] [stderr]   X86_64_UNKNOWN_LINUX_GNU_OPENSSL_LIB_DIR unset
[INFO] [stderr]   cargo:rerun-if-env-changed=OPENSSL_LIB_DIR
[INFO] [stderr]   OPENSSL_LIB_DIR unset
[INFO] [stderr]   cargo:rerun-if-env-changed=X86_64_UNKNOWN_LINUX_GNU_OPENSSL_INCLUDE_DIR
[INFO] [stderr]   X86_64_UNKNOWN_LINUX_GNU_OPENSSL_INCLUDE_DIR unset
[INFO] [stderr]   cargo:rerun-if-env-changed=OPENSSL_INCLUDE_DIR
[INFO] [stderr]   OPENSSL_INCLUDE_DIR unset
[INFO] [stderr]   cargo:rerun-if-env-changed=X86_64_UNKNOWN_LINUX_GNU_OPENSSL_DIR
[INFO] [stderr]   X86_64_UNKNOWN_LINUX_GNU_OPENSSL_DIR unset
[INFO] [stderr]   cargo:rerun-if-env-changed=OPENSSL_DIR
[INFO] [stderr]   OPENSSL_DIR unset
[INFO] [stderr]   cargo:rustc-link-lib=ssl
[INFO] [stderr]   cargo:rustc-link-lib=crypto
[INFO] [stderr]   OPT_LEVEL = Some("3")
[INFO] [stderr]   TARGET = Some("x86_64-unknown-linux-gnu")
[INFO] [stderr]   HOST = Some("x86_64-unknown-linux-gnu")
[INFO] [stderr]   CC_x86_64-unknown-linux-gnu = None
[INFO] [stderr]   CC_x86_64_unknown_linux_gnu = None
[INFO] [stderr]   HOST_CC = None
[INFO] [stderr]   CC = None
[INFO] [stderr]   CFLAGS_x86_64-unknown-linux-gnu = None
[INFO] [stderr]   CFLAGS_x86_64_unknown_linux_gnu = None
[INFO] [stderr]   HOST_CFLAGS = None
[INFO] [stderr]   CFLAGS = None
[INFO] [stderr]   CRATE_CC_NO_DEFAULTS = None
[INFO] [stderr]   DEBUG = Some("false")
[INFO] [stderr]   CARGO_CFG_TARGET_FEATURE = Some("fxsr,sse,sse2")
[INFO] [stderr]   running: "cc" "-O3" "-ffunction-sections" "-fdata-sections" "-fPIC" "-m64" "-I" "/usr/include" "-Wall" "-Wextra" "-E" "build/expando.c"
[INFO] [stderr]   cargo:warning=build/expando.c:4:24: error: pasting "RUST_VERSION_OPENSSL_" and "(" does not give a valid preprocessing token
[INFO] [stderr]   cargo:warning=    4 | #define VERSION2(n, v) RUST_VERSION_##n##_##v
[INFO] [stderr]   cargo:warning=      |                        ^~~~~~~~~~~~~
[INFO] [stderr]   cargo:warning=build/expando.c:5:23: note: in expansion of macro 'VERSION2'
[INFO] [stderr]   cargo:warning=    5 | #define VERSION(n, v) VERSION2(n, v)
[INFO] [stderr]   cargo:warning=      |                       ^~~~~~~~
[INFO] [stderr]   cargo:warning=build/expando.c:10:1: note: in expansion of macro 'VERSION'
[INFO] [stderr]   cargo:warning=   10 | VERSION(OPENSSL, OPENSSL_VERSION_NUMBER)
[INFO] [stderr]   cargo:warning=      | ^~~~~~~
[INFO] [stderr]   exit status: 1
[INFO] [stderr] 
[INFO] [stderr]   --- stderr
[INFO] [stderr] 
[INFO] [stderr]   thread 'main' (1184) panicked at /opt/rustwide/cargo-home/registry/src/index.crates.io-1949cf8c6b5b557f/openssl-sys-0.9.58/build/main.rs:140:13:
[INFO] [stderr] 
[INFO] [stderr]   Header expansion error:
[INFO] [stderr]   Error { kind: ToolExecError, message: "Command \"cc\" \"-O3\" \"-ffunction-sections\" \"-fdata-sections\" \"-fPIC\" \"-m64\" \"-I\" \"/usr/include\" \"-Wall\" \"-Wextra\" \"-E\" \"build/expando.c\" with args \"cc\" did not execute successfully (status code exit status: 1)." }
[INFO] [stderr] 
[INFO] [stderr]   Failed to find OpenSSL development headers.
[INFO] [stderr] 
[INFO] [stderr]   You can try fixing this setting the `OPENSSL_DIR` environment variable
[INFO] [stderr]   pointing to your OpenSSL installation or installing OpenSSL headers package
[INFO] [stderr]   specific to your distribution:
[INFO] [stderr] 
[INFO] [stderr]       # On Ubuntu
[INFO] [stderr]       sudo apt-get install libssl-dev
[INFO] [stderr]       # On Arch Linux
[INFO] [stderr]       sudo pacman -S openssl
[INFO] [stderr]       # On Fedora
[INFO] [stderr]       sudo dnf install openssl-devel
[INFO] [stderr] 
[INFO] [stderr]   See rust-openssl README for more information:
[INFO] [stderr] 
[INFO] [stderr]       https://github.com/sfackler/rust-openssl#linux
[INFO] [stderr] 
[INFO] [stderr]   stack backtrace:
[INFO] [stderr]      0:     0x64c47ca85c41 - <<std[70759c8f55707aa4]::sys::backtrace::BacktraceLock>::print::DisplayBacktrace as core[df12db4294e9bfd3]::fmt::Display>::fmt
[INFO] [stderr]      1:     0x64c47ca9a50a - core[df12db4294e9bfd3]::fmt::write
[INFO] [stderr]      2:     0x64c47ca8bcfc - <std[70759c8f55707aa4]::sys::stdio::unix::Stderr as core[df12db4294e9bfd3]::io::write::Write>::write_fmt
[INFO] [stderr]      3:     0x64c47ca65376 - std[70759c8f55707aa4]::panicking::default_hook::{closure#0}
[INFO] [stderr]      4:     0x64c47ca80951 - std[70759c8f55707aa4]::panicking::default_hook
[INFO] [stderr]      5:     0x64c47ca80b0b - std[70759c8f55707aa4]::panicking::panic_with_hook
[INFO] [stderr]      6:     0x64c47ca65422 - std[70759c8f55707aa4]::panicking::panic_handler::{closure#0}
[INFO] [stderr]      7:     0x64c47ca5de99 - std[70759c8f55707aa4]::sys::backtrace::__rust_end_short_backtrace::<std[70759c8f55707aa4]::panicking::panic_handler::{closure#0}, !>
[INFO] [stderr]      8:     0x64c47ca65cdd - __rustc[8fa7c3cbc660c2b3]::rust_begin_unwind
[INFO] [stderr]      9:     0x64c47ca9ac7c - core[df12db4294e9bfd3]::panicking::panic_fmt
[INFO] [stderr]     10:     0x64c47c9fb9d1 - build_script_main[dd440e761bedf37]::validate_headers
[INFO] [stderr]     11:     0x64c47c9febf3 - build_script_main[dd440e761bedf37]::find_normal::try_pkg_config
[INFO] [stderr]     12:     0x64c47c9fefb8 - build_script_main[dd440e761bedf37]::find_normal::find_openssl_dir
[INFO] [stderr]     13:     0x64c47c9f9d77 - build_script_main[dd440e761bedf37]::find_normal::get_openssl::{closure#0}
[INFO] [stderr]     14:     0x64c47c9f86e0 - <core[df12db4294e9bfd3]::option::Option<std[70759c8f55707aa4]::ffi::os_str::OsString>>::unwrap_or_else::<build_script_main[dd440e761bedf37]::find_normal::get_openssl::{closure#0}>
[INFO] [stderr]     15:     0x64c47c9fe4bc - build_script_main[dd440e761bedf37]::find_normal::get_openssl
[INFO] [stderr]     16:     0x64c47c9f9ded - build_script_main[dd440e761bedf37]::find_openssl
[INFO] [stderr]     17:     0x64c47c9fbff1 - build_script_main[dd440e761bedf37]::main
[INFO] [stderr]     18:     0x64c47ca04c73 - <fn() as core[df12db4294e9bfd3]::ops::function::FnOnce<()>>::call_once
[INFO] [stderr]     19:     0x64c47c9f8da6 - std[70759c8f55707aa4]::sys::backtrace::__rust_begin_short_backtrace::<fn(), ()>
[INFO] [stderr]     20:     0x64c47ca03649 - std[70759c8f55707aa4]::rt::lang_start::<()>::{closure#0}
[INFO] [stderr]     21:     0x64c47ca7fd19 - std[70759c8f55707aa4]::rt::lang_start_internal
[INFO] [stderr]     22:     0x64c47ca03281 - std[70759c8f55707aa4]::rt::lang_start::<()>
[INFO] [stderr]     23:     0x64c47ca01135 - main
[INFO] [stderr]     24:     0x7881ec6f8601 - <unknown>
[INFO] [stderr]     25:     0x7881ec6f8718 - __libc_start_main
[INFO] [stderr]     26:     0x64c47c9f8465 - _start
[INFO] [stderr]     27:                0x0 - <unknown>
[INFO] [stderr] warning: build failed, waiting for other jobs to finish...
[INFO] running `Command { std: "docker" "inspect" "a204d201c488a6a188c4a886b48df43d2caa3f5f4853154465e8d5e15d19c4fb", kill_on_drop: false }`
[INFO] running `Command { std: "docker" "rm" "-f" "a204d201c488a6a188c4a886b48df43d2caa3f5f4853154465e8d5e15d19c4fb", kill_on_drop: false }`
[INFO] [stdout] a204d201c488a6a188c4a886b48df43d2caa3f5f4853154465e8d5e15d19c4fb
