[INFO] fetching crate pamoja-lorawan 0.2.0...
[INFO] testing pamoja-lorawan-0.2.0 against 1.100.0-beta.1+cargoflags=--release for beta-release-1.100-2
[INFO] extracting crate pamoja-lorawan 0.2.0 into /workspace/builds/worker-7-tc2/source
[INFO] started tweaking crates.io crate pamoja-lorawan 0.2.0
[INFO] removed 0 missing tests
[INFO] finished tweaking crates.io crate pamoja-lorawan 0.2.0
[INFO] tweaked toml for crates.io crate pamoja-lorawan 0.2.0 written to /workspace/builds/worker-7-tc2/source/Cargo.toml
[INFO] validating manifest of crates.io crate pamoja-lorawan 0.2.0 on toolchain 1.100.0-beta.1
[INFO] running `Command { std: CARGO_HOME="/workspace/cargo-home" RUSTUP_HOME="/workspace/rustup-home" "/workspace/cargo-home/bin/cargo" "+1.100.0-beta.1" "metadata" "--manifest-path" "Cargo.toml" "--no-deps", kill_on_drop: false }`
[INFO] crate crates.io crate pamoja-lorawan 0.2.0 already has a lockfile, it will not be regenerated
[INFO] running `Command { std: CARGO_HOME="/workspace/cargo-home" RUSTUP_HOME="/workspace/rustup-home" "/workspace/cargo-home/bin/cargo" "+1.100.0-beta.1" "fetch" "--manifest-path" "Cargo.toml", kill_on_drop: false }`
[INFO] running `Command { std: "docker" "create" "-v" "/var/lib/crater-agent-workspace/builds/worker-7-tc2/source:/opt/rustwide/workdir:ro,Z" "-v" "/var/lib/crater-agent-workspace/builds/worker-7-tc2/target:/opt/rustwide/target:rw,Z" "-v" "/var/lib/crater-agent-workspace/cargo-home:/opt/rustwide/cargo-home:ro,Z" "-v" "/var/lib/crater-agent-workspace/rustup-home:/opt/rustwide/rustup-home:ro,Z" "-m" "1610612736" "--network" "none" "ghcr.io/rust-lang/crates-build-env/linux@sha256:77db811e55d90add9212f6832c23229e3de5f1c1f9905e8cb07319ea15df73ac" "sleep" "infinity", kill_on_drop: false }`
[INFO] [stdout] 1be38be15d095ee1f69d376cae9a01760f96f79c082f9f3969c21fbe962569b7
[INFO] running `Command { std: "docker" "start" "1be38be15d095ee1f69d376cae9a01760f96f79c082f9f3969c21fbe962569b7", kill_on_drop: false }`
[INFO] running `Command { std: "docker" "inspect" "1be38be15d095ee1f69d376cae9a01760f96f79c082f9f3969c21fbe962569b7", kill_on_drop: false }`
[INFO] running `Command { std: "docker" "exec" "-e" "SOURCE_DIR=/opt/rustwide/workdir" "-e" "CARGO_HOME=/opt/rustwide/cargo-home" "-e" "RUSTUP_HOME=/opt/rustwide/rustup-home" "-e" "CARGO_TARGET_DIR=/opt/rustwide/target" "-w" "/opt/rustwide/workdir" "--user" "0:0" "1be38be15d095ee1f69d376cae9a01760f96f79c082f9f3969c21fbe962569b7" "/opt/rustwide/cargo-home/bin/cargo" "+1.100.0-beta.1" "metadata" "--no-deps" "--format-version=1", kill_on_drop: false }`
[INFO] running `Command { std: "docker" "inspect" "1be38be15d095ee1f69d376cae9a01760f96f79c082f9f3969c21fbe962569b7", kill_on_drop: false }`
[INFO] running `Command { std: "docker" "exec" "-e" "SOURCE_DIR=/opt/rustwide/workdir" "-e" "CARGO_HOME=/opt/rustwide/cargo-home" "-e" "RUSTUP_HOME=/opt/rustwide/rustup-home" "-e" "CARGO_TARGET_DIR=/opt/rustwide/target" "-e" "CARGO_INCREMENTAL=0" "-e" "RUST_BACKTRACE=full" "-e" "RUSTFLAGS=--cap-lints=warn" "-e" "RUSTDOCFLAGS=--cap-lints=warn" "-w" "/opt/rustwide/workdir" "--user" "0:0" "1be38be15d095ee1f69d376cae9a01760f96f79c082f9f3969c21fbe962569b7" "/opt/rustwide/cargo-home/bin/cargo" "+1.100.0-beta.1" "build" "--frozen" "--message-format=json" "--release", kill_on_drop: false }`
[INFO] [stderr]    Compiling hybrid-array v0.4.13
[INFO] [stderr]    Compiling pamoja-lora v0.2.0
[INFO] [stderr]    Compiling crypto-common v0.2.2
[INFO] [stderr]    Compiling inout v0.2.2
[INFO] [stderr]    Compiling cipher v0.5.2
[INFO] [stderr]    Compiling aes v0.9.3
[INFO] [stderr]    Compiling pamoja-lorawan v0.2.0 (/opt/rustwide/workdir)
[INFO] [stderr]     Finished `release` profile [optimized] target(s) in 3.90s
[INFO] running `Command { std: "docker" "inspect" "1be38be15d095ee1f69d376cae9a01760f96f79c082f9f3969c21fbe962569b7", kill_on_drop: false }`
[INFO] running `Command { std: "docker" "exec" "-e" "SOURCE_DIR=/opt/rustwide/workdir" "-e" "CARGO_HOME=/opt/rustwide/cargo-home" "-e" "RUSTUP_HOME=/opt/rustwide/rustup-home" "-e" "CARGO_TARGET_DIR=/opt/rustwide/target" "-e" "CARGO_INCREMENTAL=0" "-e" "RUST_BACKTRACE=full" "-e" "RUSTFLAGS=--cap-lints=warn" "-e" "RUSTDOCFLAGS=--cap-lints=warn" "-w" "/opt/rustwide/workdir" "--user" "0:0" "1be38be15d095ee1f69d376cae9a01760f96f79c082f9f3969c21fbe962569b7" "/opt/rustwide/cargo-home/bin/cargo" "+1.100.0-beta.1" "test" "--frozen" "--no-run" "--message-format=json" "--release", kill_on_drop: false }`
[INFO] [stderr]    Compiling zerocopy v0.8.52
[INFO] [stderr]    Compiling bitflags v2.13.0
[INFO] [stderr]    Compiling fastrand v2.4.1
[INFO] [stderr]    Compiling getrandom v0.3.4
[INFO] [stderr]    Compiling getrandom v0.4.3
[INFO] [stderr]    Compiling wait-timeout v0.2.1
[INFO] [stderr]    Compiling rand_core v0.9.5
[INFO] [stderr]    Compiling rustix v1.1.4
[INFO] [stderr]    Compiling rand v0.9.4
[INFO] [stderr]    Compiling rand_xorshift v0.4.0
[INFO] [stderr]    Compiling tempfile v3.27.0
[INFO] [stderr]    Compiling rusty-fork v0.3.1
[INFO] [stderr]    Compiling ppv-lite86 v0.2.21
[INFO] [stderr]    Compiling rand_chacha v0.9.0
[INFO] [stderr]    Compiling proptest v1.11.0
[INFO] [stderr]    Compiling pamoja-lorawan v0.2.0 (/opt/rustwide/workdir)
[INFO] [stdout] error[E0432]: unresolved import `pamoja_lora::region::Cn470Plan`
[INFO] [stdout]    --> src/device/channels.rs:375:31
[INFO] [stdout]     |
[INFO] [stdout] 375 |     use pamoja_lora::region::{Cn470Plan, Region};
[INFO] [stdout]     |                               ^^^^^^^^^ no `Cn470Plan` in `region`
[INFO] [stdout]     |
[INFO] [stdout] note: found an item that was configured out
[INFO] [stdout]    --> /opt/rustwide/cargo-home/registry/src/index.crates.io-1949cf8c6b5b557f/pamoja-lora-0.2.0/src/region/mod.rs:84:16
[INFO] [stdout]     |
[INFO] [stdout]  83 | #[cfg(feature = "cn470")]
[INFO] [stdout]     |       ----------------- the item is gated behind the `cn470` feature
[INFO] [stdout]  84 | pub use plans::Cn470Plan;
[INFO] [stdout]     |                ^^^^^^^^^
[INFO] [stdout] 
[INFO] [stdout] 
[INFO] [stdout] error[E0432]: unresolved import `pamoja_lora::region::Cn470Plan`
[INFO] [stdout]   --> src/device/tests.rs:9:40
[INFO] [stdout]    |
[INFO] [stdout]  9 | use pamoja_lora::region::{ChannelPlan, Cn470Plan, Region};
[INFO] [stdout]    |                                        ^^^^^^^^^ no `Cn470Plan` in `region`
[INFO] [stdout]    |
[INFO] [stdout] note: found an item that was configured out
[INFO] [stdout]   --> /opt/rustwide/cargo-home/registry/src/index.crates.io-1949cf8c6b5b557f/pamoja-lora-0.2.0/src/region/mod.rs:84:16
[INFO] [stdout]    |
[INFO] [stdout] 83 | #[cfg(feature = "cn470")]
[INFO] [stdout]    |       ----------------- the item is gated behind the `cn470` feature
[INFO] [stdout] 84 | pub use plans::Cn470Plan;
[INFO] [stdout]    |                ^^^^^^^^^
[INFO] [stdout] 
[INFO] [stdout] 
[INFO] [stdout] error[E0599]: no variant, associated function, or constant named `Eu868` found for enum `Region` in the current scope
[INFO] [stdout]    --> src/device/channels.rs:378:36
[INFO] [stdout]     |
[INFO] [stdout] 378 |         Channels::defaults(Region::Eu868.plan())
[INFO] [stdout]     |                                    ^^^^^ variant, associated function, or constant not found in `Region`
[INFO] [stdout] 
[INFO] [stdout] 
[INFO] [stdout] error[E0599]: no variant, associated function, or constant named `Us915` found for enum `Region` in the current scope
[INFO] [stdout]    --> src/device/channels.rs:382:36
[INFO] [stdout]     |
[INFO] [stdout] 382 |         Channels::defaults(Region::Us915.plan())
[INFO] [stdout]     |                                    ^^^^^ variant, associated function, or constant not found in `Region`
[INFO] [stdout] 
[INFO] [stdout] 
[INFO] [stdout] error[E0599]: no variant, associated function, or constant named `Eu868` found for enum `Region` in the current scope
[INFO] [stdout]    --> src/device/channels.rs:450:39
[INFO] [stdout]     |
[INFO] [stdout] 450 |         channels.apply_cflist(Region::Eu868.plan(), list, |_| true);
[INFO] [stdout]     |                                       ^^^^^ variant, associated function, or constant not found in `Region`
[INFO] [stdout] 
[INFO] [stdout] 
[INFO] [stdout] error[E0599]: no variant, associated function, or constant named `Eu868` found for enum `Region` in the current scope
[INFO] [stdout]    --> src/device/channels.rs:479:39
[INFO] [stdout]     |
[INFO] [stdout] 479 |         channels.apply_cflist(Region::Eu868.plan(), list, |_| true);
[INFO] [stdout]     |                                       ^^^^^ variant, associated function, or constant not found in `Region`
[INFO] [stdout] 
[INFO] [stdout] 
[INFO] [stdout] error[E0599]: no variant, associated function, or constant named `Us915` found for enum `Region` in the current scope
[INFO] [stdout]    --> src/device/channels.rs:503:39
[INFO] [stdout]     |
[INFO] [stdout] 503 |         channels.apply_cflist(Region::Us915.plan(), list, |_| true);
[INFO] [stdout]     |                                       ^^^^^ variant, associated function, or constant not found in `Region`
[INFO] [stdout] 
[INFO] [stdout] 
[INFO] [stdout] error[E0599]: no variant, associated function, or constant named `Us915` found for enum `Region` in the current scope
[INFO] [stdout]    --> src/device/channels.rs:511:39
[INFO] [stdout]     |
[INFO] [stdout] 511 |         channels.apply_cflist(Region::Us915.plan(), frequencies, |_| true);
[INFO] [stdout]     |                                       ^^^^^ variant, associated function, or constant not found in `Region`
[INFO] [stdout] 
[INFO] [stdout] 
[INFO] [stdout] error[E0599]: no variant, associated function, or constant named `Eu433` found for enum `Region` in the current scope
[INFO] [stdout]    --> src/device/channels.rs:521:28
[INFO] [stdout]     |
[INFO] [stdout] 521 |         let plan = Region::Eu433.plan();
[INFO] [stdout]     |                            ^^^^^ variant, associated function, or constant not found in `Region`
[INFO] [stdout] 
[INFO] [stdout] 
[INFO] [stdout] error[E0599]: no variant, associated function, or constant named `Eu868` found for enum `Region` in the current scope
[INFO] [stdout]    --> src/device/channels.rs:533:39
[INFO] [stdout]     |
[INFO] [stdout] 533 |         channels.apply_cflist(Region::Eu868.plan(), list, |hz| hz < 870_000_000);
[INFO] [stdout]     |                                       ^^^^^ variant, associated function, or constant not found in `Region`
[INFO] [stdout] 
[INFO] [stdout] 
[INFO] [stdout] error[E0599]: no variant, associated function, or constant named `Eu868` found for enum `Region` in the current scope
[INFO] [stdout]    --> src/device/channels.rs:542:21
[INFO] [stdout]     |
[INFO] [stdout] 542 |             Region::Eu868.plan(),
[INFO] [stdout]     |                     ^^^^^ variant, associated function, or constant not found in `Region`
[INFO] [stdout] 
[INFO] [stdout] 
[INFO] [stdout] error[E0599]: no variant, associated function, or constant named `Us915` found for enum `Region` in the current scope
[INFO] [stdout]    --> src/device/channels.rs:595:33
[INFO] [stdout]     |
[INFO] [stdout] 595 |         let controls = &Region::Us915.plan().mask_controls;
[INFO] [stdout]     |                                 ^^^^^ variant, associated function, or constant not found in `Region`
[INFO] [stdout] 
[INFO] [stdout] 
[INFO] [stdout] error[E0599]: no variant, associated function, or constant named `Eu868` found for enum `Region` in the current scope
[INFO] [stdout]    --> src/device/state.rs:644:21
[INFO] [stdout]     |
[INFO] [stdout] 644 |             Region::Eu868.plan(),
[INFO] [stdout]     |                     ^^^^^ variant, associated function, or constant not found in `Region`
[INFO] [stdout] 
[INFO] [stdout] 
[INFO] [stdout] error[E0599]: no variant, associated function, or constant named `Eu868` found for enum `Region` in the current scope
[INFO] [stdout]   --> src/device/relayed_tests.rs:41:41
[INFO] [stdout]    |
[INFO] [stdout] 41 |         EndDevice::personalized(Region::Eu868.plan(), session(), settings()).expect("a device");
[INFO] [stdout]    |                                         ^^^^^ variant, associated function, or constant not found in `Region`
[INFO] [stdout] 
[INFO] [stdout] 
[INFO] [stdout] error[E0599]: no variant, associated function, or constant named `Eu868` found for enum `Region` in the current scope
[INFO] [stdout]   --> src/device/relayed_tests.rs:54:17
[INFO] [stdout]    |
[INFO] [stdout] 54 |         Region::Eu868.plan(),
[INFO] [stdout]    |                 ^^^^^ variant, associated function, or constant not found in `Region`
[INFO] [stdout] 
[INFO] [stdout] 
[INFO] [stdout] error[E0599]: no variant, associated function, or constant named `Eu868` found for enum `Region` in the current scope
[INFO] [stdout]   --> src/device/relayed_tests.rs:66:52
[INFO] [stdout]    |
[INFO] [stdout] 66 |         .start(RelayConfig::region_default(Region::Eu868.plan()).expect("relay channels"))
[INFO] [stdout]    |                                                    ^^^^^ variant, associated function, or constant not found in `Region`
[INFO] [stdout] 
[INFO] [stdout] 
[INFO] [stdout] error[E0599]: no variant, associated function, or constant named `Eu868` found for enum `Region` in the current scope
[INFO] [stdout]    --> src/device/relayed_tests.rs:246:41
[INFO] [stdout]     |
[INFO] [stdout] 246 |         EndDevice::personalized(Region::Eu868.plan(), session(), settings()).expect("a device");
[INFO] [stdout]     |                                         ^^^^^ variant, associated function, or constant not found in `Region`
[INFO] [stdout] 
[INFO] [stdout] 
[INFO] [stdout] error[E0599]: no variant, associated function, or constant named `Eu868` found for enum `Region` in the current scope
[INFO] [stdout]    --> src/device/relayed_tests.rs:275:17
[INFO] [stdout]     |
[INFO] [stdout] 275 |         Region::Eu868.plan(),
[INFO] [stdout]     |                 ^^^^^ variant, associated function, or constant not found in `Region`
[INFO] [stdout] 
[INFO] [stdout] 
[INFO] [stdout] error[E0599]: no variant, associated function, or constant named `Eu868` found for enum `Region` in the current scope
[INFO] [stdout]    --> src/device/relayed_tests.rs:318:17
[INFO] [stdout]     |
[INFO] [stdout] 318 |         Region::Eu868.plan(),
[INFO] [stdout]     |                 ^^^^^ variant, associated function, or constant not found in `Region`
[INFO] [stdout] 
[INFO] [stdout] 
[INFO] [stdout] error[E0599]: no variant, associated function, or constant named `Eu868` found for enum `Region` in the current scope
[INFO] [stdout]    --> src/device/relayed_tests.rs:349:17
[INFO] [stdout]     |
[INFO] [stdout] 349 |         Region::Eu868.plan(),
[INFO] [stdout]     |                 ^^^^^ variant, associated function, or constant not found in `Region`
[INFO] [stdout] 
[INFO] [stdout] 
[INFO] [stdout] error[E0599]: no variant, associated function, or constant named `Eu868` found for enum `Region` in the current scope
[INFO] [stdout]    --> src/device/relayed_tests.rs:370:41
[INFO] [stdout]     |
[INFO] [stdout] 370 |         EndDevice::personalized(Region::Eu868.plan(), session(), settings()).expect("a device");
[INFO] [stdout]     |                                         ^^^^^ variant, associated function, or constant not found in `Region`
[INFO] [stdout] 
[INFO] [stdout] 
[INFO] [stdout] error[E0599]: no variant, associated function, or constant named `Eu868` found for enum `Region` in the current scope
[INFO] [stdout]    --> src/device/relayed_tests.rs:663:41
[INFO] [stdout]     |
[INFO] [stdout] 663 |         EndDevice::personalized(Region::Eu868.plan(), session(), settings()).expect("a device");
[INFO] [stdout]     |                                         ^^^^^ variant, associated function, or constant not found in `Region`
[INFO] [stdout] 
[INFO] [stdout] 
[INFO] [stdout] error[E0599]: no variant, associated function, or constant named `Eu868` found for enum `Region` in the current scope
[INFO] [stdout]    --> src/device/tests.rs:133:37
[INFO] [stdout]     |
[INFO] [stdout] 133 |     let mut device = device(Region::Eu868, settings());
[INFO] [stdout]     |                                     ^^^^^ variant, associated function, or constant not found in `Region`
[INFO] [stdout] 
[INFO] [stdout] 
[INFO] [stdout] error[E0599]: no variant, associated function, or constant named `Eu868` found for enum `Region` in the current scope
[INFO] [stdout]    --> src/device/tests.rs:165:37
[INFO] [stdout]     |
[INFO] [stdout] 165 |     let mut device = device(Region::Eu868, settings().without_regional_duty_cycle());
[INFO] [stdout]     |                                     ^^^^^ variant, associated function, or constant not found in `Region`
[INFO] [stdout] 
[INFO] [stdout] 
[INFO] [stdout] error[E0599]: no variant, associated function, or constant named `Eu868` found for enum `Region` in the current scope
[INFO] [stdout]    --> src/device/tests.rs:201:37
[INFO] [stdout]     |
[INFO] [stdout] 201 |     let mut device = device(Region::Eu868, settings().without_regional_duty_cycle());
[INFO] [stdout]     |                                     ^^^^^ variant, associated function, or constant not found in `Region`
[INFO] [stdout] 
[INFO] [stdout] 
[INFO] [stdout] error[E0599]: no variant, associated function, or constant named `Eu868` found for enum `Region` in the current scope
[INFO] [stdout]    --> src/device/tests.rs:237:58
[INFO] [stdout]     |
[INFO] [stdout] 237 |     let (mut device, network, now) = joined_with(Region::Eu868, settings(), grant);
[INFO] [stdout]     |                                                          ^^^^^ variant, associated function, or constant not found in `Region`
[INFO] [stdout] 
[INFO] [stdout] 
[INFO] [stdout] error[E0599]: no variant, associated function, or constant named `Eu868` found for enum `Region` in the current scope
[INFO] [stdout]    --> src/device/tests.rs:277:37
[INFO] [stdout]     |
[INFO] [stdout] 277 |     let mut device = device(Region::Eu868, settings());
[INFO] [stdout]     |                                     ^^^^^ variant, associated function, or constant not found in `Region`
[INFO] [stdout] 
[INFO] [stdout] 
[INFO] [stdout] error[E0599]: no variant, associated function, or constant named `Eu868` found for enum `Region` in the current scope
[INFO] [stdout]    --> src/device/tests.rs:287:54
[INFO] [stdout]     |
[INFO] [stdout] 287 |     let (mut device, _network, now) = joined(Region::Eu868, settings());
[INFO] [stdout]     |                                                      ^^^^^ variant, associated function, or constant not found in `Region`
[INFO] [stdout] 
[INFO] [stdout] 
[INFO] [stdout] error[E0599]: no variant, associated function, or constant named `Eu868` found for enum `Region` in the current scope
[INFO] [stdout]    --> src/device/tests.rs:303:57
[INFO] [stdout]     |
[INFO] [stdout] 303 |     let (mut device, mut network, now) = joined(Region::Eu868, settings());
[INFO] [stdout]     |                                                         ^^^^^ variant, associated function, or constant not found in `Region`
[INFO] [stdout] 
[INFO] [stdout] 
[INFO] [stdout] error[E0599]: no variant, associated function, or constant named `Eu868` found for enum `Region` in the current scope
[INFO] [stdout]    --> src/device/tests.rs:354:57
[INFO] [stdout]     |
[INFO] [stdout] 354 |     let (mut device, mut network, now) = joined(Region::Eu868, settings());
[INFO] [stdout]     |                                                         ^^^^^ variant, associated function, or constant not found in `Region`
[INFO] [stdout] 
[INFO] [stdout] 
[INFO] [stdout] error[E0599]: no variant, associated function, or constant named `Eu868` found for enum `Region` in the current scope
[INFO] [stdout]    --> src/device/tests.rs:398:28
[INFO] [stdout]     |
[INFO] [stdout] 398 |             joined(Region::Eu868, settings().with_version(version));
[INFO] [stdout]     |                            ^^^^^ variant, associated function, or constant not found in `Region`
[INFO] [stdout] 
[INFO] [stdout] 
[INFO] [stdout] error[E0599]: no variant, associated function, or constant named `Eu868` found for enum `Region` in the current scope
[INFO] [stdout]    --> src/device/tests.rs:417:57
[INFO] [stdout]     |
[INFO] [stdout] 417 |     let (mut device, mut network, now) = joined(Region::Eu868, settings().with_adr(false));
[INFO] [stdout]     |                                                         ^^^^^ variant, associated function, or constant not found in `Region`
[INFO] [stdout] 
[INFO] [stdout] 
[INFO] [stdout] error[E0599]: no variant, associated function, or constant named `Eu868` found for enum `Region` in the current scope
[INFO] [stdout]    --> src/device/tests.rs:438:57
[INFO] [stdout]     |
[INFO] [stdout] 438 |     let (mut device, mut network, now) = joined(Region::Eu868, settings());
[INFO] [stdout]     |                                                         ^^^^^ variant, associated function, or constant not found in `Region`
[INFO] [stdout] 
[INFO] [stdout] 
[INFO] [stdout] error[E0599]: no variant, associated function, or constant named `Eu868` found for enum `Region` in the current scope
[INFO] [stdout]    --> src/device/tests.rs:479:17
[INFO] [stdout]     |
[INFO] [stdout] 479 |         Region::Eu868,
[INFO] [stdout]     |                 ^^^^^ variant, associated function, or constant not found in `Region`
[INFO] [stdout] 
[INFO] [stdout] 
[INFO] [stdout] error[E0599]: no variant, associated function, or constant named `Eu868` found for enum `Region` in the current scope
[INFO] [stdout]    --> src/device/tests.rs:501:57
[INFO] [stdout]     |
[INFO] [stdout] 501 |     let (mut device, mut network, now) = joined(Region::Eu868, settings());
[INFO] [stdout]     |                                                         ^^^^^ variant, associated function, or constant not found in `Region`
[INFO] [stdout] 
[INFO] [stdout] 
[INFO] [stdout] error[E0599]: no variant, associated function, or constant named `Eu868` found for enum `Region` in the current scope
[INFO] [stdout]    --> src/device/tests.rs:524:57
[INFO] [stdout]     |
[INFO] [stdout] 524 |     let (mut device, mut network, now) = joined(Region::Eu868, settings());
[INFO] [stdout]     |                                                         ^^^^^ variant, associated function, or constant not found in `Region`
[INFO] [stdout] 
[INFO] [stdout] 
[INFO] [stdout] error[E0599]: no variant, associated function, or constant named `Eu868` found for enum `Region` in the current scope
[INFO] [stdout]    --> src/device/tests.rs:572:57
[INFO] [stdout]     |
[INFO] [stdout] 572 |     let (mut device, mut network, now) = joined(Region::Eu868, settings());
[INFO] [stdout]     |                                                         ^^^^^ variant, associated function, or constant not found in `Region`
[INFO] [stdout] 
[INFO] [stdout] 
[INFO] [stdout] error[E0599]: no variant, associated function, or constant named `Eu868` found for enum `Region` in the current scope
[INFO] [stdout]    --> src/device/tests.rs:600:57
[INFO] [stdout]     |
[INFO] [stdout] 600 |     let (mut device, mut network, now) = joined(Region::Eu868, settings());
[INFO] [stdout]     |                                                         ^^^^^ variant, associated function, or constant not found in `Region`
[INFO] [stdout] 
[INFO] [stdout] 
[INFO] [stdout] error[E0599]: no variant, associated function, or constant named `Eu868` found for enum `Region` in the current scope
[INFO] [stdout]    --> src/device/tests.rs:628:24
[INFO] [stdout]     |
[INFO] [stdout] 628 |         joined(Region::Eu868, settings().without_regional_duty_cycle());
[INFO] [stdout]     |                        ^^^^^ variant, associated function, or constant not found in `Region`
[INFO] [stdout] 
[INFO] [stdout] 
[INFO] [stdout] error[E0599]: no variant, associated function, or constant named `Eu868` found for enum `Region` in the current scope
[INFO] [stdout]    --> src/device/tests.rs:649:57
[INFO] [stdout]     |
[INFO] [stdout] 649 |     let (mut device, mut network, now) = joined(Region::Eu868, settings());
[INFO] [stdout]     |                                                         ^^^^^ variant, associated function, or constant not found in `Region`
[INFO] [stdout] 
[INFO] [stdout] 
[INFO] [stdout] error[E0599]: no variant, associated function, or constant named `Eu868` found for enum `Region` in the current scope
[INFO] [stdout]    --> src/device/tests.rs:669:57
[INFO] [stdout]     |
[INFO] [stdout] 669 |     let (mut device, mut network, now) = joined(Region::Eu868, settings());
[INFO] [stdout]     |                                                         ^^^^^ variant, associated function, or constant not found in `Region`
[INFO] [stdout] 
[INFO] [stdout] 
[INFO] [stdout] error[E0599]: no variant, associated function, or constant named `As923` found for enum `Region` in the current scope
[INFO] [stdout]    --> src/device/tests.rs:678:57
[INFO] [stdout]     |
[INFO] [stdout] 678 |     let (mut device, mut network, now) = joined(Region::As923, settings());
[INFO] [stdout]     |                                                         ^^^^^ variant, associated function, or constant not found in `Region`
[INFO] [stdout] 
[INFO] [stdout] 
[INFO] [stdout] error[E0599]: no variant, associated function, or constant named `Eu868` found for enum `Region` in the current scope
[INFO] [stdout]    --> src/device/tests.rs:701:54
[INFO] [stdout]     |
[INFO] [stdout] 701 |     let (mut device, _network, now) = joined(Region::Eu868, settings());
[INFO] [stdout]     |                                                      ^^^^^ variant, associated function, or constant not found in `Region`
[INFO] [stdout] 
[INFO] [stdout] 
[INFO] [stdout] error[E0599]: no variant, associated function, or constant named `Eu868` found for enum `Region` in the current scope
[INFO] [stdout]    --> src/device/tests.rs:712:24
[INFO] [stdout]     |
[INFO] [stdout] 712 |         joined(Region::Eu868, settings().without_regional_duty_cycle());
[INFO] [stdout]     |                        ^^^^^ variant, associated function, or constant not found in `Region`
[INFO] [stdout] 
[INFO] [stdout] 
[INFO] [stdout] error[E0599]: no variant, associated function, or constant named `Eu868` found for enum `Region` in the current scope
[INFO] [stdout]    --> src/device/tests.rs:723:54
[INFO] [stdout]     |
[INFO] [stdout] 723 |     let mut device = EndDevice::personalized(Region::Eu868.plan(), session, settings())
[INFO] [stdout]     |                                                      ^^^^^ variant, associated function, or constant not found in `Region`
[INFO] [stdout] 
[INFO] [stdout] 
[INFO] [stdout] error[E0599]: no variant, associated function, or constant named `Eu868` found for enum `Region` in the current scope
[INFO] [stdout]    --> src/device/tests.rs:757:21
[INFO] [stdout]     |
[INFO] [stdout] 757 |             Region::Eu868.plan(),
[INFO] [stdout]     |                     ^^^^^ variant, associated function, or constant not found in `Region`
[INFO] [stdout] 
[INFO] [stdout] 
[INFO] [stdout] error[E0599]: no variant, associated function, or constant named `Eu868` found for enum `Region` in the current scope
[INFO] [stdout]    --> src/device/tests.rs:779:24
[INFO] [stdout]     |
[INFO] [stdout] 779 |         joined(Region::Eu868, settings().without_regional_duty_cycle());
[INFO] [stdout]     |                        ^^^^^ variant, associated function, or constant not found in `Region`
[INFO] [stdout] 
[INFO] [stdout] 
[INFO] [stdout] error[E0599]: no variant, associated function, or constant named `Eu868` found for enum `Region` in the current scope
[INFO] [stdout]    --> src/device/tests.rs:797:57
[INFO] [stdout]     |
[INFO] [stdout] 797 |     let (mut device, mut network, now) = joined(Region::Eu868, settings());
[INFO] [stdout]     |                                                         ^^^^^ variant, associated function, or constant not found in `Region`
[INFO] [stdout] 
[INFO] [stdout] 
[INFO] [stdout] error[E0599]: no variant, associated function, or constant named `Eu868` found for enum `Region` in the current scope
[INFO] [stdout]    --> src/device/tests.rs:821:24
[INFO] [stdout]     |
[INFO] [stdout] 821 |         joined(Region::Eu868, settings().without_regional_duty_cycle());
[INFO] [stdout]     |                        ^^^^^ variant, associated function, or constant not found in `Region`
[INFO] [stdout] 
[INFO] [stdout] 
[INFO] [stdout] error[E0599]: no variant, associated function, or constant named `Eu868` found for enum `Region` in the current scope
[INFO] [stdout]    --> src/device/tests.rs:863:57
[INFO] [stdout]     |
[INFO] [stdout] 863 |     let (mut device, mut network, now) = joined(Region::Eu868, settings());
[INFO] [stdout]     |                                                         ^^^^^ variant, associated function, or constant not found in `Region`
[INFO] [stdout] 
[INFO] [stdout] 
[INFO] [stdout] error[E0599]: no variant, associated function, or constant named `Eu868` found for enum `Region` in the current scope
[INFO] [stdout]    --> src/device/tests.rs:894:41
[INFO] [stdout]     |
[INFO] [stdout] 894 |         EndDevice::personalized(Region::Eu868.plan(), session, settings()).expect("dynamic");
[INFO] [stdout]     |                                         ^^^^^ variant, associated function, or constant not found in `Region`
[INFO] [stdout] 
[INFO] [stdout] 
[INFO] [stdout] error[E0599]: no variant, associated function, or constant named `Eu868` found for enum `Region` in the current scope
[INFO] [stdout]    --> src/device/tests.rs:913:41
[INFO] [stdout]     |
[INFO] [stdout] 913 |         EndDevice::personalized(Region::Eu868.plan(), session, settings()).expect("dynamic");
[INFO] [stdout]     |                                         ^^^^^ variant, associated function, or constant not found in `Region`
[INFO] [stdout] 
[INFO] [stdout] 
[INFO] [stdout] error[E0599]: no variant, associated function, or constant named `Eu868` found for enum `Region` in the current scope
[INFO] [stdout]    --> src/device/tests.rs:923:53
[INFO] [stdout]     |
[INFO] [stdout] 923 |     let (mut device, network, now) = joined(Region::Eu868, settings());
[INFO] [stdout]     |                                                     ^^^^^ variant, associated function, or constant not found in `Region`
[INFO] [stdout] 
[INFO] [stdout] 
[INFO] [stdout] error[E0599]: no variant, associated function, or constant named `Eu868` found for enum `Region` in the current scope
[INFO] [stdout]    --> src/device/tests.rs:941:57
[INFO] [stdout]     |
[INFO] [stdout] 941 |     let (mut device, mut network, now) = joined(Region::Eu868, settings());
[INFO] [stdout]     |                                                         ^^^^^ variant, associated function, or constant not found in `Region`
[INFO] [stdout] 
[INFO] [stdout] 
[INFO] [stdout] error[E0599]: no variant, associated function, or constant named `Eu868` found for enum `Region` in the current scope
[INFO] [stdout]    --> src/device/tests.rs:979:24
[INFO] [stdout]     |
[INFO] [stdout] 979 |         joined(Region::Eu868, settings().without_regional_duty_cycle());
[INFO] [stdout]     |                        ^^^^^ variant, associated function, or constant not found in `Region`
[INFO] [stdout] 
[INFO] [stdout] 
[INFO] [stdout] error[E0599]: no variant, associated function, or constant named `Eu868` found for enum `Region` in the current scope
[INFO] [stdout]     --> src/device/tests.rs:1002:57
[INFO] [stdout]      |
[INFO] [stdout] 1002 |     let (mut device, mut network, now) = joined(Region::Eu868, settings());
[INFO] [stdout]      |                                                         ^^^^^ variant, associated function, or constant not found in `Region`
[INFO] [stdout] 
[INFO] [stdout] 
[INFO] [stdout] error[E0599]: no variant, associated function, or constant named `As923` found for enum `Region` in the current scope
[INFO] [stdout]     --> src/device/tests.rs:1038:37
[INFO] [stdout]      |
[INFO] [stdout] 1038 |     let mut device = device(Region::As923, settings().without_regional_duty_cycle());
[INFO] [stdout]      |                                     ^^^^^ variant, associated function, or constant not found in `Region`
[INFO] [stdout] 
[INFO] [stdout] 
[INFO] [stdout] error[E0599]: no variant, associated function, or constant named `Us915` found for enum `Region` in the current scope
[INFO] [stdout]     --> src/device/tests.rs:1088:37
[INFO] [stdout]      |
[INFO] [stdout] 1088 |     let mut device = device(Region::Us915, settings());
[INFO] [stdout]      |                                     ^^^^^ variant, associated function, or constant not found in `Region`
[INFO] [stdout] 
[INFO] [stdout] 
[INFO] [stdout] error[E0599]: no variant, associated function, or constant named `Us915` found for enum `Region` in the current scope
[INFO] [stdout]     --> src/device/tests.rs:1134:58
[INFO] [stdout]      |
[INFO] [stdout] 1134 |     let (mut device, network, now) = joined_with(Region::Us915, settings(), grant);
[INFO] [stdout]      |                                                          ^^^^^ variant, associated function, or constant not found in `Region`
[INFO] [stdout] 
[INFO] [stdout] 
[INFO] [stdout] error[E0599]: no variant, associated function, or constant named `Us915` found for enum `Region` in the current scope
[INFO] [stdout]     --> src/device/tests.rs:1161:57
[INFO] [stdout]      |
[INFO] [stdout] 1161 |     let (mut device, mut network, now) = joined(Region::Us915, settings());
[INFO] [stdout]      |                                                         ^^^^^ variant, associated function, or constant not found in `Region`
[INFO] [stdout] 
[INFO] [stdout] 
[INFO] [stdout] error[E0599]: no variant, associated function, or constant named `Us915` found for enum `Region` in the current scope
[INFO] [stdout]     --> src/device/tests.rs:1227:57
[INFO] [stdout]      |
[INFO] [stdout] 1227 |     let (mut device, mut network, now) = joined(Region::Us915, settings());
[INFO] [stdout]      |                                                         ^^^^^ variant, associated function, or constant not found in `Region`
[INFO] [stdout] 
[INFO] [stdout] 
[INFO] [stdout] error[E0599]: no variant, associated function, or constant named `Us915` found for enum `Region` in the current scope
[INFO] [stdout]     --> src/device/tests.rs:1252:41
[INFO] [stdout]      |
[INFO] [stdout] 1252 |         let mut device = device(Region::Us915, radio.with_antenna_gain(gain));
[INFO] [stdout]      |                                         ^^^^^ variant, associated function, or constant not found in `Region`
[INFO] [stdout] 
[INFO] [stdout] 
[INFO] [stdout] error[E0599]: no variant, associated function, or constant named `Eu868` found for enum `Region` in the current scope
[INFO] [stdout]     --> src/device/tests.rs:1256:39
[INFO] [stdout]      |
[INFO] [stdout] 1256 |     let mut european = device(Region::Eu868, radio.with_antenna_gain(3));
[INFO] [stdout]      |                                       ^^^^^ variant, associated function, or constant not found in `Region`
[INFO] [stdout] 
[INFO] [stdout] 
[INFO] [stdout] error[E0599]: no variant, associated function, or constant named `Au915` found for enum `Region` in the current scope
[INFO] [stdout]     --> src/device/tests.rs:1267:37
[INFO] [stdout]      |
[INFO] [stdout] 1267 |     let mut device = device(Region::Au915, settings());
[INFO] [stdout]      |                                     ^^^^^ variant, associated function, or constant not found in `Region`
[INFO] [stdout] 
[INFO] [stdout] 
[INFO] [stdout] error[E0599]: no variant, associated function, or constant named `Cn470` found for enum `Region` in the current scope
[INFO] [stdout]     --> src/device/tests.rs:1339:41
[INFO] [stdout]      |
[INFO] [stdout] 1339 |         let mut device = device(Region::Cn470, settings());
[INFO] [stdout]      |                                         ^^^^^ variant, associated function, or constant not found in `Region`
[INFO] [stdout] 
[INFO] [stdout] 
[INFO] [stdout] error[E0599]: no variant, associated function, or constant named `Cn470` found for enum `Region` in the current scope
[INFO] [stdout]     --> src/device/tests.rs:1387:37
[INFO] [stdout]      |
[INFO] [stdout] 1387 |     let mut device = device(Region::Cn470, settings());
[INFO] [stdout]      |                                     ^^^^^ variant, associated function, or constant not found in `Region`
[INFO] [stdout] 
[INFO] [stdout] 
[INFO] [stdout] error[E0599]: no variant, associated function, or constant named `Us915` found for enum `Region` in the current scope
[INFO] [stdout]     --> src/device/tests.rs:1467:24
[INFO] [stdout]      |
[INFO] [stdout] 1467 |         device(Region::Us915, settings()).frequency_span(),
[INFO] [stdout]      |                        ^^^^^ variant, associated function, or constant not found in `Region`
[INFO] [stdout] 
[INFO] [stdout] 
[INFO] [stdout] error[E0599]: no variant, associated function, or constant named `Cn470` found for enum `Region` in the current scope
[INFO] [stdout]     --> src/device/tests.rs:1471:24
[INFO] [stdout]      |
[INFO] [stdout] 1471 |         device(Region::Cn470, settings()).frequency_span(),
[INFO] [stdout]      |                        ^^^^^ variant, associated function, or constant not found in `Region`
[INFO] [stdout] 
[INFO] [stdout] 
[INFO] [stdout] error[E0599]: no variant, associated function, or constant named `Eu868` found for enum `Region` in the current scope
[INFO] [stdout]     --> src/device/tests.rs:1478:54
[INFO] [stdout]      |
[INFO] [stdout] 1478 |     let (mut device, _network, now) = joined(Region::Eu868, settings());
[INFO] [stdout]      |                                                      ^^^^^ variant, associated function, or constant not found in `Region`
[INFO] [stdout] 
[INFO] [stdout] 
[INFO] [stdout] error[E0599]: no variant, associated function, or constant named `Eu433` found for enum `Region` in the current scope
[INFO] [stdout]     --> src/device/tests.rs:1487:37
[INFO] [stdout]      |
[INFO] [stdout] 1487 |     let mut device = device(Region::Eu433, settings());
[INFO] [stdout]      |                                     ^^^^^ variant, associated function, or constant not found in `Region`
[INFO] [stdout] 
[INFO] [stdout] 
[INFO] [stdout] error[E0599]: no variant, associated function, or constant named `Eu868` found for enum `Region` in the current scope
[INFO] [stdout]     --> src/device/tests.rs:1495:33
[INFO] [stdout]      |
[INFO] [stdout] 1495 |     let device = device(Region::Eu868, settings());
[INFO] [stdout]      |                                 ^^^^^ variant, associated function, or constant not found in `Region`
[INFO] [stdout] 
[INFO] [stdout] 
[INFO] [stdout] error[E0599]: no variant, associated function, or constant named `Eu433` found for enum `Region` in the current scope
[INFO] [stdout]     --> src/device/tests.rs:1502:20
[INFO] [stdout]      |
[INFO] [stdout] 1502 |     device(Region::Eu433, settings())
[INFO] [stdout]      |                    ^^^^^ variant, associated function, or constant not found in `Region`
[INFO] [stdout] 
[INFO] [stdout] 
[INFO] [stdout] error[E0599]: no variant, associated function, or constant named `Eu868` found for enum `Region` in the current scope
[INFO] [stdout]     --> src/device/tests.rs:1524:62
[INFO] [stdout]      |
[INFO] [stdout] 1524 |     let (mut device, mut network, now) = joined_with(Region::Eu868, settings(), grant);
[INFO] [stdout]      |                                                              ^^^^^ variant, associated function, or constant not found in `Region`
[INFO] [stdout] 
[INFO] [stdout] 
[INFO] [stdout] error[E0599]: no variant, associated function, or constant named `Eu868` found for enum `Region` in the current scope
[INFO] [stdout]     --> src/device/tests.rs:1543:39
[INFO] [stdout]      |
[INFO] [stdout] 1543 |     let mut resumed = rebuilt(Region::Eu868.plan(), settings());
[INFO] [stdout]      |                                       ^^^^^ variant, associated function, or constant not found in `Region`
[INFO] [stdout] 
[INFO] [stdout] 
[INFO] [stdout] error[E0599]: no variant, associated function, or constant named `Eu868` found for enum `Region` in the current scope
[INFO] [stdout]     --> src/device/tests.rs:1578:54
[INFO] [stdout]      |
[INFO] [stdout] 1578 |     let (mut device, _network, now) = joined(Region::Eu868, settings());
[INFO] [stdout]      |                                                      ^^^^^ variant, associated function, or constant not found in `Region`
[INFO] [stdout] 
[INFO] [stdout] 
[INFO] [stdout] error[E0599]: no variant, associated function, or constant named `Eu868` found for enum `Region` in the current scope
[INFO] [stdout]     --> src/device/tests.rs:1584:39
[INFO] [stdout]      |
[INFO] [stdout] 1584 |     let mut resumed = rebuilt(Region::Eu868.plan(), settings());
[INFO] [stdout]      |                                       ^^^^^ variant, associated function, or constant not found in `Region`
[INFO] [stdout] 
[INFO] [stdout] 
[INFO] [stdout] error[E0599]: no variant, associated function, or constant named `Eu868` found for enum `Region` in the current scope
[INFO] [stdout]     --> src/device/tests.rs:1597:50
[INFO] [stdout]      |
[INFO] [stdout] 1597 |     let (device, _network, now) = joined(Region::Eu868, settings());
[INFO] [stdout]      |                                                  ^^^^^ variant, associated function, or constant not found in `Region`
[INFO] [stdout] 
[INFO] [stdout] 
[INFO] [stdout] error[E0599]: no variant, associated function, or constant named `In865` found for enum `Region` in the current scope
[INFO] [stdout]     --> src/device/tests.rs:1609:38
[INFO] [stdout]      |
[INFO] [stdout] 1609 |     let mut indian = rebuilt(Region::In865.plan(), settings());
[INFO] [stdout]      |                                      ^^^^^ variant, associated function, or constant not found in `Region`
[INFO] [stdout] 
[INFO] [stdout] 
[INFO] [stdout] error[E0599]: no variant, associated function, or constant named `Eu868` found for enum `Region` in the current scope
[INFO] [stdout]     --> src/device/tests.rs:1622:33
[INFO] [stdout]      |
[INFO] [stdout] 1622 |     let device = device(Region::Eu868, settings());
[INFO] [stdout]      |                                 ^^^^^ variant, associated function, or constant not found in `Region`
[INFO] [stdout] 
[INFO] [stdout] 
[INFO] [stdout] error[E0599]: no variant, associated function, or constant named `Eu868` found for enum `Region` in the current scope
[INFO] [stdout]     --> src/device/tests.rs:1625:54
[INFO] [stdout]      |
[INFO] [stdout] 1625 |     let (mut device, _network, now) = joined(Region::Eu868, settings());
[INFO] [stdout]      |                                                      ^^^^^ variant, associated function, or constant not found in `Region`
[INFO] [stdout] 
[INFO] [stdout] 
[INFO] [stdout] error[E0599]: no variant, associated function, or constant named `Cn470` found for enum `Region` in the current scope
[INFO] [stdout]     --> src/device/tests.rs:1634:37
[INFO] [stdout]      |
[INFO] [stdout] 1634 |     let mut device = device(Region::Cn470, settings());
[INFO] [stdout]      |                                     ^^^^^ variant, associated function, or constant not found in `Region`
[INFO] [stdout] 
[INFO] [stdout] 
[INFO] [stdout] error[E0599]: no variant, associated function, or constant named `Eu868` found for enum `Region` in the current scope
[INFO] [stdout]   --> src/relay/node_tests.rs:27:17
[INFO] [stdout]    |
[INFO] [stdout] 27 |         Region::Eu868.plan(),
[INFO] [stdout]    |                 ^^^^^ variant, associated function, or constant not found in `Region`
[INFO] [stdout] 
[INFO] [stdout] 
[INFO] [stdout] error[E0599]: no variant, associated function, or constant named `Eu868` found for enum `Region` in the current scope
[INFO] [stdout]   --> src/relay/node_tests.rs:39:52
[INFO] [stdout]    |
[INFO] [stdout] 39 |         .start(RelayConfig::region_default(Region::Eu868.plan()).expect("relay channels"))
[INFO] [stdout]    |                                                    ^^^^^ variant, associated function, or constant not found in `Region`
[INFO] [stdout] 
[INFO] [stdout] 
[INFO] [stdout] error[E0599]: no variant, associated function, or constant named `Eu868` found for enum `Region` in the current scope
[INFO] [stdout]    --> src/relay/node_tests.rs:270:25
[INFO] [stdout]     |
[INFO] [stdout] 270 |                 Region::Eu868.plan().relay_channel(0).expect("a channel"),
[INFO] [stdout]     |                         ^^^^^ variant, associated function, or constant not found in `Region`
[INFO] [stdout] 
[INFO] [stdout] 
[INFO] [stdout] error[E0599]: no variant, associated function, or constant named `Eu868` found for enum `Region` in the current scope
[INFO] [stdout]    --> src/relay/node_tests.rs:332:17
[INFO] [stdout]     |
[INFO] [stdout] 332 |         Region::Eu868.plan(),
[INFO] [stdout]     |                 ^^^^^ variant, associated function, or constant not found in `Region`
[INFO] [stdout] 
[INFO] [stdout] 
[INFO] [stdout] error[E0599]: no variant, associated function, or constant named `Eu868` found for enum `Region` in the current scope
[INFO] [stdout]    --> src/relay/node_tests.rs:341:27
[INFO] [stdout]     |
[INFO] [stdout] 341 |     let channel = Region::Eu868.plan().relay_channel(0).expect("a channel");
[INFO] [stdout]     |                           ^^^^^ variant, associated function, or constant not found in `Region`
[INFO] [stdout] 
[INFO] [stdout] 
[INFO] [stdout] error[E0599]: no variant, associated function, or constant named `Eu868` found for enum `Region` in the current scope
[INFO] [stdout]    --> src/relay/node_tests.rs:389:17
[INFO] [stdout]     |
[INFO] [stdout] 389 |         Region::Eu868.plan().relay_channel(1).expect("a channel"),
[INFO] [stdout]     |                 ^^^^^ variant, associated function, or constant not found in `Region`
[INFO] [stdout] 
[INFO] [stdout] 
[INFO] [stdout] error[E0599]: no variant, associated function, or constant named `Eu868` found for enum `Region` in the current scope
[INFO] [stdout]    --> src/relay/tests.rs:346:28
[INFO] [stdout]     |
[INFO] [stdout] 346 |     for region in [Region::Eu868, Region::Us915, Region::As923] {
[INFO] [stdout]     |                            ^^^^^ variant, associated function, or constant not found in `Region`
[INFO] [stdout] 
[INFO] [stdout] 
[INFO] [stdout] error[E0599]: no variant, associated function, or constant named `Us915` found for enum `Region` in the current scope
[INFO] [stdout]    --> src/relay/tests.rs:346:43
[INFO] [stdout]     |
[INFO] [stdout] 346 |     for region in [Region::Eu868, Region::Us915, Region::As923] {
[INFO] [stdout]     |                                           ^^^^^ variant, associated function, or constant not found in `Region`
[INFO] [stdout] 
[INFO] [stdout] 
[INFO] [stdout] error[E0599]: no variant, associated function, or constant named `As923` found for enum `Region` in the current scope
[INFO] [stdout]    --> src/relay/tests.rs:346:58
[INFO] [stdout]     |
[INFO] [stdout] 346 |     for region in [Region::Eu868, Region::Us915, Region::As923] {
[INFO] [stdout]     |                                                          ^^^^^ variant, associated function, or constant not found in `Region`
[INFO] [stdout] 
[INFO] [stdout] 
[INFO] [stdout] Some errors have detailed explanations: E0432, E0599.
[INFO] [stdout] 
[INFO] [stdout] For more information about an error, try `rustc --explain E0432`.
[INFO] [stdout] 
[INFO] [stderr] error: could not compile `pamoja-lorawan` (lib test) due to 90 previous errors
[INFO] running `Command { std: "docker" "inspect" "1be38be15d095ee1f69d376cae9a01760f96f79c082f9f3969c21fbe962569b7", kill_on_drop: false }`
[INFO] running `Command { std: "docker" "rm" "-f" "1be38be15d095ee1f69d376cae9a01760f96f79c082f9f3969c21fbe962569b7", kill_on_drop: false }`
[INFO] [stdout] 1be38be15d095ee1f69d376cae9a01760f96f79c082f9f3969c21fbe962569b7
