[INFO] fetching crate pamoja-gateway 0.2.0...
[INFO] testing pamoja-gateway-0.2.0 against 1.99.0-beta.8+cargoflags=--release for beta-release-1.100-2
[INFO] extracting crate pamoja-gateway 0.2.0 into /workspace/builds/worker-5-tc1/source
[INFO] started tweaking crates.io crate pamoja-gateway 0.2.0
[INFO] finished tweaking crates.io crate pamoja-gateway 0.2.0
[INFO] tweaked toml for crates.io crate pamoja-gateway 0.2.0 written to /workspace/builds/worker-5-tc1/source/Cargo.toml
[INFO] validating manifest of crates.io crate pamoja-gateway 0.2.0 on toolchain 1.99.0-beta.8
[INFO] running `Command { std: CARGO_HOME="/workspace/cargo-home" RUSTUP_HOME="/workspace/rustup-home" "/workspace/cargo-home/bin/cargo" "+1.99.0-beta.8" "metadata" "--manifest-path" "Cargo.toml" "--no-deps", kill_on_drop: false }`
[INFO] crate crates.io crate pamoja-gateway 0.2.0 already has a lockfile, it will not be regenerated
[INFO] running `Command { std: CARGO_HOME="/workspace/cargo-home" RUSTUP_HOME="/workspace/rustup-home" "/workspace/cargo-home/bin/cargo" "+1.99.0-beta.8" "fetch" "--manifest-path" "Cargo.toml", kill_on_drop: false }`
[INFO] [stderr]     Updating crates.io index
[INFO] [stderr]  Downloading crates ...
[INFO] [stderr]   Downloaded pamoja-mesh v0.2.0
[INFO] [stderr]   Downloaded pamoja-lora v0.2.0
[INFO] [stderr]   Downloaded pamoja-loopback v0.2.0
[INFO] [stderr]   Downloaded linux-embedded-hal v0.5.0
[INFO] [stderr]   Downloaded nb v1.1.0
[INFO] [stderr]   Downloaded pamoja-core v0.2.0
[INFO] [stderr]   Downloaded gpio-cdev v0.6.0
[INFO] [stderr]   Downloaded embedded-hal v1.0.0
[INFO] [stderr]   Downloaded pamoja-hal v0.2.0
[INFO] [stderr]   Downloaded spidev v0.7.1
[INFO] [stderr]   Downloaded i2cdev v0.6.2
[INFO] [stderr]   Downloaded aes v0.9.3
[INFO] [stderr]   Downloaded pamoja-radios v0.2.0
[INFO] [stderr]   Downloaded pamoja-lorawan v0.2.0
[INFO] [stderr]   Downloaded nix v0.27.1
[INFO] running `Command { std: "docker" "create" "-v" "/var/lib/crater-agent-workspace/builds/worker-5-tc1/source:/opt/rustwide/workdir:ro,Z" "-v" "/var/lib/crater-agent-workspace/builds/worker-5-tc1/target:/opt/rustwide/target:rw,Z" "-v" "/var/lib/crater-agent-workspace/cargo-home:/opt/rustwide/cargo-home:ro,Z" "-v" "/var/lib/crater-agent-workspace/rustup-home:/opt/rustwide/rustup-home:ro,Z" "-m" "1610612736" "--network" "none" "ghcr.io/rust-lang/crates-build-env/linux@sha256:77db811e55d90add9212f6832c23229e3de5f1c1f9905e8cb07319ea15df73ac" "sleep" "infinity", kill_on_drop: false }`
[INFO] [stdout] 656dd599b4bab29bdfa3b91d1f6236856bb21365c9ca642b680d817c5a782993
[INFO] running `Command { std: "docker" "start" "656dd599b4bab29bdfa3b91d1f6236856bb21365c9ca642b680d817c5a782993", kill_on_drop: false }`
[INFO] running `Command { std: "docker" "inspect" "656dd599b4bab29bdfa3b91d1f6236856bb21365c9ca642b680d817c5a782993", kill_on_drop: false }`
[INFO] running `Command { std: "docker" "exec" "-e" "SOURCE_DIR=/opt/rustwide/workdir" "-e" "CARGO_HOME=/opt/rustwide/cargo-home" "-e" "RUSTUP_HOME=/opt/rustwide/rustup-home" "-e" "CARGO_TARGET_DIR=/opt/rustwide/target" "-w" "/opt/rustwide/workdir" "--user" "0:0" "656dd599b4bab29bdfa3b91d1f6236856bb21365c9ca642b680d817c5a782993" "/opt/rustwide/cargo-home/bin/cargo" "+1.99.0-beta.8" "metadata" "--no-deps" "--format-version=1", kill_on_drop: false }`
[INFO] running `Command { std: "docker" "inspect" "656dd599b4bab29bdfa3b91d1f6236856bb21365c9ca642b680d817c5a782993", kill_on_drop: false }`
[INFO] running `Command { std: "docker" "exec" "-e" "SOURCE_DIR=/opt/rustwide/workdir" "-e" "CARGO_HOME=/opt/rustwide/cargo-home" "-e" "RUSTUP_HOME=/opt/rustwide/rustup-home" "-e" "CARGO_TARGET_DIR=/opt/rustwide/target" "-e" "CARGO_INCREMENTAL=0" "-e" "RUST_BACKTRACE=full" "-e" "RUSTFLAGS=--cap-lints=warn" "-e" "RUSTDOCFLAGS=--cap-lints=warn" "-w" "/opt/rustwide/workdir" "--user" "0:0" "656dd599b4bab29bdfa3b91d1f6236856bb21365c9ca642b680d817c5a782993" "/opt/rustwide/cargo-home/bin/cargo" "+1.99.0-beta.8" "build" "--frozen" "--message-format=json" "--release", kill_on_drop: false }`
[INFO] [stderr]    Compiling typenum v1.20.1
[INFO] [stderr]    Compiling serde_core v1.0.229
[INFO] [stderr]    Compiling serde_json v1.0.151
[INFO] [stderr]    Compiling cpubits v0.1.1
[INFO] [stderr]    Compiling memchr v2.8.2
[INFO] [stderr]    Compiling pamoja-lora v0.2.0
[INFO] [stderr]    Compiling hybrid-array v0.4.13
[INFO] [stderr]    Compiling inout v0.2.2
[INFO] [stderr]    Compiling crypto-common v0.2.2
[INFO] [stderr]    Compiling cipher v0.5.2
[INFO] [stderr]    Compiling aes v0.9.3
[INFO] [stderr]    Compiling pamoja-lorawan v0.2.0
[INFO] [stderr]    Compiling pamoja-gateway v0.2.0 (/opt/rustwide/workdir)
[INFO] [stderr]     Finished `release` profile [optimized] target(s) in 18.88s
[INFO] running `Command { std: "docker" "inspect" "656dd599b4bab29bdfa3b91d1f6236856bb21365c9ca642b680d817c5a782993", kill_on_drop: false }`
[INFO] running `Command { std: "docker" "exec" "-e" "SOURCE_DIR=/opt/rustwide/workdir" "-e" "CARGO_HOME=/opt/rustwide/cargo-home" "-e" "RUSTUP_HOME=/opt/rustwide/rustup-home" "-e" "CARGO_TARGET_DIR=/opt/rustwide/target" "-e" "CARGO_INCREMENTAL=0" "-e" "RUST_BACKTRACE=full" "-e" "RUSTFLAGS=--cap-lints=warn" "-e" "RUSTDOCFLAGS=--cap-lints=warn" "-w" "/opt/rustwide/workdir" "--user" "0:0" "656dd599b4bab29bdfa3b91d1f6236856bb21365c9ca642b680d817c5a782993" "/opt/rustwide/cargo-home/bin/cargo" "+1.99.0-beta.8" "test" "--frozen" "--no-run" "--message-format=json" "--release", kill_on_drop: false }`
[INFO] [stderr]    Compiling quote v1.0.47
[INFO] [stderr]    Compiling socket2 v0.6.4
[INFO] [stderr]    Compiling mio v1.2.1
[INFO] [stderr]    Compiling pamoja-core v0.2.0
[INFO] [stderr]    Compiling syn v2.0.119
[INFO] [stderr]    Compiling tokio-macros v2.7.0
[INFO] [stderr]    Compiling tokio v1.53.1
[INFO] [stderr]    Compiling pamoja-loopback v0.2.0
[INFO] [stderr]    Compiling pamoja-gateway v0.2.0 (/opt/rustwide/workdir)
[INFO] [stdout] error[E0432]: unresolved import `pamoja_lora::region::Cn470Plan`
[INFO] [stdout]     --> src/network.rs:1220:31
[INFO] [stdout]      |
[INFO] [stdout] 1220 |     use pamoja_lora::region::{Cn470Plan, Region};
[INFO] [stdout]      |                               ^^^^^^^^^ no `Cn470Plan` in `region`
[INFO] [stdout]      |
[INFO] [stdout] note: found an item that was configured out
[INFO] [stdout]     --> /opt/rustwide/cargo-home/registry/src/index.crates.io-1949cf8c6b5b557f/pamoja-lora-0.2.0/src/region/mod.rs:84:16
[INFO] [stdout]      |
[INFO] [stdout]   83 | #[cfg(feature = "cn470")]
[INFO] [stdout]      |       ----------------- the item is gated behind the `cn470` feature
[INFO] [stdout]   84 | pub use plans::Cn470Plan;
[INFO] [stdout]      |                ^^^^^^^^^
[INFO] [stdout] 
[INFO] [stdout] 
[INFO] [stdout] error[E0599]: no variant, associated function, or constant named `Eu868` found for enum `Region` in the current scope
[INFO] [stdout]     --> src/network.rs:1232:34
[INFO] [stdout]      |
[INFO] [stdout] 1232 |             Network::new(Region::Eu868.plan(), 0x00_00_2A).with_first_dev_addr(0x2601_0001);
[INFO] [stdout]      |                                  ^^^^^ variant, associated function, or constant not found in `Region`
[INFO] [stdout] 
[INFO] [stdout] 
[INFO] [stdout] error[E0599]: no variant, associated function, or constant named `Eu868` found for enum `Region` in the current scope
[INFO] [stdout]     --> src/network.rs:1407:38
[INFO] [stdout]      |
[INFO] [stdout] 1407 |                 Network::new(Region::Eu868.plan(), 0x00_00_2A).with_first_dev_addr(0x2601_0001);
[INFO] [stdout]      |                                      ^^^^^ variant, associated function, or constant not found in `Region`
[INFO] [stdout] 
[INFO] [stdout] 
[INFO] [stdout] error[E0599]: no variant, associated function, or constant named `Us915` found for enum `Region` in the current scope
[INFO] [stdout]     --> src/network.rs:1588:48
[INFO] [stdout]      |
[INFO] [stdout] 1588 |         let mut network = Network::new(Region::Us915.plan(), 0x00_00_2A);
[INFO] [stdout]      |                                                ^^^^^ variant, associated function, or constant not found in `Region`
[INFO] [stdout] 
[INFO] [stdout] 
[INFO] [stdout] error[E0599]: no variant, associated function, or constant named `Cn470` found for enum `Region` in the current scope
[INFO] [stdout]     --> src/network.rs:1630:48
[INFO] [stdout]      |
[INFO] [stdout] 1630 |         let mut network = Network::new(Region::Cn470.plan(), 0x00_00_2A);
[INFO] [stdout]      |                                                ^^^^^ variant, associated function, or constant not found in `Region`
[INFO] [stdout] 
[INFO] [stdout] 
[INFO] [stdout] error[E0599]: no variant, associated function, or constant named `Us915` found for enum `Region` in the current scope
[INFO] [stdout]     --> src/network.rs:1637:48
[INFO] [stdout]      |
[INFO] [stdout] 1637 |         let mut network = Network::new(Region::Us915.plan(), 0x00_00_2A)
[INFO] [stdout]      |                                                ^^^^^ variant, associated function, or constant not found in `Region`
[INFO] [stdout] 
[INFO] [stdout] 
[INFO] [stdout] Some errors have detailed explanations: E0432, E0599.
[INFO] [stdout] 
[INFO] [stdout] For more information about an error, try `rustc --explain E0432`.
[INFO] [stdout] 
[INFO] [stderr] error: could not compile `pamoja-gateway` (lib test) due to 6 previous errors
[INFO] running `Command { std: "docker" "inspect" "656dd599b4bab29bdfa3b91d1f6236856bb21365c9ca642b680d817c5a782993", kill_on_drop: false }`
[INFO] running `Command { std: "docker" "rm" "-f" "656dd599b4bab29bdfa3b91d1f6236856bb21365c9ca642b680d817c5a782993", kill_on_drop: false }`
[INFO] [stdout] 656dd599b4bab29bdfa3b91d1f6236856bb21365c9ca642b680d817c5a782993
