[INFO] fetching crate pallet-revive 0.20.0...
[INFO] testing pallet-revive-0.20.0 against 1.100.0-beta.1+cargoflags=--release for beta-release-1.100-2
[INFO] extracting crate pallet-revive 0.20.0 into /workspace/builds/worker-7-tc2/source
[INFO] started tweaking crates.io crate pallet-revive 0.20.0
[INFO] finished tweaking crates.io crate pallet-revive 0.20.0
[INFO] tweaked toml for crates.io crate pallet-revive 0.20.0 written to /workspace/builds/worker-7-tc2/source/Cargo.toml
[INFO] validating manifest of crates.io crate pallet-revive 0.20.0 on toolchain 1.100.0-beta.1
[INFO] running `Command { std: CARGO_HOME="/workspace/cargo-home" RUSTUP_HOME="/workspace/rustup-home" "/workspace/cargo-home/bin/cargo" "+1.100.0-beta.1" "metadata" "--manifest-path" "Cargo.toml" "--no-deps", kill_on_drop: false }`
[INFO] crate crates.io crate pallet-revive 0.20.0 already has a lockfile, it will not be regenerated
[INFO] running `Command { std: CARGO_HOME="/workspace/cargo-home" RUSTUP_HOME="/workspace/rustup-home" "/workspace/cargo-home/bin/cargo" "+1.100.0-beta.1" "fetch" "--manifest-path" "Cargo.toml", kill_on_drop: false }`
[INFO] [stderr] warning: Cargo.toml: `lints.clippy.borrowed-box` is deprecated in favor of `lints.clippy.borrowed_box` and will not work in a future edition
[INFO] [stderr] warning: Cargo.toml: `lints.clippy.extra-unused-type-parameters` is deprecated in favor of `lints.clippy.extra_unused_type_parameters` and will not work in a future edition
[INFO] [stderr] warning: Cargo.toml: `lints.clippy.identity-op` is deprecated in favor of `lints.clippy.identity_op` and will not work in a future edition
[INFO] [stderr] warning: Cargo.toml: `lints.clippy.if-same-then-else` is deprecated in favor of `lints.clippy.if_same_then_else` and will not work in a future edition
[INFO] [stderr] warning: Cargo.toml: `lints.clippy.needless-lifetimes` is deprecated in favor of `lints.clippy.needless_lifetimes` and will not work in a future edition
[INFO] [stderr] warning: Cargo.toml: `lints.clippy.nonminimal-bool` is deprecated in favor of `lints.clippy.nonminimal_bool` and will not work in a future edition
[INFO] [stderr] warning: Cargo.toml: `lints.clippy.option-map-unit-fn` is deprecated in favor of `lints.clippy.option_map_unit_fn` and will not work in a future edition
[INFO] [stderr] warning: Cargo.toml: `lints.clippy.too-many-arguments` is deprecated in favor of `lints.clippy.too_many_arguments` and will not work in a future edition
[INFO] [stderr] warning: Cargo.toml: `lints.clippy.zero-prefixed-literal` is deprecated in favor of `lints.clippy.zero_prefixed_literal` and will not work in a future edition
[INFO] [stderr] warning: `pallet-revive` (manifest) generated 9 warnings
[INFO] running `Command { std: "docker" "create" "-v" "/var/lib/crater-agent-workspace/builds/worker-7-tc2/source:/opt/rustwide/workdir:ro,Z" "-v" "/var/lib/crater-agent-workspace/builds/worker-7-tc2/target:/opt/rustwide/target:rw,Z" "-v" "/var/lib/crater-agent-workspace/cargo-home:/opt/rustwide/cargo-home:ro,Z" "-v" "/var/lib/crater-agent-workspace/rustup-home:/opt/rustwide/rustup-home:ro,Z" "-m" "1610612736" "--network" "none" "ghcr.io/rust-lang/crates-build-env/linux@sha256:77db811e55d90add9212f6832c23229e3de5f1c1f9905e8cb07319ea15df73ac" "sleep" "infinity", kill_on_drop: false }`
[INFO] [stdout] 3c1228870cc3b0e3874b66fe016bcacfa2d7c304bcdadb0033a258c11d315826
[INFO] running `Command { std: "docker" "start" "3c1228870cc3b0e3874b66fe016bcacfa2d7c304bcdadb0033a258c11d315826", kill_on_drop: false }`
[INFO] running `Command { std: "docker" "inspect" "3c1228870cc3b0e3874b66fe016bcacfa2d7c304bcdadb0033a258c11d315826", kill_on_drop: false }`
[INFO] running `Command { std: "docker" "exec" "-e" "SOURCE_DIR=/opt/rustwide/workdir" "-e" "CARGO_HOME=/opt/rustwide/cargo-home" "-e" "RUSTUP_HOME=/opt/rustwide/rustup-home" "-e" "CARGO_TARGET_DIR=/opt/rustwide/target" "-w" "/opt/rustwide/workdir" "--user" "0:0" "3c1228870cc3b0e3874b66fe016bcacfa2d7c304bcdadb0033a258c11d315826" "/opt/rustwide/cargo-home/bin/cargo" "+1.100.0-beta.1" "metadata" "--no-deps" "--format-version=1", kill_on_drop: false }`
[INFO] running `Command { std: "docker" "inspect" "3c1228870cc3b0e3874b66fe016bcacfa2d7c304bcdadb0033a258c11d315826", kill_on_drop: false }`
[INFO] running `Command { std: "docker" "exec" "-e" "SOURCE_DIR=/opt/rustwide/workdir" "-e" "CARGO_HOME=/opt/rustwide/cargo-home" "-e" "RUSTUP_HOME=/opt/rustwide/rustup-home" "-e" "CARGO_TARGET_DIR=/opt/rustwide/target" "-e" "CARGO_INCREMENTAL=0" "-e" "RUST_BACKTRACE=full" "-e" "RUSTFLAGS=--cap-lints=warn" "-e" "RUSTDOCFLAGS=--cap-lints=warn" "-w" "/opt/rustwide/workdir" "--user" "0:0" "3c1228870cc3b0e3874b66fe016bcacfa2d7c304bcdadb0033a258c11d315826" "/opt/rustwide/cargo-home/bin/cargo" "+1.100.0-beta.1" "build" "--frozen" "--message-format=json" "--release", kill_on_drop: false }`
[INFO] [stderr] warning: Cargo.toml: `lints.clippy.borrowed-box` is deprecated in favor of `lints.clippy.borrowed_box` and will not work in a future edition
[INFO] [stderr] warning: Cargo.toml: `lints.clippy.extra-unused-type-parameters` is deprecated in favor of `lints.clippy.extra_unused_type_parameters` and will not work in a future edition
[INFO] [stderr] warning: Cargo.toml: `lints.clippy.identity-op` is deprecated in favor of `lints.clippy.identity_op` and will not work in a future edition
[INFO] [stderr] warning: Cargo.toml: `lints.clippy.if-same-then-else` is deprecated in favor of `lints.clippy.if_same_then_else` and will not work in a future edition
[INFO] [stderr] warning: Cargo.toml: `lints.clippy.needless-lifetimes` is deprecated in favor of `lints.clippy.needless_lifetimes` and will not work in a future edition
[INFO] [stderr] warning: Cargo.toml: `lints.clippy.nonminimal-bool` is deprecated in favor of `lints.clippy.nonminimal_bool` and will not work in a future edition
[INFO] [stderr] warning: Cargo.toml: `lints.clippy.option-map-unit-fn` is deprecated in favor of `lints.clippy.option_map_unit_fn` and will not work in a future edition
[INFO] [stderr] warning: Cargo.toml: `lints.clippy.too-many-arguments` is deprecated in favor of `lints.clippy.too_many_arguments` and will not work in a future edition
[INFO] [stderr] warning: Cargo.toml: `lints.clippy.zero-prefixed-literal` is deprecated in favor of `lints.clippy.zero_prefixed_literal` and will not work in a future edition
[INFO] [stderr] warning: `pallet-revive` (manifest) generated 9 warnings
[INFO] [stderr]    Compiling unicode-ident v1.0.11
[INFO] [stderr]    Compiling hashbrown v0.15.3
[INFO] [stderr]    Compiling equivalent v1.0.1
[INFO] [stderr]    Compiling unicode-xid v0.2.4
[INFO] [stderr]    Compiling getrandom v0.2.10
[INFO] [stderr]    Compiling generic-array v0.14.7
[INFO] [stderr]    Compiling winnow v0.5.15
[INFO] [stderr]    Compiling rustversion v1.0.17
[INFO] [stderr]    Compiling typenum v1.20.0
[INFO] [stderr]    Compiling proc-macro2 v1.0.95
[INFO] [stderr]    Compiling subtle v2.6.1
[INFO] [stderr]    Compiling rand_core v0.6.4
[INFO] [stderr]    Compiling const-oid v0.9.5
[INFO] [stderr]    Compiling itoa v1.0.9
[INFO] [stderr]    Compiling cpufeatures v0.2.9
[INFO] [stderr]    Compiling num-traits v0.2.19
[INFO] [stderr]    Compiling rand_chacha v0.3.1
[INFO] [stderr]    Compiling quote v1.0.40
[INFO] [stderr]    Compiling syn v2.0.98
[INFO] [stderr]    Compiling indexmap v2.9.0
[INFO] [stderr]    Compiling const_format_proc_macros v0.2.34
[INFO] [stderr]    Compiling keccak v0.1.4
[INFO] [stderr]    Compiling rand v0.8.5
[INFO] [stderr]    Compiling ff v0.13.0
[INFO] [stderr]    Compiling const_format v0.2.34
[INFO] [stderr]    Compiling group v0.13.0
[INFO] [stderr]    Compiling parity-scale-codec v3.7.5
[INFO] [stderr]    Compiling byte-slice-cast v1.2.3
[INFO] [stderr]    Compiling crunchy v0.2.2
[INFO] [stderr]    Compiling foldhash v0.1.5
[INFO] [stderr]    Compiling byteorder v1.5.0
[INFO] [stderr]    Compiling pin-project-lite v0.2.14
[INFO] [stderr]    Compiling cc v1.2.58
[INFO] [stderr]    Compiling rustc-hex v2.1.0
[INFO] [stderr]    Compiling arrayref v0.3.7
[INFO] [stderr]    Compiling aho-corasick v1.0.4
[INFO] [stderr]    Compiling integer-sqrt v0.1.5
[INFO] [stderr]    Compiling regex-syntax v0.8.5
[INFO] [stderr]    Compiling tracing-core v0.1.36
[INFO] [stderr]    Compiling ppv-lite86 v0.2.17
[INFO] [stderr]    Compiling crypto-common v0.1.6
[INFO] [stderr]    Compiling block-buffer v0.10.4
[INFO] [stderr]    Compiling digest v0.10.7
[INFO] [stderr]    Compiling fixed-hash v0.8.0
[INFO] [stderr]    Compiling uint v0.10.0
[INFO] [stderr]    Compiling slab v0.4.9
[INFO] [stderr]    Compiling ahash v0.8.11
[INFO] [stderr]    Compiling impl-num-traits v0.2.0
[INFO] [stderr]    Compiling lock_api v0.4.10
[INFO] [stderr]    Compiling zerocopy v0.7.32
[INFO] [stderr]    Compiling parking_lot_core v0.9.8
[INFO] [stderr]    Compiling hashbrown v0.16.1
[INFO] [stderr]    Compiling semver v1.0.18
[INFO] [stderr]    Compiling constant_time_eq v0.3.0
[INFO] [stderr]    Compiling proc-macro-warning v1.0.0
[INFO] [stderr]    Compiling lazy_static v1.5.0
[INFO] [stderr]    Compiling rustc_version v0.4.0
[INFO] [stderr]    Compiling digest v0.9.0
[INFO] [stderr]    Compiling socket2 v0.5.9
[INFO] [stderr]    Compiling mio v1.0.2
[INFO] [stderr]    Compiling curve25519-dalek v4.1.3
[INFO] [stderr]    Compiling spin v0.9.8
[INFO] [stderr]    Compiling libsecp256k1-core v0.3.0
[INFO] [stderr]    Compiling blake2b_simd v1.0.2
[INFO] [stderr]    Compiling num_cpus v1.16.0
[INFO] [stderr]    Compiling regex-automata v0.4.8
[INFO] [stderr]    Compiling ref-cast v1.0.23
[INFO] [stderr]    Compiling bitcoin-internals v0.2.0
[INFO] [stderr]    Compiling serde_json v1.0.150
[INFO] [stderr]    Compiling sha3 v0.10.8
[INFO] [stderr]    Compiling jam-codec v0.1.0
[INFO] [stderr]    Compiling thiserror v1.0.65
[INFO] [stderr]    Compiling hash-db v0.16.0
[INFO] [stderr]    Compiling prettyplease v0.2.12
[INFO] [stderr]    Compiling base64ct v1.6.0
[INFO] [stderr]    Compiling winnow v0.6.18
[INFO] [stderr]    Compiling password-hash v0.5.0
[INFO] [stderr]    Compiling tinyvec v1.6.0
[INFO] [stderr]    Compiling libsecp256k1-gen-ecmult v0.3.0
[INFO] [stderr]    Compiling libsecp256k1-gen-genmult v0.3.0
[INFO] [stderr]    Compiling secp256k1-sys v0.9.2
[INFO] [stderr]    Compiling serde_derive v1.0.228
[INFO] [stderr]    Compiling zeroize_derive v1.4.2
[INFO] [stderr]    Compiling impl-trait-for-tuples v0.2.3
[INFO] [stderr]    Compiling derive_more-impl v1.0.0
[INFO] [stderr]    Compiling zeroize v1.8.1
[INFO] [stderr]    Compiling der v0.7.8
[INFO] [stderr]    Compiling derive_more v1.0.0
[INFO] [stderr]    Compiling regex v1.11.1
[INFO] [stderr]    Compiling crypto-bigint v0.5.2
[INFO] [stderr]    Compiling sha2 v0.10.9
[INFO] [stderr]    Compiling signature v2.1.0
[INFO] [stderr]    Compiling hmac v0.12.1
[INFO] [stderr]    Compiling rfc6979 v0.4.0
[INFO] [stderr]    Compiling tracing-attributes v0.1.31
[INFO] [stderr]    Compiling thiserror-impl v2.0.18
[INFO] [stderr]    Compiling spki v0.7.3
[INFO] [stderr]    Compiling pkcs8 v0.10.2
[INFO] [stderr]    Compiling futures-macro v0.3.31
[INFO] [stderr]    Compiling tracing v0.1.44
[INFO] [stderr]    Compiling alloy-rlp-derive v0.3.12
[INFO] [stderr]    Compiling serde v1.0.228
[INFO] [stderr]    Compiling Inflector v0.11.4
[INFO] [stderr]    Compiling derive_more-impl v2.0.1
[INFO] [stderr]    Compiling curve25519-dalek-derive v0.1.0
[INFO] [stderr]    Compiling futures-util v0.3.31
[INFO] [stderr]    Compiling derive-syn-parse v0.2.0
[INFO] [stderr]    Compiling twox-hash v1.6.3
[INFO] [stderr]    Compiling bytes v1.11.1
[INFO] [stderr]    Compiling smallvec v1.15.0
[INFO] [stderr]    Compiling toml_datetime v0.6.8
[INFO] [stderr]    Compiling toml_edit v0.21.0
[INFO] [stderr]    Compiling serdect v0.2.0
[INFO] [stderr]    Compiling either v1.15.0
[INFO] [stderr]    Compiling sec1 v0.7.3
[INFO] [stderr]    Compiling impl-serde v0.5.0
[INFO] [stderr]    Compiling elliptic-curve v0.13.8
[INFO] [stderr]    Compiling rlp v0.6.1
[INFO] [stderr]    Compiling impl-rlp v0.4.0
[INFO] [stderr]    Compiling ecdsa v0.16.8
[INFO] [stderr]    Compiling parking_lot v0.12.3
[INFO] [stderr]    Compiling alloy-rlp v0.3.12
[INFO] [stderr]    Compiling ruint v1.17.2
[INFO] [stderr]    Compiling const-hex v1.14.0
[INFO] [stderr]    Compiling k256 v0.13.4
[INFO] [stderr]    Compiling tokio v1.45.0
[INFO] [stderr]    Compiling proc-macro-crate v3.1.0
[INFO] [stderr]    Compiling http v1.1.0
[INFO] [stderr]    Compiling parity-scale-codec-derive v3.7.5
[INFO] [stderr]    Compiling scale-info-derive v2.11.6
[INFO] [stderr]    Compiling derive_more v2.0.1
[INFO] [stderr]    Compiling alloy-primitives v1.5.7
[INFO] [stderr]    Compiling futures-executor v0.3.31
[INFO] [stderr]    Compiling sp-crypto-hashing v0.1.0
[INFO] [stderr]    Compiling serde_spanned v0.6.7
[INFO] [stderr]    Compiling scale-info v2.11.6
[INFO] [stderr]    Compiling impl-codec v0.7.1
[INFO] [stderr]    Compiling blake2 v0.10.6
[INFO] [stderr]    Compiling ref-cast-impl v1.0.23
[INFO] [stderr]    Compiling sp-debug-derive v15.0.0
[INFO] [stderr]    Compiling toml_edit v0.22.22
[INFO] [stderr]    Compiling futures v0.3.31
[INFO] [stderr]    Compiling jam-codec-derive v0.1.0
[INFO] [stderr]    Compiling serde_bytes v0.11.12
[INFO] [stderr]    Compiling merlin v3.0.0
[INFO] [stderr]    Compiling thiserror-impl v1.0.65
[INFO] [stderr]    Compiling getrandom_or_panic v0.0.3
[INFO] [stderr]    Compiling hex-conservative v0.1.1
[INFO] [stderr]    Compiling primitive-types v0.13.1
[INFO] [stderr]    Compiling tokio-util v0.7.15
[INFO] [stderr]    Compiling httparse v1.10.0
[INFO] [stderr]    Compiling thiserror v2.0.18
[INFO] [stderr]    Compiling bitcoin_hashes v0.13.0
[INFO] [stderr]    Compiling schnorrkel v0.11.4
[INFO] [stderr]    Compiling toml v0.8.19
[INFO] [stderr]    Compiling sp-storage v25.0.0
[INFO] [stderr]    Compiling http-body v1.0.0
[INFO] [stderr]    Compiling ss58-registry v1.43.0
[INFO] [stderr]    Compiling bs58 v0.5.1
[INFO] [stderr]    Compiling ed25519 v2.2.3
[INFO] [stderr]    Compiling pbkdf2 v0.12.2
[INFO] [stderr]    Compiling block-buffer v0.9.0
[INFO] [stderr]    Compiling libsecp256k1 v0.7.1
[INFO] [stderr]    Compiling unicode-normalization v0.1.22
[INFO] [stderr]    Compiling opaque-debug v0.3.0
[INFO] [stderr]    Compiling expander v2.2.1
[INFO] [stderr]    Compiling atomic-waker v1.1.1
[INFO] [stderr]    Compiling common-path v1.0.0
[INFO] [stderr]    Compiling environmental v1.1.4
[INFO] [stderr]    Compiling termcolor v1.2.0
[INFO] [stderr]    Compiling sp-externalities v0.34.0
[INFO] [stderr]    Compiling bip39 v2.2.0
[INFO] [stderr]    Compiling docify_macros v0.2.9
[INFO] [stderr]    Compiling h2 v0.4.5
[INFO] [stderr]    Compiling sha2 v0.9.9
[INFO] [stderr]    Compiling bounded-collections v0.3.2
[INFO] [stderr]    Compiling file-guard v0.2.0
[INFO] [stderr]    Compiling num-format v0.4.4
[INFO] [stderr]    Compiling sp-std v14.0.0
[INFO] [stderr]    Compiling base64 v0.13.1
[INFO] [stderr]    Compiling prometheus v0.13.3
[INFO] [stderr]    Compiling fs-err v2.9.0
[INFO] [stderr]    Compiling deranged v0.5.8
[INFO] [stderr]    Compiling ed25519-zebra v4.1.0
[INFO] [stderr]    Compiling substrate-bip39 v0.6.1
[INFO] [stderr]    Compiling itertools v0.11.0
[INFO] [stderr]    Compiling secrecy v0.8.0
[INFO] [stderr]    Compiling backtrace v0.3.71
[INFO] [stderr]    Compiling hash256-std-hasher v0.15.2
[INFO] [stderr]    Compiling array-bytes v6.2.2
[INFO] [stderr]    Compiling dyn-clone v1.0.17
[INFO] [stderr]    Compiling time-core v0.1.8
[INFO] [stderr]    Compiling num-conv v0.2.1
[INFO] [stderr]    Compiling adler v1.0.2
[INFO] [stderr]    Compiling gimli v0.28.0
[INFO] [stderr]    Compiling miniz_oxide v0.7.1
[INFO] [stderr]    Compiling time v0.3.47
[INFO] [stderr]    Compiling http-body-util v0.1.2
[INFO] [stderr]    Compiling sharded-slab v0.1.4
[INFO] [stderr]    Compiling hyper v1.6.0
[INFO] [stderr]    Compiling addr2line v0.21.0
[INFO] [stderr]    Compiling tracing-log v0.2.0
[INFO] [stderr]    Compiling object v0.32.2
[INFO] [stderr]    Compiling thread_local v1.1.7
[INFO] [stderr]    Compiling rustc-demangle v0.1.23
[INFO] [stderr]    Compiling hashbrown v0.13.2
[INFO] [stderr]    Compiling tracing-subscriber v0.3.19
[INFO] [stderr]    Compiling secp256k1 v0.28.2
[INFO] [stderr]    Compiling hyper-util v0.1.17
[INFO] [stderr]    Compiling schnellru v0.2.3
[INFO] [stderr]    Compiling docify v0.2.9
[INFO] [stderr]    Compiling trie-db v0.32.0
[INFO] [stderr]    Compiling substrate-prometheus-endpoint v0.17.7
[INFO] [stderr]    Compiling sp-core v43.0.0
[INFO] [stderr]    Compiling trie-root v0.18.0
[INFO] [stderr]    Compiling memory-db v0.34.0
[INFO] [stderr]    Compiling synstructure v0.13.1
[INFO] [stderr]    Compiling static_assertions v1.1.0
[INFO] [stderr]    Compiling sp-trie v47.0.0
[INFO] [stderr]    Compiling sp-tracing v19.0.0
[INFO] [stderr]    Compiling sp-runtime-interface-proc-macro v21.0.1
[INFO] [stderr]    Compiling sp-wasm-interface v27.0.0
[INFO] [stderr]    Compiling sp-panic-handler v13.0.2
[INFO] [stderr]    Compiling sp-io v49.0.0
[INFO] [stderr]    Compiling sp-runtime-interface v37.0.1
[INFO] [stderr]    Compiling sp-state-machine v0.54.0
[INFO] [stderr]    Compiling sp-keystore v0.49.0
[INFO] [stderr]    Compiling zerofrom-derive v0.1.5
[INFO] [stderr]    Compiling ed25519-dalek v2.1.1
[INFO] [stderr]    Compiling toml_edit v0.19.15
[INFO] [stderr]    Compiling zerofrom v0.1.5
[INFO] [stderr]    Compiling yoke-derive v0.7.5
[INFO] [stderr]    Compiling sp-arithmetic v29.0.0
[INFO] [stderr]    Compiling derive-where v1.6.0
[INFO] [stderr]    Compiling strum_macros v0.26.4
[INFO] [stderr]    Compiling radium v0.7.0
[INFO] [stderr]    Compiling num-integer v0.1.46
[INFO] [stderr]    Compiling proc-macro-crate v1.3.1
[INFO] [stderr]    Compiling tap v1.0.1
[INFO] [stderr]    Compiling wyz v0.5.1
[INFO] [stderr]    Compiling yoke v0.7.5
[INFO] [stderr]    Compiling sp-weights v37.0.0
[INFO] [stderr]    Compiling num_enum_derive v0.7.6
[INFO] [stderr]    Compiling binary-merkle-tree v16.1.2
[INFO] [stderr]    Compiling zerovec-derive v0.10.3
[INFO] [stderr]    Compiling simple-mermaid v0.1.1
[INFO] [stderr]    Compiling tuplex v0.1.2
[INFO] [stderr]    Compiling strum v0.26.3
[INFO] [stderr]    Compiling funty v2.0.0
[INFO] [stderr]    Compiling darling_core v0.20.10
[INFO] [stderr]    Compiling num_enum v0.7.6
[INFO] [stderr]    Compiling bitvec v1.0.1
[INFO] [stderr]    Compiling phf_generator v0.11.3
[INFO] [stderr]    Compiling zerovec v0.10.4
[INFO] [stderr]    Compiling num-bigint v0.4.6
[INFO] [stderr]    Compiling sp-application-crypto v49.0.0
[INFO] [stderr]    Compiling sp-runtime v49.0.0
[INFO] [stderr]    Compiling frame-metadata v23.0.1
[INFO] [stderr]    Compiling displaydoc v0.2.4
[INFO] [stderr]    Compiling darling_macro v0.20.10
[INFO] [stderr]    Compiling phf_macros v0.11.3
[INFO] [stderr]    Compiling revm-primitives v20.2.1
[INFO] [stderr]    Compiling tiny-keccak v2.0.2
[INFO] [stderr]    Compiling phf v0.11.3
[INFO] [stderr]    Compiling darling v0.20.10
[INFO] [stderr]    Compiling tinystr v0.7.6
[INFO] [stderr]    Compiling enum-ordinalize-derive v4.3.1
[INFO] [stderr]    Compiling proc-macro-error-attr2 v2.0.0
[INFO] [stderr]    Compiling litemap v0.7.4
[INFO] [stderr]    Compiling enum-ordinalize v4.3.0
[INFO] [stderr]    Compiling icu_locid v1.5.0
[INFO] [stderr]    Compiling proc-macro-error2 v2.0.1
[INFO] [stderr]    Compiling revm-bytecode v6.2.2
[INFO] [stderr]    Compiling scale-type-resolver v0.2.0
[INFO] [stderr]    Compiling async-trait v0.1.88
[INFO] [stderr]    Compiling auto_impl v1.3.0
[INFO] [stderr]    Compiling icu_provider_macros v1.5.0
[INFO] [stderr]    Compiling ark-serialize-derive v0.5.0
[INFO] [stderr]    Compiling ark-std v0.5.0
[INFO] [stderr]    Compiling icu_provider v1.5.0
[INFO] [stderr]    Compiling ark-serialize v0.5.0
[INFO] [stderr]    Compiling const-random-macro v0.1.15
[INFO] [stderr]    Compiling ark-ff-macros v0.5.0
[INFO] [stderr]    Compiling educe v0.6.0
[INFO] [stderr]    Compiling itertools v0.13.0
[INFO] [stderr]    Compiling ark-ff-asm v0.5.0
[INFO] [stderr]    Compiling icu_locid_transform_data v1.5.0
[INFO] [stderr]    Compiling syn v1.0.109
[INFO] [stderr]    Compiling revm-state v7.0.5
[INFO] [stderr]    Compiling icu_locid_transform v1.5.0
[INFO] [stderr]    Compiling const-random v0.1.15
[INFO] [stderr]    Compiling scale-bits v0.7.0
[INFO] [stderr]    Compiling icu_collections v1.5.0
[INFO] [stderr]    Compiling sp-crypto-hashing-proc-macro v0.1.0
[INFO] [stderr]    Compiling alloy-eip7702 v0.6.3
[INFO] [stderr]    Compiling sp-version-proc-macro v15.0.0
[INFO] [stderr]    Compiling alloy-eip2930 v0.2.3
[INFO] [stderr]    Compiling macro_magic_core_macros v0.5.1
[INFO] [stderr]    Compiling syn-solidity v1.5.7
[INFO] [stderr]    Compiling macro-string v0.1.4
[INFO] [stderr]    Compiling num-iter v0.1.43
[INFO] [stderr]    Compiling num-rational v0.4.1
[INFO] [stderr]    Compiling dunce v1.0.4
[INFO] [stderr]    Compiling parity-wasm v0.45.0
[INFO] [stderr]    Compiling ark-ff v0.5.0
[INFO] [stderr]    Compiling icu_properties_data v1.5.0
[INFO] [stderr]    Compiling icu_properties v1.5.1
[INFO] [stderr]    Compiling macro_magic_core v0.5.1
[INFO] [stderr]    Compiling revm-database-interface v7.0.5
[INFO] [stderr]    Compiling sp-inherents v44.0.0
[INFO] [stderr]    Compiling sp-metadata-ir v0.15.0
[INFO] [stderr]    Compiling sp-version v47.0.0
[INFO] [stderr]    Compiling alloy-sol-macro-input v1.5.7
[INFO] [stderr]    Compiling scale-encode-derive v0.10.0
[INFO] [stderr]    Compiling scale-decode-derive v0.16.2
[INFO] [stderr]    Compiling sp-api-proc-macro v29.0.0
[INFO] [stderr]    Compiling darling_core v0.23.0
[INFO] [stderr]    Compiling proc-macro-error-attr v1.0.4
[INFO] [stderr]    Compiling icu_normalizer_data v1.5.0
[INFO] [stderr]    Compiling icu_normalizer v1.5.0
[INFO] [stderr]    Compiling scale-decode v0.16.2
[INFO] [stderr]    Compiling scale-encode v0.10.1
[INFO] [stderr]    Compiling alloy-sol-macro-expander v1.5.7
[INFO] [stderr]    Compiling macro_magic_macros v0.5.1
[INFO] [stderr]    Compiling ark-poly v0.5.0
[INFO] [stderr]    Compiling sp-api v44.0.0
[INFO] [stderr]    Compiling ripemd v0.1.3
[INFO] [stderr]    Compiling num-complex v0.4.4
[INFO] [stderr]    Compiling darling_macro v0.23.0
[INFO] [stderr]    Compiling proc-macro-error v1.0.4
[INFO] [stderr]    Compiling yap v0.12.0
[INFO] [stderr]    Compiling hashbrown v0.14.5
[INFO] [stderr]    Compiling num v0.4.1
[INFO] [stderr]    Compiling darling v0.23.0
[INFO] [stderr]    Compiling idna_adapter v1.2.0
[INFO] [stderr]    Compiling ark-ec v0.5.0
[INFO] [stderr]    Compiling revm-context-interface v9.0.0
[INFO] [stderr]    Compiling alloy-sol-macro v1.5.7
[INFO] [stderr]    Compiling primeorder v0.13.6
[INFO] [stderr]    Compiling smallstr v0.3.1
[INFO] [stderr]    Compiling frame-decode v0.17.2
[INFO] [stderr]    Compiling frame-support-procedural-tools-derive v12.0.0
[INFO] [stderr]    Compiling include_dir_macros v0.7.3
[INFO] [stderr]    Compiling percent-encoding v2.3.1
[INFO] [stderr]    Compiling ryu v1.0.15
[INFO] [stderr]    Compiling frame-support-procedural-tools v13.0.1
[INFO] [stderr]    Compiling scale-info-legacy v0.4.2
[INFO] [stderr]    Compiling include_dir v0.7.3
[INFO] [stderr]    Compiling form_urlencoded v1.2.1
[INFO] [stderr]    Compiling serde_yaml v0.9.34+deprecated
[INFO] [stderr]    Compiling p256 v0.13.2
[INFO] [stderr]    Compiling alloy-sol-types v1.5.7
[INFO] [stderr]    Compiling idna v1.0.3
[INFO] [stderr]    Compiling aurora-engine-modexp v1.2.0
[INFO] [stderr]    Compiling macro_magic v0.5.1
[INFO] [stderr]    Compiling itertools v0.10.5
[INFO] [stderr]    Compiling ark-bls12-381 v0.5.0
[INFO] [stderr]    Compiling subxt-metadata v0.50.2
[INFO] [stderr]    Compiling ark-bn254 v0.5.0
[INFO] [stderr]    Compiling scale-typegen v0.12.0
[INFO] [stderr]    Compiling cfg-expr v0.15.5
[INFO] [stderr]    Compiling secp256k1-sys v0.10.1
[INFO] [stderr]    Compiling blake3 v1.5.4
[INFO] [stderr]    Compiling picosimd v0.9.6
[INFO] [stderr]    Compiling base58 v0.2.0
[INFO] [stderr]    Compiling hex v0.4.3
[INFO] [stderr]    Compiling subxt-codegen v0.50.0
[INFO] [stderr]    Compiling subxt-utils-fetchmetadata v0.50.0
[INFO] [stderr]    Compiling frame-support-procedural v41.0.0
[INFO] [stderr]    Compiling revm-precompile v25.0.0
[INFO] [stderr]    Compiling alloy-core v1.2.1
[INFO] [stderr]    Compiling aquamarine v0.5.0
[INFO] [stderr]    Compiling url v2.5.4
[INFO] [stderr]    Compiling revm-interpreter v24.0.0
[INFO] [stderr]    Compiling revm-context v8.0.4
[INFO] [stderr]    Compiling serde_with_macros v3.21.0
[INFO] [stderr]    Compiling sp-genesis-builder v0.25.0
[INFO] [stderr]    Compiling sp-timestamp v44.0.0
[INFO] [stderr]    Compiling sp-staking v46.0.0
[INFO] [stderr]    Compiling subxt v0.50.2
[INFO] [stderr]    Compiling keccak-const v0.2.0
[INFO] [stderr]    Compiling sha2-const-stable v0.1.0
[INFO] [stderr]    Compiling tt-call v1.0.9
[INFO] [stderr]    Compiling const-crypto v0.3.0
[INFO] [stderr]    Compiling serde_with v3.21.0
[INFO] [stderr]    Compiling sp-consensus-slots v0.50.0
[INFO] [stderr]    Compiling revm-handler v8.1.0
[INFO] [stderr]    Compiling subxt-macro v0.50.2
[INFO] [stderr]    Compiling subxt-rpcs v0.50.2
[INFO] [stderr]    Compiling alloy-eip2124 v0.2.0
[INFO] [stderr]    Compiling subxt-utils-accountid32 v0.50.0
[INFO] [stderr]    Compiling scale-value v0.18.2
[INFO] [stderr]    Compiling keccak-hash v0.11.0
[INFO] [stderr]    Compiling alloy-serde v1.8.3
[INFO] [stderr]    Compiling alloy-eip7928 v0.3.3
[INFO] [stderr]    Compiling nybbles v0.4.1
[INFO] [stderr]    Compiling pallet-revive-proc-macro v0.10.0
[INFO] [stderr]    Compiling polkavm-assembler v0.35.0
[INFO] [stderr]    Compiling hex-literal v0.4.1
[INFO] [stderr]    Compiling secp256k1 v0.30.0
[INFO] [stderr]    Compiling pallet-revive-uapi v0.15.2
[INFO] [stderr]    Compiling polkavm-common v0.35.0
[INFO] [stderr]    Compiling alloy-trie v0.9.5
[INFO] [stderr]    Compiling alloy-eips v1.8.3
[INFO] [stderr]    Compiling revm-inspector v8.1.0
[INFO] [stderr]    Compiling bip32 v0.5.2
[INFO] [stderr]    Compiling frame-support v49.0.0
[INFO] [stderr]    Compiling ethbloom v0.14.1
[INFO] [stderr]    Compiling alloy-tx-macros v1.8.3
[INFO] [stderr]    Compiling derive_more v0.99.17
[INFO] [stderr]    Compiling revm-database v7.0.5
[INFO] [stderr]    Compiling secrecy v0.10.3
[INFO] [stderr]    Compiling polkavm-linux-raw v0.35.0
[INFO] [stderr]    Compiling alloy-consensus v1.8.3
[INFO] [stderr]    Compiling polkavm v0.35.0
[INFO] [stderr]    Compiling revm v27.1.0
[INFO] [stderr]    Compiling subxt-signer v0.50.2
[INFO] [stderr]    Compiling pallet-revive-types v0.2.0
[INFO] [stderr]    Compiling ethereum-types v0.15.1
[INFO] [stderr]    Compiling sp-consensus-aura v0.50.0
[INFO] [stderr]    Compiling sp-consensus-babe v0.50.0
[INFO] [stderr]    Compiling ethereum-standards v0.1.3
[INFO] [stderr]    Compiling substrate-bn v0.6.0
[INFO] [stderr]    Compiling frame-system v49.0.0
[INFO] [stderr]    Compiling pallet-transaction-payment v50.0.0
[INFO] [stderr]    Compiling pallet-revive v0.20.0 (/opt/rustwide/workdir)
[INFO] [stderr] warning: unused dependency `sp-consensus-aura`
[INFO] [stderr]    --> Cargo.toml:163:15
[INFO] [stderr]     |
[INFO] [stderr] 163 | [dependencies.sp-consensus-aura]
[INFO] [stderr]     |               ^^^^^^^^^^^^^^^^^^
[INFO] [stderr]     |
[INFO] [stderr]     = note: `cargo::unused_dependencies` is set to `warn` by default
[INFO] [stderr] help: consider removing the dependency on `sp-consensus-aura`
[INFO] [stderr] warning: unused dependency `sp-consensus-babe`
[INFO] [stderr]    --> Cargo.toml:168:15
[INFO] [stderr]     |
[INFO] [stderr] 168 | [dependencies.sp-consensus-babe]
[INFO] [stderr]     |               ^^^^^^^^^^^^^^^^^^
[INFO] [stderr]     |
[INFO] [stderr] help: consider removing the dependency on `sp-consensus-babe`
[INFO] [stderr] warning: `pallet-revive` (manifest) generated 2 warnings
[INFO] [stderr]     Finished `release` profile [optimized] target(s) in 12m 07s
[INFO] [stderr] warning: the following packages contain code that will be rejected by a future version of Rust: ethereum-types v0.15.1, primitive-types v0.13.1, proc-macro-error2 v2.0.1
[INFO] [stderr] note: to see what the problems were, use the option `--future-incompat-report`, or run `cargo report future-incompatibilities --id 6`
[INFO] running `Command { std: "docker" "inspect" "3c1228870cc3b0e3874b66fe016bcacfa2d7c304bcdadb0033a258c11d315826", kill_on_drop: false }`
[INFO] running `Command { std: "docker" "exec" "-e" "SOURCE_DIR=/opt/rustwide/workdir" "-e" "CARGO_HOME=/opt/rustwide/cargo-home" "-e" "RUSTUP_HOME=/opt/rustwide/rustup-home" "-e" "CARGO_TARGET_DIR=/opt/rustwide/target" "-e" "CARGO_INCREMENTAL=0" "-e" "RUST_BACKTRACE=full" "-e" "RUSTFLAGS=--cap-lints=warn" "-e" "RUSTDOCFLAGS=--cap-lints=warn" "-w" "/opt/rustwide/workdir" "--user" "0:0" "3c1228870cc3b0e3874b66fe016bcacfa2d7c304bcdadb0033a258c11d315826" "/opt/rustwide/cargo-home/bin/cargo" "+1.100.0-beta.1" "test" "--frozen" "--no-run" "--message-format=json" "--release", kill_on_drop: false }`
[INFO] [stderr] warning: Cargo.toml: `lints.clippy.borrowed-box` is deprecated in favor of `lints.clippy.borrowed_box` and will not work in a future edition
[INFO] [stderr] warning: Cargo.toml: `lints.clippy.extra-unused-type-parameters` is deprecated in favor of `lints.clippy.extra_unused_type_parameters` and will not work in a future edition
[INFO] [stderr] warning: Cargo.toml: `lints.clippy.identity-op` is deprecated in favor of `lints.clippy.identity_op` and will not work in a future edition
[INFO] [stderr] warning: Cargo.toml: `lints.clippy.if-same-then-else` is deprecated in favor of `lints.clippy.if_same_then_else` and will not work in a future edition
[INFO] [stderr] warning: Cargo.toml: `lints.clippy.needless-lifetimes` is deprecated in favor of `lints.clippy.needless_lifetimes` and will not work in a future edition
[INFO] [stderr] warning: Cargo.toml: `lints.clippy.nonminimal-bool` is deprecated in favor of `lints.clippy.nonminimal_bool` and will not work in a future edition
[INFO] [stderr] warning: Cargo.toml: `lints.clippy.option-map-unit-fn` is deprecated in favor of `lints.clippy.option_map_unit_fn` and will not work in a future edition
[INFO] [stderr] warning: Cargo.toml: `lints.clippy.too-many-arguments` is deprecated in favor of `lints.clippy.too_many_arguments` and will not work in a future edition
[INFO] [stderr] warning: Cargo.toml: `lints.clippy.zero-prefixed-literal` is deprecated in favor of `lints.clippy.zero_prefixed_literal` and will not work in a future edition
[INFO] [stderr] warning: `pallet-revive` (manifest) generated 9 warnings
[INFO] [stderr]    Compiling rustix v0.38.42
[INFO] [stderr]    Compiling linux-raw-sys v0.4.14
[INFO] [stderr]    Compiling test-case-core v3.3.1
[INFO] [stderr]    Compiling wait-timeout v0.2.0
[INFO] [stderr]    Compiling alloy-consensus v1.8.3
[INFO] [stderr]    Compiling rand_xorshift v0.3.0
[INFO] [stderr]    Compiling diff v0.1.13
[INFO] [stderr]    Compiling assert_matches v1.5.0
[INFO] [stderr]    Compiling pretty_assertions v1.4.0
[INFO] [stderr]    Compiling test-case-macros v3.3.1
[INFO] [stderr]    Compiling test-case v3.3.1
[INFO] [stderr]    Compiling tempfile v3.14.0
[INFO] [stderr]    Compiling rusty-fork v0.3.0
[INFO] [stderr]    Compiling proptest v1.6.0
[INFO] [stderr]    Compiling pallet-revive v0.20.0 (/opt/rustwide/workdir)
[INFO] [stdout] error[E0432]: unresolved import `pallet_revive_fixtures`
[INFO] [stdout]   --> src/call_builder.rs:41:5
[INFO] [stdout]    |
[INFO] [stdout] 41 | use pallet_revive_fixtures::bench as bench_fixtures;
[INFO] [stdout]    |     ^^^^^^^^^^^^^^^^^^^^^^ use of unresolved module or unlinked crate `pallet_revive_fixtures`
[INFO] [stdout]    |
[INFO] [stdout] help: there is a crate or module with a similar name
[INFO] [stdout]    |
[INFO] [stdout] 41 - use pallet_revive_fixtures::bench as bench_fixtures;
[INFO] [stdout] 41 + use pallet_revive_types::bench as bench_fixtures;
[INFO] [stdout]    |
[INFO] [stdout] 
[INFO] [stdout] 
[INFO] [stdout] error[E0432]: unresolved import `pallet_revive_fixtures`
[INFO] [stdout]    --> src/impl_fungibles.rs:292:6
[INFO] [stdout]     |
[INFO] [stdout] 292 |     use pallet_revive_fixtures::{FixtureType, compile_module_with_type};
[INFO] [stdout]     |         ^^^^^^^^^^^^^^^^^^^^^^ use of unresolved module or unlinked crate `pallet_revive_fixtures`
[INFO] [stdout]     |
[INFO] [stdout] help: there is a crate or module with a similar name
[INFO] [stdout]     |
[INFO] [stdout] 292 -     use pallet_revive_fixtures::{FixtureType, compile_module_with_type};
[INFO] [stdout] 292 +     use pallet_revive_types::{FixtureType, compile_module_with_type};
[INFO] [stdout]     |
[INFO] [stdout] 
[INFO] [stdout] 
[INFO] [stdout] error[E0432]: unresolved import `pallet_revive_fixtures`
[INFO] [stdout]   --> src/metering/tests.rs:31:5
[INFO] [stdout]    |
[INFO] [stdout] 31 | use pallet_revive_fixtures::{
[INFO] [stdout]    |     ^^^^^^^^^^^^^^^^^^^^^^ use of unresolved module or unlinked crate `pallet_revive_fixtures`
[INFO] [stdout]    |
[INFO] [stdout] help: there is a crate or module with a similar name
[INFO] [stdout]    |
[INFO] [stdout] 31 - use pallet_revive_fixtures::{
[INFO] [stdout] 31 + use pallet_revive_types::{
[INFO] [stdout]    |
[INFO] [stdout] 
[INFO] [stdout] 
[INFO] [stdout] error[E0432]: unresolved import `pallet_revive_fixtures`
[INFO] [stdout]   --> src/tests/block_hash.rs:33:5
[INFO] [stdout]    |
[INFO] [stdout] 33 | use pallet_revive_fixtures::compile_module;
[INFO] [stdout]    |     ^^^^^^^^^^^^^^^^^^^^^^ use of unresolved module or unlinked crate `pallet_revive_fixtures`
[INFO] [stdout]    |
[INFO] [stdout] help: there is a crate or module with a similar name
[INFO] [stdout]    |
[INFO] [stdout] 33 - use pallet_revive_fixtures::compile_module;
[INFO] [stdout] 33 + use pallet_revive_types::compile_module;
[INFO] [stdout]    |
[INFO] [stdout] 
[INFO] [stdout] 
[INFO] [stdout] error[E0432]: unresolved import `sp_state_machine`
[INFO] [stdout]   --> src/tests/block_hash.rs:34:5
[INFO] [stdout]    |
[INFO] [stdout] 34 | use sp_state_machine::BasicExternalities;
[INFO] [stdout]    |     ^^^^^^^^^^^^^^^^ use of unresolved module or unlinked crate `sp_state_machine`
[INFO] [stdout]    |
[INFO] [stdout]    = help: if you wanted to use a crate named `sp_state_machine`, use `cargo add sp_state_machine` to add it to your `Cargo.toml`
[INFO] [stdout] 
[INFO] [stdout] 
[INFO] [stdout] error[E0432]: unresolved import `pallet_revive_fixtures`
[INFO] [stdout]   --> src/tests/deposit_payment.rs:48:5
[INFO] [stdout]    |
[INFO] [stdout] 48 | use pallet_revive_fixtures::{
[INFO] [stdout]    |     ^^^^^^^^^^^^^^^^^^^^^^ use of unresolved module or unlinked crate `pallet_revive_fixtures`
[INFO] [stdout]    |
[INFO] [stdout] help: there is a crate or module with a similar name
[INFO] [stdout]    |
[INFO] [stdout] 48 - use pallet_revive_fixtures::{
[INFO] [stdout] 48 + use pallet_revive_types::{
[INFO] [stdout]    |
[INFO] [stdout] 
[INFO] [stdout] 
[INFO] [stdout] error[E0432]: unresolved import `pallet_revive_fixtures`
[INFO] [stdout]   --> src/tests/sol.rs:36:5
[INFO] [stdout]    |
[INFO] [stdout] 36 | use pallet_revive_fixtures::{Fibonacci, FixtureType, NestedCounter, compile_module_with_type};
[INFO] [stdout]    |     ^^^^^^^^^^^^^^^^^^^^^^ use of unresolved module or unlinked crate `pallet_revive_fixtures`
[INFO] [stdout]    |
[INFO] [stdout] help: there is a crate or module with a similar name
[INFO] [stdout]    |
[INFO] [stdout] 36 - use pallet_revive_fixtures::{Fibonacci, FixtureType, NestedCounter, compile_module_with_type};
[INFO] [stdout] 36 + use pallet_revive_types::{Fibonacci, FixtureType, NestedCounter, compile_module_with_type};
[INFO] [stdout]    |
[INFO] [stdout] 
[INFO] [stdout] 
[INFO] [stdout] error[E0432]: unresolved import `pallet_revive_fixtures`
[INFO] [stdout]   --> src/tests/sol/arithmetic.rs:27:5
[INFO] [stdout]    |
[INFO] [stdout] 27 | use pallet_revive_fixtures::{Arithmetic, FixtureType, compile_module_with_type};
[INFO] [stdout]    |     ^^^^^^^^^^^^^^^^^^^^^^ use of unresolved module or unlinked crate `pallet_revive_fixtures`
[INFO] [stdout]    |
[INFO] [stdout] help: there is a crate or module with a similar name
[INFO] [stdout]    |
[INFO] [stdout] 27 - use pallet_revive_fixtures::{Arithmetic, FixtureType, compile_module_with_type};
[INFO] [stdout] 27 + use pallet_revive_types::{Arithmetic, FixtureType, compile_module_with_type};
[INFO] [stdout]    |
[INFO] [stdout] 
[INFO] [stdout] 
[INFO] [stdout] error[E0432]: unresolved import `pallet_revive_fixtures`
[INFO] [stdout]   --> src/tests/sol/bitwise.rs:28:5
[INFO] [stdout]    |
[INFO] [stdout] 28 | use pallet_revive_fixtures::{Bitwise, FixtureType, compile_module_with_type};
[INFO] [stdout]    |     ^^^^^^^^^^^^^^^^^^^^^^ use of unresolved module or unlinked crate `pallet_revive_fixtures`
[INFO] [stdout]    |
[INFO] [stdout] help: there is a crate or module with a similar name
[INFO] [stdout]    |
[INFO] [stdout] 28 - use pallet_revive_fixtures::{Bitwise, FixtureType, compile_module_with_type};
[INFO] [stdout] 28 + use pallet_revive_types::{Bitwise, FixtureType, compile_module_with_type};
[INFO] [stdout]    |
[INFO] [stdout] 
[INFO] [stdout] 
[INFO] [stdout] error[E0432]: unresolved import `pallet_revive_fixtures`
[INFO] [stdout]   --> src/tests/sol/block_info.rs:29:5
[INFO] [stdout]    |
[INFO] [stdout] 29 | use pallet_revive_fixtures::{BlockInfo, FixtureType, compile_module_with_type};
[INFO] [stdout]    |     ^^^^^^^^^^^^^^^^^^^^^^ use of unresolved module or unlinked crate `pallet_revive_fixtures`
[INFO] [stdout]    |
[INFO] [stdout] help: there is a crate or module with a similar name
[INFO] [stdout]    |
[INFO] [stdout] 29 - use pallet_revive_fixtures::{BlockInfo, FixtureType, compile_module_with_type};
[INFO] [stdout] 29 + use pallet_revive_types::{BlockInfo, FixtureType, compile_module_with_type};
[INFO] [stdout]    |
[INFO] [stdout] 
[INFO] [stdout] 
[INFO] [stdout] error[E0432]: unresolved import `pallet_revive_fixtures`
[INFO] [stdout]   --> src/tests/sol/contract.rs:40:5
[INFO] [stdout]    |
[INFO] [stdout] 40 | use pallet_revive_fixtures::{Callee, Caller, FixtureType, Host, compile_module_with_type};
[INFO] [stdout]    |     ^^^^^^^^^^^^^^^^^^^^^^ use of unresolved module or unlinked crate `pallet_revive_fixtures`
[INFO] [stdout]    |
[INFO] [stdout] help: there is a crate or module with a similar name
[INFO] [stdout]    |
[INFO] [stdout] 40 - use pallet_revive_fixtures::{Callee, Caller, FixtureType, Host, compile_module_with_type};
[INFO] [stdout] 40 + use pallet_revive_types::{Callee, Caller, FixtureType, Host, compile_module_with_type};
[INFO] [stdout]    |
[INFO] [stdout] 
[INFO] [stdout] 
[INFO] [stdout] error[E0432]: unresolved import `pallet_revive_fixtures`
[INFO] [stdout]   --> src/tests/sol/host.rs:30:5
[INFO] [stdout]    |
[INFO] [stdout] 30 | use pallet_revive_fixtures::{Caller, FixtureType, Host, compile_module_with_type};
[INFO] [stdout]    |     ^^^^^^^^^^^^^^^^^^^^^^ use of unresolved module or unlinked crate `pallet_revive_fixtures`
[INFO] [stdout]    |
[INFO] [stdout] help: there is a crate or module with a similar name
[INFO] [stdout]    |
[INFO] [stdout] 30 - use pallet_revive_fixtures::{Caller, FixtureType, Host, compile_module_with_type};
[INFO] [stdout] 30 + use pallet_revive_types::{Caller, FixtureType, Host, compile_module_with_type};
[INFO] [stdout]    |
[INFO] [stdout] 
[INFO] [stdout] 
[INFO] [stdout] error[E0432]: unresolved import `pallet_revive_fixtures`
[INFO] [stdout]   --> src/tests/sol/memory.rs:26:5
[INFO] [stdout]    |
[INFO] [stdout] 26 | use pallet_revive_fixtures::{FixtureType, Memory, compile_module_with_type};
[INFO] [stdout]    |     ^^^^^^^^^^^^^^^^^^^^^^ use of unresolved module or unlinked crate `pallet_revive_fixtures`
[INFO] [stdout]    |
[INFO] [stdout] help: there is a crate or module with a similar name
[INFO] [stdout]    |
[INFO] [stdout] 26 - use pallet_revive_fixtures::{FixtureType, Memory, compile_module_with_type};
[INFO] [stdout] 26 + use pallet_revive_types::{FixtureType, Memory, compile_module_with_type};
[INFO] [stdout]    |
[INFO] [stdout] 
[INFO] [stdout] 
[INFO] [stdout] error[E0432]: unresolved import `pallet_revive_fixtures`
[INFO] [stdout]   --> src/tests/sol/system.rs:29:5
[INFO] [stdout]    |
[INFO] [stdout] 29 | use pallet_revive_fixtures::{
[INFO] [stdout]    |     ^^^^^^^^^^^^^^^^^^^^^^ use of unresolved module or unlinked crate `pallet_revive_fixtures`
[INFO] [stdout]    |
[INFO] [stdout] help: there is a crate or module with a similar name
[INFO] [stdout]    |
[INFO] [stdout] 29 - use pallet_revive_fixtures::{
[INFO] [stdout] 29 + use pallet_revive_types::{
[INFO] [stdout]    |
[INFO] [stdout] 
[INFO] [stdout] 
[INFO] [stdout] error[E0432]: unresolved import `pallet_revive_fixtures`
[INFO] [stdout]   --> src/tests/sol/terminate.rs:29:5
[INFO] [stdout]    |
[INFO] [stdout] 29 | use pallet_revive_fixtures::{
[INFO] [stdout]    |     ^^^^^^^^^^^^^^^^^^^^^^ use of unresolved module or unlinked crate `pallet_revive_fixtures`
[INFO] [stdout]    |
[INFO] [stdout] help: there is a crate or module with a similar name
[INFO] [stdout]    |
[INFO] [stdout] 29 - use pallet_revive_fixtures::{
[INFO] [stdout] 29 + use pallet_revive_types::{
[INFO] [stdout]    |
[INFO] [stdout] 
[INFO] [stdout] 
[INFO] [stdout] error[E0432]: unresolved import `pallet_revive_fixtures`
[INFO] [stdout]   --> src/tests/sol/tx_info.rs:27:5
[INFO] [stdout]    |
[INFO] [stdout] 27 | use pallet_revive_fixtures::{FixtureType, TransactionInfo, compile_module_with_type};
[INFO] [stdout]    |     ^^^^^^^^^^^^^^^^^^^^^^ use of unresolved module or unlinked crate `pallet_revive_fixtures`
[INFO] [stdout]    |
[INFO] [stdout] help: there is a crate or module with a similar name
[INFO] [stdout]    |
[INFO] [stdout] 27 - use pallet_revive_fixtures::{FixtureType, TransactionInfo, compile_module_with_type};
[INFO] [stdout] 27 + use pallet_revive_types::{FixtureType, TransactionInfo, compile_module_with_type};
[INFO] [stdout]    |
[INFO] [stdout] 
[INFO] [stdout] 
[INFO] [stdout] error[E0432]: unresolved import `pallet_revive_fixtures`
[INFO] [stdout]   --> src/tests/stipends.rs:25:5
[INFO] [stdout]    |
[INFO] [stdout] 25 | use pallet_revive_fixtures::{FixtureType, StipendTest, compile_module_with_type};
[INFO] [stdout]    |     ^^^^^^^^^^^^^^^^^^^^^^ use of unresolved module or unlinked crate `pallet_revive_fixtures`
[INFO] [stdout]    |
[INFO] [stdout] help: there is a crate or module with a similar name
[INFO] [stdout]    |
[INFO] [stdout] 25 - use pallet_revive_fixtures::{FixtureType, StipendTest, compile_module_with_type};
[INFO] [stdout] 25 + use pallet_revive_types::{FixtureType, StipendTest, compile_module_with_type};
[INFO] [stdout]    |
[INFO] [stdout] 
[INFO] [stdout] 
[INFO] [stdout] error[E0433]: cannot find module or crate `pallet_revive_fixtures` in this scope
[INFO] [stdout]    --> src/tests/sol/contract.rs:686:6
[INFO] [stdout]     |
[INFO] [stdout] 686 |     use pallet_revive_fixtures::CallerWithConstructor::*;
[INFO] [stdout]     |         ^^^^^^^^^^^^^^^^^^^^^^ use of unresolved module or unlinked crate `pallet_revive_fixtures`
[INFO] [stdout]     |
[INFO] [stdout] help: there is a crate or module with a similar name
[INFO] [stdout]     |
[INFO] [stdout] 686 -     use pallet_revive_fixtures::CallerWithConstructor::*;
[INFO] [stdout] 686 +     use pallet_revive_types::CallerWithConstructor::*;
[INFO] [stdout]     |
[INFO] [stdout] 
[INFO] [stdout] 
[INFO] [stdout] error[E0433]: cannot find module or crate `pallet_revive_fixtures` in this scope
[INFO] [stdout]    --> src/tests/sol/contract.rs:721:6
[INFO] [stdout]     |
[INFO] [stdout] 721 |     use pallet_revive_fixtures::{
[INFO] [stdout]     |         ^^^^^^^^^^^^^^^^^^^^^^ use of unresolved module or unlinked crate `pallet_revive_fixtures`
[INFO] [stdout]     |
[INFO] [stdout] help: there is a crate or module with a similar name
[INFO] [stdout]     |
[INFO] [stdout] 721 -     use pallet_revive_fixtures::{
[INFO] [stdout] 721 +     use pallet_revive_types::{
[INFO] [stdout]     |
[INFO] [stdout] 
[INFO] [stdout] 
[INFO] [stdout] error[E0433]: cannot find module or crate `pallet_revive_fixtures` in this scope
[INFO] [stdout]    --> src/tests/sol/contract.rs:819:6
[INFO] [stdout]     |
[INFO] [stdout] 819 |     use pallet_revive_fixtures::NestedDeployer::{NestedDeployerCalls, deployAndDestroyChildCall};
[INFO] [stdout]     |         ^^^^^^^^^^^^^^^^^^^^^^ use of unresolved module or unlinked crate `pallet_revive_fixtures`
[INFO] [stdout]     |
[INFO] [stdout] help: there is a crate or module with a similar name
[INFO] [stdout]     |
[INFO] [stdout] 819 -     use pallet_revive_fixtures::NestedDeployer::{NestedDeployerCalls, deployAndDestroyChildCall};
[INFO] [stdout] 819 +     use pallet_revive_types::NestedDeployer::{NestedDeployerCalls, deployAndDestroyChildCall};
[INFO] [stdout]     |
[INFO] [stdout] 
[INFO] [stdout] 
[INFO] [stdout] error[E0432]: unresolved import `pallet_revive_fixtures`
[INFO] [stdout]    --> src/evm/runtime.rs:452:6
[INFO] [stdout]     |
[INFO] [stdout] 452 |     use pallet_revive_fixtures::compile_module;
[INFO] [stdout]     |         ^^^^^^^^^^^^^^^^^^^^^^ use of unresolved module or unlinked crate `pallet_revive_fixtures`
[INFO] [stdout]     |
[INFO] [stdout] help: there is a crate or module with a similar name
[INFO] [stdout]     |
[INFO] [stdout] 452 -     use pallet_revive_fixtures::compile_module;
[INFO] [stdout] 452 +     use pallet_revive_types::compile_module;
[INFO] [stdout]     |
[INFO] [stdout] 
[INFO] [stdout] 
[INFO] [stdout] error[E0433]: cannot find module or crate `pallet_revive_fixtures` in this scope
[INFO] [stdout]    --> src/tests/sol/host.rs:188:6
[INFO] [stdout]     |
[INFO] [stdout] 188 |     use pallet_revive_fixtures::{HostEvmOnly, HostEvmOnly::HostEvmOnlyCalls};
[INFO] [stdout]     |         ^^^^^^^^^^^^^^^^^^^^^^ use of unresolved module or unlinked crate `pallet_revive_fixtures`
[INFO] [stdout]     |
[INFO] [stdout] help: there is a crate or module with a similar name
[INFO] [stdout]     |
[INFO] [stdout] 188 -     use pallet_revive_fixtures::{HostEvmOnly, HostEvmOnly::HostEvmOnlyCalls};
[INFO] [stdout] 188 +     use pallet_revive_types::{HostEvmOnly, HostEvmOnly::HostEvmOnlyCalls};
[INFO] [stdout]     |
[INFO] [stdout] 
[INFO] [stdout] 
[INFO] [stdout] error[E0432]: unresolved import `pallet_revive_fixtures`
[INFO] [stdout]    --> src/tests/sol/host.rs:188:6
[INFO] [stdout]     |
[INFO] [stdout] 188 |     use pallet_revive_fixtures::{HostEvmOnly, HostEvmOnly::HostEvmOnlyCalls};
[INFO] [stdout]     |         ^^^^^^^^^^^^^^^^^^^^^^ use of unresolved module or unlinked crate `pallet_revive_fixtures`
[INFO] [stdout]     |
[INFO] [stdout] help: there is a crate or module with a similar name
[INFO] [stdout]     |
[INFO] [stdout] 188 -     use pallet_revive_fixtures::{HostEvmOnly, HostEvmOnly::HostEvmOnlyCalls};
[INFO] [stdout] 188 +     use pallet_revive_types::{HostEvmOnly, HostEvmOnly::HostEvmOnlyCalls};
[INFO] [stdout]     |
[INFO] [stdout] 
[INFO] [stdout] 
[INFO] [stdout] error[E0432]: unresolved import `pallet_revive_fixtures`
[INFO] [stdout]    --> src/tests/sol/host.rs:549:6
[INFO] [stdout]     |
[INFO] [stdout] 549 |     use pallet_revive_fixtures::HostTransientMemory;
[INFO] [stdout]     |         ^^^^^^^^^^^^^^^^^^^^^^ use of unresolved module or unlinked crate `pallet_revive_fixtures`
[INFO] [stdout]     |
[INFO] [stdout] help: there is a crate or module with a similar name
[INFO] [stdout]     |
[INFO] [stdout] 549 -     use pallet_revive_fixtures::HostTransientMemory;
[INFO] [stdout] 549 +     use pallet_revive_types::HostTransientMemory;
[INFO] [stdout]     |
[INFO] [stdout] 
[INFO] [stdout] 
[INFO] [stdout] error[E0432]: unresolved import `pallet_revive_fixtures`
[INFO] [stdout]    --> src/tests/sol/host.rs:581:6
[INFO] [stdout]     |
[INFO] [stdout] 581 |     use pallet_revive_fixtures::Caller;
[INFO] [stdout]     |         ^^^^^^^^^^^^^^^^^^^^^^ use of unresolved module or unlinked crate `pallet_revive_fixtures`
[INFO] [stdout]     |
[INFO] [stdout] help: there is a crate or module with a similar name
[INFO] [stdout]     |
[INFO] [stdout] 581 -     use pallet_revive_fixtures::Caller;
[INFO] [stdout] 581 +     use pallet_revive_types::Caller;
[INFO] [stdout]     |
[INFO] [stdout] 
[INFO] [stdout] 
[INFO] [stdout] error[E0432]: unresolved import `pallet_revive_fixtures`
[INFO] [stdout]    --> src/tests/sol.rs:214:6
[INFO] [stdout]     |
[INFO] [stdout] 214 |     use pallet_revive_fixtures::Counter;
[INFO] [stdout]     |         ^^^^^^^^^^^^^^^^^^^^^^ use of unresolved module or unlinked crate `pallet_revive_fixtures`
[INFO] [stdout]     |
[INFO] [stdout] help: there is a crate or module with a similar name
[INFO] [stdout]     |
[INFO] [stdout] 214 -     use pallet_revive_fixtures::Counter;
[INFO] [stdout] 214 +     use pallet_revive_types::Counter;
[INFO] [stdout]     |
[INFO] [stdout] 
[INFO] [stdout] 
[INFO] [stdout] error[E0432]: unresolved import `pallet_revive_fixtures`
[INFO] [stdout]    --> src/tests/sol.rs:388:6
[INFO] [stdout]     |
[INFO] [stdout] 388 |     use pallet_revive_fixtures::Caller;
[INFO] [stdout]     |         ^^^^^^^^^^^^^^^^^^^^^^ use of unresolved module or unlinked crate `pallet_revive_fixtures`
[INFO] [stdout]     |
[INFO] [stdout] help: there is a crate or module with a similar name
[INFO] [stdout]     |
[INFO] [stdout] 388 -     use pallet_revive_fixtures::Caller;
[INFO] [stdout] 388 +     use pallet_revive_types::Caller;
[INFO] [stdout]     |
[INFO] [stdout] 
[INFO] [stdout] 
[INFO] [stdout] error[E0432]: unresolved import `pallet_revive_fixtures`
[INFO] [stdout]    --> src/tests/sol.rs:595:6
[INFO] [stdout]     |
[INFO] [stdout] 595 |     use pallet_revive_fixtures::CallSelfWithDust;
[INFO] [stdout]     |         ^^^^^^^^^^^^^^^^^^^^^^ use of unresolved module or unlinked crate `pallet_revive_fixtures`
[INFO] [stdout]     |
[INFO] [stdout] help: there is a crate or module with a similar name
[INFO] [stdout]     |
[INFO] [stdout] 595 -     use pallet_revive_fixtures::CallSelfWithDust;
[INFO] [stdout] 595 +     use pallet_revive_types::CallSelfWithDust;
[INFO] [stdout]     |
[INFO] [stdout] 
[INFO] [stdout] 
[INFO] [stdout] error[E0432]: unresolved import `pallet_revive_fixtures`
[INFO] [stdout]    --> src/tests/sol.rs:912:6
[INFO] [stdout]     |
[INFO] [stdout] 912 |     use pallet_revive_fixtures::{Callee, Caller};
[INFO] [stdout]     |         ^^^^^^^^^^^^^^^^^^^^^^ use of unresolved module or unlinked crate `pallet_revive_fixtures`
[INFO] [stdout]     |
[INFO] [stdout] help: there is a crate or module with a similar name
[INFO] [stdout]     |
[INFO] [stdout] 912 -     use pallet_revive_fixtures::{Callee, Caller};
[INFO] [stdout] 912 +     use pallet_revive_types::{Callee, Caller};
[INFO] [stdout]     |
[INFO] [stdout] 
[INFO] [stdout] 
[INFO] [stdout] error[E0432]: unresolved import `pallet_revive_fixtures`
[INFO] [stdout]     --> src/tests/sol.rs:1133:6
[INFO] [stdout]      |
[INFO] [stdout] 1133 |     use pallet_revive_fixtures::Counter;
[INFO] [stdout]      |         ^^^^^^^^^^^^^^^^^^^^^^ use of unresolved module or unlinked crate `pallet_revive_fixtures`
[INFO] [stdout]      |
[INFO] [stdout] help: there is a crate or module with a similar name
[INFO] [stdout]      |
[INFO] [stdout] 1133 -     use pallet_revive_fixtures::Counter;
[INFO] [stdout] 1133 +     use pallet_revive_types::Counter;
[INFO] [stdout]      |
[INFO] [stdout] 
[INFO] [stdout] 
[INFO] [stdout] error[E0432]: unresolved import `pallet_revive_fixtures`
[INFO] [stdout]     --> src/tests/sol.rs:1189:6
[INFO] [stdout]      |
[INFO] [stdout] 1189 |     use pallet_revive_fixtures::{Callee, Caller};
[INFO] [stdout]      |         ^^^^^^^^^^^^^^^^^^^^^^ use of unresolved module or unlinked crate `pallet_revive_fixtures`
[INFO] [stdout]      |
[INFO] [stdout] help: there is a crate or module with a similar name
[INFO] [stdout]      |
[INFO] [stdout] 1189 -     use pallet_revive_fixtures::{Callee, Caller};
[INFO] [stdout] 1189 +     use pallet_revive_types::{Callee, Caller};
[INFO] [stdout]      |
[INFO] [stdout] 
[INFO] [stdout] 
[INFO] [stdout] error[E0432]: unresolved import `pallet_revive_fixtures`
[INFO] [stdout]     --> src/metering/tests.rs:1002:6
[INFO] [stdout]      |
[INFO] [stdout] 1002 |     use pallet_revive_fixtures::Fibonacci;
[INFO] [stdout]      |         ^^^^^^^^^^^^^^^^^^^^^^ use of unresolved module or unlinked crate `pallet_revive_fixtures`
[INFO] [stdout]      |
[INFO] [stdout] help: there is a crate or module with a similar name
[INFO] [stdout]      |
[INFO] [stdout] 1002 -     use pallet_revive_fixtures::Fibonacci;
[INFO] [stdout] 1002 +     use pallet_revive_types::Fibonacci;
[INFO] [stdout]      |
[INFO] [stdout] 
[INFO] [stdout] 
[INFO] [stdout] error[E0432]: unresolved imports `crate::tests::RuntimeOrigin`, `crate::tests::Test`
[INFO] [stdout]    --> src/address.rs:323:36
[INFO] [stdout]     |
[INFO] [stdout] 323 |         tests::{AutoMapFlag, ExtBuilder, RuntimeOrigin, Test},
[INFO] [stdout]     |                                          ^^^^^^^^^^^^^  ^^^^ no `Test` in `tests`
[INFO] [stdout]     |                                          |
[INFO] [stdout]     |                                          no `RuntimeOrigin` in `tests`
[INFO] [stdout]     |
[INFO] [stdout] help: a similar name exists in the module
[INFO] [stdout]     |
[INFO] [stdout] 323 -         tests::{AutoMapFlag, ExtBuilder, RuntimeOrigin, Test},
[INFO] [stdout] 323 +         tests::{AutoMapFlag, ExtBuilder, RuntimeOrigin, test},
[INFO] [stdout]     |
[INFO] [stdout] 
[INFO] [stdout] 
[INFO] [stdout] error[E0432]: unresolved imports `crate::tests::RuntimeEvent`, `crate::tests::Test`
[INFO] [stdout]   --> src/exec/tests.rs:31:15
[INFO] [stdout]    |
[INFO] [stdout] 31 |         ExtBuilder, RuntimeEvent as MetaEvent, Test,
[INFO] [stdout]    |                     ------------^^^^^^^^^^^^^  ^^^^ no `Test` in `tests`
[INFO] [stdout]    |                     |
[INFO] [stdout]    |                     no `RuntimeEvent` in `tests`
[INFO] [stdout]    |
[INFO] [stdout] help: a similar name exists in the module
[INFO] [stdout]    |
[INFO] [stdout] 31 -         ExtBuilder, RuntimeEvent as MetaEvent, Test,
[INFO] [stdout] 31 +         ExtBuilder, RuntimeEvent as MetaEvent, test,
[INFO] [stdout]    |
[INFO] [stdout] 
[INFO] [stdout] 
[INFO] [stdout] error[E0432]: unresolved imports `crate::tests::Contracts`, `crate::tests::RuntimeOrigin`, `crate::tests::Test`
[INFO] [stdout]    --> src/impl_fungibles.rs:289:11
[INFO] [stdout]     |
[INFO] [stdout] 289 |         tests::{Contracts, ExtBuilder, RuntimeOrigin, Test},
[INFO] [stdout]     |                 ^^^^^^^^^              ^^^^^^^^^^^^^  ^^^^ no `Test` in `tests`
[INFO] [stdout]     |                 |                      |
[INFO] [stdout]     |                 |                      no `RuntimeOrigin` in `tests`
[INFO] [stdout]     |                 no `Contracts` in `tests`
[INFO] [stdout]     |
[INFO] [stdout] note: struct `crate::exec::sealing::Contracts` exists but is inaccessible
[INFO] [stdout]    --> src/lib.rs:173:2
[INFO] [stdout]     |
[INFO] [stdout] 173 |     pub struct Pallet<T>(_);
[INFO] [stdout]     |     ^^^^^^^^^^^^^^^^^^^^^^^^ not accessible
[INFO] [stdout] help: a similar name exists in the module
[INFO] [stdout]     |
[INFO] [stdout] 289 -         tests::{Contracts, ExtBuilder, RuntimeOrigin, Test},
[INFO] [stdout] 289 +         tests::{Contracts, ExtBuilder, RuntimeOrigin, test},
[INFO] [stdout]     |
[INFO] [stdout] 
[INFO] [stdout] 
[INFO] [stdout] error[E0432]: unresolved import `crate::tests::Test`
[INFO] [stdout]   --> src/metering/storage/tests.rs:19:47
[INFO] [stdout]    |
[INFO] [stdout] 19 | use crate::{exec::AccountIdOf, test_utils::*, tests::Test};
[INFO] [stdout]    |                                               ^^^^^^^----
[INFO] [stdout]    |                                                      |
[INFO] [stdout]    |                                                      no `Test` in `tests`
[INFO] [stdout]    |
[INFO] [stdout] help: a similar name exists in the module
[INFO] [stdout]    |
[INFO] [stdout] 19 - use crate::{exec::AccountIdOf, test_utils::*, tests::Test};
[INFO] [stdout] 19 + use crate::{exec::AccountIdOf, test_utils::*, tests::test};
[INFO] [stdout]    |
[INFO] [stdout] 
[INFO] [stdout] 
[INFO] [stdout] error[E0432]: unresolved import `crate::tests::Test`
[INFO] [stdout]   --> src/metering/weight/tests.rs:19:5
[INFO] [stdout]    |
[INFO] [stdout] 19 | use crate::tests::Test;
[INFO] [stdout]    |     ^^^^^^^^^^^^^^----
[INFO] [stdout]    |                   |
[INFO] [stdout]    |                   no `Test` in `tests`
[INFO] [stdout]    |
[INFO] [stdout] help: a similar name exists in the module
[INFO] [stdout]    |
[INFO] [stdout] 19 - use crate::tests::Test;
[INFO] [stdout] 19 + use crate::tests::test;
[INFO] [stdout]    |
[INFO] [stdout] 
[INFO] [stdout] 
[INFO] [stdout] error[E0432]: unresolved import `crate::tests::Test`
[INFO] [stdout]   --> src/metering/tests.rs:23:22
[INFO] [stdout]    |
[INFO] [stdout] 23 |     tests::{ExtBuilder, Test, builder},
[INFO] [stdout]    |                         ^^^^ no `Test` in `tests`
[INFO] [stdout]    |
[INFO] [stdout] help: a similar name exists in the module
[INFO] [stdout]    |
[INFO] [stdout] 23 -     tests::{ExtBuilder, Test, builder},
[INFO] [stdout] 23 +     tests::{ExtBuilder, test, builder},
[INFO] [stdout]    |
[INFO] [stdout] 
[INFO] [stdout] 
[INFO] [stdout] error[E0432]: unresolved imports `crate::tests::Contracts`, `crate::tests::RuntimeOrigin`, `crate::tests::System`, `crate::tests::Test`, `crate::tests::Timestamp`
[INFO] [stdout]    --> src/tests/block_hash.rs:25:10
[INFO] [stdout]     |
[INFO] [stdout]  25 |     tests::{Contracts, ExtBuilder, RuntimeOrigin, System, Test, Timestamp, assert_ok, builder},
[INFO] [stdout]     |             ^^^^^^^^^              ^^^^^^^^^^^^^  ^^^^^^  ^^^^  ^^^^^^^^^ no `Timestamp` in `tests`
[INFO] [stdout]     |             |                      |              |       |
[INFO] [stdout]     |             |                      |              |       no `Test` in `tests`
[INFO] [stdout]     |             |                      |              no `System` in `tests`
[INFO] [stdout]     |             |                      no `RuntimeOrigin` in `tests`
[INFO] [stdout]     |             no `Contracts` in `tests`
[INFO] [stdout]     |
[INFO] [stdout] note: struct `crate::exec::sealing::Contracts` exists but is inaccessible
[INFO] [stdout]    --> src/lib.rs:173:2
[INFO] [stdout]     |
[INFO] [stdout] 173 |     pub struct Pallet<T>(_);
[INFO] [stdout]     |     ^^^^^^^^^^^^^^^^^^^^^^^^ not accessible
[INFO] [stdout]     = help: consider importing this struct instead:
[INFO] [stdout]             std::alloc::System
[INFO] [stdout] note: these items exist but are inaccessible
[INFO] [stdout]    --> src/exec/tests.rs:44:1
[INFO] [stdout]     |
[INFO] [stdout]  44 | type System = frame_system::Pallet<Test>;
[INFO] [stdout]     | ^^^^^^^^^^^^^^^^^^^^^^^^^^^^^^^^^^^^^^^^^ `crate::exec::tests::System`: not accessible
[INFO] [stdout]     |
[INFO] [stdout]    ::: src/precompiles/builtin/system.rs:31:1
[INFO] [stdout]     |
[INFO] [stdout]  31 | pub struct System<T>(PhantomData<T>);
[INFO] [stdout]     | ^^^^^^^^^^^^^^^^^^^^^^^^^^^^^^^^^^^^^ `crate::precompiles::builtin::system::System`: not accessible
[INFO] [stdout] help: a similar name exists in the module
[INFO] [stdout]     |
[INFO] [stdout]  25 -     tests::{Contracts, ExtBuilder, RuntimeOrigin, System, Test, Timestamp, assert_ok, builder},
[INFO] [stdout]  25 +     tests::{Contracts, ExtBuilder, RuntimeOrigin, System, test, Timestamp, assert_ok, builder},
[INFO] [stdout]     |
[INFO] [stdout] 
[INFO] [stdout] 
[INFO] [stdout] error[E0432]: unresolved imports `crate::tests::Assets`, `crate::tests::AssetsFreezer`, `crate::tests::AssetsHolder`, `crate::tests::Balances`, `crate::tests::Contracts`, `crate::tests::RuntimeOrigin`, `crate::tests::System`, `crate::tests::Test`
[INFO] [stdout]    --> src/tests/deposit_payment.rs:28:3
[INFO] [stdout]     |
[INFO] [stdout]  28 |         Assets, AssetsFreezer, AssetsHolder, Balances, Contracts, ExtBuilder, PGAS_ASSET_ID,
[INFO] [stdout]     |         ^^^^^^  ^^^^^^^^^^^^^  ^^^^^^^^^^^^  ^^^^^^^^  ^^^^^^^^^ no `Contracts` in `tests`
[INFO] [stdout]     |         |       |              |             |
[INFO] [stdout]     |         |       |              |             no `Balances` in `tests`
[INFO] [stdout]     |         |       |              no `AssetsHolder` in `tests`
[INFO] [stdout]     |         |       no `AssetsFreezer` in `tests`
[INFO] [stdout]     |         no `Assets` in `tests`
[INFO] [stdout]  29 |         RuntimeOrigin, System, Test, builder, test_utils::get_contract_checked,
[INFO] [stdout]     |         ^^^^^^^^^^^^^  ^^^^^^  ^^^^ no `Test` in `tests`
[INFO] [stdout]     |         |              |
[INFO] [stdout]     |         |              no `System` in `tests`
[INFO] [stdout]     |         no `RuntimeOrigin` in `tests`
[INFO] [stdout]     |
[INFO] [stdout] note: struct `crate::exec::sealing::Contracts` exists but is inaccessible
[INFO] [stdout]    --> src/lib.rs:173:2
[INFO] [stdout]     |
[INFO] [stdout] 173 |     pub struct Pallet<T>(_);
[INFO] [stdout]     |     ^^^^^^^^^^^^^^^^^^^^^^^^ not accessible
[INFO] [stdout]     = help: consider importing this struct instead:
[INFO] [stdout]             std::alloc::System
[INFO] [stdout] note: these items exist but are inaccessible
[INFO] [stdout]    --> src/exec/tests.rs:44:1
[INFO] [stdout]     |
[INFO] [stdout]  44 | type System = frame_system::Pallet<Test>;
[INFO] [stdout]     | ^^^^^^^^^^^^^^^^^^^^^^^^^^^^^^^^^^^^^^^^^ `crate::exec::tests::System`: not accessible
[INFO] [stdout]     |
[INFO] [stdout]    ::: src/precompiles/builtin/system.rs:31:1
[INFO] [stdout]     |
[INFO] [stdout]  31 | pub struct System<T>(PhantomData<T>);
[INFO] [stdout]     | ^^^^^^^^^^^^^^^^^^^^^^^^^^^^^^^^^^^^^ `crate::precompiles::builtin::system::System`: not accessible
[INFO] [stdout] help: a similar name exists in the module
[INFO] [stdout]     |
[INFO] [stdout]  28 -         Assets, AssetsFreezer, AssetsHolder, Balances, Contracts, ExtBuilder, PGAS_ASSET_ID,
[INFO] [stdout]  28 +         Assets, AssetsFreezer, AssetsHolder, BalanceOf, Contracts, ExtBuilder, PGAS_ASSET_ID,
[INFO] [stdout]     |
[INFO] [stdout] help: a similar name exists in the module
[INFO] [stdout]     |
[INFO] [stdout]  29 -         RuntimeOrigin, System, Test, builder, test_utils::get_contract_checked,
[INFO] [stdout]  29 +         RuntimeOrigin, System, test, builder, test_utils::get_contract_checked,
[INFO] [stdout]     |
[INFO] [stdout] 
[INFO] [stdout] 
[INFO] [stdout] error[E0432]: unresolved import `crate::tests::Test`
[INFO] [stdout]   --> src/tests/eth_estimate_gas.rs:29:30
[INFO] [stdout]    |
[INFO] [stdout] 29 |     tests::{Config, ExtBuilder, Test, test_utils::place_contract},
[INFO] [stdout]    |                                 ^^^^ no `Test` in `tests`
[INFO] [stdout]    |
[INFO] [stdout] help: a similar name exists in the module
[INFO] [stdout]    |
[INFO] [stdout] 29 -     tests::{Config, ExtBuilder, Test, test_utils::place_contract},
[INFO] [stdout] 29 +     tests::{Config, ExtBuilder, test, test_utils::place_contract},
[INFO] [stdout]    |
[INFO] [stdout] 
[INFO] [stdout] 
[INFO] [stdout] error[E0432]: unresolved imports `crate::tests::Balances`, `crate::tests::Contracts`, `crate::tests::RuntimeCall`, `crate::tests::RuntimeEvent`, `crate::tests::RuntimeOrigin`, `crate::tests::System`, `crate::tests::Test`
[INFO] [stdout]    --> src/tests/pvm.rs:40:3
[INFO] [stdout]     |
[INFO] [stdout]  40 |         Balances, Contracts, DEPOSIT_PER_BYTE, DepositPerByte, DepositPerItem, ExtBuilder,
[INFO] [stdout]     |         ^^^^^^^^  ^^^^^^^^^ no `Contracts` in `tests`
[INFO] [stdout]     |         |
[INFO] [stdout]     |         no `Balances` in `tests`
[INFO] [stdout]  41 |         InstantiateAccount, RuntimeCall, RuntimeEvent, RuntimeOrigin, System, Test, UploadAccount,
[INFO] [stdout]     |                             ^^^^^^^^^^^  ^^^^^^^^^^^^  ^^^^^^^^^^^^^  ^^^^^^  ^^^^ no `Test` in `tests`
[INFO] [stdout]     |                             |            |             |              |
[INFO] [stdout]     |                             |            |             |              no `System` in `tests`
[INFO] [stdout]     |                             |            |             no `RuntimeOrigin` in `tests`
[INFO] [stdout]     |                             |            no `RuntimeEvent` in `tests`
[INFO] [stdout]     |                             no `RuntimeCall` in `tests`
[INFO] [stdout]     |
[INFO] [stdout] note: struct `crate::exec::sealing::Contracts` exists but is inaccessible
[INFO] [stdout]    --> src/lib.rs:173:2
[INFO] [stdout]     |
[INFO] [stdout] 173 |     pub struct Pallet<T>(_);
[INFO] [stdout]     |     ^^^^^^^^^^^^^^^^^^^^^^^^ not accessible
[INFO] [stdout]     = help: consider importing this struct instead:
[INFO] [stdout]             std::alloc::System
[INFO] [stdout] note: these items exist but are inaccessible
[INFO] [stdout]    --> src/exec/tests.rs:44:1
[INFO] [stdout]     |
[INFO] [stdout]  44 | type System = frame_system::Pallet<Test>;
[INFO] [stdout]     | ^^^^^^^^^^^^^^^^^^^^^^^^^^^^^^^^^^^^^^^^^ `crate::exec::tests::System`: not accessible
[INFO] [stdout]     |
[INFO] [stdout]    ::: src/precompiles/builtin/system.rs:31:1
[INFO] [stdout]     |
[INFO] [stdout]  31 | pub struct System<T>(PhantomData<T>);
[INFO] [stdout]     | ^^^^^^^^^^^^^^^^^^^^^^^^^^^^^^^^^^^^^ `crate::precompiles::builtin::system::System`: not accessible
[INFO] [stdout] help: a similar name exists in the module
[INFO] [stdout]     |
[INFO] [stdout]  40 -         Balances, Contracts, DEPOSIT_PER_BYTE, DepositPerByte, DepositPerItem, ExtBuilder,
[INFO] [stdout]  40 +         BalanceOf, Contracts, DEPOSIT_PER_BYTE, DepositPerByte, DepositPerItem, ExtBuilder,
[INFO] [stdout]     |
[INFO] [stdout] help: a similar name exists in the module
[INFO] [stdout]     |
[INFO] [stdout]  41 -         InstantiateAccount, RuntimeCall, RuntimeEvent, RuntimeOrigin, System, Test, UploadAccount,
[INFO] [stdout]  41 +         InstantiateAccount, RuntimeCall, RuntimeEvent, RuntimeOrigin, System, test, UploadAccount,
[INFO] [stdout]     |
[INFO] [stdout] 
[INFO] [stdout] 
[INFO] [stdout] error[E0432]: unresolved import `pallet_revive_fixtures`
[INFO] [stdout]   --> src/tests/pvm.rs:60:5
[INFO] [stdout]    |
[INFO] [stdout] 60 | use pallet_revive_fixtures::compile_module;
[INFO] [stdout]    |     ^^^^^^^^^^^^^^^^^^^^^^ use of unresolved module or unlinked crate `pallet_revive_fixtures`
[INFO] [stdout]    |
[INFO] [stdout] help: there is a crate or module with a similar name
[INFO] [stdout]    |
[INFO] [stdout] 60 - use pallet_revive_fixtures::compile_module;
[INFO] [stdout] 60 + use pallet_revive_types::compile_module;
[INFO] [stdout]    |
[INFO] [stdout] 
[INFO] [stdout] 
[INFO] [stdout] error[E0432]: unresolved imports `crate::tests::RuntimeOrigin`, `crate::tests::Test`
[INFO] [stdout]   --> src/tests/sol.rs:26:44
[INFO] [stdout]    |
[INFO] [stdout] 26 |         AllowEvmBytecode, DebugFlag, ExtBuilder, RuntimeOrigin, Test, builder,
[INFO] [stdout]    |                                                  ^^^^^^^^^^^^^  ^^^^ no `Test` in `tests`
[INFO] [stdout]    |                                                  |
[INFO] [stdout]    |                                                  no `RuntimeOrigin` in `tests`
[INFO] [stdout]    |
[INFO] [stdout] help: a similar name exists in the module
[INFO] [stdout]    |
[INFO] [stdout] 26 -         AllowEvmBytecode, DebugFlag, ExtBuilder, RuntimeOrigin, Test, builder,
[INFO] [stdout] 26 +         AllowEvmBytecode, DebugFlag, ExtBuilder, RuntimeOrigin, test, builder,
[INFO] [stdout]    |
[INFO] [stdout] 
[INFO] [stdout] 
[INFO] [stdout] error[E0432]: unresolved import `crate::tests::Test`
[INFO] [stdout]   --> src/tests/sol/arithmetic.rs:22:22
[INFO] [stdout]    |
[INFO] [stdout] 22 |     tests::{ExtBuilder, Test, builder},
[INFO] [stdout]    |                         ^^^^ no `Test` in `tests`
[INFO] [stdout]    |
[INFO] [stdout] help: a similar name exists in the module
[INFO] [stdout]    |
[INFO] [stdout] 22 -     tests::{ExtBuilder, Test, builder},
[INFO] [stdout] 22 +     tests::{ExtBuilder, test, builder},
[INFO] [stdout]    |
[INFO] [stdout] 
[INFO] [stdout] 
[INFO] [stdout] error[E0432]: unresolved import `crate::tests::Test`
[INFO] [stdout]   --> src/tests/sol/bitwise.rs:23:22
[INFO] [stdout]    |
[INFO] [stdout] 23 |     tests::{ExtBuilder, Test, builder},
[INFO] [stdout]    |                         ^^^^ no `Test` in `tests`
[INFO] [stdout]    |
[INFO] [stdout] help: a similar name exists in the module
[INFO] [stdout]    |
[INFO] [stdout] 23 -     tests::{ExtBuilder, Test, builder},
[INFO] [stdout] 23 +     tests::{ExtBuilder, test, builder},
[INFO] [stdout]    |
[INFO] [stdout] 
[INFO] [stdout] 
[INFO] [stdout] error[E0432]: unresolved imports `crate::tests::Contracts`, `crate::tests::System`, `crate::tests::Test`, `crate::tests::Timestamp`
[INFO] [stdout]    --> src/tests/sol/block_info.rs:23:10
[INFO] [stdout]     |
[INFO] [stdout]  23 |     tests::{Contracts, ExtBuilder, System, Test, Timestamp, builder},
[INFO] [stdout]     |             ^^^^^^^^^              ^^^^^^  ^^^^  ^^^^^^^^^ no `Timestamp` in `tests`
[INFO] [stdout]     |             |                      |       |
[INFO] [stdout]     |             |                      |       no `Test` in `tests`
[INFO] [stdout]     |             |                      no `System` in `tests`
[INFO] [stdout]     |             no `Contracts` in `tests`
[INFO] [stdout]     |
[INFO] [stdout] note: struct `crate::exec::sealing::Contracts` exists but is inaccessible
[INFO] [stdout]    --> src/lib.rs:173:2
[INFO] [stdout]     |
[INFO] [stdout] 173 |     pub struct Pallet<T>(_);
[INFO] [stdout]     |     ^^^^^^^^^^^^^^^^^^^^^^^^ not accessible
[INFO] [stdout]     = help: consider importing this struct instead:
[INFO] [stdout]             std::alloc::System
[INFO] [stdout] note: these items exist but are inaccessible
[INFO] [stdout]    --> src/exec/tests.rs:44:1
[INFO] [stdout]     |
[INFO] [stdout]  44 | type System = frame_system::Pallet<Test>;
[INFO] [stdout]     | ^^^^^^^^^^^^^^^^^^^^^^^^^^^^^^^^^^^^^^^^^ `crate::exec::tests::System`: not accessible
[INFO] [stdout]     |
[INFO] [stdout]    ::: src/precompiles/builtin/system.rs:31:1
[INFO] [stdout]     |
[INFO] [stdout]  31 | pub struct System<T>(PhantomData<T>);
[INFO] [stdout]     | ^^^^^^^^^^^^^^^^^^^^^^^^^^^^^^^^^^^^^ `crate::precompiles::builtin::system::System`: not accessible
[INFO] [stdout] help: a similar name exists in the module
[INFO] [stdout]     |
[INFO] [stdout]  23 -     tests::{Contracts, ExtBuilder, System, Test, Timestamp, builder},
[INFO] [stdout]  23 +     tests::{Contracts, ExtBuilder, System, test, Timestamp, builder},
[INFO] [stdout]     |
[INFO] [stdout] 
[INFO] [stdout] 
[INFO] [stdout] error[E0432]: unresolved imports `crate::tests::RuntimeOrigin`, `crate::tests::Test`
[INFO] [stdout]   --> src/tests/sol/contract.rs:29:50
[INFO] [stdout]    |
[INFO] [stdout] 29 |     tests::{ExtBuilder, MOCK_CODE, MockHandlerImpl, RuntimeOrigin, Test, builder},
[INFO] [stdout]    |                                                     ^^^^^^^^^^^^^  ^^^^ no `Test` in `tests`
[INFO] [stdout]    |                                                     |
[INFO] [stdout]    |                                                     no `RuntimeOrigin` in `tests`
[INFO] [stdout]    |
[INFO] [stdout] help: a similar name exists in the module
[INFO] [stdout]    |
[INFO] [stdout] 29 -     tests::{ExtBuilder, MOCK_CODE, MockHandlerImpl, RuntimeOrigin, Test, builder},
[INFO] [stdout] 29 +     tests::{ExtBuilder, MOCK_CODE, MockHandlerImpl, RuntimeOrigin, test, builder},
[INFO] [stdout]    |
[INFO] [stdout] 
[INFO] [stdout] 
[INFO] [stdout] error[E0432]: unresolved import `crate::tests::Test`
[INFO] [stdout]   --> src/tests/sol/control.rs:22:22
[INFO] [stdout]    |
[INFO] [stdout] 22 |     tests::{ExtBuilder, Test, builder, sol::make_initcode_from_runtime_code},
[INFO] [stdout]    |                         ^^^^ no `Test` in `tests`
[INFO] [stdout]    |
[INFO] [stdout] help: a similar name exists in the module
[INFO] [stdout]    |
[INFO] [stdout] 22 -     tests::{ExtBuilder, Test, builder, sol::make_initcode_from_runtime_code},
[INFO] [stdout] 22 +     tests::{ExtBuilder, test, builder, sol::make_initcode_from_runtime_code},
[INFO] [stdout]    |
[INFO] [stdout] 
[INFO] [stdout] 
[INFO] [stdout] error[E0432]: unresolved imports `crate::tests::RuntimeEvent`, `crate::tests::Test`
[INFO] [stdout]   --> src/tests/sol/host.rs:24:22
[INFO] [stdout]    |
[INFO] [stdout] 24 |     tests::{ExtBuilder, RuntimeEvent, Test, builder, test_utils, test_utils::get_contract},
[INFO] [stdout]    |                         ^^^^^^^^^^^^  ^^^^ no `Test` in `tests`
[INFO] [stdout]    |                         |
[INFO] [stdout]    |                         no `RuntimeEvent` in `tests`
[INFO] [stdout]    |
[INFO] [stdout] help: a similar name exists in the module
[INFO] [stdout]    |
[INFO] [stdout] 24 -     tests::{ExtBuilder, RuntimeEvent, Test, builder, test_utils, test_utils::get_contract},
[INFO] [stdout] 24 +     tests::{ExtBuilder, RuntimeEvent, test, builder, test_utils, test_utils::get_contract},
[INFO] [stdout]    |
[INFO] [stdout] 
[INFO] [stdout] 
[INFO] [stdout] error[E0432]: unresolved import `crate::tests::Test`
[INFO] [stdout]   --> src/tests/sol/memory.rs:22:22
[INFO] [stdout]    |
[INFO] [stdout] 22 |     tests::{ExtBuilder, Test, builder},
[INFO] [stdout]    |                         ^^^^ no `Test` in `tests`
[INFO] [stdout]    |
[INFO] [stdout] help: a similar name exists in the module
[INFO] [stdout]    |
[INFO] [stdout] 22 -     tests::{ExtBuilder, Test, builder},
[INFO] [stdout] 22 +     tests::{ExtBuilder, test, builder},
[INFO] [stdout]    |
[INFO] [stdout] 
[INFO] [stdout] 
[INFO] [stdout] error[E0432]: unresolved import `crate::tests::Test`
[INFO] [stdout]   --> src/tests/sol/stack.rs:21:22
[INFO] [stdout]    |
[INFO] [stdout] 21 |     tests::{ExtBuilder, Test, builder, sol::make_initcode_from_runtime_code},
[INFO] [stdout]    |                         ^^^^ no `Test` in `tests`
[INFO] [stdout]    |
[INFO] [stdout] help: a similar name exists in the module
[INFO] [stdout]    |
[INFO] [stdout] 21 -     tests::{ExtBuilder, Test, builder, sol::make_initcode_from_runtime_code},
[INFO] [stdout] 21 +     tests::{ExtBuilder, test, builder, sol::make_initcode_from_runtime_code},
[INFO] [stdout]    |
[INFO] [stdout] 
[INFO] [stdout] 
[INFO] [stdout] error[E0432]: unresolved imports `crate::tests::Contracts`, `crate::tests::RuntimeOrigin`, `crate::tests::Test`
[INFO] [stdout]    --> src/tests/sol/system.rs:24:10
[INFO] [stdout]     |
[INFO] [stdout]  24 |     tests::{Contracts, ExtBuilder, RuntimeOrigin, Test, builder},
[INFO] [stdout]     |             ^^^^^^^^^              ^^^^^^^^^^^^^  ^^^^ no `Test` in `tests`
[INFO] [stdout]     |             |                      |
[INFO] [stdout]     |             |                      no `RuntimeOrigin` in `tests`
[INFO] [stdout]     |             no `Contracts` in `tests`
[INFO] [stdout]     |
[INFO] [stdout] note: struct `crate::exec::sealing::Contracts` exists but is inaccessible
[INFO] [stdout]    --> src/lib.rs:173:2
[INFO] [stdout]     |
[INFO] [stdout] 173 |     pub struct Pallet<T>(_);
[INFO] [stdout]     |     ^^^^^^^^^^^^^^^^^^^^^^^^ not accessible
[INFO] [stdout] help: a similar name exists in the module
[INFO] [stdout]     |
[INFO] [stdout]  24 -     tests::{Contracts, ExtBuilder, RuntimeOrigin, Test, builder},
[INFO] [stdout]  24 +     tests::{Contracts, ExtBuilder, RuntimeOrigin, test, builder},
[INFO] [stdout]     |
[INFO] [stdout] 
[INFO] [stdout] 
[INFO] [stdout] error[E0432]: unresolved imports `crate::tests::Contracts`, `crate::tests::RuntimeOrigin`, `crate::tests::Test`
[INFO] [stdout]    --> src/tests/sol/terminate.rs:23:3
[INFO] [stdout]     |
[INFO] [stdout]  23 |         Contracts, ExtBuilder, RuntimeOrigin, Test, builder,
[INFO] [stdout]     |         ^^^^^^^^^              ^^^^^^^^^^^^^  ^^^^ no `Test` in `tests`
[INFO] [stdout]     |         |                      |
[INFO] [stdout]     |         |                      no `RuntimeOrigin` in `tests`
[INFO] [stdout]     |         no `Contracts` in `tests`
[INFO] [stdout]     |
[INFO] [stdout] note: struct `crate::exec::sealing::Contracts` exists but is inaccessible
[INFO] [stdout]    --> src/lib.rs:173:2
[INFO] [stdout]     |
[INFO] [stdout] 173 |     pub struct Pallet<T>(_);
[INFO] [stdout]     |     ^^^^^^^^^^^^^^^^^^^^^^^^ not accessible
[INFO] [stdout] help: a similar name exists in the module
[INFO] [stdout]     |
[INFO] [stdout]  23 -         Contracts, ExtBuilder, RuntimeOrigin, Test, builder,
[INFO] [stdout]  23 +         Contracts, ExtBuilder, RuntimeOrigin, test, builder,
[INFO] [stdout]     |
[INFO] [stdout] 
[INFO] [stdout] 
[INFO] [stdout] error[E0432]: unresolved import `crate::tests::Test`
[INFO] [stdout]   --> src/tests/sol/tx_info.rs:23:22
[INFO] [stdout]    |
[INFO] [stdout] 23 |     tests::{ExtBuilder, Test, builder},
[INFO] [stdout]    |                         ^^^^ no `Test` in `tests`
[INFO] [stdout]    |
[INFO] [stdout] help: a similar name exists in the module
[INFO] [stdout]    |
[INFO] [stdout] 23 -     tests::{ExtBuilder, Test, builder},
[INFO] [stdout] 23 +     tests::{ExtBuilder, test, builder},
[INFO] [stdout]    |
[INFO] [stdout] 
[INFO] [stdout] 
[INFO] [stdout] error[E0432]: unresolved import `crate::tests::Test`
[INFO] [stdout]   --> src/tests/stipends.rs:21:22
[INFO] [stdout]    |
[INFO] [stdout] 21 |     tests::{ExtBuilder, Test, builder},
[INFO] [stdout]    |                         ^^^^ no `Test` in `tests`
[INFO] [stdout]    |
[INFO] [stdout] help: a similar name exists in the module
[INFO] [stdout]    |
[INFO] [stdout] 21 -     tests::{ExtBuilder, Test, builder},
[INFO] [stdout] 21 +     tests::{ExtBuilder, test, builder},
[INFO] [stdout]    |
[INFO] [stdout] 
[INFO] [stdout] 
[INFO] [stdout] error[E0432]: unresolved import `pallet_revive_fixtures`
[INFO] [stdout]   --> src/tests.rs:52:5
[INFO] [stdout]    |
[INFO] [stdout] 52 | use pallet_revive_fixtures::compile_module;
[INFO] [stdout]    |     ^^^^^^^^^^^^^^^^^^^^^^ use of unresolved module or unlinked crate `pallet_revive_fixtures`
[INFO] [stdout]    |
[INFO] [stdout] help: there is a crate or module with a similar name
[INFO] [stdout]    |
[INFO] [stdout] 52 - use pallet_revive_fixtures::compile_module;
[INFO] [stdout] 52 + use pallet_revive_types::compile_module;
[INFO] [stdout]    |
[INFO] [stdout] 
[INFO] [stdout] 
[INFO] [stdout] error[E0433]: cannot find module or crate `sp_keystore` in this scope
[INFO] [stdout]   --> src/tests.rs:55:5
[INFO] [stdout]    |
[INFO] [stdout] 55 | use sp_keystore::{KeystoreExt, testing::MemoryKeystore};
[INFO] [stdout]    |     ^^^^^^^^^^^ use of unresolved module or unlinked crate `sp_keystore`
[INFO] [stdout]    |
[INFO] [stdout]    = help: if you wanted to use a crate named `sp_keystore`, use `cargo add sp_keystore` to add it to your `Cargo.toml`
[INFO] [stdout] 
[INFO] [stdout] 
[INFO] [stdout] error[E0432]: unresolved import `sp_keystore`
[INFO] [stdout]   --> src/tests.rs:55:5
[INFO] [stdout]    |
[INFO] [stdout] 55 | use sp_keystore::{KeystoreExt, testing::MemoryKeystore};
[INFO] [stdout]    |     ^^^^^^^^^^^ use of unresolved module or unlinked crate `sp_keystore`
[INFO] [stdout]    |
[INFO] [stdout]    = help: if you wanted to use a crate named `sp_keystore`, use `cargo add sp_keystore` to add it to your `Cargo.toml`
[INFO] [stdout] 
[INFO] [stdout] 
[INFO] [stdout] error[E0432]: unresolved imports `super::Contracts`, `super::Test`
[INFO] [stdout]    --> src/tests.rs:124:50
[INFO] [stdout]     |
[INFO] [stdout] 124 |         BalanceWithDust, CodeHashLockupDepositPercent, Contracts, DepositPerByte, DepositPerItem,
[INFO] [stdout]     |                                                        ^^^^^^^^^ no `Contracts` in `tests`
[INFO] [stdout] 125 |         Test,
[INFO] [stdout]     |         ^^^^ no `Test` in `tests`
[INFO] [stdout]     |
[INFO] [stdout] note: struct `crate::exec::sealing::Contracts` exists but is inaccessible
[INFO] [stdout]    --> src/lib.rs:173:2
[INFO] [stdout]     |
[INFO] [stdout] 173 |     pub struct Pallet<T>(_);
[INFO] [stdout]     |     ^^^^^^^^^^^^^^^^^^^^^^^^ not accessible
[INFO] [stdout] help: a similar name exists in the module
[INFO] [stdout]     |
[INFO] [stdout] 125 -         Test,
[INFO] [stdout] 125 +         test,
[INFO] [stdout]     |
[INFO] [stdout] 
[INFO] [stdout] 
[INFO] [stdout] error[E0432]: unresolved import `super::Test`
[INFO] [stdout]    --> src/tests.rs:226:6
[INFO] [stdout]     |
[INFO] [stdout] 226 |     use super::Test;
[INFO] [stdout]     |         ^^^^^^^----
[INFO] [stdout]     |                |
[INFO] [stdout]     |                no `Test` in `tests`
[INFO] [stdout]     |
[INFO] [stdout] help: a similar name exists in the module
[INFO] [stdout]     |
[INFO] [stdout] 226 -     use super::Test;
[INFO] [stdout] 226 +     use super::test;
[INFO] [stdout]     |
[INFO] [stdout] 
[INFO] [stdout] 
[INFO] [stdout] error[E0432]: unresolved import `crate::tests::RuntimeOrigin`
[INFO] [stdout]    --> src/tests.rs:230:3
[INFO] [stdout]     |
[INFO] [stdout] 230 |         tests::RuntimeOrigin,
[INFO] [stdout]     |         ^^^^^^^-------------
[INFO] [stdout]     |                |
[INFO] [stdout]     |                no `RuntimeOrigin` in `tests`
[INFO] [stdout] 
[INFO] [stdout] 
[INFO] [stdout] error[E0432]: unresolved import `crate::tests::Test`
[INFO] [stdout]    --> src/transient_storage.rs:346:36
[INFO] [stdout]     |
[INFO] [stdout] 346 |     use crate::{Error, test_utils::*, tests::Test};
[INFO] [stdout]     |                                       ^^^^^^^----
[INFO] [stdout]     |                                              |
[INFO] [stdout]     |                                              no `Test` in `tests`
[INFO] [stdout]     |
[INFO] [stdout] help: a similar name exists in the module
[INFO] [stdout]     |
[INFO] [stdout] 346 -     use crate::{Error, test_utils::*, tests::Test};
[INFO] [stdout] 346 +     use crate::{Error, test_utils::*, tests::test};
[INFO] [stdout]     |
[INFO] [stdout] 
[INFO] [stdout] 
[INFO] [stdout] error[E0432]: unresolved import `crate::tests::Test`
[INFO] [stdout]    --> src/vm/evm/instructions/bitwise.rs:199:14
[INFO] [stdout]     |
[INFO] [stdout] 199 |     use crate::{tests::Test, vm::evm::Interpreter};
[INFO] [stdout]     |                 ^^^^^^^----
[INFO] [stdout]     |                        |
[INFO] [stdout]     |                        no `Test` in `tests`
[INFO] [stdout]     |
[INFO] [stdout] help: a similar name exists in the module
[INFO] [stdout]     |
[INFO] [stdout] 199 -     use crate::{tests::Test, vm::evm::Interpreter};
[INFO] [stdout] 199 +     use crate::{tests::test, vm::evm::Interpreter};
[INFO] [stdout]     |
[INFO] [stdout] 
[INFO] [stdout] 
[INFO] [stdout] error[E0432]: unresolved import `crate::tests::Test`
[INFO] [stdout]    --> src/vm/evm/memory.rs:152:6
[INFO] [stdout]     |
[INFO] [stdout] 152 |     use crate::tests::Test;
[INFO] [stdout]     |         ^^^^^^^^^^^^^^----
[INFO] [stdout]     |                       |
[INFO] [stdout]     |                       no `Test` in `tests`
[INFO] [stdout]     |
[INFO] [stdout] help: a similar name exists in the module
[INFO] [stdout]     |
[INFO] [stdout] 152 -     use crate::tests::Test;
[INFO] [stdout] 152 +     use crate::tests::test;
[INFO] [stdout]     |
[INFO] [stdout] 
[INFO] [stdout] 
[INFO] [stdout] error[E0432]: unresolved import `crate::tests::Test`
[INFO] [stdout]    --> src/vm/evm/stack.rs:194:6
[INFO] [stdout]     |
[INFO] [stdout] 194 |     use crate::tests::Test;
[INFO] [stdout]     |         ^^^^^^^^^^^^^^----
[INFO] [stdout]     |                       |
[INFO] [stdout]     |                       no `Test` in `tests`
[INFO] [stdout]     |
[INFO] [stdout] help: a similar name exists in the module
[INFO] [stdout]     |
[INFO] [stdout] 194 -     use crate::tests::Test;
[INFO] [stdout] 194 +     use crate::tests::test;
[INFO] [stdout]     |
[INFO] [stdout] 
[INFO] [stdout] 
[INFO] [stdout] error[E0432]: unresolved import `crate::tests::Test`
[INFO] [stdout]    --> src/vm/runtime_costs.rs:414:6
[INFO] [stdout]     |
[INFO] [stdout] 414 |     use crate::tests::Test;
[INFO] [stdout]     |         ^^^^^^^^^^^^^^----
[INFO] [stdout]     |                       |
[INFO] [stdout]     |                       no `Test` in `tests`
[INFO] [stdout]     |
[INFO] [stdout] help: a similar name exists in the module
[INFO] [stdout]     |
[INFO] [stdout] 414 -     use crate::tests::Test;
[INFO] [stdout] 414 +     use crate::tests::test;
[INFO] [stdout]     |
[INFO] [stdout] 
[INFO] [stdout] 
[INFO] [stdout] error[E0432]: unresolved import `crate::tests::Test`
[INFO] [stdout]   --> src/evm/tracing.rs:86:33
[INFO] [stdout]    |
[INFO] [stdout] 86 |     use crate::tests::{ExtBuilder, Test};
[INFO] [stdout]    |                                    ^^^^ no `Test` in `tests`
[INFO] [stdout]    |
[INFO] [stdout] help: a similar name exists in the module
[INFO] [stdout]    |
[INFO] [stdout] 86 -     use crate::tests::{ExtBuilder, Test};
[INFO] [stdout] 86 +     use crate::tests::{ExtBuilder, test};
[INFO] [stdout]    |
[INFO] [stdout] 
[INFO] [stdout] 
[INFO] [stdout] error[E0432]: unresolved imports `crate::tests::RuntimeCall`, `crate::tests::RuntimeOrigin`, `crate::tests::Test`
[INFO] [stdout]    --> src/evm/runtime.rs:448:25
[INFO] [stdout]     |
[INFO] [stdout] 448 |             Address, ExtBuilder, RuntimeCall, RuntimeOrigin, SignedExtra, Test, UncheckedExtrinsic,
[INFO] [stdout]     |                                  ^^^^^^^^^^^  ^^^^^^^^^^^^^               ^^^^ no `Test` in `tests`
[INFO] [stdout]     |                                  |            |
[INFO] [stdout]     |                                  |            no `RuntimeOrigin` in `tests`
[INFO] [stdout]     |                                  no `RuntimeCall` in `tests`
[INFO] [stdout]     |
[INFO] [stdout] help: a similar name exists in the module
[INFO] [stdout]     |
[INFO] [stdout] 448 -             Address, ExtBuilder, RuntimeCall, RuntimeOrigin, SignedExtra, Test, UncheckedExtrinsic,
[INFO] [stdout] 448 +             Address, ExtBuilder, RuntimeCall, RuntimeOrigin, SignedExtra, test, UncheckedExtrinsic,
[INFO] [stdout]     |
[INFO] [stdout] 
[INFO] [stdout] 
[INFO] [stdout] error[E0432]: unresolved import `crate::tests::Test`
[INFO] [stdout]    --> src/evm/block_hash/block_builder.rs:303:23
[INFO] [stdout]     |
[INFO] [stdout] 303 |         tests::{ExtBuilder, Test},
[INFO] [stdout]     |                             ^^^^ no `Test` in `tests`
[INFO] [stdout]     |
[INFO] [stdout] help: a similar name exists in the module
[INFO] [stdout]     |
[INFO] [stdout] 303 -         tests::{ExtBuilder, Test},
[INFO] [stdout] 303 +         tests::{ExtBuilder, test},
[INFO] [stdout]     |
[INFO] [stdout] 
[INFO] [stdout] 
[INFO] [stdout] error[E0432]: unresolved import `crate::tests::Test`
[INFO] [stdout]    --> src/evm/transfer_with_dust.rs:191:40
[INFO] [stdout]     |
[INFO] [stdout] 191 |         tests::{BurnDestination, ExtBuilder, Test, builder, test_utils::set_balance_with_dust},
[INFO] [stdout]     |                                              ^^^^ no `Test` in `tests`
[INFO] [stdout]     |
[INFO] [stdout] help: a similar name exists in the module
[INFO] [stdout]     |
[INFO] [stdout] 191 -         tests::{BurnDestination, ExtBuilder, Test, builder, test_utils::set_balance_with_dust},
[INFO] [stdout] 191 +         tests::{BurnDestination, ExtBuilder, test, builder, test_utils::set_balance_with_dust},
[INFO] [stdout]     |
[INFO] [stdout] 
[INFO] [stdout] 
[INFO] [stdout] error[E0432]: unresolved imports `crate::tests::Assets`, `crate::tests::AssetsFreezer`, `crate::tests::AssetsHolder`, `crate::tests::Test`
[INFO] [stdout]    --> src/migrations/v4.rs:322:11
[INFO] [stdout]     |
[INFO] [stdout] 322 |         tests::{Assets, AssetsFreezer, AssetsHolder, ExtBuilder, PGasAssetId, Test},
[INFO] [stdout]     |                 ^^^^^^  ^^^^^^^^^^^^^  ^^^^^^^^^^^^                           ^^^^ no `Test` in `tests`
[INFO] [stdout]     |                 |       |              |
[INFO] [stdout]     |                 |       |              no `AssetsHolder` in `tests`
[INFO] [stdout]     |                 |       no `AssetsFreezer` in `tests`
[INFO] [stdout]     |                 no `Assets` in `tests`
[INFO] [stdout]     |
[INFO] [stdout] help: a similar name exists in the module
[INFO] [stdout]     |
[INFO] [stdout] 322 -         tests::{Assets, AssetsFreezer, AssetsHolder, ExtBuilder, PGasAssetId, Test},
[INFO] [stdout] 322 +         tests::{Assets, AssetsFreezer, AssetsHolder, ExtBuilder, PGasAssetId, test},
[INFO] [stdout]     |
[INFO] [stdout] 
[INFO] [stdout] 
[INFO] [stdout] error[E0432]: unresolved import `crate::tests::Test`
[INFO] [stdout]    --> src/precompiles/builtin/blake2f.rs:185:3
[INFO] [stdout]     |
[INFO] [stdout] 185 |         tests::Test,
[INFO] [stdout]     |         ^^^^^^^----
[INFO] [stdout]     |                |
[INFO] [stdout]     |                no `Test` in `tests`
[INFO] [stdout]     |
[INFO] [stdout] help: a similar name exists in the module
[INFO] [stdout]     |
[INFO] [stdout] 185 -         tests::Test,
[INFO] [stdout] 185 +         tests::test,
[INFO] [stdout]     |
[INFO] [stdout] 
[INFO] [stdout] 
[INFO] [stdout] error[E0432]: unresolved import `crate::tests::Test`
[INFO] [stdout]    --> src/precompiles/builtin/bn128.rs:207:3
[INFO] [stdout]     |
[INFO] [stdout] 207 |         tests::Test,
[INFO] [stdout]     |         ^^^^^^^----
[INFO] [stdout]     |                |
[INFO] [stdout]     |                no `Test` in `tests`
[INFO] [stdout]     |
[INFO] [stdout] help: a similar name exists in the module
[INFO] [stdout]     |
[INFO] [stdout] 207 -         tests::Test,
[INFO] [stdout] 207 +         tests::test,
[INFO] [stdout]     |
[INFO] [stdout] 
[INFO] [stdout] 
[INFO] [stdout] error[E0432]: unresolved import `crate::tests::Test`
[INFO] [stdout]   --> src/precompiles/builtin/ecrecover.rs:73:52
[INFO] [stdout]    |
[INFO] [stdout] 73 |     use crate::{precompiles::tests::run_test_vectors, tests::Test};
[INFO] [stdout]    |                                                       ^^^^^^^----
[INFO] [stdout]    |                                                              |
[INFO] [stdout]    |                                                              no `Test` in `tests`
[INFO] [stdout]    |
[INFO] [stdout] help: a similar name exists in the module
[INFO] [stdout]    |
[INFO] [stdout] 73 -     use crate::{precompiles::tests::run_test_vectors, tests::Test};
[INFO] [stdout] 73 +     use crate::{precompiles::tests::run_test_vectors, tests::test};
[INFO] [stdout]    |
[INFO] [stdout] 
[INFO] [stdout] 
[INFO] [stdout] error[E0432]: unresolved import `crate::tests::Test`
[INFO] [stdout]    --> src/precompiles/builtin/modexp.rs:235:3
[INFO] [stdout]     |
[INFO] [stdout] 235 |         tests::Test,
[INFO] [stdout]     |         ^^^^^^^----
[INFO] [stdout]     |                |
[INFO] [stdout]     |                no `Test` in `tests`
[INFO] [stdout]     |
[INFO] [stdout] help: a similar name exists in the module
[INFO] [stdout]     |
[INFO] [stdout] 235 -         tests::Test,
[INFO] [stdout] 235 +         tests::test,
[INFO] [stdout]     |
[INFO] [stdout] 
[INFO] [stdout] 
[INFO] [stdout] error[E0432]: unresolved import `crate::tests::Test`
[INFO] [stdout]   --> src/precompiles/builtin/p256_verify.rs:67:52
[INFO] [stdout]    |
[INFO] [stdout] 67 |     use crate::{precompiles::tests::run_test_vectors, tests::Test};
[INFO] [stdout]    |                                                       ^^^^^^^----
[INFO] [stdout]    |                                                              |
[INFO] [stdout]    |                                                              no `Test` in `tests`
[INFO] [stdout]    |
[INFO] [stdout] help: a similar name exists in the module
[INFO] [stdout]    |
[INFO] [stdout] 67 -     use crate::{precompiles::tests::run_test_vectors, tests::Test};
[INFO] [stdout] 67 +     use crate::{precompiles::tests::run_test_vectors, tests::test};
[INFO] [stdout]    |
[INFO] [stdout] 
[INFO] [stdout] 
[INFO] [stdout] error[E0432]: unresolved import `crate::tests::Test`
[INFO] [stdout]   --> src/precompiles/builtin/ripemd160.rs:50:52
[INFO] [stdout]    |
[INFO] [stdout] 50 |     use crate::{precompiles::tests::run_test_vectors, tests::Test};
[INFO] [stdout]    |                                                       ^^^^^^^----
[INFO] [stdout]    |                                                              |
[INFO] [stdout]    |                                                              no `Test` in `tests`
[INFO] [stdout]    |
[INFO] [stdout] help: a similar name exists in the module
[INFO] [stdout]    |
[INFO] [stdout] 50 -     use crate::{precompiles::tests::run_test_vectors, tests::Test};
[INFO] [stdout] 50 +     use crate::{precompiles::tests::run_test_vectors, tests::test};
[INFO] [stdout]    |
[INFO] [stdout] 
[INFO] [stdout] 
[INFO] [stdout] error[E0432]: unresolved import `crate::tests::Test`
[INFO] [stdout]   --> src/precompiles/builtin/sha256.rs:48:52
[INFO] [stdout]    |
[INFO] [stdout] 48 |     use crate::{precompiles::tests::run_test_vectors, tests::Test};
[INFO] [stdout]    |                                                       ^^^^^^^----
[INFO] [stdout]    |                                                              |
[INFO] [stdout]    |                                                              no `Test` in `tests`
[INFO] [stdout]    |
[INFO] [stdout] help: a similar name exists in the module
[INFO] [stdout]    |
[INFO] [stdout] 48 -     use crate::{precompiles::tests::run_test_vectors, tests::Test};
[INFO] [stdout] 48 +     use crate::{precompiles::tests::run_test_vectors, tests::test};
[INFO] [stdout]    |
[INFO] [stdout] 
[INFO] [stdout] 
[INFO] [stdout] error[E0432]: unresolved import `crate::tests::Test`
[INFO] [stdout]    --> src/precompiles/builtin/storage.rs:192:23
[INFO] [stdout]     |
[INFO] [stdout] 192 |         tests::{ExtBuilder, Test},
[INFO] [stdout]     |                             ^^^^ no `Test` in `tests`
[INFO] [stdout]     |
[INFO] [stdout] help: a similar name exists in the module
[INFO] [stdout]     |
[INFO] [stdout] 192 -         tests::{ExtBuilder, Test},
[INFO] [stdout] 192 +         tests::{ExtBuilder, test},
[INFO] [stdout]     |
[INFO] [stdout] 
[INFO] [stdout] 
[INFO] [stdout] error[E0432]: unresolved import `crate::tests::Test`
[INFO] [stdout]    --> src/precompiles/builtin/system.rs:143:23
[INFO] [stdout]     |
[INFO] [stdout] 143 |         tests::{ExtBuilder, Test},
[INFO] [stdout]     |                             ^^^^ no `Test` in `tests`
[INFO] [stdout]     |
[INFO] [stdout] help: a similar name exists in the module
[INFO] [stdout]     |
[INFO] [stdout] 143 -         tests::{ExtBuilder, Test},
[INFO] [stdout] 143 +         tests::{ExtBuilder, test},
[INFO] [stdout]     |
[INFO] [stdout] 
[INFO] [stdout] 
[INFO] [stdout] error[E0432]: unresolved import `crate::tests::Test`
[INFO] [stdout]   --> src/precompiles/tests.rs:24:22
[INFO] [stdout]    |
[INFO] [stdout] 24 |     tests::{ExtBuilder, Test},
[INFO] [stdout]    |                         ^^^^ no `Test` in `tests`
[INFO] [stdout]    |
[INFO] [stdout] help: a similar name exists in the module
[INFO] [stdout]    |
[INFO] [stdout] 24 -     tests::{ExtBuilder, Test},
[INFO] [stdout] 24 +     tests::{ExtBuilder, test},
[INFO] [stdout]    |
[INFO] [stdout] 
[INFO] [stdout] 
[INFO] [stdout] error[E0432]: unresolved import `crate::tests::System`
[INFO] [stdout]    --> src/tests/sol/contract.rs:718:11
[INFO] [stdout]     |
[INFO] [stdout] 718 |         tests::{System, initialize_block, test_utils::get_balance_on_hold},
[INFO] [stdout]     |                 ^^^^^^ no `System` in `tests`
[INFO] [stdout]     |
[INFO] [stdout]     = help: consider importing this struct instead:
[INFO] [stdout]             std::alloc::System
[INFO] [stdout] note: these items exist but are inaccessible
[INFO] [stdout]    --> src/exec/tests.rs:44:1
[INFO] [stdout]     |
[INFO] [stdout]  44 | type System = frame_system::Pallet<Test>;
[INFO] [stdout]     | ^^^^^^^^^^^^^^^^^^^^^^^^^^^^^^^^^^^^^^^^^ `crate::exec::tests::System`: not accessible
[INFO] [stdout]     |
[INFO] [stdout]    ::: src/precompiles/builtin/system.rs:31:1
[INFO] [stdout]     |
[INFO] [stdout]  31 | pub struct System<T>(PhantomData<T>);
[INFO] [stdout]     | ^^^^^^^^^^^^^^^^^^^^^^^^^^^^^^^^^^^^^ `crate::precompiles::builtin::system::System`: not accessible
[INFO] [stdout] 
[INFO] [stdout] 
[INFO] [stdout] error[E0432]: unresolved import `crate::tests::Test`
[INFO] [stdout]    --> src/migrations/v1.rs:136:23
[INFO] [stdout]     |
[INFO] [stdout] 136 |         tests::{ExtBuilder, Test},
[INFO] [stdout]     |                             ^^^^ no `Test` in `tests`
[INFO] [stdout]     |
[INFO] [stdout] help: a similar name exists in the module
[INFO] [stdout]     |
[INFO] [stdout] 136 -         tests::{ExtBuilder, Test},
[INFO] [stdout] 136 +         tests::{ExtBuilder, test},
[INFO] [stdout]     |
[INFO] [stdout] 
[INFO] [stdout] 
[INFO] [stdout] error[E0432]: unresolved import `crate::tests::Test`
[INFO] [stdout]    --> src/migrations/v2.rs:264:23
[INFO] [stdout]     |
[INFO] [stdout] 264 |         tests::{ExtBuilder, Test},
[INFO] [stdout]     |                             ^^^^ no `Test` in `tests`
[INFO] [stdout]     |
[INFO] [stdout] help: a similar name exists in the module
[INFO] [stdout]     |
[INFO] [stdout] 264 -         tests::{ExtBuilder, Test},
[INFO] [stdout] 264 +         tests::{ExtBuilder, test},
[INFO] [stdout]     |
[INFO] [stdout] 
[INFO] [stdout] 
[INFO] [stdout] error[E0432]: unresolved import `crate::tests::Test`
[INFO] [stdout]    --> src/migrations/v3.rs:155:23
[INFO] [stdout]     |
[INFO] [stdout] 155 |         tests::{ExtBuilder, Test},
[INFO] [stdout]     |                             ^^^^ no `Test` in `tests`
[INFO] [stdout]     |
[INFO] [stdout] help: a similar name exists in the module
[INFO] [stdout]     |
[INFO] [stdout] 155 -         tests::{ExtBuilder, Test},
[INFO] [stdout] 155 +         tests::{ExtBuilder, test},
[INFO] [stdout]     |
[INFO] [stdout] 
[INFO] [stdout] 
[INFO] [stdout] error[E0432]: unresolved import `crate::tests::Test`
[INFO] [stdout]    --> src/migrations/v3.rs:228:23
[INFO] [stdout]     |
[INFO] [stdout] 228 |         tests::{ExtBuilder, Test},
[INFO] [stdout]     |                             ^^^^ no `Test` in `tests`
[INFO] [stdout]     |
[INFO] [stdout] help: a similar name exists in the module
[INFO] [stdout]     |
[INFO] [stdout] 228 -         tests::{ExtBuilder, Test},
[INFO] [stdout] 228 +         tests::{ExtBuilder, test},
[INFO] [stdout]     |
[INFO] [stdout] 
[INFO] [stdout] 
[INFO] [stdout] error[E0433]: cannot find module or crate `pallet_assets_freezer` in this scope
[INFO] [stdout]    --> src/tests.rs:102:18
[INFO] [stdout]     |
[INFO] [stdout] 102 |         AssetsFreezer: pallet_assets_freezer,
[INFO] [stdout]     |                        ^^^^^^^^^^^^^^^^^^^^^ use of unresolved module or unlinked crate `pallet_assets_freezer`
[INFO] [stdout] 
[INFO] [stdout] 
[INFO] [stdout] error[E0433]: cannot find module or crate `pallet_balances` in this scope
[INFO] [stdout]    --> src/tests.rs:298:15
[INFO] [stdout]     |
[INFO] [stdout] 298 | #[derive_impl(pallet_balances::config_preludes::TestDefaultConfig)]
[INFO] [stdout]     |               ^^^^^^^^^^^^^^^ use of unresolved module or unlinked crate `pallet_balances`
[INFO] [stdout] 
[INFO] [stdout] 
[INFO] [stdout] error[E0433]: cannot find module or crate `pallet_timestamp` in this scope
[INFO] [stdout]    --> src/tests.rs:310:15
[INFO] [stdout]     |
[INFO] [stdout] 310 | #[derive_impl(pallet_timestamp::config_preludes::TestDefaultConfig)]
[INFO] [stdout]     |               ^^^^^^^^^^^^^^^^ use of unresolved module or unlinked crate `pallet_timestamp`
[INFO] [stdout] 
[INFO] [stdout] 
[INFO] [stdout] error[E0433]: cannot find module or crate `pallet_assets` in this scope
[INFO] [stdout]    --> src/tests.rs:348:15
[INFO] [stdout]     |
[INFO] [stdout] 348 | #[derive_impl(pallet_assets::config_preludes::TestDefaultConfig)]
[INFO] [stdout]     |               ^^^^^^^^^^^^^ use of unresolved module or unlinked crate `pallet_assets`
[INFO] [stdout] 
[INFO] [stdout] 
[INFO] [stdout] error[E0433]: cannot find `RuntimeEvent` in `tests`
[INFO] [stdout]    --> src/tests/block_hash.rs:164:19
[INFO] [stdout]     |
[INFO] [stdout] 164 |                 crate::tests::RuntimeEvent::Contracts(crate::Event::Instantiated {
[INFO] [stdout]     |                               ^^^^^^^^^^^^ could not find `RuntimeEvent` in `tests`
[INFO] [stdout] 
[INFO] [stdout] 
[INFO] [stdout] error[E0433]: cannot find `RuntimeCall` in `tests`
[INFO] [stdout]    --> src/tests/sol.rs:826:18
[INFO] [stdout]     |
[INFO] [stdout] 826 |             crate::tests::RuntimeCall::Balances(pallet_balances::Call::transfer_allow_death {
[INFO] [stdout]     |                           ^^^^^^^^^^^ could not find `RuntimeCall` in `tests`
[INFO] [stdout] 
[INFO] [stdout] 
[INFO] [stdout] error[E0425]: cannot find type `Assets` in this scope
[INFO] [stdout]    --> src/tests/pvm.rs:214:5
[INFO] [stdout]     |
[INFO] [stdout] 214 |             <Assets as frame_support::traits::tokens::fungibles::Inspect<_>>::minimum_balance(
[INFO] [stdout]     |              ^^^^^^ not found in this scope
[INFO] [stdout] 
[INFO] [stdout] 
[INFO] [stdout] error[E0433]: cannot find module or crate `pallet_balances` in this scope
[INFO] [stdout]    --> src/tests/pvm.rs:229:36
[INFO] [stdout]     |
[INFO] [stdout] 229 |                     event: RuntimeEvent::Balances(pallet_balances::Event::Endowed {
[INFO] [stdout]     |                                                   ^^^^^^^^^^^^^^^ use of unresolved module or unlinked crate `pallet_balances`
[INFO] [stdout]     |
[INFO] [stdout]     = help: if you wanted to use a crate named `pallet_balances`, use `cargo add pallet_balances` to add it to your `Cargo.toml`
[INFO] [stdout] help: consider importing this enum through its public re-export
[INFO] [stdout]     |
[INFO] [stdout]  20 + use crate::Event;
[INFO] [stdout]     |
[INFO] [stdout] help: if you import `Event`, refer to it directly
[INFO] [stdout]     |
[INFO] [stdout] 229 -                     event: RuntimeEvent::Balances(pallet_balances::Event::Endowed {
[INFO] [stdout] 229 +                     event: RuntimeEvent::Balances(Event::Endowed {
[INFO] [stdout]     |
[INFO] [stdout] 
[INFO] [stdout] 
[INFO] [stdout] error[E0433]: cannot find module or crate `pallet_balances` in this scope
[INFO] [stdout]    --> src/tests/pvm.rs:237:36
[INFO] [stdout]     |
[INFO] [stdout] 237 |                     event: RuntimeEvent::Balances(pallet_balances::Event::Minted {
[INFO] [stdout]     |                                                   ^^^^^^^^^^^^^^^ use of unresolved module or unlinked crate `pallet_balances`
[INFO] [stdout]     |
[INFO] [stdout]     = help: if you wanted to use a crate named `pallet_balances`, use `cargo add pallet_balances` to add it to your `Cargo.toml`
[INFO] [stdout] help: consider importing this enum through its public re-export
[INFO] [stdout]     |
[INFO] [stdout]  20 + use crate::Event;
[INFO] [stdout]     |
[INFO] [stdout] help: if you import `Event`, refer to it directly
[INFO] [stdout]     |
[INFO] [stdout] 237 -                     event: RuntimeEvent::Balances(pallet_balances::Event::Minted {
[INFO] [stdout] 237 +                     event: RuntimeEvent::Balances(Event::Minted {
[INFO] [stdout]     |
[INFO] [stdout] 
[INFO] [stdout] 
[INFO] [stdout] error[E0433]: cannot find module or crate `pallet_assets` in this scope
[INFO] [stdout]    --> src/tests/pvm.rs:245:34
[INFO] [stdout]     |
[INFO] [stdout] 245 |                     event: RuntimeEvent::Assets(pallet_assets::Event::Issued {
[INFO] [stdout]     |                                                 ^^^^^^^^^^^^^ use of unresolved module or unlinked crate `pallet_assets`
[INFO] [stdout]     |
[INFO] [stdout]     = help: if you wanted to use a crate named `pallet_assets`, use `cargo add pallet_assets` to add it to your `Cargo.toml`
[INFO] [stdout] help: consider importing this enum through its public re-export
[INFO] [stdout]     |
[INFO] [stdout]  20 + use crate::Event;
[INFO] [stdout]     |
[INFO] [stdout] help: if you import `Event`, refer to it directly
[INFO] [stdout]     |
[INFO] [stdout] 245 -                     event: RuntimeEvent::Assets(pallet_assets::Event::Issued {
[INFO] [stdout] 245 +                     event: RuntimeEvent::Assets(Event::Issued {
[INFO] [stdout]     |
[INFO] [stdout] 
[INFO] [stdout] 
[INFO] [stdout] error[E0433]: cannot find module or crate `pallet_assets_freezer` in this scope
[INFO] [stdout]    --> src/tests/pvm.rs:254:41
[INFO] [stdout]     |
[INFO] [stdout] 254 |                     event: RuntimeEvent::AssetsFreezer(pallet_assets_freezer::Event::Frozen {
[INFO] [stdout]     |                                                        ^^^^^^^^^^^^^^^^^^^^^ use of unresolved module or unlinked crate `pallet_assets_freezer`
[INFO] [stdout]     |
[INFO] [stdout]     = help: if you wanted to use a crate named `pallet_assets_freezer`, use `cargo add pallet_assets_freezer` to add it to your `Cargo.toml`
[INFO] [stdout] help: consider importing this enum through its public re-export
[INFO] [stdout]     |
[INFO] [stdout]  20 + use crate::Event;
[INFO] [stdout]     |
[INFO] [stdout] help: if you import `Event`, refer to it directly
[INFO] [stdout]     |
[INFO] [stdout] 254 -                     event: RuntimeEvent::AssetsFreezer(pallet_assets_freezer::Event::Frozen {
[INFO] [stdout] 254 +                     event: RuntimeEvent::AssetsFreezer(Event::Frozen {
[INFO] [stdout]     |
[INFO] [stdout] 
[INFO] [stdout] 
[INFO] [stdout] error[E0433]: cannot find module or crate `pallet_balances` in this scope
[INFO] [stdout]    --> src/tests/pvm.rs:263:36
[INFO] [stdout]     |
[INFO] [stdout] 263 |                     event: RuntimeEvent::Balances(pallet_balances::Event::Transfer {
[INFO] [stdout]     |                                                   ^^^^^^^^^^^^^^^ use of unresolved module or unlinked crate `pallet_balances`
[INFO] [stdout]     |
[INFO] [stdout]     = help: if you wanted to use a crate named `pallet_balances`, use `cargo add pallet_balances` to add it to your `Cargo.toml`
[INFO] [stdout] help: consider importing this enum through its public re-export
[INFO] [stdout]     |
[INFO] [stdout]  20 + use crate::Event;
[INFO] [stdout]     |
[INFO] [stdout] help: if you import `Event`, refer to it directly
[INFO] [stdout]     |
[INFO] [stdout] 263 -                     event: RuntimeEvent::Balances(pallet_balances::Event::Transfer {
[INFO] [stdout] 263 +                     event: RuntimeEvent::Balances(Event::Transfer {
[INFO] [stdout]     |
[INFO] [stdout] 
[INFO] [stdout] 
[INFO] [stdout] error[E0433]: cannot find module or crate `pallet_balances` in this scope
[INFO] [stdout]    --> src/tests/pvm.rs:289:36
[INFO] [stdout]     |
[INFO] [stdout] 289 |                     event: RuntimeEvent::Balances(pallet_balances::Event::TransferAndHold {
[INFO] [stdout]     |                                                   ^^^^^^^^^^^^^^^ use of unresolved module or unlinked crate `pallet_balances`
[INFO] [stdout]     |
[INFO] [stdout]     = help: if you wanted to use a crate named `pallet_balances`, use `cargo add pallet_balances` to add it to your `Cargo.toml`
[INFO] [stdout] help: consider importing this enum through its public re-export
[INFO] [stdout]     |
[INFO] [stdout]  20 + use crate::Event;
[INFO] [stdout]     |
[INFO] [stdout] help: if you import `Event`, refer to it directly
[INFO] [stdout]     |
[INFO] [stdout] 289 -                     event: RuntimeEvent::Balances(pallet_balances::Event::TransferAndHold {
[INFO] [stdout] 289 +                     event: RuntimeEvent::Balances(Event::TransferAndHold {
[INFO] [stdout]     |
[INFO] [stdout] 
[INFO] [stdout] 
[INFO] [stdout] error[E0425]: cannot find type `Assets` in this scope
[INFO] [stdout]    --> src/tests/pvm.rs:663:5
[INFO] [stdout]     |
[INFO] [stdout] 663 |             <Assets as frame_support::traits::tokens::fungibles::Inspect<_>>::minimum_balance(
[INFO] [stdout]     |              ^^^^^^ not found in this scope
[INFO] [stdout] 
[INFO] [stdout] 
[INFO] [stdout] error[E0433]: cannot find module or crate `pallet_balances` in this scope
[INFO] [stdout]    --> src/tests/pvm.rs:678:36
[INFO] [stdout]     |
[INFO] [stdout] 678 |                     event: RuntimeEvent::Balances(pallet_balances::Event::Endowed {
[INFO] [stdout]     |                                                   ^^^^^^^^^^^^^^^ use of unresolved module or unlinked crate `pallet_balances`
[INFO] [stdout]     |
[INFO] [stdout]     = help: if you wanted to use a crate named `pallet_balances`, use `cargo add pallet_balances` to add it to your `Cargo.toml`
[INFO] [stdout] help: consider importing this enum through its public re-export
[INFO] [stdout]     |
[INFO] [stdout]  20 + use crate::Event;
[INFO] [stdout]     |
[INFO] [stdout] help: if you import `Event`, refer to it directly
[INFO] [stdout]     |
[INFO] [stdout] 678 -                     event: RuntimeEvent::Balances(pallet_balances::Event::Endowed {
[INFO] [stdout] 678 +                     event: RuntimeEvent::Balances(Event::Endowed {
[INFO] [stdout]     |
[INFO] [stdout] 
[INFO] [stdout] 
[INFO] [stdout] error[E0433]: cannot find module or crate `pallet_balances` in this scope
[INFO] [stdout]    --> src/tests/pvm.rs:686:36
[INFO] [stdout]     |
[INFO] [stdout] 686 |                     event: RuntimeEvent::Balances(pallet_balances::Event::Minted {
[INFO] [stdout]     |                                                   ^^^^^^^^^^^^^^^ use of unresolved module or unlinked crate `pallet_balances`
[INFO] [stdout]     |
[INFO] [stdout]     = help: if you wanted to use a crate named `pallet_balances`, use `cargo add pallet_balances` to add it to your `Cargo.toml`
[INFO] [stdout] help: consider importing this enum through its public re-export
[INFO] [stdout]     |
[INFO] [stdout]  20 + use crate::Event;
[INFO] [stdout]     |
[INFO] [stdout] help: if you import `Event`, refer to it directly
[INFO] [stdout]     |
[INFO] [stdout] 686 -                     event: RuntimeEvent::Balances(pallet_balances::Event::Minted {
[INFO] [stdout] 686 +                     event: RuntimeEvent::Balances(Event::Minted {
[INFO] [stdout]     |
[INFO] [stdout] 
[INFO] [stdout] 
[INFO] [stdout] error[E0433]: cannot find module or crate `pallet_assets` in this scope
[INFO] [stdout]    --> src/tests/pvm.rs:694:34
[INFO] [stdout]     |
[INFO] [stdout] 694 |                     event: RuntimeEvent::Assets(pallet_assets::Event::Issued {
[INFO] [stdout]     |                                                 ^^^^^^^^^^^^^ use of unresolved module or unlinked crate `pallet_assets`
[INFO] [stdout]     |
[INFO] [stdout]     = help: if you wanted to use a crate named `pallet_assets`, use `cargo add pallet_assets` to add it to your `Cargo.toml`
[INFO] [stdout] help: consider importing this enum through its public re-export
[INFO] [stdout]     |
[INFO] [stdout]  20 + use crate::Event;
[INFO] [stdout]     |
[INFO] [stdout] help: if you import `Event`, refer to it directly
[INFO] [stdout]     |
[INFO] [stdout] 694 -                     event: RuntimeEvent::Assets(pallet_assets::Event::Issued {
[INFO] [stdout] 694 +                     event: RuntimeEvent::Assets(Event::Issued {
[INFO] [stdout]     |
[INFO] [stdout] 
[INFO] [stdout] 
[INFO] [stdout] error[E0433]: cannot find module or crate `pallet_assets_freezer` in this scope
[INFO] [stdout]    --> src/tests/pvm.rs:703:41
[INFO] [stdout]     |
[INFO] [stdout] 703 |                     event: RuntimeEvent::AssetsFreezer(pallet_assets_freezer::Event::Frozen {
[INFO] [stdout]     |                                                        ^^^^^^^^^^^^^^^^^^^^^ use of unresolved module or unlinked crate `pallet_assets_freezer`
[INFO] [stdout]     |
[INFO] [stdout]     = help: if you wanted to use a crate named `pallet_assets_freezer`, use `cargo add pallet_assets_freezer` to add it to your `Cargo.toml`
[INFO] [stdout] help: consider importing this enum through its public re-export
[INFO] [stdout]     |
[INFO] [stdout]  20 + use crate::Event;
[INFO] [stdout]     |
[INFO] [stdout] help: if you import `Event`, refer to it directly
[INFO] [stdout]     |
[INFO] [stdout] 703 -                     event: RuntimeEvent::AssetsFreezer(pallet_assets_freezer::Event::Frozen {
[INFO] [stdout] 703 +                     event: RuntimeEvent::AssetsFreezer(Event::Frozen {
[INFO] [stdout]     |
[INFO] [stdout] 
[INFO] [stdout] 
[INFO] [stdout] error[E0433]: cannot find module or crate `pallet_balances` in this scope
[INFO] [stdout]    --> src/tests/pvm.rs:712:36
[INFO] [stdout]     |
[INFO] [stdout] 712 |                     event: RuntimeEvent::Balances(pallet_balances::Event::Transfer {
[INFO] [stdout]     |                                                   ^^^^^^^^^^^^^^^ use of unresolved module or unlinked crate `pallet_balances`
[INFO] [stdout]     |
[INFO] [stdout]     = help: if you wanted to use a crate named `pallet_balances`, use `cargo add pallet_balances` to add it to your `Cargo.toml`
[INFO] [stdout] help: consider importing this enum through its public re-export
[INFO] [stdout]     |
[INFO] [stdout]  20 + use crate::Event;
[INFO] [stdout]     |
[INFO] [stdout] help: if you import `Event`, refer to it directly
[INFO] [stdout]     |
[INFO] [stdout] 712 -                     event: RuntimeEvent::Balances(pallet_balances::Event::Transfer {
[INFO] [stdout] 712 +                     event: RuntimeEvent::Balances(Event::Transfer {
[INFO] [stdout]     |
[INFO] [stdout] 
[INFO] [stdout] 
[INFO] [stdout] error[E0433]: cannot find module or crate `pallet_balances` in this scope
[INFO] [stdout]    --> src/tests/pvm.rs:721:36
[INFO] [stdout]     |
[INFO] [stdout] 721 |                     event: RuntimeEvent::Balances(pallet_balances::Event::Transfer {
[INFO] [stdout]     |                                                   ^^^^^^^^^^^^^^^ use of unresolved module or unlinked crate `pallet_balances`
[INFO] [stdout]     |
[INFO] [stdout]     = help: if you wanted to use a crate named `pallet_balances`, use `cargo add pallet_balances` to add it to your `Cargo.toml`
[INFO] [stdout] help: consider importing this enum through its public re-export
[INFO] [stdout]     |
[INFO] [stdout]  20 + use crate::Event;
[INFO] [stdout]     |
[INFO] [stdout] help: if you import `Event`, refer to it directly
[INFO] [stdout]     |
[INFO] [stdout] 721 -                     event: RuntimeEvent::Balances(pallet_balances::Event::Transfer {
[INFO] [stdout] 721 +                     event: RuntimeEvent::Balances(Event::Transfer {
[INFO] [stdout]     |
[INFO] [stdout] 
[INFO] [stdout] 
[INFO] [stdout] error[E0433]: cannot find module or crate `pallet_balances` in this scope
[INFO] [stdout]    --> src/tests/pvm.rs:730:36
[INFO] [stdout]     |
[INFO] [stdout] 730 |                     event: RuntimeEvent::Balances(pallet_balances::Event::TransferAndHold {
[INFO] [stdout]     |                                                   ^^^^^^^^^^^^^^^ use of unresolved module or unlinked crate `pallet_balances`
[INFO] [stdout]     |
[INFO] [stdout]     = help: if you wanted to use a crate named `pallet_balances`, use `cargo add pallet_balances` to add it to your `Cargo.toml`
[INFO] [stdout] help: consider importing this enum through its public re-export
[INFO] [stdout]     |
[INFO] [stdout]  20 + use crate::Event;
[INFO] [stdout]     |
[INFO] [stdout] help: if you import `Event`, refer to it directly
[INFO] [stdout]     |
[INFO] [stdout] 730 -                     event: RuntimeEvent::Balances(pallet_balances::Event::TransferAndHold {
[INFO] [stdout] 730 +                     event: RuntimeEvent::Balances(Event::TransferAndHold {
[INFO] [stdout]     |
[INFO] [stdout] 
[INFO] [stdout] 
[INFO] [stdout] error[E0425]: cannot find type `Assets` in this scope
[INFO] [stdout]     --> src/tests/pvm.rs:1052:5
[INFO] [stdout]      |
[INFO] [stdout] 1052 |             <Assets as frame_support::traits::tokens::fungibles::Inspect<_>>::minimum_balance(
[INFO] [stdout]      |              ^^^^^^ not found in this scope
[INFO] [stdout] 
[INFO] [stdout] 
[INFO] [stdout] error[E0433]: cannot find module or crate `pallet_balances` in this scope
[INFO] [stdout]     --> src/tests/pvm.rs:1060:36
[INFO] [stdout]      |
[INFO] [stdout] 1060 |                     event: RuntimeEvent::Balances(pallet_balances::Event::Transfer {
[INFO] [stdout]      |                                                   ^^^^^^^^^^^^^^^ use of unresolved module or unlinked crate `pallet_balances`
[INFO] [stdout]      |
[INFO] [stdout]      = help: if you wanted to use a crate named `pallet_balances`, use `cargo add pallet_balances` to add it to your `Cargo.toml`
[INFO] [stdout] help: consider importing this enum through its public re-export
[INFO] [stdout]      |
[INFO] [stdout]   20 + use crate::Event;
[INFO] [stdout]      |
[INFO] [stdout] help: if you import `Event`, refer to it directly
[INFO] [stdout]      |
[INFO] [stdout] 1060 -                     event: RuntimeEvent::Balances(pallet_balances::Event::Transfer {
[INFO] [stdout] 1060 +                     event: RuntimeEvent::Balances(Event::Transfer {
[INFO] [stdout]      |
[INFO] [stdout] 
[INFO] [stdout] 
[INFO] [stdout] error[E0433]: cannot find module or crate `pallet_balances` in this scope
[INFO] [stdout]     --> src/tests/pvm.rs:1069:36
[INFO] [stdout]      |
[INFO] [stdout] 1069 |                     event: RuntimeEvent::Balances(pallet_balances::Event::TransferOnHold {
[INFO] [stdout]      |                                                   ^^^^^^^^^^^^^^^ use of unresolved module or unlinked crate `pallet_balances`
[INFO] [stdout]      |
[INFO] [stdout]      = help: if you wanted to use a crate named `pallet_balances`, use `cargo add pallet_balances` to add it to your `Cargo.toml`
[INFO] [stdout] help: consider importing this enum through its public re-export
[INFO] [stdout]      |
[INFO] [stdout]   20 + use crate::Event;
[INFO] [stdout]      |
[INFO] [stdout] help: if you import `Event`, refer to it directly
[INFO] [stdout]      |
[INFO] [stdout] 1069 -                     event: RuntimeEvent::Balances(pallet_balances::Event::TransferOnHold {
[INFO] [stdout] 1069 +                     event: RuntimeEvent::Balances(Event::TransferOnHold {
[INFO] [stdout]      |
[INFO] [stdout] 
[INFO] [stdout] 
[INFO] [stdout] error[E0433]: cannot find module or crate `pallet_balances` in this scope
[INFO] [stdout]     --> src/tests/pvm.rs:1081:36
[INFO] [stdout]      |
[INFO] [stdout] 1081 |                     event: RuntimeEvent::Balances(pallet_balances::Event::Burned {
[INFO] [stdout]      |                                                   ^^^^^^^^^^^^^^^ use of unresolved module or unlinked crate `pallet_balances`
[INFO] [stdout]      |
[INFO] [stdout]      = help: if you wanted to use a crate named `pallet_balances`, use `cargo add pallet_balances` to add it to your `Cargo.toml`
[INFO] [stdout] help: consider importing this enum through its public re-export
[INFO] [stdout]      |
[INFO] [stdout]   20 + use crate::Event;
[INFO] [stdout]      |
[INFO] [stdout] help: if you import `Event`, refer to it directly
[INFO] [stdout]      |
[INFO] [stdout] 1081 -                     event: RuntimeEvent::Balances(pallet_balances::Event::Burned {
[INFO] [stdout] 1081 +                     event: RuntimeEvent::Balances(Event::Burned {
[INFO] [stdout]      |
[INFO] [stdout] 
[INFO] [stdout] 
[INFO] [stdout] error[E0433]: cannot find module or crate `pallet_assets_freezer` in this scope
[INFO] [stdout]     --> src/tests/pvm.rs:1089:41
[INFO] [stdout]      |
[INFO] [stdout] 1089 |                     event: RuntimeEvent::AssetsFreezer(pallet_assets_freezer::Event::Thawed {
[INFO] [stdout]      |                                                        ^^^^^^^^^^^^^^^^^^^^^ use of unresolved module or unlinked crate `pallet_assets_freezer`
[INFO] [stdout]      |
[INFO] [stdout]      = help: if you wanted to use a crate named `pallet_assets_freezer`, use `cargo add pallet_assets_freezer` to add it to your `Cargo.toml`
[INFO] [stdout] help: consider importing this enum through its public re-export
[INFO] [stdout]      |
[INFO] [stdout]   20 + use crate::Event;
[INFO] [stdout]      |
[INFO] [stdout] help: if you import `Event`, refer to it directly
[INFO] [stdout]      |
[INFO] [stdout] 1089 -                     event: RuntimeEvent::AssetsFreezer(pallet_assets_freezer::Event::Thawed {
[INFO] [stdout] 1089 +                     event: RuntimeEvent::AssetsFreezer(Event::Thawed {
[INFO] [stdout]      |
[INFO] [stdout] 
[INFO] [stdout] 
[INFO] [stdout] error[E0433]: cannot find module or crate `pallet_assets` in this scope
[INFO] [stdout]     --> src/tests/pvm.rs:1105:34
[INFO] [stdout]      |
[INFO] [stdout] 1105 |                     event: RuntimeEvent::Assets(pallet_assets::Event::Burned {
[INFO] [stdout]      |                                                 ^^^^^^^^^^^^^ use of unresolved module or unlinked crate `pallet_assets`
[INFO] [stdout]      |
[INFO] [stdout]      = help: if you wanted to use a crate named `pallet_assets`, use `cargo add pallet_assets` to add it to your `Cargo.toml`
[INFO] [stdout] help: consider importing this enum through its public re-export
[INFO] [stdout]      |
[INFO] [stdout]   20 + use crate::Event;
[INFO] [stdout]      |
[INFO] [stdout] help: if you import `Event`, refer to it directly
[INFO] [stdout]      |
[INFO] [stdout] 1105 -                     event: RuntimeEvent::Assets(pallet_assets::Event::Burned {
[INFO] [stdout] 1105 +                     event: RuntimeEvent::Assets(Event::Burned {
[INFO] [stdout]      |
[INFO] [stdout] 
[INFO] [stdout] 
[INFO] [stdout] error[E0433]: cannot find module or crate `pallet_balances` in this scope
[INFO] [stdout]     --> src/tests/pvm.rs:1114:36
[INFO] [stdout]      |
[INFO] [stdout] 1114 |                     event: RuntimeEvent::Balances(pallet_balances::Event::TransferOnHold {
[INFO] [stdout]      |                                                   ^^^^^^^^^^^^^^^ use of unresolved module or unlinked crate `pallet_balances`
[INFO] [stdout]      |
[INFO] [stdout]      = help: if you wanted to use a crate named `pallet_balances`, use `cargo add pallet_balances` to add it to your `Cargo.toml`
[INFO] [stdout] help: consider importing this enum through its public re-export
[INFO] [stdout]      |
[INFO] [stdout]   20 + use crate::Event;
[INFO] [stdout]      |
[INFO] [stdout] help: if you import `Event`, refer to it directly
[INFO] [stdout]      |
[INFO] [stdout] 1114 -                     event: RuntimeEvent::Balances(pallet_balances::Event::TransferOnHold {
[INFO] [stdout] 1114 +                     event: RuntimeEvent::Balances(Event::TransferOnHold {
[INFO] [stdout]      |
[INFO] [stdout] 
[INFO] [stdout] 
[INFO] [stdout] error[E0433]: cannot find module or crate `pallet_balances` in this scope
[INFO] [stdout]     --> src/tests/pvm.rs:1183:35
[INFO] [stdout]      |
[INFO] [stdout] 1183 |                 event: RuntimeEvent::Balances(pallet_balances::Event::Transfer {
[INFO] [stdout]      |                                               ^^^^^^^^^^^^^^^ use of unresolved module or unlinked crate `pallet_balances`
[INFO] [stdout]      |
[INFO] [stdout]      = help: if you wanted to use a crate named `pallet_balances`, use `cargo add pallet_balances` to add it to your `Cargo.toml`
[INFO] [stdout] help: consider importing this enum through its public re-export
[INFO] [stdout]      |
[INFO] [stdout]   20 + use crate::Event;
[INFO] [stdout]      |
[INFO] [stdout] help: if you import `Event`, refer to it directly
[INFO] [stdout]      |
[INFO] [stdout] 1183 -                 event: RuntimeEvent::Balances(pallet_balances::Event::Transfer {
[INFO] [stdout] 1183 +                 event: RuntimeEvent::Balances(Event::Transfer {
[INFO] [stdout]      |
[INFO] [stdout] 
[INFO] [stdout] 
[INFO] [stdout] error[E0425]: cannot find type `Assets` in this scope
[INFO] [stdout]     --> src/tests/pvm.rs:2206:5
[INFO] [stdout]      |
[INFO] [stdout] 2206 |             <Assets as frame_support::traits::tokens::fungibles::Inspect<_>>::minimum_balance(
[INFO] [stdout]      |              ^^^^^^ not found in this scope
[INFO] [stdout] 
[INFO] [stdout] 
[INFO] [stdout] error[E0433]: cannot find module or crate `pallet_balances` in this scope
[INFO] [stdout]     --> src/tests/pvm.rs:2214:36
[INFO] [stdout]      |
[INFO] [stdout] 2214 |                     event: RuntimeEvent::Balances(pallet_balances::Event::TransferAndHold {
[INFO] [stdout]      |                                                   ^^^^^^^^^^^^^^^ use of unresolved module or unlinked crate `pallet_balances`
[INFO] [stdout]      |
[INFO] [stdout]      = help: if you wanted to use a crate named `pallet_balances`, use `cargo add pallet_balances` to add it to your `Cargo.toml`
[INFO] [stdout] help: consider importing this enum through its public re-export
[INFO] [stdout]      |
[INFO] [stdout]   20 + use crate::Event;
[INFO] [stdout]      |
[INFO] [stdout] help: if you import `Event`, refer to it directly
[INFO] [stdout]      |
[INFO] [stdout] 2214 -                     event: RuntimeEvent::Balances(pallet_balances::Event::TransferAndHold {
[INFO] [stdout] 2214 +                     event: RuntimeEvent::Balances(Event::TransferAndHold {
[INFO] [stdout]      |
[INFO] [stdout] 
[INFO] [stdout] 
[INFO] [stdout] error[E0433]: cannot find module or crate `pallet_balances` in this scope
[INFO] [stdout]     --> src/tests/pvm.rs:2233:36
[INFO] [stdout]      |
[INFO] [stdout] 2233 |                     event: RuntimeEvent::Balances(pallet_balances::Event::Endowed {
[INFO] [stdout]      |                                                   ^^^^^^^^^^^^^^^ use of unresolved module or unlinked crate `pallet_balances`
[INFO] [stdout]      |
[INFO] [stdout]      = help: if you wanted to use a crate named `pallet_balances`, use `cargo add pallet_balances` to add it to your `Cargo.toml`
[INFO] [stdout] help: consider importing this enum through its public re-export
[INFO] [stdout]      |
[INFO] [stdout]   20 + use crate::Event;
[INFO] [stdout]      |
[INFO] [stdout] help: if you import `Event`, refer to it directly
[INFO] [stdout]      |
[INFO] [stdout] 2233 -                     event: RuntimeEvent::Balances(pallet_balances::Event::Endowed {
[INFO] [stdout] 2233 +                     event: RuntimeEvent::Balances(Event::Endowed {
[INFO] [stdout]      |
[INFO] [stdout] 
[INFO] [stdout] 
[INFO] [stdout] error[E0433]: cannot find module or crate `pallet_balances` in this scope
[INFO] [stdout]     --> src/tests/pvm.rs:2241:36
[INFO] [stdout]      |
[INFO] [stdout] 2241 |                     event: RuntimeEvent::Balances(pallet_balances::Event::Minted {
[INFO] [stdout]      |                                                   ^^^^^^^^^^^^^^^ use of unresolved module or unlinked crate `pallet_balances`
[INFO] [stdout]      |
[INFO] [stdout]      = help: if you wanted to use a crate named `pallet_balances`, use `cargo add pallet_balances` to add it to your `Cargo.toml`
[INFO] [stdout] help: consider importing this enum through its public re-export
[INFO] [stdout]      |
[INFO] [stdout]   20 + use crate::Event;
[INFO] [stdout]      |
[INFO] [stdout] help: if you import `Event`, refer to it directly
[INFO] [stdout]      |
[INFO] [stdout] 2241 -                     event: RuntimeEvent::Balances(pallet_balances::Event::Minted {
[INFO] [stdout] 2241 +                     event: RuntimeEvent::Balances(Event::Minted {
[INFO] [stdout]      |
[INFO] [stdout] 
[INFO] [stdout] 
[INFO] [stdout] error[E0433]: cannot find module or crate `pallet_assets` in this scope
[INFO] [stdout]     --> src/tests/pvm.rs:2249:34
[INFO] [stdout]      |
[INFO] [stdout] 2249 |                     event: RuntimeEvent::Assets(pallet_assets::Event::Issued {
[INFO] [stdout]      |                                                 ^^^^^^^^^^^^^ use of unresolved module or unlinked crate `pallet_assets`
[INFO] [stdout]      |
[INFO] [stdout]      = help: if you wanted to use a crate named `pallet_assets`, use `cargo add pallet_assets` to add it to your `Cargo.toml`
[INFO] [stdout] help: consider importing this enum through its public re-export
[INFO] [stdout]      |
[INFO] [stdout]   20 + use crate::Event;
[INFO] [stdout]      |
[INFO] [stdout] help: if you import `Event`, refer to it directly
[INFO] [stdout]      |
[INFO] [stdout] 2249 -                     event: RuntimeEvent::Assets(pallet_assets::Event::Issued {
[INFO] [stdout] 2249 +                     event: RuntimeEvent::Assets(Event::Issued {
[INFO] [stdout]      |
[INFO] [stdout] 
[INFO] [stdout] 
[INFO] [stdout] error[E0433]: cannot find module or crate `pallet_assets_freezer` in this scope
[INFO] [stdout]     --> src/tests/pvm.rs:2258:41
[INFO] [stdout]      |
[INFO] [stdout] 2258 |                     event: RuntimeEvent::AssetsFreezer(pallet_assets_freezer::Event::Frozen {
[INFO] [stdout]      |                                                        ^^^^^^^^^^^^^^^^^^^^^ use of unresolved module or unlinked crate `pallet_assets_freezer`
[INFO] [stdout]      |
[INFO] [stdout]      = help: if you wanted to use a crate named `pallet_assets_freezer`, use `cargo add pallet_assets_freezer` to add it to your `Cargo.toml`
[INFO] [stdout] help: consider importing this enum through its public re-export
[INFO] [stdout]      |
[INFO] [stdout]   20 + use crate::Event;
[INFO] [stdout]      |
[INFO] [stdout] help: if you import `Event`, refer to it directly
[INFO] [stdout]      |
[INFO] [stdout] 2258 -                     event: RuntimeEvent::AssetsFreezer(pallet_assets_freezer::Event::Frozen {
[INFO] [stdout] 2258 +                     event: RuntimeEvent::AssetsFreezer(Event::Frozen {
[INFO] [stdout]      |
[INFO] [stdout] 
[INFO] [stdout] 
[INFO] [stdout] error[E0433]: cannot find module or crate `pallet_balances` in this scope
[INFO] [stdout]     --> src/tests/pvm.rs:2275:36
[INFO] [stdout]      |
[INFO] [stdout] 2275 |                     event: RuntimeEvent::Balances(pallet_balances::Event::TransferAndHold {
[INFO] [stdout]      |                                                   ^^^^^^^^^^^^^^^ use of unresolved module or unlinked crate `pallet_balances`
[INFO] [stdout]      |
[INFO] [stdout]      = help: if you wanted to use a crate named `pallet_balances`, use `cargo add pallet_balances` to add it to your `Cargo.toml`
[INFO] [stdout] help: consider importing this enum through its public re-export
[INFO] [stdout]      |
[INFO] [stdout]   20 + use crate::Event;
[INFO] [stdout]      |
[INFO] [stdout] help: if you import `Event`, refer to it directly
[INFO] [stdout]      |
[INFO] [stdout] 2275 -                     event: RuntimeEvent::Balances(pallet_balances::Event::TransferAndHold {
[INFO] [stdout] 2275 +                     event: RuntimeEvent::Balances(Event::TransferAndHold {
[INFO] [stdout]      |
[INFO] [stdout] 
[INFO] [stdout] 
[INFO] [stdout] error[E0425]: cannot find type `Assets` in this scope
[INFO] [stdout]     --> src/tests/pvm.rs:2316:5
[INFO] [stdout]      |
[INFO] [stdout] 2316 |             <Assets as frame_support::traits::tokens::fungibles::Inspect<_>>::minimum_balance(
[INFO] [stdout]      |              ^^^^^^ not found in this scope
[INFO] [stdout] 
[INFO] [stdout] 
[INFO] [stdout] error[E0433]: cannot find module or crate `pallet_balances` in this scope
[INFO] [stdout]     --> src/tests/pvm.rs:2324:36
[INFO] [stdout]      |
[INFO] [stdout] 2324 |                     event: RuntimeEvent::Balances(pallet_balances::Event::TransferAndHold {
[INFO] [stdout]      |                                                   ^^^^^^^^^^^^^^^ use of unresolved module or unlinked crate `pallet_balances`
[INFO] [stdout]      |
[INFO] [stdout]      = help: if you wanted to use a crate named `pallet_balances`, use `cargo add pallet_balances` to add it to your `Cargo.toml`
[INFO] [stdout] help: consider importing this enum through its public re-export
[INFO] [stdout]      |
[INFO] [stdout]   20 + use crate::Event;
[INFO] [stdout]      |
[INFO] [stdout] help: if you import `Event`, refer to it directly
[INFO] [stdout]      |
[INFO] [stdout] 2324 -                     event: RuntimeEvent::Balances(pallet_balances::Event::TransferAndHold {
[INFO] [stdout] 2324 +                     event: RuntimeEvent::Balances(Event::TransferAndHold {
[INFO] [stdout]      |
[INFO] [stdout] 
[INFO] [stdout] 
[INFO] [stdout] error[E0433]: cannot find module or crate `pallet_balances` in this scope
[INFO] [stdout]     --> src/tests/pvm.rs:2343:36
[INFO] [stdout]      |
[INFO] [stdout] 2343 |                     event: RuntimeEvent::Balances(pallet_balances::Event::Endowed {
[INFO] [stdout]      |                                                   ^^^^^^^^^^^^^^^ use of unresolved module or unlinked crate `pallet_balances`
[INFO] [stdout]      |
[INFO] [stdout]      = help: if you wanted to use a crate named `pallet_balances`, use `cargo add pallet_balances` to add it to your `Cargo.toml`
[INFO] [stdout] help: consider importing this enum through its public re-export
[INFO] [stdout]      |
[INFO] [stdout]   20 + use crate::Event;
[INFO] [stdout]      |
[INFO] [stdout] help: if you import `Event`, refer to it directly
[INFO] [stdout]      |
[INFO] [stdout] 2343 -                     event: RuntimeEvent::Balances(pallet_balances::Event::Endowed {
[INFO] [stdout] 2343 +                     event: RuntimeEvent::Balances(Event::Endowed {
[INFO] [stdout]      |
[INFO] [stdout] 
[INFO] [stdout] 
[INFO] [stdout] error[E0433]: cannot find module or crate `pallet_balances` in this scope
[INFO] [stdout]     --> src/tests/pvm.rs:2351:36
[INFO] [stdout]      |
[INFO] [stdout] 2351 |                     event: RuntimeEvent::Balances(pallet_balances::Event::Minted {
[INFO] [stdout]      |                                                   ^^^^^^^^^^^^^^^ use of unresolved module or unlinked crate `pallet_balances`
[INFO] [stdout]      |
[INFO] [stdout]      = help: if you wanted to use a crate named `pallet_balances`, use `cargo add pallet_balances` to add it to your `Cargo.toml`
[INFO] [stdout] help: consider importing this enum through its public re-export
[INFO] [stdout]      |
[INFO] [stdout]   20 + use crate::Event;
[INFO] [stdout]      |
[INFO] [stdout] help: if you import `Event`, refer to it directly
[INFO] [stdout]      |
[INFO] [stdout] 2351 -                     event: RuntimeEvent::Balances(pallet_balances::Event::Minted {
[INFO] [stdout] 2351 +                     event: RuntimeEvent::Balances(Event::Minted {
[INFO] [stdout]      |
[INFO] [stdout] 
[INFO] [stdout] 
[INFO] [stdout] error[E0433]: cannot find module or crate `pallet_assets` in this scope
[INFO] [stdout]     --> src/tests/pvm.rs:2359:34
[INFO] [stdout]      |
[INFO] [stdout] 2359 |                     event: RuntimeEvent::Assets(pallet_assets::Event::Issued {
[INFO] [stdout]      |                                                 ^^^^^^^^^^^^^ use of unresolved module or unlinked crate `pallet_assets`
[INFO] [stdout]      |
[INFO] [stdout]      = help: if you wanted to use a crate named `pallet_assets`, use `cargo add pallet_assets` to add it to your `Cargo.toml`
[INFO] [stdout] help: consider importing this enum through its public re-export
[INFO] [stdout]      |
[INFO] [stdout]   20 + use crate::Event;
[INFO] [stdout]      |
[INFO] [stdout] help: if you import `Event`, refer to it directly
[INFO] [stdout]      |
[INFO] [stdout] 2359 -                     event: RuntimeEvent::Assets(pallet_assets::Event::Issued {
[INFO] [stdout] 2359 +                     event: RuntimeEvent::Assets(Event::Issued {
[INFO] [stdout]      |
[INFO] [stdout] 
[INFO] [stdout] 
[INFO] [stdout] error[E0433]: cannot find module or crate `pallet_assets_freezer` in this scope
[INFO] [stdout]     --> src/tests/pvm.rs:2368:41
[INFO] [stdout]      |
[INFO] [stdout] 2368 |                     event: RuntimeEvent::AssetsFreezer(pallet_assets_freezer::Event::Frozen {
[INFO] [stdout]      |                                                        ^^^^^^^^^^^^^^^^^^^^^ use of unresolved module or unlinked crate `pallet_assets_freezer`
[INFO] [stdout]      |
[INFO] [stdout]      = help: if you wanted to use a crate named `pallet_assets_freezer`, use `cargo add pallet_assets_freezer` to add it to your `Cargo.toml`
[INFO] [stdout] help: consider importing this enum through its public re-export
[INFO] [stdout]      |
[INFO] [stdout]   20 + use crate::Event;
[INFO] [stdout]      |
[INFO] [stdout] help: if you import `Event`, refer to it directly
[INFO] [stdout]      |
[INFO] [stdout] 2368 -                     event: RuntimeEvent::AssetsFreezer(pallet_assets_freezer::Event::Frozen {
[INFO] [stdout] 2368 +                     event: RuntimeEvent::AssetsFreezer(Event::Frozen {
[INFO] [stdout]      |
[INFO] [stdout] 
[INFO] [stdout] 
[INFO] [stdout] error[E0433]: cannot find module or crate `pallet_balances` in this scope
[INFO] [stdout]     --> src/tests/pvm.rs:2377:36
[INFO] [stdout]      |
[INFO] [stdout] 2377 |                     event: RuntimeEvent::Balances(pallet_balances::Event::Transfer {
[INFO] [stdout]      |                                                   ^^^^^^^^^^^^^^^ use of unresolved module or unlinked crate `pallet_balances`
[INFO] [stdout]      |
[INFO] [stdout]      = help: if you wanted to use a crate named `pallet_balances`, use `cargo add pallet_balances` to add it to your `Cargo.toml`
[INFO] [stdout] help: consider importing this enum through its public re-export
[INFO] [stdout]      |
[INFO] [stdout]   20 + use crate::Event;
[INFO] [stdout]      |
[INFO] [stdout] help: if you import `Event`, refer to it directly
[INFO] [stdout]      |
[INFO] [stdout] 2377 -                     event: RuntimeEvent::Balances(pallet_balances::Event::Transfer {
[INFO] [stdout] 2377 +                     event: RuntimeEvent::Balances(Event::Transfer {
[INFO] [stdout]      |
[INFO] [stdout] 
[INFO] [stdout] 
[INFO] [stdout] error[E0433]: cannot find module or crate `pallet_balances` in this scope
[INFO] [stdout]     --> src/tests/pvm.rs:2394:36
[INFO] [stdout]      |
[INFO] [stdout] 2394 |                     event: RuntimeEvent::Balances(pallet_balances::Event::TransferAndHold {
[INFO] [stdout]      |                                                   ^^^^^^^^^^^^^^^ use of unresolved module or unlinked crate `pallet_balances`
[INFO] [stdout]      |
[INFO] [stdout]      = help: if you wanted to use a crate named `pallet_balances`, use `cargo add pallet_balances` to add it to your `Cargo.toml`
[INFO] [stdout] help: consider importing this enum through its public re-export
[INFO] [stdout]      |
[INFO] [stdout]   20 + use crate::Event;
[INFO] [stdout]      |
[INFO] [stdout] help: if you import `Event`, refer to it directly
[INFO] [stdout]      |
[INFO] [stdout] 2394 -                     event: RuntimeEvent::Balances(pallet_balances::Event::TransferAndHold {
[INFO] [stdout] 2394 +                     event: RuntimeEvent::Balances(Event::TransferAndHold {
[INFO] [stdout]      |
[INFO] [stdout] 
[INFO] [stdout] 
[INFO] [stdout] error[E0433]: cannot find module or crate `pallet_balances` in this scope
[INFO] [stdout]     --> src/tests/pvm.rs:2449:36
[INFO] [stdout]      |
[INFO] [stdout] 2449 |                     event: RuntimeEvent::Balances(pallet_balances::Event::Transfer {
[INFO] [stdout]      |                                                   ^^^^^^^^^^^^^^^ use of unresolved module or unlinked crate `pallet_balances`
[INFO] [stdout]      |
[INFO] [stdout]      = help: if you wanted to use a crate named `pallet_balances`, use `cargo add pallet_balances` to add it to your `Cargo.toml`
[INFO] [stdout] help: consider importing this enum through its public re-export
[INFO] [stdout]      |
[INFO] [stdout]   20 + use crate::Event;
[INFO] [stdout]      |
[INFO] [stdout] help: if you import `Event`, refer to it directly
[INFO] [stdout]      |
[INFO] [stdout] 2449 -                     event: RuntimeEvent::Balances(pallet_balances::Event::Transfer {
[INFO] [stdout] 2449 +                     event: RuntimeEvent::Balances(Event::Transfer {
[INFO] [stdout]      |
[INFO] [stdout] 
[INFO] [stdout] 
[INFO] [stdout] error[E0433]: cannot find module or crate `pallet_balances` in this scope
[INFO] [stdout]     --> src/tests/pvm.rs:2458:36
[INFO] [stdout]      |
[INFO] [stdout] 2458 |                     event: RuntimeEvent::Balances(pallet_balances::Event::TransferAndHold {
[INFO] [stdout]      |                                                   ^^^^^^^^^^^^^^^ use of unresolved module or unlinked crate `pallet_balances`
[INFO] [stdout]      |
[INFO] [stdout]      = help: if you wanted to use a crate named `pallet_balances`, use `cargo add pallet_balances` to add it to your `Cargo.toml`
[INFO] [stdout] help: consider importing this enum through its public re-export
[INFO] [stdout]      |
[INFO] [stdout]   20 + use crate::Event;
[INFO] [stdout]      |
[INFO] [stdout] help: if you import `Event`, refer to it directly
[INFO] [stdout]      |
[INFO] [stdout] 2458 -                     event: RuntimeEvent::Balances(pallet_balances::Event::TransferAndHold {
[INFO] [stdout] 2458 +                     event: RuntimeEvent::Balances(Event::TransferAndHold {
[INFO] [stdout]      |
[INFO] [stdout] 
[INFO] [stdout] 
[INFO] [stdout] error[E0433]: cannot find module or crate `pallet_balances` in this scope
[INFO] [stdout]     --> src/tests/pvm.rs:2470:36
[INFO] [stdout]      |
[INFO] [stdout] 2470 |                     event: RuntimeEvent::Balances(pallet_balances::Event::TransferAndHold {
[INFO] [stdout]      |                                                   ^^^^^^^^^^^^^^^ use of unresolved module or unlinked crate `pallet_balances`
[INFO] [stdout]      |
[INFO] [stdout]      = help: if you wanted to use a crate named `pallet_balances`, use `cargo add pallet_balances` to add it to your `Cargo.toml`
[INFO] [stdout] help: consider importing this enum through its public re-export
[INFO] [stdout]      |
[INFO] [stdout]   20 + use crate::Event;
[INFO] [stdout]      |
[INFO] [stdout] help: if you import `Event`, refer to it directly
[INFO] [stdout]      |
[INFO] [stdout] 2470 -                     event: RuntimeEvent::Balances(pallet_balances::Event::TransferAndHold {
[INFO] [stdout] 2470 +                     event: RuntimeEvent::Balances(Event::TransferAndHold {
[INFO] [stdout]      |
[INFO] [stdout] 
[INFO] [stdout] 
[INFO] [stdout] error[E0433]: cannot find module or crate `pallet_balances` in this scope
[INFO] [stdout]     --> src/tests/pvm.rs:2482:36
[INFO] [stdout]      |
[INFO] [stdout] 2482 |                     event: RuntimeEvent::Balances(pallet_balances::Event::TransferOnHold {
[INFO] [stdout]      |                                                   ^^^^^^^^^^^^^^^ use of unresolved module or unlinked crate `pallet_balances`
[INFO] [stdout]      |
[INFO] [stdout]      = help: if you wanted to use a crate named `pallet_balances`, use `cargo add pallet_balances` to add it to your `Cargo.toml`
[INFO] [stdout] help: consider importing this enum through its public re-export
[INFO] [stdout]      |
[INFO] [stdout]   20 + use crate::Event;
[INFO] [stdout]      |
[INFO] [stdout] help: if you import `Event`, refer to it directly
[INFO] [stdout]      |
[INFO] [stdout] 2482 -                     event: RuntimeEvent::Balances(pallet_balances::Event::TransferOnHold {
[INFO] [stdout] 2482 +                     event: RuntimeEvent::Balances(Event::TransferOnHold {
[INFO] [stdout]      |
[INFO] [stdout] 
[INFO] [stdout] 
[INFO] [stdout] error[E0433]: cannot find module or crate `pallet_balances` in this scope
[INFO] [stdout]     --> src/tests/pvm.rs:4045:36
[INFO] [stdout]      |
[INFO] [stdout] 4045 |         let call = RuntimeCall::Balances(pallet_balances::Call::transfer_all {
[INFO] [stdout]      |                                          ^^^^^^^^^^^^^^^ use of unresolved module or unlinked crate `pallet_balances`
[INFO] [stdout]      |
[INFO] [stdout]      = help: if you wanted to use a crate named `pallet_balances`, use `cargo add pallet_balances` to add it to your `Cargo.toml`
[INFO] [stdout] help: consider importing one of these enums
[INFO] [stdout]      |
[INFO] [stdout]   20 + use crate::Call;
[INFO] [stdout]      |
[INFO] [stdout]   20 + use crate::tests::pallet_dummy::Call;
[INFO] [stdout]      |
[INFO] [stdout] help: if you import `Call`, refer to it directly
[INFO] [stdout]      |
[INFO] [stdout] 4045 -         let call = RuntimeCall::Balances(pallet_balances::Call::transfer_all {
[INFO] [stdout] 4045 +         let call = RuntimeCall::Balances(Call::transfer_all {
[INFO] [stdout]      |
[INFO] [stdout] 
[INFO] [stdout] 
[INFO] [stdout] error[E0433]: cannot find module or crate `pallet_balances` in this scope
[INFO] [stdout]     --> src/tests/pvm.rs:4081:36
[INFO] [stdout]      |
[INFO] [stdout] 4081 |         let call = RuntimeCall::Balances(pallet_balances::Call::transfer_all {
[INFO] [stdout]      |                                          ^^^^^^^^^^^^^^^ use of unresolved module or unlinked crate `pallet_balances`
[INFO] [stdout]      |
[INFO] [stdout]      = help: if you wanted to use a crate named `pallet_balances`, use `cargo add pallet_balances` to add it to your `Cargo.toml`
[INFO] [stdout] help: consider importing one of these enums
[INFO] [stdout]      |
[INFO] [stdout]   20 + use crate::Call;
[INFO] [stdout]      |
[INFO] [stdout]   20 + use crate::tests::pallet_dummy::Call;
[INFO] [stdout]      |
[INFO] [stdout] help: if you import `Call`, refer to it directly
[INFO] [stdout]      |
[INFO] [stdout] 4081 -         let call = RuntimeCall::Balances(pallet_balances::Call::transfer_all {
[INFO] [stdout] 4081 +         let call = RuntimeCall::Balances(Call::transfer_all {
[INFO] [stdout]      |
[INFO] [stdout] 
[INFO] [stdout] 
[INFO] [stdout] error[E0433]: cannot find module or crate `pallet_balances` in this scope
[INFO] [stdout]     --> src/tests/pvm.rs:5235:45
[INFO] [stdout]      |
[INFO] [stdout] 5235 |         let call = Box::new(RuntimeCall::Balances(pallet_balances::Call::transfer_all {
[INFO] [stdout]      |                                                   ^^^^^^^^^^^^^^^ use of unresolved module or unlinked crate `pallet_balances`
[INFO] [stdout]      |
[INFO] [stdout]      = help: if you wanted to use a crate named `pallet_balances`, use `cargo add pallet_balances` to add it to your `Cargo.toml`
[INFO] [stdout] help: consider importing one of these enums
[INFO] [stdout]      |
[INFO] [stdout]   20 + use crate::Call;
[INFO] [stdout]      |
[INFO] [stdout]   20 + use crate::tests::pallet_dummy::Call;
[INFO] [stdout]      |
[INFO] [stdout] help: if you import `Call`, refer to it directly
[INFO] [stdout]      |
[INFO] [stdout] 5235 -         let call = Box::new(RuntimeCall::Balances(pallet_balances::Call::transfer_all {
[INFO] [stdout] 5235 +         let call = Box::new(RuntimeCall::Balances(Call::transfer_all {
[INFO] [stdout]      |
[INFO] [stdout] 
[INFO] [stdout] 
[INFO] [stdout] error[E0433]: cannot find module or crate `pallet_balances` in this scope
[INFO] [stdout]     --> src/tests/pvm.rs:5347:37
[INFO] [stdout]      |
[INFO] [stdout] 5347 |                     Box::new(RuntimeCall::Balances(pallet_balances::Call::transfer_all {
[INFO] [stdout]      |                                                    ^^^^^^^^^^^^^^^ use of unresolved module or unlinked crate `pallet_balances`
[INFO] [stdout]      |
[INFO] [stdout]      = help: if you wanted to use a crate named `pallet_balances`, use `cargo add pallet_balances` to add it to your `Cargo.toml`
[INFO] [stdout] help: consider importing one of these enums
[INFO] [stdout]      |
[INFO] [stdout]   20 + use crate::Call;
[INFO] [stdout]      |
[INFO] [stdout]   20 + use crate::tests::pallet_dummy::Call;
[INFO] [stdout]      |
[INFO] [stdout] help: if you import `Call`, refer to it directly
[INFO] [stdout]      |
[INFO] [stdout] 5347 -                     Box::new(RuntimeCall::Balances(pallet_balances::Call::transfer_all {
[INFO] [stdout] 5347 +                     Box::new(RuntimeCall::Balances(Call::transfer_all {
[INFO] [stdout]      |
[INFO] [stdout] 
[INFO] [stdout] 
[INFO] [stdout] error[E0422]: cannot find struct, variant or union type `callBarCall` in this scope
[INFO] [stdout]    --> src/tests/sol/contract.rs:697:50
[INFO] [stdout]     |
[INFO] [stdout] 697 |         let data = CallerWithConstructorCalls::callBar(callBarCall {}).abi_encode();
[INFO] [stdout]     |                                                        ^^^^^^^^^^^ not found in this scope
[INFO] [stdout] 
[INFO] [stdout] 
[INFO] [stdout] error[E0433]: cannot find module or crate `pallet_balances` in this scope
[INFO] [stdout]    --> src/tests/sol.rs:826:40
[INFO] [stdout]     |
[INFO] [stdout] 826 |             crate::tests::RuntimeCall::Balances(pallet_balances::Call::transfer_allow_death {
[INFO] [stdout]     |                                                 ^^^^^^^^^^^^^^^ use of unresolved module or unlinked crate `pallet_balances`
[INFO] [stdout]     |
[INFO] [stdout]     = help: if you wanted to use a crate named `pallet_balances`, use `cargo add pallet_balances` to add it to your `Cargo.toml`
[INFO] [stdout] help: consider importing one of these enums
[INFO] [stdout]     |
[INFO] [stdout]  18 + use crate::Call;
[INFO] [stdout]     |
[INFO] [stdout]  18 + use crate::tests::pallet_dummy::Call;
[INFO] [stdout]     |
[INFO] [stdout] help: if you import `Call`, refer to it directly
[INFO] [stdout]     |
[INFO] [stdout] 826 -             crate::tests::RuntimeCall::Balances(pallet_balances::Call::transfer_allow_death {
[INFO] [stdout] 826 +             crate::tests::RuntimeCall::Balances(Call::transfer_allow_death {
[INFO] [stdout]     |
[INFO] [stdout] 
[INFO] [stdout] 
[INFO] [stdout] error[E0425]: cannot find type `Test` in this scope
[INFO] [stdout]   --> src/tests.rs:66:27
[INFO] [stdout]    |
[INFO] [stdout] 66 |     frame_system::CheckNonce<Test>,
[INFO] [stdout]    |                              ^^^^ not found in this scope
[INFO] [stdout]    |
[INFO] [stdout] help: you might be missing a type parameter
[INFO] [stdout]    |
[INFO] [stdout] 65 | pub type SignedExtra<Test> = (
[INFO] [stdout]    |                     ++++++
[INFO] [stdout] 
[INFO] [stdout] 
[INFO] [stdout] error[E0425]: cannot find type `Test` in this scope
[INFO] [stdout]   --> src/tests.rs:67:27
[INFO] [stdout]    |
[INFO] [stdout] 67 |     ChargeTransactionPayment<Test>,
[INFO] [stdout]    |                              ^^^^ not found in this scope
[INFO] [stdout]    |
[INFO] [stdout] help: you might be missing a type parameter
[INFO] [stdout]    |
[INFO] [stdout] 65 | pub type SignedExtra<Test> = (
[INFO] [stdout]    |                     ++++++
[INFO] [stdout] 
[INFO] [stdout] 
[INFO] [stdout] error[E0425]: cannot find type `Test` in this scope
[INFO] [stdout]   --> src/tests.rs:68:38
[INFO] [stdout]    |
[INFO] [stdout] 68 |     crate::evm::tx_extension::SetOrigin<Test>,
[INFO] [stdout]    |                                         ^^^^ not found in this scope
[INFO] [stdout]    |
[INFO] [stdout] help: you might be missing a type parameter
[INFO] [stdout]    |
[INFO] [stdout] 65 | pub type SignedExtra<Test> = (
[INFO] [stdout]    |                     ++++++
[INFO] [stdout] 
[INFO] [stdout] 
[INFO] [stdout] error[E0425]: cannot find type `Test` in this scope
[INFO] [stdout]   --> src/tests.rs:77:16
[INFO] [stdout]    |
[INFO] [stdout] 77 |     type Config = Test;
[INFO] [stdout]    |                   ^^^^ not found in this scope
[INFO] [stdout] 
[INFO] [stdout] 
[INFO] [stdout] error[E0425]: cannot find type `Test` in this scope
[INFO] [stdout]   --> src/tests.rs:81:50
[INFO] [stdout]    |
[INFO] [stdout] 81 |     fn get_eth_extension(nonce: u32, tip: BalanceOf<Test>) -> Self::ExtensionV0 {
[INFO] [stdout]    |                                                     ^^^^ not found in this scope
[INFO] [stdout]    |
[INFO] [stdout] help: you might be missing a type parameter
[INFO] [stdout]    |
[INFO] [stdout] 76 | impl<Test> EthExtra for EthExtraImpl {
[INFO] [stdout]    |     ++++++
[INFO] [stdout] 
[INFO] [stdout] 
[INFO] [stdout] error[E0425]: cannot find type `Test` in this scope
[INFO] [stdout]   --> src/tests.rs:85:42
[INFO] [stdout]    |
[INFO] [stdout] 85 |             crate::evm::tx_extension::SetOrigin::<Test>::new_from_eth_transaction(),
[INFO] [stdout]    |                                                   ^^^^ not found in this scope
[INFO] [stdout]    |
[INFO] [stdout] help: you might be missing a type parameter
[INFO] [stdout]    |
[INFO] [stdout] 76 | impl<Test> EthExtra for EthExtraImpl {
[INFO] [stdout]    |     ++++++
[INFO] [stdout] 
[INFO] [stdout] 
[INFO] [stdout] error[E0425]: cannot find type `Test` in this scope
[INFO] [stdout]    --> src/tests.rs:269:6
[INFO] [stdout]     |
[INFO] [stdout] 269 | impl Test {
[INFO] [stdout]     |      ^^^^ not found in this scope
[INFO] [stdout] 
[INFO] [stdout] 
[INFO] [stdout] error[E0425]: cannot find type `Test` in this scope
[INFO] [stdout]    --> src/tests.rs:287:31
[INFO] [stdout]     |
[INFO] [stdout] 287 | impl frame_system::Config for Test {
[INFO] [stdout]     |                               ^^^^ not found in this scope
[INFO] [stdout] 
[INFO] [stdout] 
[INFO] [stdout] error[E0425]: cannot find type `Test` in this scope
[INFO] [stdout]    --> src/tests.rs:294:40
[INFO] [stdout]     |
[INFO] [stdout] 294 |     type OnNewAccount = crate::AutoMapper<Test>;
[INFO] [stdout]     |                                           ^^^^ not found in this scope
[INFO] [stdout]     |
[INFO] [stdout] help: you might be missing a type parameter
[INFO] [stdout]     |
[INFO] [stdout] 287 | impl<Test> frame_system::Config for Test {
[INFO] [stdout]     |     ++++++
[INFO] [stdout] 
[INFO] [stdout] 
[INFO] [stdout] error[E0425]: cannot find type `Test` in this scope
[INFO] [stdout]    --> src/tests.rs:295:43
[INFO] [stdout]     |
[INFO] [stdout] 295 |     type OnKilledAccount = crate::AutoMapper<Test>;
[INFO] [stdout]     |                                              ^^^^ not found in this scope
[INFO] [stdout]     |
[INFO] [stdout] help: you might be missing a type parameter
[INFO] [stdout]     |
[INFO] [stdout] 287 | impl<Test> frame_system::Config for Test {
[INFO] [stdout]     |     ++++++
[INFO] [stdout] 
[INFO] [stdout] 
[INFO] [stdout] error[E0425]: cannot find type `RuntimeEvent` in this scope
[INFO] [stdout]    --> src/tests.rs:286:1
[INFO] [stdout]     |
[INFO] [stdout] 286 | #[derive_impl(frame_system::config_preludes::TestDefaultConfig)]
[INFO] [stdout]     | ^^^^^^^^^^^^^^^^^^^^^^^^^^^^^^^^^^^^^^^^^^^^^^^^^^^^^^^^^^^^^^^^
[INFO] [stdout]     |
[INFO] [stdout]     = note: this error originates in the macro `frame_system::config_preludes::TestDefaultConfig` which comes from the expansion of the macro `frame_support::macro_magic::forward_tokens_verbatim` (in Nightly builds, run with -Z macro-backtrace for more info)
[INFO] [stdout] help: you might have meant to use the associated type
[INFO] [stdout]    --> /opt/rustwide/cargo-home/registry/src/index.crates.io-1949cf8c6b5b557f/frame-system-49.0.0/src/lib.rs:350:9
[INFO] [stdout]     |
[INFO] [stdout] 350 |             type Self::RuntimeEvent = ();
[INFO] [stdout]     |                  ++++++
[INFO] [stdout] 
[INFO] [stdout] 
[INFO] [stdout] error[E0425]: cannot find type `RuntimeOrigin` in this scope
[INFO] [stdout]    --> src/tests.rs:286:1
[INFO] [stdout]     |
[INFO] [stdout] 286 | #[derive_impl(frame_system::config_preludes::TestDefaultConfig)]
[INFO] [stdout]     | ^^^^^^^^^^^^^^^^^^^^^^^^^^^^^^^^^^^^^^^^^^^^^^^^^^^^^^^^^^^^^^^^
[INFO] [stdout]     |
[INFO] [stdout]     = note: this error originates in the macro `frame_system::config_preludes::TestDefaultConfig` which comes from the expansion of the macro `frame_support::macro_magic::forward_tokens_verbatim` (in Nightly builds, run with -Z macro-backtrace for more info)
[INFO] [stdout] help: you might have meant to use the associated type
[INFO] [stdout]    --> /opt/rustwide/cargo-home/registry/src/index.crates.io-1949cf8c6b5b557f/frame-system-49.0.0/src/lib.rs:352:9
[INFO] [stdout]     |
[INFO] [stdout] 352 |             type Self::RuntimeOrigin = ();
[INFO] [stdout]     |                  ++++++
[INFO] [stdout] 
[INFO] [stdout] 
[INFO] [stdout] error[E0425]: cannot find type `RuntimeCall` in this scope
[INFO] [stdout]    --> src/tests.rs:286:1
[INFO] [stdout]     |
[INFO] [stdout] 286 | #[derive_impl(frame_system::config_preludes::TestDefaultConfig)]
[INFO] [stdout]     | ^^^^^^^^^^^^^^^^^^^^^^^^^^^^^^^^^^^^^^^^^^^^^^^^^^^^^^^^^^^^^^^^
[INFO] [stdout]     |
[INFO] [stdout]     = note: this error originates in the macro `frame_system::config_preludes::TestDefaultConfig` which comes from the expansion of the macro `frame_support::macro_magic::forward_tokens_verbatim` (in Nightly builds, run with -Z macro-backtrace for more info)
[INFO] [stdout] help: you might have meant to use the associated type
[INFO] [stdout]    --> /opt/rustwide/cargo-home/registry/src/index.crates.io-1949cf8c6b5b557f/frame-system-49.0.0/src/lib.rs:354:9
[INFO] [stdout]     |
[INFO] [stdout] 354 |             type Self::RuntimeCall = ();
[INFO] [stdout]     |                  ++++++
[INFO] [stdout] 
[INFO] [stdout] 
[INFO] [stdout] error[E0425]: cannot find type `PalletInfo` in this scope
[INFO] [stdout]    --> src/tests.rs:286:1
[INFO] [stdout]     |
[INFO] [stdout] 286 | #[derive_impl(frame_system::config_preludes::TestDefaultConfig)]
[INFO] [stdout]     | ^^^^^^^^^^^^^^^^^^^^^^^^^^^^^^^^^^^^^^^^^^^^^^^^^^^^^^^^^^^^^^^^
[INFO] [stdout]     |
[INFO] [stdout]     = note: this error originates in the macro `frame_system::config_preludes::TestDefaultConfig` which comes from the expansion of the macro `frame_support::macro_magic::forward_tokens_verbatim` (in Nightly builds, run with -Z macro-backtrace for more info)
[INFO] [stdout] help: you might have meant to use the associated type
[INFO] [stdout]    --> /opt/rustwide/cargo-home/registry/src/index.crates.io-1949cf8c6b5b557f/frame-system-49.0.0/src/lib.rs:356:9
[INFO] [stdout]     |
[INFO] [stdout] 356 |             type Self::PalletInfo = ();
[INFO] [stdout]     |                  ++++++
[INFO] [stdout] 
[INFO] [stdout] 
[INFO] [stdout] error[E0425]: cannot find type `RuntimeTask` in this scope
[INFO] [stdout]    --> src/tests.rs:286:1
[INFO] [stdout]     |
[INFO] [stdout] 286 | #[derive_impl(frame_system::config_preludes::TestDefaultConfig)]
[INFO] [stdout]     | ^^^^^^^^^^^^^^^^^^^^^^^^^^^^^^^^^^^^^^^^^^^^^^^^^^^^^^^^^^^^^^^^
[INFO] [stdout]     |
[INFO] [stdout]     = note: this error originates in the macro `frame_system::config_preludes::TestDefaultConfig` which comes from the expansion of the macro `frame_support::macro_magic::forward_tokens_verbatim` (in Nightly builds, run with -Z macro-backtrace for more info)
[INFO] [stdout] help: you might have meant to use the associated type
[INFO] [stdout]    --> /opt/rustwide/cargo-home/registry/src/index.crates.io-1949cf8c6b5b557f/frame-system-49.0.0/src/lib.rs:358:9
[INFO] [stdout]     |
[INFO] [stdout] 358 |             type Self::RuntimeTask = ();
[INFO] [stdout]     |                  ++++++
[INFO] [stdout] 
[INFO] [stdout] 
[INFO] [stdout] error[E0425]: cannot find type `Test` in this scope
[INFO] [stdout]    --> src/tests.rs:313:33
[INFO] [stdout]     |
[INFO] [stdout] 313 | impl pallet_utility::Config for Test {
[INFO] [stdout]     |                                 ^^^^ not found in this scope
[INFO] [stdout] 
[INFO] [stdout] 
[INFO] [stdout] error[E0425]: cannot find type `RuntimeEvent` in this scope
[INFO] [stdout]    --> src/tests.rs:314:22
[INFO] [stdout]     |
[INFO] [stdout] 314 |     type RuntimeEvent = RuntimeEvent;
[INFO] [stdout]     |                         ^^^^^^^^^^^^ not found in this scope
[INFO] [stdout] 
[INFO] [stdout] 
[INFO] [stdout] error[E0425]: cannot find type `RuntimeCall` in this scope
[INFO] [stdout]    --> src/tests.rs:315:21
[INFO] [stdout]     |
[INFO] [stdout] 315 |     type RuntimeCall = RuntimeCall;
[INFO] [stdout]     |                        ^^^^^^^^^^^ not found in this scope
[INFO] [stdout] 
[INFO] [stdout] 
[INFO] [stdout] error[E0425]: cannot find type `OriginCaller` in this scope
[INFO] [stdout]    --> src/tests.rs:316:23
[INFO] [stdout]     |
[INFO] [stdout] 316 |     type PalletsOrigin = OriginCaller;
[INFO] [stdout]     |                          ^^^^^^^^^^^^ not found in this scope
[INFO] [stdout] 
[INFO] [stdout] 
[INFO] [stdout] error[E0425]: cannot find type `Test` in this scope
[INFO] [stdout]    --> src/tests.rs:320:31
[INFO] [stdout]     |
[INFO] [stdout] 320 | impl pallet_proxy::Config for Test {
[INFO] [stdout]     |                               ^^^^ not found in this scope
[INFO] [stdout] 
[INFO] [stdout] 
[INFO] [stdout] error[E0425]: cannot find type `RuntimeEvent` in this scope
[INFO] [stdout]    --> src/tests.rs:321:22
[INFO] [stdout]     |
[INFO] [stdout] 321 |     type RuntimeEvent = RuntimeEvent;
[INFO] [stdout]     |                         ^^^^^^^^^^^^ not found in this scope
[INFO] [stdout] 
[INFO] [stdout] 
[INFO] [stdout] error[E0425]: cannot find type `RuntimeCall` in this scope
[INFO] [stdout]    --> src/tests.rs:322:21
[INFO] [stdout]     |
[INFO] [stdout] 322 |     type RuntimeCall = RuntimeCall;
[INFO] [stdout]     |                        ^^^^^^^^^^^ not found in this scope
[INFO] [stdout] 
[INFO] [stdout] 
[INFO] [stdout] error[E0425]: cannot find type `Balances` in this scope
[INFO] [stdout]    --> src/tests.rs:323:18
[INFO] [stdout]     |
[INFO] [stdout] 323 |     type Currency = Balances;
[INFO] [stdout]     |                     ^^^^^^^^ not found in this scope
[INFO] [stdout]     |
[INFO] [stdout] note: similarly named type alias `BalanceOf` defined here
[INFO] [stdout]    --> src/lib.rs:139:1
[INFO] [stdout]     |
[INFO] [stdout] 139 | pub type BalanceOf<T> = <T as Config>::Balance;
[INFO] [stdout]     | ^^^^^^^^^^^^^^^^^^^^^^^^^^^^^^^^^^^^^^^^^^^^^^^
[INFO] [stdout] help: a type alias with a similar name exists
[INFO] [stdout]     |
[INFO] [stdout] 323 -     type Currency = Balances;
[INFO] [stdout] 323 +     type Currency = BalanceOf;
[INFO] [stdout]     |
[INFO] [stdout] 
[INFO] [stdout] 
[INFO] [stdout] error[E0425]: cannot find type `Test` in this scope
[INFO] [stdout]    --> src/tests.rs:333:50
[INFO] [stdout]     |
[INFO] [stdout] 333 |     type BlockNumberProvider = frame_system::Pallet<Test>;
[INFO] [stdout]     |                                                     ^^^^ not found in this scope
[INFO] [stdout]     |
[INFO] [stdout] help: you might be missing a type parameter
[INFO] [stdout]     |
[INFO] [stdout] 320 | impl<Test> pallet_proxy::Config for Test {
[INFO] [stdout]     |     ++++++
[INFO] [stdout] 
[INFO] [stdout] 
[INFO] [stdout] error[E0425]: cannot find type `Test` in this scope
[INFO] [stdout]    --> src/tests.rs:341:45
[INFO] [stdout]     |
[INFO] [stdout] 341 | impl pallet_transaction_payment::Config for Test {
[INFO] [stdout]     |                                             ^^^^ not found in this scope
[INFO] [stdout] 
[INFO] [stdout] 
[INFO] [stdout] error[E0425]: cannot find type `Balances` in this scope
[INFO] [stdout]    --> src/tests.rs:342:73
[INFO] [stdout]     |
[INFO] [stdout] 342 |     type OnChargeTransaction = pallet_transaction_payment::FungibleAdapter<Balances, ()>;
[INFO] [stdout]     |                                                                            ^^^^^^^^ not found in this scope
[INFO] [stdout]     |
[INFO] [stdout] note: similarly named type alias `BalanceOf` defined here
[INFO] [stdout]    --> src/lib.rs:139:1
[INFO] [stdout]     |
[INFO] [stdout] 139 | pub type BalanceOf<T> = <T as Config>::Balance;
[INFO] [stdout]     | ^^^^^^^^^^^^^^^^^^^^^^^^^^^^^^^^^^^^^^^^^^^^^^^
[INFO] [stdout] help: a type alias with a similar name exists
[INFO] [stdout]     |
[INFO] [stdout] 342 -     type OnChargeTransaction = pallet_transaction_payment::FungibleAdapter<Balances, ()>;
[INFO] [stdout] 342 +     type OnChargeTransaction = pallet_transaction_payment::FungibleAdapter<BalanceOf, ()>;
[INFO] [stdout]     |
[INFO] [stdout] help: you might be missing a type parameter
[INFO] [stdout]     |
[INFO] [stdout] 341 | impl<Balances> pallet_transaction_payment::Config for Test {
[INFO] [stdout]     |     ++++++++++
[INFO] [stdout] 
[INFO] [stdout] 
[INFO] [stdout] error[E0425]: cannot find type `RuntimeEvent` in this scope
[INFO] [stdout]    --> src/tests.rs:340:1
[INFO] [stdout]     |
[INFO] [stdout] 340 | #[derive_impl(pallet_transaction_payment::config_preludes::TestDefaultConfig)]
[INFO] [stdout]     | ^^^^^^^^^^^^^^^^^^^^^^^^^^^^^^^^^^^^^^^^^^^^^^^^^^^^^^^^^^^^^^^^^^^^^^^^^^^^^^
[INFO] [stdout]     |
[INFO] [stdout]     = note: this error originates in the macro `pallet_transaction_payment::config_preludes::TestDefaultConfig` which comes from the expansion of the macro `frame_support::macro_magic::forward_tokens_verbatim` (in Nightly builds, run with -Z macro-backtrace for more info)
[INFO] [stdout] help: you might have meant to use the associated type
[INFO] [stdout]    --> /opt/rustwide/cargo-home/registry/src/index.crates.io-1949cf8c6b5b557f/pallet-transaction-payment-50.0.0/src/lib.rs:345:9
[INFO] [stdout]     |
[INFO] [stdout] 345 |             type Self::RuntimeEvent = ();
[INFO] [stdout]     |                  ++++++
[INFO] [stdout] 
[INFO] [stdout] 
[INFO] [stdout] error[E0425]: cannot find type `Test` in this scope
[INFO] [stdout]    --> src/tests.rs:358:39
[INFO] [stdout]     |
[INFO] [stdout] 358 | impl pallet_assets_holder::Config for Test {
[INFO] [stdout]     |                                       ^^^^ not found in this scope
[INFO] [stdout] 
[INFO] [stdout] 
[INFO] [stdout] error[E0425]: cannot find type `RuntimeHoldReason` in this scope
[INFO] [stdout]    --> src/tests.rs:359:27
[INFO] [stdout]     |
[INFO] [stdout] 359 |     type RuntimeHoldReason = RuntimeHoldReason;
[INFO] [stdout]     |                              ^^^^^^^^^^^^^^^^^ not found in this scope
[INFO] [stdout] 
[INFO] [stdout] 
[INFO] [stdout] error[E0425]: cannot find type `RuntimeEvent` in this scope
[INFO] [stdout]    --> src/tests.rs:360:22
[INFO] [stdout]     |
[INFO] [stdout] 360 |     type RuntimeEvent = RuntimeEvent;
[INFO] [stdout]     |                         ^^^^^^^^^^^^ not found in this scope
[INFO] [stdout] 
[INFO] [stdout] 
[INFO] [stdout] error[E0425]: cannot find type `Test` in this scope
[INFO] [stdout]    --> src/tests.rs:363:40
[INFO] [stdout]     |
[INFO] [stdout] 363 | impl pallet_assets_freezer::Config for Test {
[INFO] [stdout]     |                                        ^^^^ not found in this scope
[INFO] [stdout] 
[INFO] [stdout] 
[INFO] [stdout] error[E0425]: cannot find type `RuntimeFreezeReason` in this scope
[INFO] [stdout]    --> src/tests.rs:364:29
[INFO] [stdout]     |
[INFO] [stdout] 364 |     type RuntimeFreezeReason = RuntimeFreezeReason;
[INFO] [stdout]     |                                ^^^^^^^^^^^^^^^^^^^ not found in this scope
[INFO] [stdout] 
[INFO] [stdout] 
[INFO] [stdout] error[E0425]: cannot find type `RuntimeEvent` in this scope
[INFO] [stdout]    --> src/tests.rs:365:22
[INFO] [stdout]     |
[INFO] [stdout] 365 |     type RuntimeEvent = RuntimeEvent;
[INFO] [stdout]     |                         ^^^^^^^^^^^^ not found in this scope
[INFO] [stdout] 
[INFO] [stdout] 
[INFO] [stdout] error[E0425]: cannot find type `Test` in this scope
[INFO] [stdout]    --> src/tests.rs:378:31
[INFO] [stdout]     |
[INFO] [stdout] 378 | impl pallet_dummy::Config for Test {}
[INFO] [stdout]     |                               ^^^^ not found in this scope
[INFO] [stdout] 
[INFO] [stdout] 
[INFO] [stdout] error[E0425]: cannot find type `Test` in this scope
[INFO] [stdout]    --> src/tests.rs:381:39
[INFO] [stdout]     |
[INFO] [stdout] 381 |     pub static DepositPerByte: BalanceOf<Test> = 1;
[INFO] [stdout]     |                                          ^^^^ not found in this scope
[INFO] [stdout] 
[INFO] [stdout] 
[INFO] [stdout] error[E0425]: cannot find type `Test` in this scope
[INFO] [stdout]    --> src/tests.rs:382:38
[INFO] [stdout]     |
[INFO] [stdout] 382 |     pub const DepositPerItem: BalanceOf<Test> = 2;
[INFO] [stdout]     |                                         ^^^^ not found in this scope
[INFO] [stdout] 
[INFO] [stdout] 
[INFO] [stdout] error[E0425]: cannot find type `Test` in this scope
[INFO] [stdout]    --> src/tests.rs:387:43
[INFO] [stdout]     |
[INFO] [stdout] 387 | impl Convert<Weight, BalanceOf<Self>> for Test {
[INFO] [stdout]     |                                           ^^^^ not found in this scope
[INFO] [stdout] 
[INFO] [stdout] 
[INFO] [stdout] error[E0425]: cannot find type `Test` in this scope
[INFO] [stdout]    --> src/tests.rs:394:36
[INFO] [stdout]     |
[INFO] [stdout] 394 |     pub static UploadAccount: Option<<Test as frame_system::Config>::AccountId> = None;
[INFO] [stdout]     |                                       ^^^^ not found in this scope
[INFO] [stdout] 
[INFO] [stdout] 
[INFO] [stdout] error[E0425]: cannot find type `Test` in this scope
[INFO] [stdout]    --> src/tests.rs:395:41
[INFO] [stdout]     |
[INFO] [stdout] 395 |     pub static InstantiateAccount: Option<<Test as frame_system::Config>::AccountId> = None;
[INFO] [stdout]     |                                            ^^^^ not found in this scope
[INFO] [stdout] 
[INFO] [stdout] 
[INFO] [stdout] error[E0425]: cannot find type `Test` in this scope
[INFO] [stdout]    --> src/tests.rs:428:18
[INFO] [stdout]     |
[INFO] [stdout] 428 | impl FindAuthor<<Test as frame_system::Config>::AccountId> for Test {
[INFO] [stdout]     |                  ^^^^ not found in this scope
[INFO] [stdout]     |
[INFO] [stdout] help: you might be missing a type parameter
[INFO] [stdout]     |
[INFO] [stdout] 428 | impl<Test> FindAuthor<<Test as frame_system::Config>::AccountId> for Test {
[INFO] [stdout]     |     ++++++
[INFO] [stdout] 
[INFO] [stdout] 
[INFO] [stdout] error[E0425]: cannot find type `Test` in this scope
[INFO] [stdout]    --> src/tests.rs:428:64
[INFO] [stdout]     |
[INFO] [stdout] 428 | impl FindAuthor<<Test as frame_system::Config>::AccountId> for Test {
[INFO] [stdout]     |                                                                ^^^^ not found in this scope
[INFO] [stdout] 
[INFO] [stdout] 
[INFO] [stdout] error[E0425]: cannot find type `Test` in this scope
[INFO] [stdout]    --> src/tests.rs:429:48
[INFO] [stdout]     |
[INFO] [stdout] 429 |     fn find_author<'a, I>(_digests: I) -> Option<<Test as frame_system::Config>::AccountId>
[INFO] [stdout]     |                                                   ^^^^ not found in this scope
[INFO] [stdout]     |
[INFO] [stdout] help: you might be missing a type parameter
[INFO] [stdout]     |
[INFO] [stdout] 428 | impl<Test> FindAuthor<<Test as frame_system::Config>::AccountId> for Test {
[INFO] [stdout]     |     ++++++
[INFO] [stdout] 
[INFO] [stdout] 
[INFO] [stdout] error[E0425]: cannot find type `Test` in this scope
[INFO] [stdout]    --> src/tests.rs:438:17
[INFO] [stdout]     |
[INFO] [stdout] 438 | impl Config for Test {
[INFO] [stdout]     |                 ^^^^ not found in this scope
[INFO] [stdout] 
[INFO] [stdout] 
[INFO] [stdout] error[E0425]: cannot find type `Timestamp` in this scope
[INFO] [stdout]    --> src/tests.rs:439:14
[INFO] [stdout]     |
[INFO] [stdout] 439 |     type Time = Timestamp;
[INFO] [stdout]     |                 ^^^^^^^^^ not found in this scope
[INFO] [stdout] 
[INFO] [stdout] 
[INFO] [stdout] error[E0425]: cannot find type `Balances` in this scope
[INFO] [stdout]    --> src/tests.rs:442:18
[INFO] [stdout]     |
[INFO] [stdout] 442 |     type Currency = Balances;
[INFO] [stdout]     |                     ^^^^^^^^ not found in this scope
[INFO] [stdout]     |
[INFO] [stdout] note: similarly named type alias `BalanceOf` defined here
[INFO] [stdout]    --> src/lib.rs:139:1
[INFO] [stdout]     |
[INFO] [stdout] 139 | pub type BalanceOf<T> = <T as Config>::Balance;
[INFO] [stdout]     | ^^^^^^^^^^^^^^^^^^^^^^^^^^^^^^^^^^^^^^^^^^^^^^^
[INFO] [stdout] help: a type alias with a similar name exists
[INFO] [stdout]     |
[INFO] [stdout] 442 -     type Currency = Balances;
[INFO] [stdout] 442 +     type Currency = BalanceOf;
[INFO] [stdout]     |
[INFO] [stdout] 
[INFO] [stdout] 
[INFO] [stdout] error[E0425]: cannot find type `Test` in this scope
[INFO] [stdout]    --> src/tests.rs:451:20
[INFO] [stdout]     |
[INFO] [stdout] 451 |     type FindAuthor = Test;
[INFO] [stdout]     |                       ^^^^ not found in this scope
[INFO] [stdout] 
[INFO] [stdout] 
[INFO] [stdout] error[E0425]: cannot find type `Test` in this scope
[INFO] [stdout]    --> src/tests.rs:455:15
[INFO] [stdout]     |
[INFO] [stdout] 455 |         PGasDeposit<Test, Assets, AssetsHolder, AssetsFreezer, PGasAssetId, PGasRefundPercent>;
[INFO] [stdout]     |                     ^^^^ not found in this scope
[INFO] [stdout]     |
[INFO] [stdout] help: you might be missing a type parameter
[INFO] [stdout]     |
[INFO] [stdout] 438 | impl<Test> Config for Test {
[INFO] [stdout]     |     ++++++
[INFO] [stdout] 
[INFO] [stdout] 
[INFO] [stdout] error[E0425]: cannot find type `Assets` in this scope
[INFO] [stdout]    --> src/tests.rs:455:21
[INFO] [stdout]     |
[INFO] [stdout] 455 |         PGasDeposit<Test, Assets, AssetsHolder, AssetsFreezer, PGasAssetId, PGasRefundPercent>;
[INFO] [stdout]     |                           ^^^^^^ not found in this scope
[INFO] [stdout]     |
[INFO] [stdout] help: you might be missing a type parameter
[INFO] [stdout]     |
[INFO] [stdout] 438 | impl<Assets> Config for Test {
[INFO] [stdout]     |     ++++++++
[INFO] [stdout] 
[INFO] [stdout] 
[INFO] [stdout] error[E0425]: cannot find type `AssetsHolder` in this scope
[INFO] [stdout]    --> src/tests.rs:455:29
[INFO] [stdout]     |
[INFO] [stdout] 455 |         PGasDeposit<Test, Assets, AssetsHolder, AssetsFreezer, PGasAssetId, PGasRefundPercent>;
[INFO] [stdout]     |                                   ^^^^^^^^^^^^ not found in this scope
[INFO] [stdout]     |
[INFO] [stdout] help: you might be missing a type parameter
[INFO] [stdout]     |
[INFO] [stdout] 438 | impl<AssetsHolder> Config for Test {
[INFO] [stdout]     |     ++++++++++++++
[INFO] [stdout] 
[INFO] [stdout] 
[INFO] [stdout] error[E0425]: cannot find type `AssetsFreezer` in this scope
[INFO] [stdout]    --> src/tests.rs:455:43
[INFO] [stdout]     |
[INFO] [stdout] 455 |         PGasDeposit<Test, Assets, AssetsHolder, AssetsFreezer, PGasAssetId, PGasRefundPercent>;
[INFO] [stdout]     |                                                 ^^^^^^^^^^^^^ not found in this scope
[INFO] [stdout]     |
[INFO] [stdout] help: you might be missing a type parameter
[INFO] [stdout]     |
[INFO] [stdout] 438 | impl<AssetsFreezer> Config for Test {
[INFO] [stdout]     |     +++++++++++++++
[INFO] [stdout] 
[INFO] [stdout] 
[INFO] [stdout] error[E0425]: cannot find type `Balances` in this scope
[INFO] [stdout]    --> src/tests.rs:458:43
[INFO] [stdout]     |
[INFO] [stdout] 458 |     type OnBurn = ResolveTo<BurnDestination, Balances>;
[INFO] [stdout]     |                                              ^^^^^^^^ not found in this scope
[INFO] [stdout]     |
[INFO] [stdout] note: similarly named type alias `BalanceOf` defined here
[INFO] [stdout]    --> src/lib.rs:139:1
[INFO] [stdout]     |
[INFO] [stdout] 139 | pub type BalanceOf<T> = <T as Config>::Balance;
[INFO] [stdout]     | ^^^^^^^^^^^^^^^^^^^^^^^^^^^^^^^^^^^^^^^^^^^^^^^
[INFO] [stdout] help: a type alias with a similar name exists
[INFO] [stdout]     |
[INFO] [stdout] 458 -     type OnBurn = ResolveTo<BurnDestination, Balances>;
[INFO] [stdout] 458 +     type OnBurn = ResolveTo<BurnDestination, BalanceOf>;
[INFO] [stdout]     |
[INFO] [stdout] help: you might be missing a type parameter
[INFO] [stdout]     |
[INFO] [stdout] 438 | impl<Balances> Config for Test {
[INFO] [stdout]     |     ++++++++++
[INFO] [stdout] 
[INFO] [stdout] 
[INFO] [stdout] error[E0425]: cannot find type `RuntimeEvent` in this scope
[INFO] [stdout]    --> src/lib.rs:453:9
[INFO] [stdout]     |
[INFO] [stdout] 453 |             type RuntimeEvent = ();
[INFO] [stdout]     |                  ^^^^^^^^^^^^
[INFO] [stdout]     |
[INFO] [stdout]    ::: src/tests.rs:437:1
[INFO] [stdout]     |
[INFO] [stdout] 437 | #[derive_impl(crate::config_preludes::TestDefaultConfig)]
[INFO] [stdout]     | --------------------------------------------------------- in this macro invocation
[INFO] [stdout]     |
[INFO] [stdout]     = note: this error originates in the macro `crate::config_preludes::TestDefaultConfig` which comes from the expansion of the macro `frame_support::macro_magic::forward_tokens_verbatim` (in Nightly builds, run with -Z macro-backtrace for more info)
[INFO] [stdout] help: you might have meant to use the associated type
[INFO] [stdout]     |
[INFO] [stdout] 453 |             type Self::RuntimeEvent = ();
[INFO] [stdout]     |                  ++++++
[INFO] [stdout] 
[INFO] [stdout] 
[INFO] [stdout] error[E0425]: cannot find type `RuntimeHoldReason` in this scope
[INFO] [stdout]    --> src/lib.rs:456:9
[INFO] [stdout]     |
[INFO] [stdout] 456 |             type RuntimeHoldReason = ();
[INFO] [stdout]     |                  ^^^^^^^^^^^^^^^^^
[INFO] [stdout]     |
[INFO] [stdout]    ::: src/tests.rs:437:1
[INFO] [stdout]     |
[INFO] [stdout] 437 | #[derive_impl(crate::config_preludes::TestDefaultConfig)]
[INFO] [stdout]     | --------------------------------------------------------- in this macro invocation
[INFO] [stdout]     |
[INFO] [stdout]     = note: this error originates in the macro `crate::config_preludes::TestDefaultConfig` which comes from the expansion of the macro `frame_support::macro_magic::forward_tokens_verbatim` (in Nightly builds, run with -Z macro-backtrace for more info)
[INFO] [stdout] help: you might have meant to use the associated type
[INFO] [stdout]     |
[INFO] [stdout] 456 |             type Self::RuntimeHoldReason = ();
[INFO] [stdout]     |                  ++++++
[INFO] [stdout] 
[INFO] [stdout] 
[INFO] [stdout] error[E0425]: cannot find type `RuntimeCall` in this scope
[INFO] [stdout]    --> src/lib.rs:459:9
[INFO] [stdout]     |
[INFO] [stdout] 459 |             type RuntimeCall = ();
[INFO] [stdout]     |                  ^^^^^^^^^^^
[INFO] [stdout]     |
[INFO] [stdout]    ::: src/tests.rs:437:1
[INFO] [stdout]     |
[INFO] [stdout] 437 | #[derive_impl(crate::config_preludes::TestDefaultConfig)]
[INFO] [stdout]     | --------------------------------------------------------- in this macro invocation
[INFO] [stdout]     |
[INFO] [stdout]     = note: this error originates in the macro `crate::config_preludes::TestDefaultConfig` which comes from the expansion of the macro `frame_support::macro_magic::forward_tokens_verbatim` (in Nightly builds, run with -Z macro-backtrace for more info)
[INFO] [stdout] help: you might have meant to use the associated type
[INFO] [stdout]     |
[INFO] [stdout] 459 |             type Self::RuntimeCall = ();
[INFO] [stdout]     |                  ++++++
[INFO] [stdout] 
[INFO] [stdout] 
[INFO] [stdout] error[E0425]: cannot find type `RuntimeOrigin` in this scope
[INFO] [stdout]    --> src/lib.rs:462:9
[INFO] [stdout]     |
[INFO] [stdout] 462 |             type RuntimeOrigin = ();
[INFO] [stdout]     |                  ^^^^^^^^^^^^^
[INFO] [stdout]     |
[INFO] [stdout]    ::: src/tests.rs:437:1
[INFO] [stdout]     |
[INFO] [stdout] 437 | #[derive_impl(crate::config_preludes::TestDefaultConfig)]
[INFO] [stdout]     | --------------------------------------------------------- in this macro invocation
[INFO] [stdout]     |
[INFO] [stdout]     = note: this error originates in the macro `crate::config_preludes::TestDefaultConfig` which comes from the expansion of the macro `frame_support::macro_magic::forward_tokens_verbatim` (in Nightly builds, run with -Z macro-backtrace for more info)
[INFO] [stdout] help: you might have meant to use the associated type
[INFO] [stdout]     |
[INFO] [stdout] 462 |             type Self::RuntimeOrigin = ();
[INFO] [stdout]     |                  ++++++
[INFO] [stdout] 
[INFO] [stdout] 
[INFO] [stdout] error[E0425]: cannot find type `RuntimeCall` in this scope
[INFO] [stdout]    --> src/tests.rs:461:14
[INFO] [stdout]     |
[INFO] [stdout] 461 | impl TryFrom<RuntimeCall> for Call<Test> {
[INFO] [stdout]     |              ^^^^^^^^^^^ not found in this scope
[INFO] [stdout]     |
[INFO] [stdout] help: you might be missing a type parameter
[INFO] [stdout]     |
[INFO] [stdout] 461 | impl<RuntimeCall> TryFrom<RuntimeCall> for Call<Test> {
[INFO] [stdout]     |     +++++++++++++
[INFO] [stdout] 
[INFO] [stdout] 
[INFO] [stdout] error[E0425]: cannot find type `Test` in this scope
[INFO] [stdout]    --> src/tests.rs:461:36
[INFO] [stdout]     |
[INFO] [stdout] 461 | impl TryFrom<RuntimeCall> for Call<Test> {
[INFO] [stdout]     |                                    ^^^^ not found in this scope
[INFO] [stdout]     |
[INFO] [stdout] help: you might be missing a type parameter
[INFO] [stdout]     |
[INFO] [stdout] 461 | impl<Test> TryFrom<RuntimeCall> for Call<Test> {
[INFO] [stdout]     |     ++++++
[INFO] [stdout] 
[INFO] [stdout] 
[INFO] [stdout] error[E0425]: cannot find type `RuntimeCall` in this scope
[INFO] [stdout]    --> src/tests.rs:464:21
[INFO] [stdout]     |
[INFO] [stdout] 464 |     fn try_from(value: RuntimeCall) -> Result<Self, Self::Error> {
[INFO] [stdout]     |                        ^^^^^^^^^^^ not found in this scope
[INFO] [stdout] 
[INFO] [stdout] 
[INFO] [stdout] error[E0425]: cannot find type `RuntimeCall` in this scope
[INFO] [stdout]    --> src/tests.rs:472:25
[INFO] [stdout]     |
[INFO] [stdout] 472 | impl SetWeightLimit for RuntimeCall {
[INFO] [stdout]     |                         ^^^^^^^^^^^ not found in this scope
[INFO] [stdout] 
[INFO] [stdout] 
[INFO] [stdout] error[E0425]: cannot find type `Test` in this scope
[INFO] [stdout]    --> src/tests.rs:492:46
[INFO] [stdout]     |
[INFO] [stdout] 492 |     genesis_config: Option<crate::GenesisConfig<Test>>,
[INFO] [stdout]     |                                                 ^^^^ not found in this scope
[INFO] [stdout]     |
[INFO] [stdout] help: you might be missing a type parameter
[INFO] [stdout]     |
[INFO] [stdout] 488 | pub struct ExtBuilder<Test> {
[INFO] [stdout]     |                      ++++++
[INFO] [stdout] 
[INFO] [stdout] 
[INFO] [stdout] error[E0425]: cannot find type `Test` in this scope
[INFO] [stdout]    --> src/tests.rs:505:48
[INFO] [stdout]     |
[INFO] [stdout] 505 |             genesis_config: Some(crate::GenesisConfig::<Test>::default()),
[INFO] [stdout]     |                                                         ^^^^ not found in this scope
[INFO] [stdout]     |
[INFO] [stdout] help: you might be missing a type parameter
[INFO] [stdout]     |
[INFO] [stdout] 499 | impl<Test> Default for ExtBuilder {
[INFO] [stdout]     |     ++++++
[INFO] [stdout] 
[INFO] [stdout] 
[INFO] [stdout] error[E0425]: cannot find type `Test` in this scope
[INFO] [stdout]    --> src/tests.rs:516:70
[INFO] [stdout]     |
[INFO] [stdout] 516 |     pub fn genesis_config(mut self, config: Option<crate::GenesisConfig<Test>>) -> Self {
[INFO] [stdout]     |                                                                         ^^^^ not found in this scope
[INFO] [stdout]     |
[INFO] [stdout] help: you might be missing a type parameter
[INFO] [stdout]     |
[INFO] [stdout] 514 | impl<Test> ExtBuilder {
[INFO] [stdout]     |     ++++++
[INFO] [stdout] 
[INFO] [stdout] 
[INFO] [stdout] error[E0425]: cannot find type `Test` in this scope
[INFO] [stdout]    --> src/tests.rs:555:33
[INFO] [stdout]     |
[INFO] [stdout] 555 |         frame_system::GenesisConfig::<Test>::default()
[INFO] [stdout]     |                                       ^^^^ not found in this scope
[INFO] [stdout]     |
[INFO] [stdout] help: you might be missing a type parameter
[INFO] [stdout]     |
[INFO] [stdout] 514 | impl<Test> ExtBuilder {
[INFO] [stdout]     |     ++++++
[INFO] [stdout] 
[INFO] [stdout] 
[INFO] [stdout] error[E0425]: cannot find type `Test` in this scope
[INFO] [stdout]    --> src/tests.rs:559:35
[INFO] [stdout]     |
[INFO] [stdout] 559 |         let checking_account = Pallet::<Test>::checking_account();
[INFO] [stdout]     |                                         ^^^^ not found in this scope
[INFO] [stdout]     |
[INFO] [stdout] help: you might be missing a type parameter
[INFO] [stdout]     |
[INFO] [stdout] 514 | impl<Test> ExtBuilder {
[INFO] [stdout]     |     ++++++
[INFO] [stdout] 
[INFO] [stdout] 
[INFO] [stdout] error[E0425]: cannot find type `Test` in this scope
[INFO] [stdout]    --> src/tests.rs:561:36
[INFO] [stdout]     |
[INFO] [stdout] 561 |         pallet_balances::GenesisConfig::<Test> {
[INFO] [stdout]     |                                          ^^^^ not found in this scope
[INFO] [stdout]     |
[INFO] [stdout] help: you might be missing a type parameter
[INFO] [stdout]     |
[INFO] [stdout] 514 | impl<Test> ExtBuilder {
[INFO] [stdout]     |     ++++++
[INFO] [stdout] 
[INFO] [stdout] 
[INFO] [stdout] error[E0425]: cannot find type `Test` in this scope
[INFO] [stdout]    --> src/tests.rs:568:34
[INFO] [stdout]     |
[INFO] [stdout] 568 |         pallet_assets::GenesisConfig::<Test> {
[INFO] [stdout]     |                                        ^^^^ not found in this scope
[INFO] [stdout]     |
[INFO] [stdout] help: you might be missing a type parameter
[INFO] [stdout]     |
[INFO] [stdout] 514 | impl<Test> ExtBuilder {
[INFO] [stdout]     |     ++++++
[INFO] [stdout] 
[INFO] [stdout] 
[INFO] [stdout] error[E0425]: cannot find type `Test` in this scope
[INFO] [stdout]    --> src/tests.rs:581:48
[INFO] [stdout]     |
[INFO] [stdout] 581 |             pallet_transaction_payment::GenesisConfig::<Test> { multiplier, ..Default::default() }
[INFO] [stdout]     |                                                         ^^^^ not found in this scope
[INFO] [stdout]     |
[INFO] [stdout] help: you might be missing a type parameter
[INFO] [stdout]     |
[INFO] [stdout] 514 | impl<Test> ExtBuilder {
[INFO] [stdout]     |     ++++++
[INFO] [stdout] 
[INFO] [stdout] 
[INFO] [stdout] error[E0425]: cannot find type `Test` in this scope
[INFO] [stdout]    --> src/tests.rs:594:13
[INFO] [stdout]     |
[INFO] [stdout] 594 |             Pallet::<Test>::on_genesis();
[INFO] [stdout]     |                      ^^^^ not found in this scope
[INFO] [stdout]     |
[INFO] [stdout] help: you might be missing a type parameter
[INFO] [stdout]     |
[INFO] [stdout] 514 | impl<Test> ExtBuilder {
[INFO] [stdout]     |     ++++++
[INFO] [stdout] 
[INFO] [stdout] 
[INFO] [stdout] error[E0425]: cannot find type `Test` in this scope
[INFO] [stdout]    --> src/tests.rs:596:34
[INFO] [stdout]     |
[INFO] [stdout] 596 |                 storage_version.put::<Pallet<Test>>();
[INFO] [stdout]     |                                              ^^^^ not found in this scope
[INFO] [stdout]     |
[INFO] [stdout] help: you might be missing a type parameter
[INFO] [stdout]     |
[INFO] [stdout] 514 | impl<Test> ExtBuilder {
[INFO] [stdout]     |     ++++++
[INFO] [stdout] 
[INFO] [stdout] 
[INFO] [stdout] error[E0433]: cannot find type `System` in this scope
[INFO] [stdout]    --> src/tests.rs:598:4
[INFO] [stdout]     |
[INFO] [stdout] 598 |             System::set_block_number(1)
[INFO] [stdout]     |             ^^^^^^ use of undeclared type `System`
[INFO] [stdout]     |
[INFO] [stdout] note: these items exist but are inaccessible
[INFO] [stdout]    --> src/exec/tests.rs:44:1
[INFO] [stdout]     |
[INFO] [stdout]  44 | type System = frame_system::Pallet<Test>;
[INFO] [stdout]     | ^^^^^^^^^^^^^^^^^^^^^^^^^^^^^^^^^^^^^^^^^ `crate::exec::tests::System`: not accessible
[INFO] [stdout]     |
[INFO] [stdout]    ::: src/precompiles/builtin/system.rs:31:1
[INFO] [stdout]     |
[INFO] [stdout]  31 | pub struct System<T>(PhantomData<T>);
[INFO] [stdout]     | ^^^^^^^^^^^^^^^^^^^^^^^^^^^^^^^^^^^^^ `crate::precompiles::builtin::system::System`: not accessible
[INFO] [stdout] help: consider importing this struct
[INFO] [stdout]     |
[INFO] [stdout]  27 + use std::alloc::System;
[INFO] [stdout]     |
[INFO] [stdout] 
[INFO] [stdout] 
[INFO] [stdout] error[E0425]: cannot find type `Test` in this scope
[INFO] [stdout]    --> src/tests.rs:602:18
[INFO] [stdout]     |
[INFO] [stdout] 602 |                 CodeInfoOf::<Test>::insert(code_hash, crate::CodeInfo::new(ALICE));
[INFO] [stdout]     |                              ^^^^ not found in this scope
[INFO] [stdout]     |
[INFO] [stdout] help: you might be missing a type parameter
[INFO] [stdout]     |
[INFO] [stdout] 514 | impl<Test> ExtBuilder {
[INFO] [stdout]     |     ++++++
[INFO] [stdout] 
[INFO] [stdout] 
[INFO] [stdout] error[E0425]: cannot find type `Test` in this scope
[INFO] [stdout]    --> src/tests.rs:606:24
[INFO] [stdout]     |
[INFO] [stdout] 606 |             assert_ok!(Pallet::<Test>::map_account(RuntimeOrigin::signed(checking_account)));
[INFO] [stdout]     |                                 ^^^^ not found in this scope
[INFO] [stdout]     |
[INFO] [stdout] help: you might be missing a type parameter
[INFO] [stdout]     |
[INFO] [stdout] 514 | impl<Test> ExtBuilder {
[INFO] [stdout]     |     ++++++
[INFO] [stdout] 
[INFO] [stdout] 
[INFO] [stdout] error[E0433]: cannot find type `System` in this scope
[INFO] [stdout]    --> src/tests.rs:613:2
[INFO] [stdout]     |
[INFO] [stdout] 613 |     System::reset_events();
[INFO] [stdout]     |     ^^^^^^ use of undeclared type `System`
[INFO] [stdout]     |
[INFO] [stdout] note: these items exist but are inaccessible
[INFO] [stdout]    --> src/exec/tests.rs:44:1
[INFO] [stdout]     |
[INFO] [stdout]  44 | type System = frame_system::Pallet<Test>;
[INFO] [stdout]     | ^^^^^^^^^^^^^^^^^^^^^^^^^^^^^^^^^^^^^^^^^ `crate::exec::tests::System`: not accessible
[INFO] [stdout]     |
[INFO] [stdout]    ::: src/precompiles/builtin/system.rs:31:1
[INFO] [stdout]     |
[INFO] [stdout]  31 | pub struct System<T>(PhantomData<T>);
[INFO] [stdout]     | ^^^^^^^^^^^^^^^^^^^^^^^^^^^^^^^^^^^^^ `crate::precompiles::builtin::system::System`: not accessible
[INFO] [stdout] help: consider importing this struct
[INFO] [stdout]     |
[INFO] [stdout]  27 + use std::alloc::System;
[INFO] [stdout]     |
[INFO] [stdout] 
[INFO] [stdout] 
[INFO] [stdout] error[E0433]: cannot find type `System` in this scope
[INFO] [stdout]    --> src/tests.rs:614:2
[INFO] [stdout]     |
[INFO] [stdout] 614 |     System::initialize(&number, &[0u8; 32].into(), &Default::default());
[INFO] [stdout]     |     ^^^^^^ use of undeclared type `System`
[INFO] [stdout]     |
[INFO] [stdout] note: these items exist but are inaccessible
[INFO] [stdout]    --> src/exec/tests.rs:44:1
[INFO] [stdout]     |
[INFO] [stdout]  44 | type System = frame_system::Pallet<Test>;
[INFO] [stdout]     | ^^^^^^^^^^^^^^^^^^^^^^^^^^^^^^^^^^^^^^^^^ `crate::exec::tests::System`: not accessible
[INFO] [stdout]     |
[INFO] [stdout]    ::: src/precompiles/builtin/system.rs:31:1
[INFO] [stdout]     |
[INFO] [stdout]  31 | pub struct System<T>(PhantomData<T>);
[INFO] [stdout]     | ^^^^^^^^^^^^^^^^^^^^^^^^^^^^^^^^^^^^^ `crate::precompiles::builtin::system::System`: not accessible
[INFO] [stdout] help: consider importing this struct
[INFO] [stdout]     |
[INFO] [stdout]  27 + use std::alloc::System;
[INFO] [stdout]     |
[INFO] [stdout] 
[INFO] [stdout] 
[INFO] [stdout] error[E0425]: cannot find type `Test` in this scope
[INFO] [stdout]    --> src/tests.rs:617:25
[INFO] [stdout]     |
[INFO] [stdout] 617 | impl Default for Origin<Test> {
[INFO] [stdout]     |                         ^^^^ not found in this scope
[INFO] [stdout]     |
[INFO] [stdout] help: you might be missing a type parameter
[INFO] [stdout]     |
[INFO] [stdout] 617 | impl<Test> Default for Origin<Test> {
[INFO] [stdout]     |     ++++++
[INFO] [stdout] 
[INFO] [stdout] 
[INFO] [stdout] error[E0425]: cannot find type `Test` in this scope
[INFO] [stdout]    --> src/tests.rs:695:31
[INFO] [stdout]     |
[INFO] [stdout] 695 |     let config = GenesisConfig::<Test> {
[INFO] [stdout]     |                                  ^^^^ not found in this scope
[INFO] [stdout]     |
[INFO] [stdout] help: you might be missing a type parameter
[INFO] [stdout]     |
[INFO] [stdout] 664 | fn ext_builder_with_genesis_config_works<Test>() {
[INFO] [stdout]     |                                         ++++++
[INFO] [stdout] 
[INFO] [stdout] 
[INFO] [stdout] error[E0425]: cannot find type `Test` in this scope
[INFO] [stdout]    --> src/tests.rs:703:58
[INFO] [stdout]     |
[INFO] [stdout] 703 |     assert_eq!(config, serde_json::from_str::<GenesisConfig<Test>>(&json).unwrap());
[INFO] [stdout]     |                                                             ^^^^ not found in this scope
[INFO] [stdout]     |
[INFO] [stdout] help: you might be missing a type parameter
[INFO] [stdout]     |
[INFO] [stdout] 664 | fn ext_builder_with_genesis_config_works<Test>() {
[INFO] [stdout]     |                                         ++++++
[INFO] [stdout] 
[INFO] [stdout] 
[INFO] [stdout] error[E0425]: cannot find type `Test` in this scope
[INFO] [stdout]    --> src/tests.rs:707:12
[INFO] [stdout]     |
[INFO] [stdout] 707 |         assert!(<Test as Config>::AddressMapper::is_mapped(&EVE));
[INFO] [stdout]     |                  ^^^^ not found in this scope
[INFO] [stdout] 
[INFO] [stdout] 
[INFO] [stdout] error[E0425]: cannot find type `Test` in this scope
[INFO] [stdout]    --> src/tests.rs:710:23
[INFO] [stdout]     |
[INFO] [stdout] 710 |         assert_eq!(Pallet::<Test>::evm_balance(&eoa.address), eoa.balance);
[INFO] [stdout]     |                             ^^^^ not found in this scope
[INFO] [stdout]     |
[INFO] [stdout] help: you might be missing a type parameter
[INFO] [stdout]     |
[INFO] [stdout] 664 | fn ext_builder_with_genesis_config_works<Test>() {
[INFO] [stdout]     |                                         ++++++
[INFO] [stdout] 
[INFO] [stdout] 
[INFO] [stdout] error[E0433]: cannot find type `System` in this scope
[INFO] [stdout]    --> src/tests.rs:717:12
[INFO] [stdout]     |
[INFO] [stdout] 717 |             assert!(System::account_exists(&<Test as Config>::AddressMapper::to_account_id(
[INFO] [stdout]     |                     ^^^^^^ use of undeclared type `System`
[INFO] [stdout]     |
[INFO] [stdout] note: these items exist but are inaccessible
[INFO] [stdout]    --> src/exec/tests.rs:44:1
[INFO] [stdout]     |
[INFO] [stdout]  44 | type System = frame_system::Pallet<Test>;
[INFO] [stdout]     | ^^^^^^^^^^^^^^^^^^^^^^^^^^^^^^^^^^^^^^^^^ `crate::exec::tests::System`: not accessible
[INFO] [stdout]     |
[INFO] [stdout]    ::: src/precompiles/builtin/system.rs:31:1
[INFO] [stdout]     |
[INFO] [stdout]  31 | pub struct System<T>(PhantomData<T>);
[INFO] [stdout]     | ^^^^^^^^^^^^^^^^^^^^^^^^^^^^^^^^^^^^^ `crate::precompiles::builtin::system::System`: not accessible
[INFO] [stdout] help: consider importing this struct
[INFO] [stdout]     |
[INFO] [stdout]  27 + use std::alloc::System;
[INFO] [stdout]     |
[INFO] [stdout] 
[INFO] [stdout] 
[INFO] [stdout] error[E0425]: cannot find type `Test` in this scope
[INFO] [stdout]    --> src/tests.rs:717:37
[INFO] [stdout]     |
[INFO] [stdout] 717 |             assert!(System::account_exists(&<Test as Config>::AddressMapper::to_account_id(
[INFO] [stdout]     |                                              ^^^^ not found in this scope
[INFO] [stdout] 
[INFO] [stdout] 
[INFO] [stdout] error[E0425]: cannot find type `Test` in this scope
[INFO] [stdout]    --> src/tests.rs:722:20
[INFO] [stdout]     |
[INFO] [stdout] 722 |                 PristineCode::<Test>::get(&contract_info.code_hash).unwrap(),
[INFO] [stdout]     |                                ^^^^ not found in this scope
[INFO] [stdout]     |
[INFO] [stdout] help: you might be missing a type parameter
[INFO] [stdout]     |
[INFO] [stdout] 664 | fn ext_builder_with_genesis_config_works<Test>() {
[INFO] [stdout]     |                                         ++++++
[INFO] [stdout] 
[INFO] [stdout] 
[INFO] [stdout] error[E0425]: cannot find type `Test` in this scope
[INFO] [stdout]    --> src/tests.rs:725:24
[INFO] [stdout]     |
[INFO] [stdout] 725 |             assert_eq!(Pallet::<Test>::evm_nonce(&contract.address), contract.nonce);
[INFO] [stdout]     |                                 ^^^^ not found in this scope
[INFO] [stdout]     |
[INFO] [stdout] help: you might be missing a type parameter
[INFO] [stdout]     |
[INFO] [stdout] 664 | fn ext_builder_with_genesis_config_works<Test>() {
[INFO] [stdout]     |                                         ++++++
[INFO] [stdout] 
[INFO] [stdout] 
[INFO] [stdout] error[E0425]: cannot find type `Test` in this scope
[INFO] [stdout]    --> src/tests.rs:726:24
[INFO] [stdout]     |
[INFO] [stdout] 726 |             assert_eq!(Pallet::<Test>::evm_balance(&contract.address), contract.balance);
[INFO] [stdout]     |                                 ^^^^ not found in this scope
[INFO] [stdout]     |
[INFO] [stdout] help: you might be missing a type parameter
[INFO] [stdout]     |
[INFO] [stdout] 664 | fn ext_builder_with_genesis_config_works<Test>() {
[INFO] [stdout]     |                                         ++++++
[INFO] [stdout] 
[INFO] [stdout] 
[INFO] [stdout] error[E0425]: cannot find type `Test` in this scope
[INFO] [stdout]    --> src/tests.rs:730:15
[INFO] [stdout]     |
[INFO] [stdout] 730 |                     Pallet::<Test>::get_storage(contract.address, key.0),
[INFO] [stdout]     |                              ^^^^ not found in this scope
[INFO] [stdout]     |
[INFO] [stdout] help: you might be missing a type parameter
[INFO] [stdout]     |
[INFO] [stdout] 664 | fn ext_builder_with_genesis_config_works<Test>() {
[INFO] [stdout]     |                                         ++++++
[INFO] [stdout] 
[INFO] [stdout] 
[INFO] [stdout] error[E0425]: cannot find type `Test` in module `crate::tests`
[INFO] [stdout]    --> src/vm/mod.rs:155:24
[INFO] [stdout]     |
[INFO] [stdout] 155 |     Token::<crate::tests::Test>::weight(&CodeLoadToken { code_len, code_type: BytecodeType::Pvm })
[INFO] [stdout]     |                           ^^^^ not found in `crate::tests`
[INFO] [stdout] 
[INFO] [stdout] 
[INFO] [stdout] warning: unused import: `Hooks`
[INFO] [stdout]   --> src/tests/block_hash.rs:30:2
[INFO] [stdout]    |
[INFO] [stdout] 30 |     Hooks,
[INFO] [stdout]    |     ^^^^^
[INFO] [stdout]    |
[INFO] [stdout]    = note: `#[warn(unused_imports)]` (part of `#[warn(unused)]`) on by default
[INFO] [stdout] 
[INFO] [stdout] 
[INFO] [stdout] warning: unused imports: `Inspect as _`, `InspectHold as _`, `InspectHold`, `Mutate as _`, and `OnIdle`
[INFO] [stdout]   --> src/tests/deposit_payment.rs:36:3
[INFO] [stdout]    |
[INFO] [stdout] 36 |         OnIdle,
[INFO] [stdout]    |         ^^^^^^
[INFO] [stdout] 37 |         fungible::{Inspect as _, InspectHold, Mutate as _},
[INFO] [stdout]    |                    ^^^^^^^^^^^^  ^^^^^^^^^^^  ^^^^^^^^^^^
[INFO] [stdout] ...
[INFO] [stdout] 42 |                 InspectHold as _, Mutate as FungiblesMutate,
[INFO] [stdout]    |                 ^^^^^^^^^^^^^^^^
[INFO] [stdout] 
[INFO] [stdout] 
[INFO] [stdout] warning: unused imports: `OnIdle` and `OnInitialize`
[INFO] [stdout]   --> src/tests/pvm.rs:53:3
[INFO] [stdout]    |
[INFO] [stdout] 53 |         OnIdle, OnInitialize,
[INFO] [stdout]    |         ^^^^^^  ^^^^^^^^^^^^
[INFO] [stdout] 
[INFO] [stdout] 
[INFO] [stdout] warning: trailing semicolon in macro used in expression position
[INFO] [stdout]     --> src/tests/pvm.rs:4128:3
[INFO] [stdout]      |
[INFO] [stdout] 4128 | /         assert_err!(
[INFO] [stdout] 4129 | |             builder::bare_instantiate(Code::Upload(code)).build().result,
[INFO] [stdout] 4130 | |             <Error<Test>>::CodeRejected,
[INFO] [stdout] 4131 | |         )
[INFO] [stdout]      | |_________^
[INFO] [stdout]      |
[INFO] [stdout]      = note: macro invocations at the end of a block are treated as expressions
[INFO] [stdout]      = note: to ignore the value produced by the macro, add a semicolon after the invocation of `assert_err`
[INFO] [stdout]      = warning: this was previously accepted by the compiler but is being phased out; it will become a hard error in a future release!
[INFO] [stdout]      = note: for more information, see issue #79813 <https://github.com/rust-lang/rust/issues/79813>
[INFO] [stdout]      = note: `#[warn(semicolon_in_expressions_from_non_local_macros)]` (part of `#[warn(future_incompatible)]`) on by default
[INFO] [stdout]      = note: this warning originates in the macro `assert_err` (in Nightly builds, run with -Z macro-backtrace for more info)
[INFO] [stdout] 
[INFO] [stdout] 
[INFO] [stdout] warning: unused import: `self as pallet_revive`
[INFO] [stdout]   --> src/tests.rs:30:2
[INFO] [stdout]    |
[INFO] [stdout] 30 |     self as pallet_revive, AccountId32Mapper, AddressMapper, BalanceOf, BalanceWithDust, Call,
[INFO] [stdout]    |     ^^^^^^^^^^^^^^^^^^^^^
[INFO] [stdout] 
[INFO] [stdout] 
[INFO] [stdout] warning: unused import: `AsEnsureOriginWithArg`
[INFO] [stdout]   --> src/tests.rs:47:3
[INFO] [stdout]    |
[INFO] [stdout] 47 |         AsEnsureOriginWithArg, ConstU32, ConstU128, FindAuthor, OriginTrait, StorageVersion,
[INFO] [stdout]    |         ^^^^^^^^^^^^^^^^^^^^^
[INFO] [stdout] 
[INFO] [stdout] 
[INFO] [stdout] warning: unused import: `frame_support::traits::tokens::fungibles::InspectFreeze`
[INFO] [stdout]    --> src/migrations/v4.rs:459:8
[INFO] [stdout]     |
[INFO] [stdout] 459 |             use frame_support::traits::tokens::fungibles::InspectFreeze;
[INFO] [stdout]     |                 ^^^^^^^^^^^^^^^^^^^^^^^^^^^^^^^^^^^^^^^^^^^^^^^^^^^^^^^
[INFO] [stdout] 
[INFO] [stdout] 
[INFO] [stdout] warning: unused import: `frame_support::traits::tokens::fungibles::InspectHold`
[INFO] [stdout]    --> src/migrations/v4.rs:512:7
[INFO] [stdout]     |
[INFO] [stdout] 512 |         use frame_support::traits::tokens::fungibles::InspectHold;
[INFO] [stdout]     |             ^^^^^^^^^^^^^^^^^^^^^^^^^^^^^^^^^^^^^^^^^^^^^^^^^^^^^
[INFO] [stdout] 
[INFO] [stdout] 
[INFO] [stdout] warning: use of deprecated constant `std::u32::MAX`: replaced by the `MAX` associated constant on this type
[INFO] [stdout]    --> src/transient_storage.rs:347:17
[INFO] [stdout]     |
[INFO] [stdout] 347 |     use core::u32::MAX;
[INFO] [stdout]     |                    ^^^
[INFO] [stdout]     |
[INFO] [stdout]     = note: `#[warn(deprecated)]` on by default
[INFO] [stdout] 
[INFO] [stdout] 
[INFO] [stdout] warning: use of deprecated constant `std::u32::MAX`: replaced by the `MAX` associated constant on this type
[INFO] [stdout]    --> src/transient_storage.rs:351:75
[INFO] [stdout]     |
[INFO] [stdout] 351 |         let mut storage: TransientStorage<Test> = TransientStorage::<Test>::new(MAX);
[INFO] [stdout]     |                                                                                 ^^^
[INFO] [stdout] 
[INFO] [stdout] 
[INFO] [stdout] error[E0433]: cannot find module or crate `pallet_balances` in this scope
[INFO] [stdout]    --> src/metering/tests.rs:990:31
[INFO] [stdout]     |
[INFO] [stdout] 990 |                     .saturating_add(<Test as pallet_balances::Config>::ExistentialDeposit::get()),
[INFO] [stdout]     |                                              ^^^^^^^^^^^^^^^ use of unresolved module or unlinked crate `pallet_balances`
[INFO] [stdout]     |
[INFO] [stdout]     = help: if you wanted to use a crate named `pallet_balances`, use `cargo add pallet_balances` to add it to your `Cargo.toml`
[INFO] [stdout] 
[INFO] [stdout] 
[INFO] [stdout] error[E0433]: cannot find type `CallerWithConstructorCalls` in this scope
[INFO] [stdout]    --> src/tests/sol/contract.rs:697:14
[INFO] [stdout]     |
[INFO] [stdout] 697 |         let data = CallerWithConstructorCalls::callBar(callBarCall {}).abi_encode();
[INFO] [stdout]     |                    ^^^^^^^^^^^^^^^^^^^^^^^^^^ use of undeclared type `CallerWithConstructorCalls`
[INFO] [stdout] 
[INFO] [stdout] 
[INFO] [stdout] error[E0433]: cannot find module or crate `callBarCall` in this scope
[INFO] [stdout]    --> src/tests/sol/contract.rs:699:16
[INFO] [stdout]     |
[INFO] [stdout] 699 |         let result = callBarCall::abi_decode_returns(&result.data).unwrap();
[INFO] [stdout]     |                      ^^^^^^^^^^^ use of unresolved module or unlinked crate `callBarCall`
[INFO] [stdout]     |
[INFO] [stdout]     = help: if you wanted to use a crate named `callBarCall`, use `cargo add callBarCall` to add it to your `Cargo.toml`
[INFO] [stdout] 
[INFO] [stdout] 
[INFO] [stdout] error[E0433]: cannot find module or crate `pallet_balances` in this scope
[INFO] [stdout]   --> src/tests/sol/host.rs:36:12
[INFO] [stdout]    |
[INFO] [stdout] 36 |         <Test as pallet_balances::Config>::ExistentialDeposit::get() as u128;
[INFO] [stdout]    |                  ^^^^^^^^^^^^^^^ use of unresolved module or unlinked crate `pallet_balances`
[INFO] [stdout]    |
[INFO] [stdout]    = help: if you wanted to use a crate named `pallet_balances`, use `cargo add pallet_balances` to add it to your `Cargo.toml`
[INFO] [stdout] 
[INFO] [stdout] 
[INFO] [stdout] error[E0433]: cannot find module or crate `pallet_balances` in this scope
[INFO] [stdout]    --> src/tests.rs:293:21
[INFO] [stdout]     |
[INFO] [stdout] 293 |     type AccountData = pallet_balances::AccountData<u128>;
[INFO] [stdout]     |                        ^^^^^^^^^^^^^^^ use of unresolved module or unlinked crate `pallet_balances`
[INFO] [stdout]     |
[INFO] [stdout]     = help: if you wanted to use a crate named `pallet_balances`, use `cargo add pallet_balances` to add it to your `Cargo.toml`
[INFO] [stdout] 
[INFO] [stdout] 
[INFO] [stdout] error[E0433]: cannot find module or crate `pallet_utility` in this scope
[INFO] [stdout]    --> src/tests.rs:313:6
[INFO] [stdout]     |
[INFO] [stdout] 313 | impl pallet_utility::Config for Test {
[INFO] [stdout]     |      ^^^^^^^^^^^^^^ use of unresolved module or unlinked crate `pallet_utility`
[INFO] [stdout]     |
[INFO] [stdout]     = help: if you wanted to use a crate named `pallet_utility`, use `cargo add pallet_utility` to add it to your `Cargo.toml`
[INFO] [stdout] 
[INFO] [stdout] 
[INFO] [stdout] error[E0433]: cannot find module or crate `pallet_proxy` in this scope
[INFO] [stdout]    --> src/tests.rs:320:6
[INFO] [stdout]     |
[INFO] [stdout] 320 | impl pallet_proxy::Config for Test {
[INFO] [stdout]     |      ^^^^^^^^^^^^ use of unresolved module or unlinked crate `pallet_proxy`
[INFO] [stdout]     |
[INFO] [stdout] help: there is a crate or module with a similar name
[INFO] [stdout]     |
[INFO] [stdout] 320 - impl pallet_proxy::Config for Test {
[INFO] [stdout] 320 + impl pallet_dummy::Config for Test {
[INFO] [stdout]     |
[INFO] [stdout] 
[INFO] [stdout] 
[INFO] [stdout] error[E0433]: cannot find module or crate `pallet_balances` in this scope
[INFO] [stdout]    --> src/tests.rs:344:44
[INFO] [stdout]     |
[INFO] [stdout] 344 |     type LengthToFee = FixedFee<100, <Self as pallet_balances::Config>::Balance>;
[INFO] [stdout]     |                                               ^^^^^^^^^^^^^^^ use of unresolved module or unlinked crate `pallet_balances`
[INFO] [stdout]     |
[INFO] [stdout]     = help: if you wanted to use a crate named `pallet_balances`, use `cargo add pallet_balances` to add it to your `Cargo.toml`
[INFO] [stdout] 
[INFO] [stdout] 
[INFO] [stdout] error[E0433]: cannot find module or crate `pallet_assets_holder` in this scope
[INFO] [stdout]    --> src/tests.rs:358:6
[INFO] [stdout]     |
[INFO] [stdout] 358 | impl pallet_assets_holder::Config for Test {
[INFO] [stdout]     |      ^^^^^^^^^^^^^^^^^^^^ use of unresolved module or unlinked crate `pallet_assets_holder`
[INFO] [stdout]     |
[INFO] [stdout]     = help: if you wanted to use a crate named `pallet_assets_holder`, use `cargo add pallet_assets_holder` to add it to your `Cargo.toml`
[INFO] [stdout] 
[INFO] [stdout] 
[INFO] [stdout] error[E0433]: cannot find module or crate `pallet_assets_freezer` in this scope
[INFO] [stdout]    --> src/tests.rs:363:6
[INFO] [stdout]     |
[INFO] [stdout] 363 | impl pallet_assets_freezer::Config for Test {
[INFO] [stdout]     |      ^^^^^^^^^^^^^^^^^^^^^ use of unresolved module or unlinked crate `pallet_assets_freezer`
[INFO] [stdout]     |
[INFO] [stdout]     = help: if you wanted to use a crate named `pallet_assets_freezer`, use `cargo add pallet_assets_freezer` to add it to your `Cargo.toml`
[INFO] [stdout] 
[INFO] [stdout] 
[INFO] [stdout] error[E0433]: cannot find type `RuntimeCall` in this scope
[INFO] [stdout]    --> src/tests.rs:466:4
[INFO] [stdout]     |
[INFO] [stdout] 466 |             RuntimeCall::Contracts(call) => Ok(call),
[INFO] [stdout]     |             ^^^^^^^^^^^ use of undeclared type `RuntimeCall`
[INFO] [stdout] 
[INFO] [stdout] 
[INFO] [stdout] error[E0433]: cannot find module or crate `sp_tracing` in this scope
[INFO] [stdout]    --> src/tests.rs:551:3
[INFO] [stdout]     |
[INFO] [stdout] 551 |         sp_tracing::try_init_simple();
[INFO] [stdout]     |         ^^^^^^^^^^ use of unresolved module or unlinked crate `sp_tracing`
[INFO] [stdout]     |
[INFO] [stdout]     = help: if you wanted to use a crate named `sp_tracing`, use `cargo add sp_tracing` to add it to your `Cargo.toml`
[INFO] [stdout] 
[INFO] [stdout] 
[INFO] [stdout] error[E0433]: cannot find module or crate `pallet_balances` in this scope
[INFO] [stdout]    --> src/tests.rs:561:3
[INFO] [stdout]     |
[INFO] [stdout] 561 |         pallet_balances::GenesisConfig::<Test> {
[INFO] [stdout]     |         ^^^^^^^^^^^^^^^ use of unresolved module or unlinked crate `pallet_balances`
[INFO] [stdout]     |
[INFO] [stdout]     = help: if you wanted to use a crate named `pallet_balances`, use `cargo add pallet_balances` to add it to your `Cargo.toml`
[INFO] [stdout] 
[INFO] [stdout] 
[INFO] [stdout] error[E0433]: cannot find module or crate `pallet_assets` in this scope
[INFO] [stdout]    --> src/tests.rs:568:3
[INFO] [stdout]     |
[INFO] [stdout] 568 |         pallet_assets::GenesisConfig::<Test> {
[INFO] [stdout]     |         ^^^^^^^^^^^^^ use of unresolved module or unlinked crate `pallet_assets`
[INFO] [stdout]     |
[INFO] [stdout]     = help: if you wanted to use a crate named `pallet_assets`, use `cargo add pallet_assets` to add it to your `Cargo.toml`
[INFO] [stdout] 
[INFO] [stdout] 
[INFO] [stdout] error[E0433]: cannot find type `RuntimeOrigin` in this scope
[INFO] [stdout]    --> src/tests.rs:606:43
[INFO] [stdout]     |
[INFO] [stdout] 606 |             assert_ok!(Pallet::<Test>::map_account(RuntimeOrigin::signed(checking_account)));
[INFO] [stdout]     |                                                    ^^^^^^^^^^^^^ use of undeclared type `RuntimeOrigin`
[INFO] [stdout] 
[INFO] [stdout] 
[INFO] [stdout] Some errors have detailed explanations: E0422, E0425, E0432, E0433.
[INFO] [stdout] 
[INFO] [stdout] For more information about an error, try `rustc --explain E0422`.
[INFO] [stdout] 
[INFO] [stderr] error: could not compile `pallet-revive` (lib test) due to 242 previous errors; 11 warnings emitted
[INFO] [stderr] warning: unused dependency `sp-consensus-aura`
[INFO] [stderr]    --> Cargo.toml:163:15
[INFO] [stderr]     |
[INFO] [stderr] 163 | [dependencies.sp-consensus-aura]
[INFO] [stderr]     |               ^^^^^^^^^^^^^^^^^^
[INFO] [stderr]     |
[INFO] [stderr]     = note: `cargo::unused_dependencies` is set to `warn` by default
[INFO] [stderr] help: consider removing the dependency on `sp-consensus-aura`
[INFO] [stderr] warning: unused dependency `sp-consensus-babe`
[INFO] [stderr]    --> Cargo.toml:168:15
[INFO] [stderr]     |
[INFO] [stderr] 168 | [dependencies.sp-consensus-babe]
[INFO] [stderr]     |               ^^^^^^^^^^^^^^^^^^
[INFO] [stderr]     |
[INFO] [stderr] help: consider removing the dependency on `sp-consensus-babe`
[INFO] [stderr] warning: `pallet-revive` (manifest) generated 2 warnings
[INFO] running `Command { std: "docker" "inspect" "3c1228870cc3b0e3874b66fe016bcacfa2d7c304bcdadb0033a258c11d315826", kill_on_drop: false }`
[INFO] running `Command { std: "docker" "rm" "-f" "3c1228870cc3b0e3874b66fe016bcacfa2d7c304bcdadb0033a258c11d315826", kill_on_drop: false }`
[INFO] [stdout] 3c1228870cc3b0e3874b66fe016bcacfa2d7c304bcdadb0033a258c11d315826
