[INFO] fetching crate pallet-on-demand-para 0.2.0...
[INFO] testing pallet-on-demand-para-0.2.0 against 1.99.0-beta.8+cargoflags=--release for beta-release-1.100-2
[INFO] extracting crate pallet-on-demand-para 0.2.0 into /workspace/builds/worker-4-tc1/source
[INFO] started tweaking crates.io crate pallet-on-demand-para 0.2.0
[INFO] finished tweaking crates.io crate pallet-on-demand-para 0.2.0
[INFO] tweaked toml for crates.io crate pallet-on-demand-para 0.2.0 written to /workspace/builds/worker-4-tc1/source/Cargo.toml
[INFO] validating manifest of crates.io crate pallet-on-demand-para 0.2.0 on toolchain 1.99.0-beta.8
[INFO] running `Command { std: CARGO_HOME="/workspace/cargo-home" RUSTUP_HOME="/workspace/rustup-home" "/workspace/cargo-home/bin/cargo" "+1.99.0-beta.8" "metadata" "--manifest-path" "Cargo.toml" "--no-deps", kill_on_drop: false }`
[INFO] crate crates.io crate pallet-on-demand-para 0.2.0 already has a lockfile, it will not be regenerated
[INFO] running `Command { std: CARGO_HOME="/workspace/cargo-home" RUSTUP_HOME="/workspace/rustup-home" "/workspace/cargo-home/bin/cargo" "+1.99.0-beta.8" "fetch" "--manifest-path" "Cargo.toml", kill_on_drop: false }`
[INFO] [stderr] warning: Cargo.toml: `lints.clippy.borrowed-box` is deprecated in favor of `lints.clippy.borrowed_box` and will not work in a future edition
[INFO] [stderr] warning: Cargo.toml: `lints.clippy.extra-unused-type-parameters` is deprecated in favor of `lints.clippy.extra_unused_type_parameters` and will not work in a future edition
[INFO] [stderr] warning: Cargo.toml: `lints.clippy.identity-op` is deprecated in favor of `lints.clippy.identity_op` and will not work in a future edition
[INFO] [stderr] warning: Cargo.toml: `lints.clippy.if-same-then-else` is deprecated in favor of `lints.clippy.if_same_then_else` and will not work in a future edition
[INFO] [stderr] warning: Cargo.toml: `lints.clippy.needless-lifetimes` is deprecated in favor of `lints.clippy.needless_lifetimes` and will not work in a future edition
[INFO] [stderr] warning: Cargo.toml: `lints.clippy.nonminimal-bool` is deprecated in favor of `lints.clippy.nonminimal_bool` and will not work in a future edition
[INFO] [stderr] warning: Cargo.toml: `lints.clippy.option-map-unit-fn` is deprecated in favor of `lints.clippy.option_map_unit_fn` and will not work in a future edition
[INFO] [stderr] warning: Cargo.toml: `lints.clippy.too-many-arguments` is deprecated in favor of `lints.clippy.too_many_arguments` and will not work in a future edition
[INFO] [stderr] warning: Cargo.toml: `lints.clippy.zero-prefixed-literal` is deprecated in favor of `lints.clippy.zero_prefixed_literal` and will not work in a future edition
[INFO] [stderr] warning: `pallet-on-demand-para` (manifest) generated 9 warnings
[INFO] [stderr]     Updating crates.io index
[INFO] [stderr]  Downloading crates ...
[INFO] [stderr]   Downloaded proc-macro-warning v1.0.0
[INFO] [stderr]   Downloaded sp-weights v37.0.0
[INFO] [stderr]   Downloaded sp-debug-derive v15.0.0
[INFO] [stderr]   Downloaded sp-arithmetic v29.0.0
[INFO] [stderr]   Downloaded thiserror-impl v1.0.65
[INFO] [stderr]   Downloaded ref-cast-impl v1.0.23
[INFO] [stderr]   Downloaded substrate-prometheus-endpoint v0.17.7
[INFO] [stderr]   Downloaded atomic-waker v1.1.1
[INFO] [stderr]   Downloaded sp-externalities v0.34.0
[INFO] [stderr]   Downloaded serde_bytes v0.11.12
[INFO] [stderr]   Downloaded signature v2.1.0
[INFO] [stderr]   Downloaded bitcoin-internals v0.2.0
[INFO] [stderr]   Downloaded ref-cast v1.0.23
[INFO] [stderr]   Downloaded keccak v0.1.4
[INFO] [stderr]   Downloaded dyn-clone v1.0.17
[INFO] [stderr]   Downloaded sp-tracing v19.0.0
[INFO] [stderr]   Downloaded curve25519-dalek-derive v0.1.0
[INFO] [stderr]   Downloaded sp-storage v25.0.0
[INFO] [stderr]   Downloaded substrate-bip39 v0.6.1
[INFO] [stderr]   Downloaded hex-conservative v0.1.1
[INFO] [stderr]   Downloaded array-bytes v6.2.2
[INFO] [stderr]   Downloaded w3f-ring-proof v0.0.10
[INFO] [stderr]   Downloaded ark-std v0.6.0
[INFO] [stderr]   Downloaded ark-serialize-derive v0.6.0
[INFO] [stderr]   Downloaded enum-ordinalize v4.3.0
[INFO] [stderr]   Downloaded enum-ordinalize-derive v4.3.1
[INFO] [stderr]   Downloaded sp-panic-handler v13.0.2
[INFO] [stderr]   Downloaded thiserror v1.0.65
[INFO] [stderr]   Downloaded jam-codec-derive v0.1.0
[INFO] [stderr]   Downloaded ark-serialize v0.6.0
[INFO] [stderr]   Downloaded ss58-registry v1.43.0
[INFO] [stderr]   Downloaded ark-ff-macros v0.6.0
[INFO] [stderr]   Downloaded der v0.7.8
[INFO] [stderr]   Downloaded ark-ff-asm v0.6.0
[INFO] [stderr]   Downloaded ark-transcript v0.0.6
[INFO] [stderr]   Downloaded sp-runtime-interface-proc-macro v21.0.1
[INFO] [stderr]   Downloaded polkavm-derive-impl-macro v0.35.0
[INFO] [stderr]   Downloaded nalgebra-macros v0.2.1
[INFO] [stderr]   Downloaded ark-ed-on-bls12-381-bandersnatch v0.6.0
[INFO] [stderr]   Downloaded schnellru v0.2.3
[INFO] [stderr]   Downloaded sp-version-proc-macro v15.0.0
[INFO] [stderr]   Downloaded sp-crypto-hashing-proc-macro v0.1.0
[INFO] [stderr]   Downloaded sp-metadata-ir v0.15.0
[INFO] [stderr]   Downloaded polkavm-derive-impl v0.35.0
[INFO] [stderr]   Downloaded const-oid v0.9.5
[INFO] [stderr]   Downloaded ecdsa v0.16.8
[INFO] [stderr]   Downloaded w3f-plonk-common v0.0.10
[INFO] [stderr]   Downloaded w3f-pcs v0.0.7
[INFO] [stderr]   Downloaded sp-runtime-interface v37.0.1
[INFO] [stderr]   Downloaded binary-merkle-tree v16.1.2
[INFO] [stderr]   Downloaded sp-wasm-interface v27.0.0
[INFO] [stderr]   Downloaded polkavm-derive v0.35.0
[INFO] [stderr]   Downloaded picosimd v0.9.6
[INFO] [stderr]   Downloaded sp-staking v46.0.0
[INFO] [stderr]   Downloaded const-random v0.1.15
[INFO] [stderr]   Downloaded const-random-macro v0.1.15
[INFO] [stderr]   Downloaded frame-support-procedural-tools v13.0.1
[INFO] [stderr]   Downloaded frame-support-procedural-tools-derive v12.0.0
[INFO] [stderr]   Downloaded include_dir v0.7.3
[INFO] [stderr]   Downloaded include_dir_macros v0.7.3
[INFO] [stderr]   Downloaded libsecp256k1 v0.7.1
[INFO] [stderr]   Downloaded bitcoin_hashes v0.13.0
[INFO] [stderr]   Downloaded sp-keystore v0.49.0
[INFO] [stderr]   Downloaded sp-application-crypto v49.0.0
[INFO] [stderr]   Downloaded sp-version v47.0.0
[INFO] [stderr]   Downloaded sp-inherents v44.0.0
[INFO] [stderr]   Downloaded crypto-bigint v0.5.2
[INFO] [stderr]   Downloaded sp-io v49.0.0
[INFO] [stderr]   Downloaded sp-genesis-builder v0.25.0
[INFO] [stderr]   Downloaded sp-api v44.0.0
[INFO] [stderr]   Downloaded linregress v0.5.2
[INFO] [stderr]   Downloaded bytemuck v1.13.1
[INFO] [stderr]   Downloaded fp-coretime v0.2.0
[INFO] [stderr]   Downloaded jam-codec v0.1.0
[INFO] [stderr]   Downloaded sp-trie v47.0.0
[INFO] [stderr]   Downloaded trie-db v0.32.0
[INFO] [stderr]   Downloaded prometheus v0.13.3
[INFO] [stderr]   Downloaded sp-state-machine v0.54.0
[INFO] [stderr]   Downloaded prettyplease v0.2.12
[INFO] [stderr]   Downloaded fs-err v2.9.0
[INFO] [stderr]   Downloaded sp-api-proc-macro v29.0.0
[INFO] [stderr]   Downloaded cfg-expr v0.15.5
[INFO] [stderr]   Downloaded frame-benchmarking v50.0.0
[INFO] [stderr]   Downloaded sp-core v43.0.0
[INFO] [stderr]   Downloaded bip39 v2.2.0
[INFO] [stderr]   Downloaded ark-poly v0.6.0
[INFO] [stderr]   Downloaded ark-ff v0.6.0
[INFO] [stderr]   Downloaded ark-ec v0.6.0
[INFO] [stderr]   Downloaded polkavm-common v0.35.0
[INFO] [stderr]   Downloaded frame-system v49.0.0
[INFO] [stderr]   Downloaded safe_arch v0.7.1
[INFO] [stderr]   Downloaded matrixmultiply v0.3.7
[INFO] [stderr]   Downloaded wide v0.7.11
[INFO] [stderr]   Downloaded winnow v0.5.15
[INFO] [stderr]   Downloaded hashbrown v0.15.3
[INFO] [stderr]   Downloaded frame-support-procedural v41.0.0
[INFO] [stderr]   Downloaded frame-support v49.0.0
[INFO] [stderr]   Downloaded ark-bls12-381 v0.6.0
[INFO] [stderr]   Downloaded nalgebra v0.32.3
[INFO] [stderr]   Downloaded fiat-crypto v0.2.5
[INFO] [stderr]   Downloaded regex-automata v0.4.8
[INFO] [stderr]   Downloaded sp-runtime v49.0.0
[INFO] [stderr]   Downloaded tokio v1.45.0
[INFO] [stderr]   Downloaded ark-vrf v0.5.3
[INFO] running `Command { std: "docker" "create" "-v" "/var/lib/crater-agent-workspace/builds/worker-4-tc1/source:/opt/rustwide/workdir:ro,Z" "-v" "/var/lib/crater-agent-workspace/builds/worker-4-tc1/target:/opt/rustwide/target:rw,Z" "-v" "/var/lib/crater-agent-workspace/cargo-home:/opt/rustwide/cargo-home:ro,Z" "-v" "/var/lib/crater-agent-workspace/rustup-home:/opt/rustwide/rustup-home:ro,Z" "-m" "1610612736" "--network" "none" "ghcr.io/rust-lang/crates-build-env/linux@sha256:77db811e55d90add9212f6832c23229e3de5f1c1f9905e8cb07319ea15df73ac" "sleep" "infinity", kill_on_drop: false }`
[INFO] [stdout] 271d4057f9d36da73ea828cf48015c7fd9de17894c79bdc72b7be6dabd1f6096
[INFO] running `Command { std: "docker" "start" "271d4057f9d36da73ea828cf48015c7fd9de17894c79bdc72b7be6dabd1f6096", kill_on_drop: false }`
[INFO] running `Command { std: "docker" "inspect" "271d4057f9d36da73ea828cf48015c7fd9de17894c79bdc72b7be6dabd1f6096", kill_on_drop: false }`
[INFO] running `Command { std: "docker" "exec" "-e" "SOURCE_DIR=/opt/rustwide/workdir" "-e" "CARGO_HOME=/opt/rustwide/cargo-home" "-e" "RUSTUP_HOME=/opt/rustwide/rustup-home" "-e" "CARGO_TARGET_DIR=/opt/rustwide/target" "-w" "/opt/rustwide/workdir" "--user" "0:0" "271d4057f9d36da73ea828cf48015c7fd9de17894c79bdc72b7be6dabd1f6096" "/opt/rustwide/cargo-home/bin/cargo" "+1.99.0-beta.8" "metadata" "--no-deps" "--format-version=1", kill_on_drop: false }`
[INFO] running `Command { std: "docker" "inspect" "271d4057f9d36da73ea828cf48015c7fd9de17894c79bdc72b7be6dabd1f6096", kill_on_drop: false }`
[INFO] running `Command { std: "docker" "exec" "-e" "SOURCE_DIR=/opt/rustwide/workdir" "-e" "CARGO_HOME=/opt/rustwide/cargo-home" "-e" "RUSTUP_HOME=/opt/rustwide/rustup-home" "-e" "CARGO_TARGET_DIR=/opt/rustwide/target" "-e" "CARGO_INCREMENTAL=0" "-e" "RUST_BACKTRACE=full" "-e" "RUSTFLAGS=--cap-lints=warn" "-e" "RUSTDOCFLAGS=--cap-lints=warn" "-w" "/opt/rustwide/workdir" "--user" "0:0" "271d4057f9d36da73ea828cf48015c7fd9de17894c79bdc72b7be6dabd1f6096" "/opt/rustwide/cargo-home/bin/cargo" "+1.99.0-beta.8" "build" "--frozen" "--message-format=json" "--release", kill_on_drop: false }`
[INFO] [stderr] warning: Cargo.toml: `lints.clippy.borrowed-box` is deprecated in favor of `lints.clippy.borrowed_box` and will not work in a future edition
[INFO] [stderr] warning: Cargo.toml: `lints.clippy.extra-unused-type-parameters` is deprecated in favor of `lints.clippy.extra_unused_type_parameters` and will not work in a future edition
[INFO] [stderr] warning: Cargo.toml: `lints.clippy.identity-op` is deprecated in favor of `lints.clippy.identity_op` and will not work in a future edition
[INFO] [stderr] warning: Cargo.toml: `lints.clippy.if-same-then-else` is deprecated in favor of `lints.clippy.if_same_then_else` and will not work in a future edition
[INFO] [stderr] warning: Cargo.toml: `lints.clippy.needless-lifetimes` is deprecated in favor of `lints.clippy.needless_lifetimes` and will not work in a future edition
[INFO] [stderr] warning: Cargo.toml: `lints.clippy.nonminimal-bool` is deprecated in favor of `lints.clippy.nonminimal_bool` and will not work in a future edition
[INFO] [stderr] warning: Cargo.toml: `lints.clippy.option-map-unit-fn` is deprecated in favor of `lints.clippy.option_map_unit_fn` and will not work in a future edition
[INFO] [stderr] warning: Cargo.toml: `lints.clippy.too-many-arguments` is deprecated in favor of `lints.clippy.too_many_arguments` and will not work in a future edition
[INFO] [stderr] warning: Cargo.toml: `lints.clippy.zero-prefixed-literal` is deprecated in favor of `lints.clippy.zero_prefixed_literal` and will not work in a future edition
[INFO] [stderr] warning: `pallet-on-demand-para` (manifest) generated 9 warnings
[INFO] [stderr]    Compiling unicode-ident v1.0.11
[INFO] [stderr]    Compiling hashbrown v0.15.3
[INFO] [stderr]    Compiling serde_core v1.0.228
[INFO] [stderr]    Compiling serde v1.0.228
[INFO] [stderr]    Compiling generic-array v0.14.7
[INFO] [stderr]    Compiling typenum v1.20.0
[INFO] [stderr]    Compiling getrandom v0.2.10
[INFO] [stderr]    Compiling winnow v0.5.15
[INFO] [stderr]    Compiling proc-macro2 v1.0.95
[INFO] [stderr]    Compiling subtle v2.6.1
[INFO] [stderr]    Compiling autocfg v1.1.0
[INFO] [stderr]    Compiling rand_core v0.6.4
[INFO] [stderr]    Compiling unicode-xid v0.2.4
[INFO] [stderr]    Compiling const-oid v0.9.5
[INFO] [stderr]    Compiling quote v1.0.40
[INFO] [stderr]    Compiling memchr v2.7.4
[INFO] [stderr]    Compiling indexmap v2.9.0
[INFO] [stderr]    Compiling syn v2.0.98
[INFO] [stderr]    Compiling const_format_proc_macros v0.2.34
[INFO] [stderr]    Compiling parity-scale-codec v3.7.5
[INFO] [stderr]    Compiling crunchy v0.2.2
[INFO] [stderr]    Compiling aho-corasick v1.0.4
[INFO] [stderr]    Compiling regex-syntax v0.8.5
[INFO] [stderr]    Compiling itoa v1.0.9
[INFO] [stderr]    Compiling smallvec v1.15.0
[INFO] [stderr]    Compiling const_format v0.2.34
[INFO] [stderr]    Compiling ppv-lite86 v0.2.17
[INFO] [stderr]    Compiling slab v0.4.9
[INFO] [stderr]    Compiling lock_api v0.4.10
[INFO] [stderr]    Compiling semver v1.0.18
[INFO] [stderr]    Compiling cpufeatures v0.2.9
[INFO] [stderr]    Compiling parking_lot_core v0.9.8
[INFO] [stderr]    Compiling rand_chacha v0.3.1
[INFO] [stderr]    Compiling proc-macro-warning v1.0.0
[INFO] [stderr]    Compiling cc v1.2.58
[INFO] [stderr]    Compiling rand v0.8.5
[INFO] [stderr]    Compiling crypto-common v0.1.6
[INFO] [stderr]    Compiling block-buffer v0.10.4
[INFO] [stderr]    Compiling once_cell v1.21.3
[INFO] [stderr]    Compiling foldhash v0.1.5
[INFO] [stderr]    Compiling byteorder v1.5.0
[INFO] [stderr]    Compiling allocator-api2 v0.2.21
[INFO] [stderr]    Compiling digest v0.10.7
[INFO] [stderr]    Compiling rustc_version v0.4.0
[INFO] [stderr]    Compiling regex-automata v0.4.8
[INFO] [stderr]    Compiling parking_lot v0.12.3
[INFO] [stderr]    Compiling num-traits v0.2.19
[INFO] [stderr]    Compiling curve25519-dalek v4.1.3
[INFO] [stderr]    Compiling digest v0.9.0
[INFO] [stderr]    Compiling libsecp256k1-core v0.3.0
[INFO] [stderr]    Compiling base16ct v0.2.0
[INFO] [stderr]    Compiling keccak v0.1.4
[INFO] [stderr]    Compiling serde_json v1.0.150
[INFO] [stderr]    Compiling arrayref v0.3.7
[INFO] [stderr]    Compiling cfg-if v1.0.0
[INFO] [stderr]    Compiling ref-cast v1.0.23
[INFO] [stderr]    Compiling http v1.1.0
[INFO] [stderr]    Compiling ff v0.13.0
[INFO] [stderr]    Compiling jam-codec v0.1.0
[INFO] [stderr]    Compiling mio v1.0.2
[INFO] [stderr]    Compiling socket2 v0.5.9
[INFO] [stderr]    Compiling integer-sqrt v0.1.5
[INFO] [stderr]    Compiling thiserror v1.0.65
[INFO] [stderr]    Compiling hash-db v0.16.0
[INFO] [stderr]    Compiling prettyplease v0.2.12
[INFO] [stderr]    Compiling bitcoin-internals v0.2.0
[INFO] [stderr]    Compiling winnow v0.6.18
[INFO] [stderr]    Compiling tokio v1.45.0
[INFO] [stderr]    Compiling group v0.13.0
[INFO] [stderr]    Compiling libsecp256k1-gen-genmult v0.3.0
[INFO] [stderr]    Compiling libsecp256k1-gen-ecmult v0.3.0
[INFO] [stderr]    Compiling secp256k1-sys v0.9.2
[INFO] [stderr]    Compiling same-file v1.0.6
[INFO] [stderr]    Compiling regex v1.11.1
[INFO] [stderr]    Compiling tinyvec_macros v0.1.1
[INFO] [stderr]    Compiling httparse v1.10.0
[INFO] [stderr]    Compiling base64ct v1.6.0
[INFO] [stderr]    Compiling Inflector v0.11.4
[INFO] [stderr]    Compiling uint v0.10.0
[INFO] [stderr]    Compiling tinyvec v1.6.0
[INFO] [stderr]    Compiling serde_derive v1.0.228
[INFO] [stderr]    Compiling zeroize_derive v1.4.2
[INFO] [stderr]    Compiling impl-trait-for-tuples v0.2.3
[INFO] [stderr]    Compiling derive_more-impl v1.0.0
[INFO] [stderr]    Compiling zeroize v1.8.1
[INFO] [stderr]    Compiling tracing-attributes v0.1.31
[INFO] [stderr]    Compiling derive_more v1.0.0
[INFO] [stderr]    Compiling futures-macro v0.3.31
[INFO] [stderr]    Compiling sha2 v0.10.9
[INFO] [stderr]    Compiling der v0.7.8
[INFO] [stderr]    Compiling futures-util v0.3.31
[INFO] [stderr]    Compiling tracing v0.1.44
[INFO] [stderr]    Compiling derive-syn-parse v0.2.0
[INFO] [stderr]    Compiling signature v2.1.0
[INFO] [stderr]    Compiling curve25519-dalek-derive v0.1.0
[INFO] [stderr]    Compiling toml_datetime v0.6.8
[INFO] [stderr]    Compiling toml_edit v0.21.0
[INFO] [stderr]    Compiling impl-serde v0.5.0
[INFO] [stderr]    Compiling serdect v0.2.0
[INFO] [stderr]    Compiling serde_spanned v0.6.7
[INFO] [stderr]    Compiling spki v0.7.3
[INFO] [stderr]    Compiling hmac v0.12.1
[INFO] [stderr]    Compiling sp-debug-derive v15.0.0
[INFO] [stderr]    Compiling ref-cast-impl v1.0.23
[INFO] [stderr]    Compiling pkcs8 v0.10.2
[INFO] [stderr]    Compiling toml_edit v0.22.22
[INFO] [stderr]    Compiling sec1 v0.7.3
[INFO] [stderr]    Compiling crypto-bigint v0.5.2
[INFO] [stderr]    Compiling thiserror-impl v1.0.65
[INFO] [stderr]    Compiling proc-macro-crate v3.1.0
[INFO] [stderr]    Compiling rfc6979 v0.4.0
[INFO] [stderr]    Compiling serde_bytes v0.11.12
[INFO] [stderr]    Compiling ss58-registry v1.43.0
[INFO] [stderr]    Compiling elliptic-curve v0.13.8
[INFO] [stderr]    Compiling parity-scale-codec-derive v3.7.5
[INFO] [stderr]    Compiling scale-info-derive v2.11.6
[INFO] [stderr]    Compiling jam-codec-derive v0.1.0
[INFO] [stderr]    Compiling ed25519 v2.2.3
[INFO] [stderr]    Compiling tokio-util v0.7.15
[INFO] [stderr]    Compiling block-buffer v0.9.0
[INFO] [stderr]    Compiling toml v0.8.19
[INFO] [stderr]    Compiling merlin v3.0.0
[INFO] [stderr]    Compiling password-hash v0.5.0
[INFO] [stderr]    Compiling walkdir v2.5.0
[INFO] [stderr]    Compiling libsecp256k1 v0.7.1
[INFO] [stderr]    Compiling http-body v1.0.0
[INFO] [stderr]    Compiling getrandom_or_panic v0.0.3
[INFO] [stderr]    Compiling num_cpus v1.16.0
[INFO] [stderr]    Compiling environmental v1.1.4
[INFO] [stderr]    Compiling constant_time_eq v0.3.0
[INFO] [stderr]    Compiling hex-conservative v0.1.1
[INFO] [stderr]    Compiling common-path v1.0.0
[INFO] [stderr]    Compiling atomic-waker v1.1.1
[INFO] [stderr]    Compiling opaque-debug v0.3.0
[INFO] [stderr]    Compiling termcolor v1.2.0
[INFO] [stderr]    Compiling expander v2.2.1
[INFO] [stderr]    Compiling sha2 v0.9.9
[INFO] [stderr]    Compiling scale-info v2.11.6
[INFO] [stderr]    Compiling sp-storage v25.0.0
[INFO] [stderr]    Compiling docify_macros v0.2.9
[INFO] [stderr]    Compiling sp-externalities v0.34.0
[INFO] [stderr]    Compiling h2 v0.4.5
[INFO] [stderr]    Compiling impl-codec v0.7.1
[INFO] [stderr]    Compiling bitcoin_hashes v0.13.0
[INFO] [stderr]    Compiling blake2b_simd v1.0.2
[INFO] [stderr]    Compiling futures-executor v0.3.31
[INFO] [stderr]    Compiling bounded-collections v0.3.2
[INFO] [stderr]    Compiling schnorrkel v0.11.4
[INFO] [stderr]    Compiling pbkdf2 v0.12.2
[INFO] [stderr]    Compiling ecdsa v0.16.8
[INFO] [stderr]    Compiling sha3 v0.10.8
[INFO] [stderr]    Compiling twox-hash v1.6.3
[INFO] [stderr]    Compiling unicode-normalization v0.1.22
[INFO] [stderr]    Compiling impl-num-traits v0.2.0
[INFO] [stderr]    Compiling fixed-hash v0.8.0
[INFO] [stderr]    Compiling blake2 v0.10.6
[INFO] [stderr]    Compiling num-format v0.4.4
[INFO] [stderr]    Compiling file-guard v0.2.0
[INFO] [stderr]    Compiling ahash v0.8.11
[INFO] [stderr]    Compiling prometheus v0.13.3
[INFO] [stderr]    Compiling base64 v0.13.1
[INFO] [stderr]    Compiling sp-std v14.0.0
[INFO] [stderr]    Compiling fs-err v2.9.0
[INFO] [stderr]    Compiling hyper v1.6.0
[INFO] [stderr]    Compiling itertools v0.11.0
[INFO] [stderr]    Compiling primitive-types v0.13.1
[INFO] [stderr]    Compiling secp256k1 v0.28.2
[INFO] [stderr]    Compiling bip39 v2.2.0
[INFO] [stderr]    Compiling sp-crypto-hashing v0.1.0
[INFO] [stderr]    Compiling k256 v0.13.4
[INFO] [stderr]    Compiling substrate-bip39 v0.6.1
[INFO] [stderr]    Compiling futures v0.3.31
[INFO] [stderr]    Compiling ed25519-zebra v4.1.0
[INFO] [stderr]    Compiling secrecy v0.8.0
[INFO] [stderr]    Compiling backtrace v0.3.71
[INFO] [stderr]    Compiling hash256-std-hasher v0.15.2
[INFO] [stderr]    Compiling array-bytes v6.2.2
[INFO] [stderr]    Compiling bs58 v0.5.1
[INFO] [stderr]    Compiling overload v0.1.1
[INFO] [stderr]    Compiling zerocopy v0.7.32
[INFO] [stderr]    Compiling dyn-clone v1.0.17
[INFO] [stderr]    Compiling gimli v0.28.0
[INFO] [stderr]    Compiling sp-core v43.0.0
[INFO] [stderr]    Compiling time v0.3.47
[INFO] [stderr]    Compiling nu-ansi-term v0.46.0
[INFO] [stderr]    Compiling miniz_oxide v0.7.1
[INFO] [stderr]    Compiling hyper-util v0.1.17
[INFO] [stderr]    Compiling matchers v0.1.0
[INFO] [stderr]    Compiling http-body-util v0.1.2
[INFO] [stderr]    Compiling sharded-slab v0.1.4
[INFO] [stderr]    Compiling tracing-log v0.2.0
[INFO] [stderr]    Compiling thread_local v1.1.7
[INFO] [stderr]    Compiling addr2line v0.21.0
[INFO] [stderr]    Compiling object v0.32.2
[INFO] [stderr]    Compiling rustc-demangle v0.1.23
[INFO] [stderr]    Compiling hashbrown v0.13.2
[INFO] [stderr]    Compiling tracing-subscriber v0.3.19
[INFO] [stderr]    Compiling substrate-prometheus-endpoint v0.17.7
[INFO] [stderr]    Compiling docify v0.2.9
[INFO] [stderr]    Compiling trie-db v0.32.0
[INFO] [stderr]    Compiling schnellru v0.2.3
[INFO] [stderr]    Compiling trie-root v0.18.0
[INFO] [stderr]    Compiling memory-db v0.34.0
[INFO] [stderr]    Compiling nohash-hasher v0.2.0
[INFO] [stderr]    Compiling sp-runtime-interface-proc-macro v21.0.1
[INFO] [stderr]    Compiling sp-wasm-interface v27.0.0
[INFO] [stderr]    Compiling sp-io v49.0.0
[INFO] [stderr]    Compiling sp-keystore v0.49.0
[INFO] [stderr]    Compiling sp-trie v47.0.0
[INFO] [stderr]    Compiling sp-tracing v19.0.0
[INFO] [stderr]    Compiling ed25519-dalek v2.1.1
[INFO] [stderr]    Compiling arrayvec v0.7.6
[INFO] [stderr]    Compiling sp-runtime-interface v37.0.1
[INFO] [stderr]    Compiling tiny-keccak v2.0.2
[INFO] [stderr]    Compiling strum_macros v0.26.4
[INFO] [stderr]    Compiling sp-arithmetic v29.0.0
[INFO] [stderr]    Compiling binary-merkle-tree v16.1.2
[INFO] [stderr]    Compiling tuplex v0.1.2
[INFO] [stderr]    Compiling sp-panic-handler v13.0.2
[INFO] [stderr]    Compiling sp-state-machine v0.54.0
[INFO] [stderr]    Compiling strum v0.26.3
[INFO] [stderr]    Compiling sp-weights v37.0.0
[INFO] [stderr]    Compiling simple-mermaid v0.1.1
[INFO] [stderr]    Compiling static_assertions v1.1.0
[INFO] [stderr]    Compiling const-random-macro v0.1.15
[INFO] [stderr]    Compiling const-random v0.1.15
[INFO] [stderr]    Compiling macro_magic_core_macros v0.5.1
[INFO] [stderr]    Compiling byte-slice-cast v1.2.3
[INFO] [stderr]    Compiling macro_magic_core v0.5.1
[INFO] [stderr]    Compiling either v1.15.0
[INFO] [stderr]    Compiling frame-metadata v23.0.1
[INFO] [stderr]    Compiling sp-crypto-hashing-proc-macro v0.1.0
[INFO] [stderr]    Compiling macro_magic_macros v0.5.1
[INFO] [stderr]    Compiling derive-where v1.6.0
[INFO] [stderr]    Compiling parity-wasm v0.45.0
[INFO] [stderr]    Compiling proc-macro-error-attr v1.0.4
[INFO] [stderr]    Compiling sp-version-proc-macro v15.0.0
[INFO] [stderr]    Compiling syn v1.0.109
[INFO] [stderr]    Compiling sp-api-proc-macro v29.0.0
[INFO] [stderr]    Compiling sp-metadata-ir v0.15.0
[INFO] [stderr]    Compiling frame-support-procedural-tools-derive v12.0.0
[INFO] [stderr]    Compiling include_dir_macros v0.7.3
[INFO] [stderr]    Compiling cfg-expr v0.15.5
[INFO] [stderr]    Compiling include_dir v0.7.3
[INFO] [stderr]    Compiling frame-support-procedural-tools v13.0.1
[INFO] [stderr]    Compiling proc-macro-error v1.0.4
[INFO] [stderr]    Compiling macro_magic v0.5.1
[INFO] [stderr]    Compiling itertools v0.10.5
[INFO] [stderr]    Compiling sp-application-crypto v49.0.0
[INFO] [stderr]    Compiling async-trait v0.1.88
[INFO] [stderr]    Compiling sp-runtime v49.0.0
[INFO] [stderr]    Compiling aquamarine v0.5.0
[INFO] [stderr]    Compiling frame-support-procedural v41.0.0
[INFO] [stderr]    Compiling tt-call v1.0.9
[INFO] [stderr]    Compiling sp-version v47.0.0
[INFO] [stderr]    Compiling sp-staking v46.0.0
[INFO] [stderr]    Compiling sp-inherents v44.0.0
[INFO] [stderr]    Compiling fp-coretime v0.2.0
[INFO] [stderr]    Compiling sp-api v44.0.0
[INFO] [stderr]    Compiling sp-genesis-builder v0.25.0
[INFO] [stderr]    Compiling frame-support v49.0.0
[INFO] [stderr]    Compiling frame-system v49.0.0
[INFO] [stderr]    Compiling pallet-on-demand-para v0.2.0 (/opt/rustwide/workdir)
[INFO] [stderr]     Finished `release` profile [optimized] target(s) in 6m 40s
[INFO] running `Command { std: "docker" "inspect" "271d4057f9d36da73ea828cf48015c7fd9de17894c79bdc72b7be6dabd1f6096", kill_on_drop: false }`
[INFO] running `Command { std: "docker" "exec" "-e" "SOURCE_DIR=/opt/rustwide/workdir" "-e" "CARGO_HOME=/opt/rustwide/cargo-home" "-e" "RUSTUP_HOME=/opt/rustwide/rustup-home" "-e" "CARGO_TARGET_DIR=/opt/rustwide/target" "-e" "CARGO_INCREMENTAL=0" "-e" "RUST_BACKTRACE=full" "-e" "RUSTFLAGS=--cap-lints=warn" "-e" "RUSTDOCFLAGS=--cap-lints=warn" "-w" "/opt/rustwide/workdir" "--user" "0:0" "271d4057f9d36da73ea828cf48015c7fd9de17894c79bdc72b7be6dabd1f6096" "/opt/rustwide/cargo-home/bin/cargo" "+1.99.0-beta.8" "test" "--frozen" "--no-run" "--message-format=json" "--release", kill_on_drop: false }`
[INFO] [stderr] warning: Cargo.toml: `lints.clippy.borrowed-box` is deprecated in favor of `lints.clippy.borrowed_box` and will not work in a future edition
[INFO] [stderr] warning: Cargo.toml: `lints.clippy.extra-unused-type-parameters` is deprecated in favor of `lints.clippy.extra_unused_type_parameters` and will not work in a future edition
[INFO] [stderr] warning: Cargo.toml: `lints.clippy.identity-op` is deprecated in favor of `lints.clippy.identity_op` and will not work in a future edition
[INFO] [stderr] warning: Cargo.toml: `lints.clippy.if-same-then-else` is deprecated in favor of `lints.clippy.if_same_then_else` and will not work in a future edition
[INFO] [stderr] warning: Cargo.toml: `lints.clippy.needless-lifetimes` is deprecated in favor of `lints.clippy.needless_lifetimes` and will not work in a future edition
[INFO] [stderr] warning: Cargo.toml: `lints.clippy.nonminimal-bool` is deprecated in favor of `lints.clippy.nonminimal_bool` and will not work in a future edition
[INFO] [stderr] warning: Cargo.toml: `lints.clippy.option-map-unit-fn` is deprecated in favor of `lints.clippy.option_map_unit_fn` and will not work in a future edition
[INFO] [stderr] warning: Cargo.toml: `lints.clippy.too-many-arguments` is deprecated in favor of `lints.clippy.too_many_arguments` and will not work in a future edition
[INFO] [stderr] warning: Cargo.toml: `lints.clippy.zero-prefixed-literal` is deprecated in favor of `lints.clippy.zero_prefixed_literal` and will not work in a future edition
[INFO] [stderr] warning: `pallet-on-demand-para` (manifest) generated 9 warnings
[INFO] [stderr]    Compiling pallet-on-demand-para v0.2.0 (/opt/rustwide/workdir)
[INFO] [stdout] error[E0433]: cannot find module or crate `pallet_balances` in this scope
[INFO] [stdout]   --> src/mock.rs:55:15
[INFO] [stdout]    |
[INFO] [stdout] 55 | #[derive_impl(pallet_balances::config_preludes::TestDefaultConfig)]
[INFO] [stdout]    |               ^^^^^^^^^^^^^^^ use of unresolved module or unlinked crate `pallet_balances`
[INFO] [stdout] 
[INFO] [stdout] 
[INFO] [stdout] error[E0433]: cannot find module or crate `pallet_balances` in this scope
[INFO] [stdout]   --> src/mock.rs:44:13
[INFO] [stdout]    |
[INFO] [stdout] 44 |         Balances: pallet_balances,
[INFO] [stdout]    |                   ^^^^^^^^^^^^^^^ use of unresolved module or unlinked crate `pallet_balances`
[INFO] [stdout] 
[INFO] [stdout] 
[INFO] [stdout] error[E0425]: cannot find type `Test` in this scope
[INFO] [stdout]   --> src/mock.rs:39:47
[INFO] [stdout]    |
[INFO] [stdout] 39 | type Block = frame_system::mocking::MockBlock<Test>;
[INFO] [stdout]    |                                               ^^^^ not found in this scope
[INFO] [stdout]    |
[INFO] [stdout] help: you might be missing a type parameter
[INFO] [stdout]    |
[INFO] [stdout] 39 | type Block<Test> = frame_system::mocking::MockBlock<Test>;
[INFO] [stdout]    |           ++++++
[INFO] [stdout] 
[INFO] [stdout] 
[INFO] [stdout] error[E0425]: cannot find type `Test` in this scope
[INFO] [stdout]   --> src/mock.rs:50:31
[INFO] [stdout]    |
[INFO] [stdout] 50 | impl frame_system::Config for Test {
[INFO] [stdout]    |                               ^^^^ not found in this scope
[INFO] [stdout] 
[INFO] [stdout] 
[INFO] [stdout] error[E0425]: cannot find type `RuntimeEvent` in this scope
[INFO] [stdout]    --> src/mock.rs:49:1
[INFO] [stdout]     |
[INFO] [stdout]  49 | #[derive_impl(frame_system::config_preludes::TestDefaultConfig)]
[INFO] [stdout]     | ^^^^^^^^^^^^^^^^^^^^^^^^^^^^^^^^^^^^^^^^^^^^^^^^^^^^^^^^^^^^^^^^
[INFO] [stdout]     |
[INFO] [stdout]     = note: this error originates in the macro `frame_system::config_preludes::TestDefaultConfig` which comes from the expansion of the macro `frame_support::macro_magic::forward_tokens_verbatim` (in Nightly builds, run with -Z macro-backtrace for more info)
[INFO] [stdout] help: you might have meant to use the associated type
[INFO] [stdout]    --> /opt/rustwide/cargo-home/registry/src/index.crates.io-1949cf8c6b5b557f/frame-system-49.0.0/src/lib.rs:350:9
[INFO] [stdout]     |
[INFO] [stdout] 350 |             type Self::RuntimeEvent = ();
[INFO] [stdout]     |                  ++++++
[INFO] [stdout] 
[INFO] [stdout] 
[INFO] [stdout] error[E0425]: cannot find type `RuntimeOrigin` in this scope
[INFO] [stdout]    --> src/mock.rs:49:1
[INFO] [stdout]     |
[INFO] [stdout]  49 | #[derive_impl(frame_system::config_preludes::TestDefaultConfig)]
[INFO] [stdout]     | ^^^^^^^^^^^^^^^^^^^^^^^^^^^^^^^^^^^^^^^^^^^^^^^^^^^^^^^^^^^^^^^^
[INFO] [stdout]     |
[INFO] [stdout]     = note: this error originates in the macro `frame_system::config_preludes::TestDefaultConfig` which comes from the expansion of the macro `frame_support::macro_magic::forward_tokens_verbatim` (in Nightly builds, run with -Z macro-backtrace for more info)
[INFO] [stdout] help: you might have meant to use the associated type
[INFO] [stdout]    --> /opt/rustwide/cargo-home/registry/src/index.crates.io-1949cf8c6b5b557f/frame-system-49.0.0/src/lib.rs:352:9
[INFO] [stdout]     |
[INFO] [stdout] 352 |             type Self::RuntimeOrigin = ();
[INFO] [stdout]     |                  ++++++
[INFO] [stdout] 
[INFO] [stdout] 
[INFO] [stdout] error[E0425]: cannot find type `RuntimeCall` in this scope
[INFO] [stdout]    --> src/mock.rs:49:1
[INFO] [stdout]     |
[INFO] [stdout]  49 | #[derive_impl(frame_system::config_preludes::TestDefaultConfig)]
[INFO] [stdout]     | ^^^^^^^^^^^^^^^^^^^^^^^^^^^^^^^^^^^^^^^^^^^^^^^^^^^^^^^^^^^^^^^^
[INFO] [stdout]     |
[INFO] [stdout]     = note: this error originates in the macro `frame_system::config_preludes::TestDefaultConfig` which comes from the expansion of the macro `frame_support::macro_magic::forward_tokens_verbatim` (in Nightly builds, run with -Z macro-backtrace for more info)
[INFO] [stdout] help: you might have meant to use the associated type
[INFO] [stdout]    --> /opt/rustwide/cargo-home/registry/src/index.crates.io-1949cf8c6b5b557f/frame-system-49.0.0/src/lib.rs:354:9
[INFO] [stdout]     |
[INFO] [stdout] 354 |             type Self::RuntimeCall = ();
[INFO] [stdout]     |                  ++++++
[INFO] [stdout] 
[INFO] [stdout] 
[INFO] [stdout] error[E0425]: cannot find type `PalletInfo` in this scope
[INFO] [stdout]    --> src/mock.rs:49:1
[INFO] [stdout]     |
[INFO] [stdout]  49 | #[derive_impl(frame_system::config_preludes::TestDefaultConfig)]
[INFO] [stdout]     | ^^^^^^^^^^^^^^^^^^^^^^^^^^^^^^^^^^^^^^^^^^^^^^^^^^^^^^^^^^^^^^^^
[INFO] [stdout]     |
[INFO] [stdout]    ::: /opt/rustwide/cargo-home/registry/src/index.crates.io-1949cf8c6b5b557f/frame-support-49.0.0/src/lib.rs:143:1
[INFO] [stdout]     |
[INFO] [stdout] 143 | pub struct PalletId(pub [u8; 8]);
[INFO] [stdout]     | ------------------- similarly named struct `PalletId` defined here
[INFO] [stdout]     |
[INFO] [stdout]     = note: this error originates in the macro `frame_system::config_preludes::TestDefaultConfig` which comes from the expansion of the macro `frame_support::macro_magic::forward_tokens_verbatim` (in Nightly builds, run with -Z macro-backtrace for more info)
[INFO] [stdout] help: you might have meant to use the associated type
[INFO] [stdout]    --> /opt/rustwide/cargo-home/registry/src/index.crates.io-1949cf8c6b5b557f/frame-system-49.0.0/src/lib.rs:356:9
[INFO] [stdout]     |
[INFO] [stdout] 356 |             type Self::PalletInfo = ();
[INFO] [stdout]     |                  ++++++
[INFO] [stdout] help: a struct with a similar name exists
[INFO] [stdout]    --> /opt/rustwide/cargo-home/registry/src/index.crates.io-1949cf8c6b5b557f/frame-system-49.0.0/src/lib.rs:356:9
[INFO] [stdout]     |
[INFO] [stdout] 356 -             type PalletInfo = ();
[INFO] [stdout] 356 +             type PalletId = ();
[INFO] [stdout]     |
[INFO] [stdout] 
[INFO] [stdout] 
[INFO] [stdout] error[E0425]: cannot find type `RuntimeTask` in this scope
[INFO] [stdout]    --> src/mock.rs:49:1
[INFO] [stdout]     |
[INFO] [stdout]  49 | #[derive_impl(frame_system::config_preludes::TestDefaultConfig)]
[INFO] [stdout]     | ^^^^^^^^^^^^^^^^^^^^^^^^^^^^^^^^^^^^^^^^^^^^^^^^^^^^^^^^^^^^^^^^
[INFO] [stdout]     |
[INFO] [stdout]     = note: this error originates in the macro `frame_system::config_preludes::TestDefaultConfig` which comes from the expansion of the macro `frame_support::macro_magic::forward_tokens_verbatim` (in Nightly builds, run with -Z macro-backtrace for more info)
[INFO] [stdout] help: you might have meant to use the associated type
[INFO] [stdout]    --> /opt/rustwide/cargo-home/registry/src/index.crates.io-1949cf8c6b5b557f/frame-system-49.0.0/src/lib.rs:358:9
[INFO] [stdout]     |
[INFO] [stdout] 358 |             type Self::RuntimeTask = ();
[INFO] [stdout]     |                  ++++++
[INFO] [stdout] 
[INFO] [stdout] 
[INFO] [stdout] error[E0425]: cannot find type `Test` in this scope
[INFO] [stdout]    --> src/mock.rs:112:17
[INFO] [stdout]     |
[INFO] [stdout] 112 | impl Config for Test {
[INFO] [stdout]     |                 ^^^^ not found in this scope
[INFO] [stdout] 
[INFO] [stdout] 
[INFO] [stdout] error[E0425]: cannot find type `Balances` in this scope
[INFO] [stdout]    --> src/mock.rs:114:18
[INFO] [stdout]     |
[INFO] [stdout]  36 | pub type Balance = u64;
[INFO] [stdout]     | ----------------------- similarly named type alias `Balance` defined here
[INFO] [stdout] ...
[INFO] [stdout] 114 |     type Currency = Balances;
[INFO] [stdout]     |                     ^^^^^^^^
[INFO] [stdout]     |
[INFO] [stdout] help: a type alias with a similar name exists
[INFO] [stdout]     |
[INFO] [stdout] 114 -     type Currency = Balances;
[INFO] [stdout] 114 +     type Currency = Balance;
[INFO] [stdout]     |
[INFO] [stdout] 
[INFO] [stdout] 
[INFO] [stdout] error[E0433]: cannot find type `System` in this scope
[INFO] [stdout]    --> src/mock.rs:136:12
[INFO] [stdout]     |
[INFO] [stdout] 136 |     let now = System::block_number();
[INFO] [stdout]     |               ^^^^^^ use of undeclared type `System`
[INFO] [stdout]     |
[INFO] [stdout] help: consider importing this struct
[INFO] [stdout]     |
[INFO] [stdout]  20 + use std::alloc::System;
[INFO] [stdout]     |
[INFO] [stdout] 
[INFO] [stdout] 
[INFO] [stdout] error[E0433]: cannot find type `System` in this scope
[INFO] [stdout]    --> src/mock.rs:138:2
[INFO] [stdout]     |
[INFO] [stdout] 138 |     System::set_block_number(now + 1);
[INFO] [stdout]     |     ^^^^^^ use of undeclared type `System`
[INFO] [stdout]     |
[INFO] [stdout] help: consider importing this struct
[INFO] [stdout]     |
[INFO] [stdout]  20 + use std::alloc::System;
[INFO] [stdout]     |
[INFO] [stdout] 
[INFO] [stdout] 
[INFO] [stdout] error[E0425]: cannot find type `Test` in this scope
[INFO] [stdout]    --> src/mock.rs:149:44
[INFO] [stdout]     |
[INFO] [stdout] 149 |     let mut t = frame_system::GenesisConfig::<Test>::default().build_storage().unwrap();
[INFO] [stdout]     |                                               ^^^^ not found in this scope
[INFO] [stdout]     |
[INFO] [stdout] help: you might be missing a type parameter
[INFO] [stdout]     |
[INFO] [stdout] 145 | pub fn new_test_ext<Test>() -> sp_io::TestExternalities {
[INFO] [stdout]     |                    ++++++
[INFO] [stdout] 
[INFO] [stdout] 
[INFO] [stdout] error[E0425]: cannot find type `Test` in this scope
[INFO] [stdout]    --> src/mock.rs:150:35
[INFO] [stdout]     |
[INFO] [stdout] 150 |     pallet_balances::GenesisConfig::<Test> {
[INFO] [stdout]     |                                      ^^^^ not found in this scope
[INFO] [stdout]     |
[INFO] [stdout] help: you might be missing a type parameter
[INFO] [stdout]     |
[INFO] [stdout] 145 | pub fn new_test_ext<Test>() -> sp_io::TestExternalities {
[INFO] [stdout]     |                    ++++++
[INFO] [stdout] 
[INFO] [stdout] 
[INFO] [stdout] error[E0433]: cannot find type `System` in this scope
[INFO] [stdout]    --> src/mock.rs:164:3
[INFO] [stdout]     |
[INFO] [stdout] 164 |         System::set_block_number(1);
[INFO] [stdout]     |         ^^^^^^ use of undeclared type `System`
[INFO] [stdout]     |
[INFO] [stdout] help: consider importing this struct
[INFO] [stdout]     |
[INFO] [stdout]  20 + use std::alloc::System;
[INFO] [stdout]     |
[INFO] [stdout] 
[INFO] [stdout] 
[INFO] [stdout] error[E0425]: cannot find type `Test` in this scope
[INFO] [stdout]   --> src/tests.rs:30:33
[INFO] [stdout]    |
[INFO] [stdout] 30 |     let mut config = PriceConfig::<Test>::get();
[INFO] [stdout]    |                                    ^^^^ not found in this scope
[INFO] [stdout]    |
[INFO] [stdout] help: you might be missing a type parameter
[INFO] [stdout]    |
[INFO] [stdout] 29 | fn set_order_cap<Test>(order_cap: u32) {
[INFO] [stdout]    |                 ++++++
[INFO] [stdout] 
[INFO] [stdout] 
[INFO] [stdout] error[E0425]: cannot find type `Test` in this scope
[INFO] [stdout]   --> src/tests.rs:32:16
[INFO] [stdout]    |
[INFO] [stdout] 32 |     PriceConfig::<Test>::put(config);
[INFO] [stdout]    |                   ^^^^ not found in this scope
[INFO] [stdout]    |
[INFO] [stdout] help: you might be missing a type parameter
[INFO] [stdout]    |
[INFO] [stdout] 29 | fn set_order_cap<Test>(order_cap: u32) {
[INFO] [stdout]    |                 ++++++
[INFO] [stdout] 
[INFO] [stdout] 
[INFO] [stdout] error[E0425]: cannot find type `Test` in this scope
[INFO] [stdout]   --> src/tests.rs:35:36
[INFO] [stdout]    |
[INFO] [stdout] 35 | fn on_demand_events() -> Vec<Event<Test>> {
[INFO] [stdout]    |                                    ^^^^ not found in this scope
[INFO] [stdout]    |
[INFO] [stdout] help: you might be missing a type parameter
[INFO] [stdout]    |
[INFO] [stdout] 35 | fn on_demand_events<Test>() -> Vec<Event<Test>> {
[INFO] [stdout]    |                    ++++++
[INFO] [stdout] 
[INFO] [stdout] 
[INFO] [stdout] error[E0433]: cannot find type `System` in this scope
[INFO] [stdout]   --> src/tests.rs:36:2
[INFO] [stdout]    |
[INFO] [stdout] 36 |     System::events()
[INFO] [stdout]    |     ^^^^^^ use of undeclared type `System`
[INFO] [stdout]    |
[INFO] [stdout] help: consider importing this struct
[INFO] [stdout]    |
[INFO] [stdout] 20 + use std::alloc::System;
[INFO] [stdout]    |
[INFO] [stdout] 
[INFO] [stdout] 
[INFO] [stdout] error[E0425]: cannot find type `Test` in this scope
[INFO] [stdout]   --> src/tests.rs:61:30
[INFO] [stdout]    |
[INFO] [stdout] 61 |         let batch = PendingBatch::<Test>::get();
[INFO] [stdout]    |                                    ^^^^ not found in this scope
[INFO] [stdout]    |
[INFO] [stdout] help: you might be missing a type parameter
[INFO] [stdout]    |
[INFO] [stdout] 46 | fn place_order_charges_spot_price_and_batches_the_order<Test>() {
[INFO] [stdout]    |                                                        ++++++
[INFO] [stdout] 
[INFO] [stdout] 
[INFO] [stdout] error[E0425]: cannot find type `Test` in this scope
[INFO] [stdout]   --> src/tests.rs:67:27
[INFO] [stdout]    |
[INFO] [stdout] 67 |         assert_eq!(QueueState::<Test>::get().unwrap().outstanding_orders, 1);
[INFO] [stdout]    |                                 ^^^^ not found in this scope
[INFO] [stdout]    |
[INFO] [stdout] help: you might be missing a type parameter
[INFO] [stdout]    |
[INFO] [stdout] 46 | fn place_order_charges_spot_price_and_batches_the_order<Test>() {
[INFO] [stdout]    |                                                        ++++++
[INFO] [stdout] 
[INFO] [stdout] 
[INFO] [stdout] error[E0425]: cannot find type `Test` in this scope
[INFO] [stdout]   --> src/tests.rs:93:27
[INFO] [stdout]    |
[INFO] [stdout] 93 |         assert_eq!(QueueState::<Test>::get().unwrap().outstanding_orders, 3);
[INFO] [stdout]    |                                 ^^^^ not found in this scope
[INFO] [stdout]    |
[INFO] [stdout] help: you might be missing a type parameter
[INFO] [stdout]    |
[INFO] [stdout] 81 | fn spot_price_grows_with_the_queue_depth<Test>() {
[INFO] [stdout]    |                                         ++++++
[INFO] [stdout] 
[INFO] [stdout] 
[INFO] [stdout] error[E0425]: cannot find type `Test` in this scope
[INFO] [stdout]    --> src/tests.rs:102:12
[INFO] [stdout]     |
[INFO] [stdout] 102 |             Error::<Test>::SpotPriceHigherThanMaxAmount
[INFO] [stdout]     |                     ^^^^ not found in this scope
[INFO] [stdout]     |
[INFO] [stdout] help: you might be missing a type parameter
[INFO] [stdout]     |
[INFO] [stdout]  98 | fn place_order_respects_max_amount<Test>() {
[INFO] [stdout]     |                                   ++++++
[INFO] [stdout] 
[INFO] [stdout] 
[INFO] [stdout] error[E0425]: cannot find type `Test` in this scope
[INFO] [stdout]    --> src/tests.rs:104:26
[INFO] [stdout]     |
[INFO] [stdout] 104 |         assert!(PendingBatch::<Test>::get().is_empty());
[INFO] [stdout]     |                                ^^^^ not found in this scope
[INFO] [stdout]     |
[INFO] [stdout] help: you might be missing a type parameter
[INFO] [stdout]     |
[INFO] [stdout]  98 | fn place_order_respects_max_amount<Test>() {
[INFO] [stdout]     |                                   ++++++
[INFO] [stdout] 
[INFO] [stdout] 
[INFO] [stdout] error[E0425]: cannot find type `Test` in this scope
[INFO] [stdout]    --> src/tests.rs:119:12
[INFO] [stdout]     |
[INFO] [stdout] 119 |             Error::<Test>::QueueFull
[INFO] [stdout]     |                     ^^^^ not found in this scope
[INFO] [stdout]     |
[INFO] [stdout] help: you might be missing a type parameter
[INFO] [stdout]     |
[INFO] [stdout] 109 | fn place_order_fails_once_the_order_cap_is_reached<Test>() {
[INFO] [stdout]     |                                                   ++++++
[INFO] [stdout] 
[INFO] [stdout] 
[INFO] [stdout] error[E0425]: cannot find type `Test` in this scope
[INFO] [stdout]    --> src/tests.rs:130:12
[INFO] [stdout]     |
[INFO] [stdout] 130 |             Error::<Test>::EmptyPool
[INFO] [stdout]     |                     ^^^^ not found in this scope
[INFO] [stdout]     |
[INFO] [stdout] help: you might be missing a type parameter
[INFO] [stdout]     |
[INFO] [stdout] 125 | fn place_order_fails_when_no_cores_in_pool<Test>() {
[INFO] [stdout]     |                                           ++++++
[INFO] [stdout] 
[INFO] [stdout] 
[INFO] [stdout] error[E0425]: cannot find type `Test` in this scope
[INFO] [stdout]    --> src/tests.rs:145:27
[INFO] [stdout]     |
[INFO] [stdout] 145 |         assert_eq!(QueueState::<Test>::get().unwrap().outstanding_orders, 3);
[INFO] [stdout]     |                                 ^^^^ not found in this scope
[INFO] [stdout]     |
[INFO] [stdout] help: you might be missing a type parameter
[INFO] [stdout]     |
[INFO] [stdout] 136 | fn the_queue_estimate_drains_over_relay_chain_blocks<Test>() {
[INFO] [stdout]     |                                                     ++++++
[INFO] [stdout] 
[INFO] [stdout] 
[INFO] [stdout] error[E0425]: cannot find type `Test` in this scope
[INFO] [stdout]    --> src/tests.rs:158:34
[INFO] [stdout]     |
[INFO] [stdout] 158 |         let queue_state = QueueState::<Test>::get().unwrap();
[INFO] [stdout]     |                                        ^^^^ not found in this scope
[INFO] [stdout]     |
[INFO] [stdout] help: you might be missing a type parameter
[INFO] [stdout]     |
[INFO] [stdout] 136 | fn the_queue_estimate_drains_over_relay_chain_blocks<Test>() {
[INFO] [stdout]     |                                                     ++++++
[INFO] [stdout] 
[INFO] [stdout] 
[INFO] [stdout] error[E0425]: cannot find type `Test` in this scope
[INFO] [stdout]    --> src/tests.rs:181:26
[INFO] [stdout]     |
[INFO] [stdout] 181 |         assert!(PendingBatch::<Test>::get().is_empty());
[INFO] [stdout]     |                                ^^^^ not found in this scope
[INFO] [stdout]     |
[INFO] [stdout] help: you might be missing a type parameter
[INFO] [stdout]     |
[INFO] [stdout] 165 | fn the_pending_batch_is_forwarded_to_the_relay_chain_on_finalize<Test>() {
[INFO] [stdout]     |                                                                 ++++++
[INFO] [stdout] 
[INFO] [stdout] 
[INFO] [stdout] error[E0425]: cannot find type `Test` in this scope
[INFO] [stdout]    --> src/tests.rs:208:12
[INFO] [stdout]     |
[INFO] [stdout] 208 |             Error::<Test>::OrderPriceCanOverflow
[INFO] [stdout]     |                     ^^^^ not found in this scope
[INFO] [stdout]     |
[INFO] [stdout] help: you might be missing a type parameter
[INFO] [stdout]     |
[INFO] [stdout] 190 | fn configure_works<Test>() {
[INFO] [stdout]     |                   ++++++
[INFO] [stdout] 
[INFO] [stdout] 
[INFO] [stdout] error[E0425]: cannot find type `Test` in this scope
[INFO] [stdout]    --> src/tests.rs:211:28
[INFO] [stdout]     |
[INFO] [stdout] 211 |         assert_eq!(PriceConfig::<Test>::get(), PriceParameters::default());
[INFO] [stdout]     |                                  ^^^^ not found in this scope
[INFO] [stdout]     |
[INFO] [stdout] help: you might be missing a type parameter
[INFO] [stdout]     |
[INFO] [stdout] 190 | fn configure_works<Test>() {
[INFO] [stdout]     |                   ++++++
[INFO] [stdout] 
[INFO] [stdout] 
[INFO] [stdout] error[E0425]: cannot find type `Test` in this scope
[INFO] [stdout]    --> src/tests.rs:217:28
[INFO] [stdout]     |
[INFO] [stdout] 217 |         assert_eq!(PriceConfig::<Test>::get(), config);
[INFO] [stdout]     |                                  ^^^^ not found in this scope
[INFO] [stdout]     |
[INFO] [stdout] help: you might be missing a type parameter
[INFO] [stdout]     |
[INFO] [stdout] 190 | fn configure_works<Test>() {
[INFO] [stdout]     |                   ++++++
[INFO] [stdout] 
[INFO] [stdout] 
[INFO] [stdout] error[E0425]: cannot find type `Test` in this scope
[INFO] [stdout]    --> src/tests.rs:222:28
[INFO] [stdout]     |
[INFO] [stdout] 222 |         assert_eq!(PriceConfig::<Test>::get(), admin_config);
[INFO] [stdout]     |                                  ^^^^ not found in this scope
[INFO] [stdout]     |
[INFO] [stdout] help: you might be missing a type parameter
[INFO] [stdout]     |
[INFO] [stdout] 190 | fn configure_works<Test>() {
[INFO] [stdout]     |                   ++++++
[INFO] [stdout] 
[INFO] [stdout] 
[INFO] [stdout] warning: unused import: `Hooks`
[INFO] [stdout]   --> src/mock.rs:29:28
[INFO] [stdout]    |
[INFO] [stdout] 29 |     traits::{EitherOfDiverse, Hooks},
[INFO] [stdout]    |                               ^^^^^
[INFO] [stdout]    |
[INFO] [stdout]    = note: `#[warn(unused_imports)]` (part of `#[warn(unused)]`) on by default
[INFO] [stdout] 
[INFO] [stdout] 
[INFO] [stdout] warning: unused import: `traits::fungible::Inspect`
[INFO] [stdout]   --> src/tests.rs:24:61
[INFO] [stdout]    |
[INFO] [stdout] 24 | use frame_support::{assert_noop, assert_ok, dispatch::Pays, traits::fungible::Inspect};
[INFO] [stdout]    |                                                             ^^^^^^^^^^^^^^^^^^^^^^^^^
[INFO] [stdout] 
[INFO] [stdout] 
[INFO] [stdout] error[E0433]: cannot find type `OnDemand` in this scope
[INFO] [stdout]    --> src/mock.rs:137:2
[INFO] [stdout]     |
[INFO] [stdout] 137 |     OnDemand::on_finalize(now);
[INFO] [stdout]     |     ^^^^^^^^ use of undeclared type `OnDemand`
[INFO] [stdout] 
[INFO] [stdout] 
[INFO] [stdout] error[E0433]: cannot find type `OnDemand` in this scope
[INFO] [stdout]    --> src/mock.rs:139:2
[INFO] [stdout]     |
[INFO] [stdout] 139 |     OnDemand::on_initialize(now + 1);
[INFO] [stdout]     |     ^^^^^^^^ use of undeclared type `OnDemand`
[INFO] [stdout] 
[INFO] [stdout] 
[INFO] [stdout] error[E0433]: cannot find type `OnDemand` in this scope
[INFO] [stdout]    --> src/mock.rs:165:3
[INFO] [stdout]     |
[INFO] [stdout] 165 |         OnDemand::on_initialize(1);
[INFO] [stdout]     |         ^^^^^^^^ use of undeclared type `OnDemand`
[INFO] [stdout] 
[INFO] [stdout] 
[INFO] [stdout] error[E0433]: cannot find type `Balances` in this scope
[INFO] [stdout]   --> src/tests.rs:48:16
[INFO] [stdout]    |
[INFO] [stdout] 48 |         let before = Balances::balance(&ALICE);
[INFO] [stdout]    |                      ^^^^^^^^ use of undeclared type `Balances`
[INFO] [stdout]    |
[INFO] [stdout] help: a type alias with a similar name exists
[INFO] [stdout]    |
[INFO] [stdout] 48 -         let before = Balances::balance(&ALICE);
[INFO] [stdout] 48 +         let before = Balance::balance(&ALICE);
[INFO] [stdout]    |
[INFO] [stdout] 
[INFO] [stdout] 
[INFO] [stdout] error[E0433]: cannot find type `OnDemand` in this scope
[INFO] [stdout]   --> src/tests.rs:50:14
[INFO] [stdout]    |
[INFO] [stdout] 50 |         assert_ok!(OnDemand::place_order(
[INFO] [stdout]    |                    ^^^^^^^^ use of undeclared type `OnDemand`
[INFO] [stdout] 
[INFO] [stdout] 
[INFO] [stdout] error[E0433]: cannot find type `RuntimeOrigin` in this scope
[INFO] [stdout]   --> src/tests.rs:51:4
[INFO] [stdout]    |
[INFO] [stdout] 51 |             RuntimeOrigin::signed(ALICE),
[INFO] [stdout]    |             ^^^^^^^^^^^^^ use of undeclared type `RuntimeOrigin`
[INFO] [stdout] 
[INFO] [stdout] 
[INFO] [stdout] error[E0433]: cannot find type `Balances` in this scope
[INFO] [stdout]   --> src/tests.rs:57:14
[INFO] [stdout]    |
[INFO] [stdout] 57 |         assert_eq!(Balances::balance(&ALICE), before - DEFAULT_BASE_FEE as u64);
[INFO] [stdout]    |                    ^^^^^^^^ use of undeclared type `Balances`
[INFO] [stdout]    |
[INFO] [stdout] help: a type alias with a similar name exists
[INFO] [stdout]    |
[INFO] [stdout] 57 -         assert_eq!(Balances::balance(&ALICE), before - DEFAULT_BASE_FEE as u64);
[INFO] [stdout] 57 +         assert_eq!(Balance::balance(&ALICE), before - DEFAULT_BASE_FEE as u64);
[INFO] [stdout]    |
[INFO] [stdout] 
[INFO] [stdout] 
[INFO] [stdout] error[E0433]: cannot find type `Balances` in this scope
[INFO] [stdout]   --> src/tests.rs:58:14
[INFO] [stdout]    |
[INFO] [stdout] 58 |         assert_eq!(Balances::balance(&OnDemand::account_id()), DEFAULT_BASE_FEE as u64);
[INFO] [stdout]    |                    ^^^^^^^^ use of undeclared type `Balances`
[INFO] [stdout]    |
[INFO] [stdout] help: a type alias with a similar name exists
[INFO] [stdout]    |
[INFO] [stdout] 58 -         assert_eq!(Balances::balance(&OnDemand::account_id()), DEFAULT_BASE_FEE as u64);
[INFO] [stdout] 58 +         assert_eq!(Balance::balance(&OnDemand::account_id()), DEFAULT_BASE_FEE as u64);
[INFO] [stdout]    |
[INFO] [stdout] 
[INFO] [stdout] 
[INFO] [stdout] error[E0433]: cannot find type `OnDemand` in this scope
[INFO] [stdout]   --> src/tests.rs:58:33
[INFO] [stdout]    |
[INFO] [stdout] 58 |         assert_eq!(Balances::balance(&OnDemand::account_id()), DEFAULT_BASE_FEE as u64);
[INFO] [stdout]    |                                       ^^^^^^^^ use of undeclared type `OnDemand`
[INFO] [stdout] 
[INFO] [stdout] 
[INFO] [stdout] error[E0433]: cannot find type `Balances` in this scope
[INFO] [stdout]   --> src/tests.rs:88:17
[INFO] [stdout]    |
[INFO] [stdout] 88 |             let before = Balances::balance(&ALICE);
[INFO] [stdout]    |                          ^^^^^^^^ use of undeclared type `Balances`
[INFO] [stdout]    |
[INFO] [stdout] help: a type alias with a similar name exists
[INFO] [stdout]    |
[INFO] [stdout] 88 -             let before = Balances::balance(&ALICE);
[INFO] [stdout] 88 +             let before = Balance::balance(&ALICE);
[INFO] [stdout]    |
[INFO] [stdout] 
[INFO] [stdout] 
[INFO] [stdout] error[E0433]: cannot find type `OnDemand` in this scope
[INFO] [stdout]   --> src/tests.rs:89:15
[INFO] [stdout]    |
[INFO] [stdout] 89 |             assert_ok!(OnDemand::place_order(RuntimeOrigin::signed(ALICE), 2000, expected_price));
[INFO] [stdout]    |                        ^^^^^^^^ use of undeclared type `OnDemand`
[INFO] [stdout] 
[INFO] [stdout] 
[INFO] [stdout] error[E0433]: cannot find type `RuntimeOrigin` in this scope
[INFO] [stdout]   --> src/tests.rs:89:37
[INFO] [stdout]    |
[INFO] [stdout] 89 |             assert_ok!(OnDemand::place_order(RuntimeOrigin::signed(ALICE), 2000, expected_price));
[INFO] [stdout]    |                                              ^^^^^^^^^^^^^ use of undeclared type `RuntimeOrigin`
[INFO] [stdout] 
[INFO] [stdout] 
[INFO] [stdout] error[E0433]: cannot find type `Balances` in this scope
[INFO] [stdout]   --> src/tests.rs:90:15
[INFO] [stdout]    |
[INFO] [stdout] 90 |             assert_eq!(Balances::balance(&ALICE), before - expected_price);
[INFO] [stdout]    |                        ^^^^^^^^ use of undeclared type `Balances`
[INFO] [stdout]    |
[INFO] [stdout] help: a type alias with a similar name exists
[INFO] [stdout]    |
[INFO] [stdout] 90 -             assert_eq!(Balances::balance(&ALICE), before - expected_price);
[INFO] [stdout] 90 +             assert_eq!(Balance::balance(&ALICE), before - expected_price);
[INFO] [stdout]    |
[INFO] [stdout] 
[INFO] [stdout] 
[INFO] [stdout] error[E0433]: cannot find type `OnDemand` in this scope
[INFO] [stdout]    --> src/tests.rs:101:4
[INFO] [stdout]     |
[INFO] [stdout] 101 |             OnDemand::place_order(RuntimeOrigin::signed(ALICE), 2000, DEFAULT_BASE_FEE as u64 - 1),
[INFO] [stdout]     |             ^^^^^^^^ use of undeclared type `OnDemand`
[INFO] [stdout] 
[INFO] [stdout] 
[INFO] [stdout] error[E0433]: cannot find type `RuntimeOrigin` in this scope
[INFO] [stdout]    --> src/tests.rs:101:26
[INFO] [stdout]     |
[INFO] [stdout] 101 |             OnDemand::place_order(RuntimeOrigin::signed(ALICE), 2000, DEFAULT_BASE_FEE as u64 - 1),
[INFO] [stdout]     |                                   ^^^^^^^^^^^^^ use of undeclared type `RuntimeOrigin`
[INFO] [stdout] 
[INFO] [stdout] 
[INFO] [stdout] error[E0433]: cannot find type `OnDemand` in this scope
[INFO] [stdout]    --> src/tests.rs:112:14
[INFO] [stdout]     |
[INFO] [stdout] 112 |         assert_ok!(OnDemand::place_order(
[INFO] [stdout]     |                    ^^^^^^^^ use of undeclared type `OnDemand`
[INFO] [stdout] 
[INFO] [stdout] 
[INFO] [stdout] error[E0433]: cannot find type `RuntimeOrigin` in this scope
[INFO] [stdout]    --> src/tests.rs:113:4
[INFO] [stdout]     |
[INFO] [stdout] 113 |             RuntimeOrigin::signed(ALICE),
[INFO] [stdout]     |             ^^^^^^^^^^^^^ use of undeclared type `RuntimeOrigin`
[INFO] [stdout] 
[INFO] [stdout] 
[INFO] [stdout] error[E0433]: cannot find type `OnDemand` in this scope
[INFO] [stdout]    --> src/tests.rs:118:4
[INFO] [stdout]     |
[INFO] [stdout] 118 |             OnDemand::place_order(RuntimeOrigin::signed(ALICE), 2000, DEFAULT_ACCOUNT_BALANCE / 2),
[INFO] [stdout]     |             ^^^^^^^^ use of undeclared type `OnDemand`
[INFO] [stdout] 
[INFO] [stdout] 
[INFO] [stdout] error[E0433]: cannot find type `RuntimeOrigin` in this scope
[INFO] [stdout]    --> src/tests.rs:118:26
[INFO] [stdout]     |
[INFO] [stdout] 118 |             OnDemand::place_order(RuntimeOrigin::signed(ALICE), 2000, DEFAULT_ACCOUNT_BALANCE / 2),
[INFO] [stdout]     |                                   ^^^^^^^^^^^^^ use of undeclared type `RuntimeOrigin`
[INFO] [stdout] 
[INFO] [stdout] 
[INFO] [stdout] error[E0433]: cannot find type `OnDemand` in this scope
[INFO] [stdout]    --> src/tests.rs:129:4
[INFO] [stdout]     |
[INFO] [stdout] 129 |             OnDemand::place_order(RuntimeOrigin::signed(ALICE), 2000, DEFAULT_ACCOUNT_BALANCE / 2),
[INFO] [stdout]     |             ^^^^^^^^ use of undeclared type `OnDemand`
[INFO] [stdout] 
[INFO] [stdout] 
[INFO] [stdout] error[E0433]: cannot find type `RuntimeOrigin` in this scope
[INFO] [stdout]    --> src/tests.rs:129:26
[INFO] [stdout]     |
[INFO] [stdout] 129 |             OnDemand::place_order(RuntimeOrigin::signed(ALICE), 2000, DEFAULT_ACCOUNT_BALANCE / 2),
[INFO] [stdout]     |                                   ^^^^^^^^^^^^^ use of undeclared type `RuntimeOrigin`
[INFO] [stdout] 
[INFO] [stdout] 
[INFO] [stdout] error[E0433]: cannot find type `OnDemand` in this scope
[INFO] [stdout]    --> src/tests.rs:139:15
[INFO] [stdout]     |
[INFO] [stdout] 139 |             assert_ok!(OnDemand::place_order(
[INFO] [stdout]     |                        ^^^^^^^^ use of undeclared type `OnDemand`
[INFO] [stdout] 
[INFO] [stdout] 
[INFO] [stdout] error[E0433]: cannot find type `RuntimeOrigin` in this scope
[INFO] [stdout]    --> src/tests.rs:140:5
[INFO] [stdout]     |
[INFO] [stdout] 140 |                 RuntimeOrigin::signed(ALICE),
[INFO] [stdout]     |                 ^^^^^^^^^^^^^ use of undeclared type `RuntimeOrigin`
[INFO] [stdout] 
[INFO] [stdout] 
[INFO] [stdout] error[E0433]: cannot find type `Balances` in this scope
[INFO] [stdout]    --> src/tests.rs:150:16
[INFO] [stdout]     |
[INFO] [stdout] 150 |         let before = Balances::balance(&ALICE);
[INFO] [stdout]     |                      ^^^^^^^^ use of undeclared type `Balances`
[INFO] [stdout]     |
[INFO] [stdout] help: a type alias with a similar name exists
[INFO] [stdout]     |
[INFO] [stdout] 150 -         let before = Balances::balance(&ALICE);
[INFO] [stdout] 150 +         let before = Balance::balance(&ALICE);
[INFO] [stdout]     |
[INFO] [stdout] 
[INFO] [stdout] 
[INFO] [stdout] error[E0433]: cannot find type `OnDemand` in this scope
[INFO] [stdout]    --> src/tests.rs:151:14
[INFO] [stdout]     |
[INFO] [stdout] 151 |         assert_ok!(OnDemand::place_order(
[INFO] [stdout]     |                    ^^^^^^^^ use of undeclared type `OnDemand`
[INFO] [stdout] 
[INFO] [stdout] 
[INFO] [stdout] error[E0433]: cannot find type `RuntimeOrigin` in this scope
[INFO] [stdout]    --> src/tests.rs:152:4
[INFO] [stdout]     |
[INFO] [stdout] 152 |             RuntimeOrigin::signed(ALICE),
[INFO] [stdout]     |             ^^^^^^^^^^^^^ use of undeclared type `RuntimeOrigin`
[INFO] [stdout] 
[INFO] [stdout] 
[INFO] [stdout] error[E0433]: cannot find type `Balances` in this scope
[INFO] [stdout]    --> src/tests.rs:156:14
[INFO] [stdout]     |
[INFO] [stdout] 156 |         assert_eq!(Balances::balance(&ALICE), before - DEFAULT_BASE_FEE as u64);
[INFO] [stdout]     |                    ^^^^^^^^ use of undeclared type `Balances`
[INFO] [stdout]     |
[INFO] [stdout] help: a type alias with a similar name exists
[INFO] [stdout]     |
[INFO] [stdout] 156 -         assert_eq!(Balances::balance(&ALICE), before - DEFAULT_BASE_FEE as u64);
[INFO] [stdout] 156 +         assert_eq!(Balance::balance(&ALICE), before - DEFAULT_BASE_FEE as u64);
[INFO] [stdout]     |
[INFO] [stdout] 
[INFO] [stdout] 
[INFO] [stdout] error[E0433]: cannot find type `OnDemand` in this scope
[INFO] [stdout]    --> src/tests.rs:167:14
[INFO] [stdout]     |
[INFO] [stdout] 167 |         assert_ok!(OnDemand::place_order(
[INFO] [stdout]     |                    ^^^^^^^^ use of undeclared type `OnDemand`
[INFO] [stdout] 
[INFO] [stdout] 
[INFO] [stdout] error[E0433]: cannot find type `RuntimeOrigin` in this scope
[INFO] [stdout]    --> src/tests.rs:168:4
[INFO] [stdout]     |
[INFO] [stdout] 168 |             RuntimeOrigin::signed(ALICE),
[INFO] [stdout]     |             ^^^^^^^^^^^^^ use of undeclared type `RuntimeOrigin`
[INFO] [stdout] 
[INFO] [stdout] 
[INFO] [stdout] error[E0433]: cannot find type `OnDemand` in this scope
[INFO] [stdout]    --> src/tests.rs:172:14
[INFO] [stdout]     |
[INFO] [stdout] 172 |         assert_ok!(OnDemand::place_order(
[INFO] [stdout]     |                    ^^^^^^^^ use of undeclared type `OnDemand`
[INFO] [stdout] 
[INFO] [stdout] 
[INFO] [stdout] error[E0433]: cannot find type `RuntimeOrigin` in this scope
[INFO] [stdout]    --> src/tests.rs:173:4
[INFO] [stdout]     |
[INFO] [stdout] 173 |             RuntimeOrigin::signed(ALICE),
[INFO] [stdout]     |             ^^^^^^^^^^^^^ use of undeclared type `RuntimeOrigin`
[INFO] [stdout] 
[INFO] [stdout] 
[INFO] [stdout] error[E0433]: cannot find type `OnDemand` in this scope
[INFO] [stdout]    --> src/tests.rs:200:16
[INFO] [stdout]     |
[INFO] [stdout] 200 |         assert_noop!(OnDemand::configure(RuntimeOrigin::signed(2), config.clone()), BadOrigin);
[INFO] [stdout]     |                      ^^^^^^^^ use of undeclared type `OnDemand`
[INFO] [stdout] 
[INFO] [stdout] 
[INFO] [stdout] error[E0433]: cannot find type `RuntimeOrigin` in this scope
[INFO] [stdout]    --> src/tests.rs:200:36
[INFO] [stdout]     |
[INFO] [stdout] 200 |         assert_noop!(OnDemand::configure(RuntimeOrigin::signed(2), config.clone()), BadOrigin);
[INFO] [stdout]     |                                          ^^^^^^^^^^^^^ use of undeclared type `RuntimeOrigin`
[INFO] [stdout] 
[INFO] [stdout] 
[INFO] [stdout] error[E0433]: cannot find type `OnDemand` in this scope
[INFO] [stdout]    --> src/tests.rs:201:16
[INFO] [stdout]     |
[INFO] [stdout] 201 |         assert_noop!(OnDemand::configure(RuntimeOrigin::none(), config.clone()), BadOrigin);
[INFO] [stdout]     |                      ^^^^^^^^ use of undeclared type `OnDemand`
[INFO] [stdout] 
[INFO] [stdout] 
[INFO] [stdout] error[E0433]: cannot find type `RuntimeOrigin` in this scope
[INFO] [stdout]    --> src/tests.rs:201:36
[INFO] [stdout]     |
[INFO] [stdout] 201 |         assert_noop!(OnDemand::configure(RuntimeOrigin::none(), config.clone()), BadOrigin);
[INFO] [stdout]     |                                          ^^^^^^^^^^^^^ use of undeclared type `RuntimeOrigin`
[INFO] [stdout] 
[INFO] [stdout] 
[INFO] [stdout] error[E0433]: cannot find type `OnDemand` in this scope
[INFO] [stdout]    --> src/tests.rs:207:4
[INFO] [stdout]     |
[INFO] [stdout] 207 |             OnDemand::configure(RuntimeOrigin::root(), overflowing_config),
[INFO] [stdout]     |             ^^^^^^^^ use of undeclared type `OnDemand`
[INFO] [stdout] 
[INFO] [stdout] 
[INFO] [stdout] error[E0433]: cannot find type `RuntimeOrigin` in this scope
[INFO] [stdout]    --> src/tests.rs:207:24
[INFO] [stdout]     |
[INFO] [stdout] 207 |             OnDemand::configure(RuntimeOrigin::root(), overflowing_config),
[INFO] [stdout]     |                                 ^^^^^^^^^^^^^ use of undeclared type `RuntimeOrigin`
[INFO] [stdout] 
[INFO] [stdout] 
[INFO] [stdout] error[E0433]: cannot find type `OnDemand` in this scope
[INFO] [stdout]    --> src/tests.rs:215:4
[INFO] [stdout]     |
[INFO] [stdout] 215 |             OnDemand::configure(RuntimeOrigin::root(), config.clone()).expect("config is valid");
[INFO] [stdout]     |             ^^^^^^^^ use of undeclared type `OnDemand`
[INFO] [stdout] 
[INFO] [stdout] 
[INFO] [stdout] error[E0433]: cannot find type `RuntimeOrigin` in this scope
[INFO] [stdout]    --> src/tests.rs:215:24
[INFO] [stdout]     |
[INFO] [stdout] 215 |             OnDemand::configure(RuntimeOrigin::root(), config.clone()).expect("config is valid");
[INFO] [stdout]     |                                 ^^^^^^^^^^^^^ use of undeclared type `RuntimeOrigin`
[INFO] [stdout] 
[INFO] [stdout] 
[INFO] [stdout] error[E0433]: cannot find type `OnDemand` in this scope
[INFO] [stdout]    --> src/tests.rs:221:14
[INFO] [stdout]     |
[INFO] [stdout] 221 |         assert_ok!(OnDemand::configure(RuntimeOrigin::signed(ALICE), admin_config.clone()));
[INFO] [stdout]     |                    ^^^^^^^^ use of undeclared type `OnDemand`
[INFO] [stdout] 
[INFO] [stdout] 
[INFO] [stdout] error[E0433]: cannot find type `RuntimeOrigin` in this scope
[INFO] [stdout]    --> src/tests.rs:221:34
[INFO] [stdout]     |
[INFO] [stdout] 221 |         assert_ok!(OnDemand::configure(RuntimeOrigin::signed(ALICE), admin_config.clone()));
[INFO] [stdout]     |                                        ^^^^^^^^^^^^^ use of undeclared type `RuntimeOrigin`
[INFO] [stdout] 
[INFO] [stdout] 
[INFO] [stdout] error[E0433]: cannot find type `Balances` in this scope
[INFO] [stdout]    --> src/tests.rs:225:16
[INFO] [stdout]     |
[INFO] [stdout] 225 |         let before = Balances::balance(&ALICE);
[INFO] [stdout]     |                      ^^^^^^^^ use of undeclared type `Balances`
[INFO] [stdout]     |
[INFO] [stdout] help: a type alias with a similar name exists
[INFO] [stdout]     |
[INFO] [stdout] 225 -         let before = Balances::balance(&ALICE);
[INFO] [stdout] 225 +         let before = Balance::balance(&ALICE);
[INFO] [stdout]     |
[INFO] [stdout] 
[INFO] [stdout] 
[INFO] [stdout] error[E0433]: cannot find type `OnDemand` in this scope
[INFO] [stdout]    --> src/tests.rs:226:14
[INFO] [stdout]     |
[INFO] [stdout] 226 |         assert_ok!(OnDemand::place_order(RuntimeOrigin::signed(ALICE), 2000, 2_000));
[INFO] [stdout]     |                    ^^^^^^^^ use of undeclared type `OnDemand`
[INFO] [stdout] 
[INFO] [stdout] 
[INFO] [stdout] error[E0433]: cannot find type `RuntimeOrigin` in this scope
[INFO] [stdout]    --> src/tests.rs:226:36
[INFO] [stdout]     |
[INFO] [stdout] 226 |         assert_ok!(OnDemand::place_order(RuntimeOrigin::signed(ALICE), 2000, 2_000));
[INFO] [stdout]     |                                          ^^^^^^^^^^^^^ use of undeclared type `RuntimeOrigin`
[INFO] [stdout] 
[INFO] [stdout] 
[INFO] [stdout] error[E0433]: cannot find type `Balances` in this scope
[INFO] [stdout]    --> src/tests.rs:227:14
[INFO] [stdout]     |
[INFO] [stdout] 227 |         assert_eq!(Balances::balance(&ALICE), before - 2_000);
[INFO] [stdout]     |                    ^^^^^^^^ use of undeclared type `Balances`
[INFO] [stdout]     |
[INFO] [stdout] help: a type alias with a similar name exists
[INFO] [stdout]     |
[INFO] [stdout] 227 -         assert_eq!(Balances::balance(&ALICE), before - 2_000);
[INFO] [stdout] 227 +         assert_eq!(Balance::balance(&ALICE), before - 2_000);
[INFO] [stdout]     |
[INFO] [stdout] 
[INFO] [stdout] 
[INFO] [stdout] error[E0433]: cannot find type `OnDemand` in this scope
[INFO] [stdout]    --> src/tests.rs:228:14
[INFO] [stdout]     |
[INFO] [stdout] 228 |         assert_ok!(OnDemand::place_order(RuntimeOrigin::signed(ALICE), 2000, 2_200));
[INFO] [stdout]     |                    ^^^^^^^^ use of undeclared type `OnDemand`
[INFO] [stdout] 
[INFO] [stdout] 
[INFO] [stdout] error[E0433]: cannot find type `RuntimeOrigin` in this scope
[INFO] [stdout]    --> src/tests.rs:228:36
[INFO] [stdout]     |
[INFO] [stdout] 228 |         assert_ok!(OnDemand::place_order(RuntimeOrigin::signed(ALICE), 2000, 2_200));
[INFO] [stdout]     |                                          ^^^^^^^^^^^^^ use of undeclared type `RuntimeOrigin`
[INFO] [stdout] 
[INFO] [stdout] 
[INFO] [stdout] error[E0433]: cannot find type `Balances` in this scope
[INFO] [stdout]    --> src/tests.rs:229:14
[INFO] [stdout]     |
[INFO] [stdout] 229 |         assert_eq!(Balances::balance(&ALICE), before - 2_000 - 2_200);
[INFO] [stdout]     |                    ^^^^^^^^ use of undeclared type `Balances`
[INFO] [stdout]     |
[INFO] [stdout] help: a type alias with a similar name exists
[INFO] [stdout]     |
[INFO] [stdout] 229 -         assert_eq!(Balances::balance(&ALICE), before - 2_000 - 2_200);
[INFO] [stdout] 229 +         assert_eq!(Balance::balance(&ALICE), before - 2_000 - 2_200);
[INFO] [stdout]     |
[INFO] [stdout] 
[INFO] [stdout] 
[INFO] [stdout] error[E0433]: cannot find module or crate `pallet_balances` in this scope
[INFO] [stdout]   --> src/mock.rs:52:21
[INFO] [stdout]    |
[INFO] [stdout] 52 |     type AccountData = pallet_balances::AccountData<Balance>;
[INFO] [stdout]    |                        ^^^^^^^^^^^^^^^ use of unresolved module or unlinked crate `pallet_balances`
[INFO] [stdout]    |
[INFO] [stdout]    = help: if you wanted to use a crate named `pallet_balances`, use `cargo add pallet_balances` to add it to your `Cargo.toml`
[INFO] [stdout] 
[INFO] [stdout] 
[INFO] [stdout] error[E0433]: cannot find module or crate `sp_io` in this scope
[INFO] [stdout]    --> src/mock.rs:161:15
[INFO] [stdout]     |
[INFO] [stdout] 161 |     let mut ext: sp_io::TestExternalities = t.into();
[INFO] [stdout]     |                  ^^^^^ use of unresolved module or unlinked crate `sp_io`
[INFO] [stdout]     |
[INFO] [stdout]     = help: if you wanted to use a crate named `sp_io`, use `cargo add sp_io` to add it to your `Cargo.toml`
[INFO] [stdout] 
[INFO] [stdout] 
[INFO] [stdout] error[E0433]: cannot find type `RuntimeEvent` in this scope
[INFO] [stdout]   --> src/tests.rs:39:4
[INFO] [stdout]    |
[INFO] [stdout] 39 |             RuntimeEvent::OnDemand(event) => Some(event),
[INFO] [stdout]    |             ^^^^^^^^^^^^ use of undeclared type `RuntimeEvent`
[INFO] [stdout] 
[INFO] [stdout] 
[INFO] [stdout] error[E0433]: cannot find module or crate `sp_io` in this scope
[INFO] [stdout]    --> src/mock.rs:145:26
[INFO] [stdout]     |
[INFO] [stdout] 145 | pub fn new_test_ext() -> sp_io::TestExternalities {
[INFO] [stdout]     |                          ^^^^^ use of unresolved module or unlinked crate `sp_io`
[INFO] [stdout]     |
[INFO] [stdout]     = help: if you wanted to use a crate named `sp_io`, use `cargo add sp_io` to add it to your `Cargo.toml`
[INFO] [stdout] 
[INFO] [stdout] 
[INFO] [stdout] error[E0433]: cannot find module or crate `pallet_balances` in this scope
[INFO] [stdout]    --> src/mock.rs:150:2
[INFO] [stdout]     |
[INFO] [stdout] 150 |     pallet_balances::GenesisConfig::<Test> {
[INFO] [stdout]     |     ^^^^^^^^^^^^^^^ use of unresolved module or unlinked crate `pallet_balances`
[INFO] [stdout]     |
[INFO] [stdout]     = help: if you wanted to use a crate named `pallet_balances`, use `cargo add pallet_balances` to add it to your `Cargo.toml`
[INFO] [stdout] 
[INFO] [stdout] 
[INFO] [stdout] Some errors have detailed explanations: E0425, E0433.
[INFO] [stdout] 
[INFO] [stdout] For more information about an error, try `rustc --explain E0425`.
[INFO] [stdout] 
[INFO] [stderr] error: could not compile `pallet-on-demand-para` (lib test) due to 87 previous errors; 2 warnings emitted
[INFO] running `Command { std: "docker" "inspect" "271d4057f9d36da73ea828cf48015c7fd9de17894c79bdc72b7be6dabd1f6096", kill_on_drop: false }`
[INFO] running `Command { std: "docker" "rm" "-f" "271d4057f9d36da73ea828cf48015c7fd9de17894c79bdc72b7be6dabd1f6096", kill_on_drop: false }`
[INFO] [stdout] 271d4057f9d36da73ea828cf48015c7fd9de17894c79bdc72b7be6dabd1f6096
