[INFO] fetching crate pallet-commodities 1.0.0...
[INFO] testing pallet-commodities-1.0.0 against 1.100.0-beta.1+cargoflags=--release for beta-release-1.100-2
[INFO] extracting crate pallet-commodities 1.0.0 into /workspace/builds/worker-3-tc2/source
[INFO] started tweaking crates.io crate pallet-commodities 1.0.0
[INFO] finished tweaking crates.io crate pallet-commodities 1.0.0
[INFO] tweaked toml for crates.io crate pallet-commodities 1.0.0 written to /workspace/builds/worker-3-tc2/source/Cargo.toml
[INFO] validating manifest of crates.io crate pallet-commodities 1.0.0 on toolchain 1.100.0-beta.1
[INFO] running `Command { std: CARGO_HOME="/workspace/cargo-home" RUSTUP_HOME="/workspace/rustup-home" "/workspace/cargo-home/bin/cargo" "+1.100.0-beta.1" "metadata" "--manifest-path" "Cargo.toml" "--no-deps", kill_on_drop: false }`
[INFO] running `Command { std: CARGO_HOME="/workspace/cargo-home" RUSTUP_HOME="/workspace/rustup-home" "/workspace/cargo-home/bin/cargo" "+1.100.0-beta.1" "generate-lockfile" "--manifest-path" "Cargo.toml", kill_on_drop: false }`
[INFO] [stderr]     Updating crates.io index
[INFO] [stderr]      Locking 248 packages to highest compatible versions
[INFO] [stderr]       Adding curve25519-dalek v3.2.0 (available: v3.2.1)
[INFO] [stderr]       Adding frame-support v2.0.1 (available: v49.0.0)
[INFO] [stderr]       Adding frame-system v2.0.1 (available: v49.0.0)
[INFO] [stderr]       Adding generic-array v0.14.7 (available: v0.14.9)
[INFO] [stderr]       Adding parity-scale-codec v1.3.7 (available: v3.7.5)
[INFO] [stderr]       Adding sp-core v2.0.1 (available: v43.0.0)
[INFO] [stderr]       Adding sp-io v2.0.1 (available: v49.0.0)
[INFO] [stderr]       Adding sp-runtime v2.0.1 (available: v49.0.0)
[INFO] [stderr]       Adding sp-std v2.0.1 (available: v14.0.0)
[INFO] [stderr]       Adding subtle v2.4.1 (available: v2.6.1)
[INFO] running `Command { std: CARGO_HOME="/workspace/cargo-home" RUSTUP_HOME="/workspace/rustup-home" "/workspace/cargo-home/bin/cargo" "+1.100.0-beta.1" "fetch" "--manifest-path" "Cargo.toml", kill_on_drop: false }`
[INFO] [stderr] warning: `package.homepage` is redundant with `package.repository`
[INFO] [stderr]   --> Cargo.toml:44:12
[INFO] [stderr]    |
[INFO] [stderr] 44 | homepage = "https://github.com/danforbes/pallet-nft"
[INFO] [stderr]    |            ^^^^^^^^^^^^^^^^^^^^^^^^^^^^^^^^^^^^^^^^^
[INFO] [stderr] ...
[INFO] [stderr] 49 | repository = "https://github.com/danforbes/pallet-nft"
[INFO] [stderr]    |              -----------------------------------------
[INFO] [stderr]    |
[INFO] [stderr]    = note: `cargo::redundant_homepage` is set to `warn` by default
[INFO] [stderr] help: consider removing `package.homepage`
[INFO] [stderr] warning: `pallet-commodities` (manifest) generated 1 warning
[INFO] running `Command { std: "docker" "create" "-v" "/var/lib/crater-agent-workspace/builds/worker-3-tc2/source:/opt/rustwide/workdir:ro,Z" "-v" "/var/lib/crater-agent-workspace/builds/worker-3-tc2/target:/opt/rustwide/target:rw,Z" "-v" "/var/lib/crater-agent-workspace/cargo-home:/opt/rustwide/cargo-home:ro,Z" "-v" "/var/lib/crater-agent-workspace/rustup-home:/opt/rustwide/rustup-home:ro,Z" "-m" "1610612736" "--network" "none" "ghcr.io/rust-lang/crates-build-env/linux@sha256:77db811e55d90add9212f6832c23229e3de5f1c1f9905e8cb07319ea15df73ac" "sleep" "infinity", kill_on_drop: false }`
[INFO] [stdout] 60800c86eb6930a4129d966e513948ff3ec7ea6210399d174dccd6d7f5df3ac3
[INFO] running `Command { std: "docker" "start" "60800c86eb6930a4129d966e513948ff3ec7ea6210399d174dccd6d7f5df3ac3", kill_on_drop: false }`
[INFO] running `Command { std: "docker" "inspect" "60800c86eb6930a4129d966e513948ff3ec7ea6210399d174dccd6d7f5df3ac3", kill_on_drop: false }`
[INFO] running `Command { std: "docker" "exec" "-e" "SOURCE_DIR=/opt/rustwide/workdir" "-e" "CARGO_HOME=/opt/rustwide/cargo-home" "-e" "RUSTUP_HOME=/opt/rustwide/rustup-home" "-e" "CARGO_TARGET_DIR=/opt/rustwide/target" "-w" "/opt/rustwide/workdir" "--user" "0:0" "60800c86eb6930a4129d966e513948ff3ec7ea6210399d174dccd6d7f5df3ac3" "/opt/rustwide/cargo-home/bin/cargo" "+1.100.0-beta.1" "metadata" "--no-deps" "--format-version=1", kill_on_drop: false }`
[INFO] running `Command { std: "docker" "inspect" "60800c86eb6930a4129d966e513948ff3ec7ea6210399d174dccd6d7f5df3ac3", kill_on_drop: false }`
[INFO] running `Command { std: "docker" "exec" "-e" "SOURCE_DIR=/opt/rustwide/workdir" "-e" "CARGO_HOME=/opt/rustwide/cargo-home" "-e" "RUSTUP_HOME=/opt/rustwide/rustup-home" "-e" "CARGO_TARGET_DIR=/opt/rustwide/target" "-e" "CARGO_INCREMENTAL=0" "-e" "RUST_BACKTRACE=full" "-e" "RUSTFLAGS=--cap-lints=warn" "-e" "RUSTDOCFLAGS=--cap-lints=warn" "-w" "/opt/rustwide/workdir" "--user" "0:0" "60800c86eb6930a4129d966e513948ff3ec7ea6210399d174dccd6d7f5df3ac3" "/opt/rustwide/cargo-home/bin/cargo" "+1.100.0-beta.1" "build" "--frozen" "--message-format=json" "--release", kill_on_drop: false }`
[INFO] [stderr] warning: `package.homepage` is redundant with `package.repository`
[INFO] [stderr]   --> Cargo.toml:44:12
[INFO] [stderr]    |
[INFO] [stderr] 44 | homepage = "https://github.com/danforbes/pallet-nft"
[INFO] [stderr]    |            ^^^^^^^^^^^^^^^^^^^^^^^^^^^^^^^^^^^^^^^^^
[INFO] [stderr] ...
[INFO] [stderr] 49 | repository = "https://github.com/danforbes/pallet-nft"
[INFO] [stderr]    |              -----------------------------------------
[INFO] [stderr]    |
[INFO] [stderr]    = note: `cargo::redundant_homepage` is set to `warn` by default
[INFO] [stderr] help: consider removing `package.homepage`
[INFO] [stderr] warning: `pallet-commodities` (manifest) generated 1 warning
[INFO] [stderr]    Compiling byteorder v1.5.0
[INFO] [stderr]    Compiling smallvec v1.16.3
[INFO] [stderr]    Compiling getrandom v0.1.16
[INFO] [stderr]    Compiling arrayvec v0.5.2
[INFO] [stderr]    Compiling either v1.19.0
[INFO] [stderr]    Compiling radium v0.3.0
[INFO] [stderr]    Compiling generic-array v0.12.4
[INFO] [stderr]    Compiling byte-slice-cast v0.3.5
[INFO] [stderr]    Compiling syn v2.0.119
[INFO] [stderr]    Compiling subtle v2.4.1
[INFO] [stderr]    Compiling crunchy v0.2.4
[INFO] [stderr]    Compiling rustc-hex v2.1.0
[INFO] [stderr]    Compiling unicode-xid v0.2.6
[INFO] [stderr]    Compiling serde v1.0.229
[INFO] [stderr]    Compiling sp-std v2.0.1
[INFO] [stderr]    Compiling rand_core v0.5.1
[INFO] [stderr]    Compiling parking_lot_core v0.9.12
[INFO] [stderr]    Compiling synstructure v0.12.6
[INFO] [stderr]    Compiling object v0.37.3
[INFO] [stderr]    Compiling byte-tools v0.3.1
[INFO] [stderr]    Compiling subtle v1.0.0
[INFO] [stderr]    Compiling block-padding v0.1.5
[INFO] [stderr]    Compiling aho-corasick v1.1.5
[INFO] [stderr]    Compiling once_cell v1.21.4
[INFO] [stderr]    Compiling num-integer v0.1.47
[INFO] [stderr]    Compiling bitvec v0.17.4
[INFO] [stderr]    Compiling digest v0.9.0
[INFO] [stderr]    Compiling num-rational v0.2.4
[INFO] [stderr]    Compiling rand_pcg v0.2.1
[INFO] [stderr]    Compiling rand_chacha v0.2.2
[INFO] [stderr]    Compiling digest v0.8.1
[INFO] [stderr]    Compiling tracing-core v0.1.36
[INFO] [stderr]    Compiling crypto-mac v0.7.0
[INFO] [stderr]    Compiling gimli v0.32.3
[INFO] [stderr]    Compiling miniz_oxide v0.8.9
[INFO] [stderr]    Compiling regex-automata v0.1.10
[INFO] [stderr]    Compiling num-bigint v0.2.6
[INFO] [stderr]    Compiling uint v0.8.5
[INFO] [stderr]    Compiling block-buffer v0.7.3
[INFO] [stderr]    Compiling curve25519-dalek v4.1.3
[INFO] [stderr]    Compiling impl-trait-for-tuples v0.1.3
[INFO] [stderr]    Compiling ref-cast-impl v1.0.27
[INFO] [stderr]    Compiling rand v0.7.3
[INFO] [stderr]    Compiling sp-debug-derive v2.0.1
[INFO] [stderr]    Compiling toml v0.5.11
[INFO] [stderr]    Compiling impl-serde v0.3.2
[INFO] [stderr]    Compiling hashbrown v0.8.2
[INFO] [stderr]    Compiling cfg-if v0.1.10
[INFO] [stderr]    Compiling parity-wasm v0.41.0
[INFO] [stderr]    Compiling rustc-demangle v0.1.28
[INFO] [stderr]    Compiling fake-simd v0.1.2
[INFO] [stderr]    Compiling failure_derive v0.1.8
[INFO] [stderr]    Compiling opaque-debug v0.2.3
[INFO] [stderr]    Compiling sha2 v0.8.2
[INFO] [stderr]    Compiling sharded-slab v0.1.7
[INFO] [stderr]    Compiling matchers v0.0.1
[INFO] [stderr]    Compiling lock_api v0.3.4
[INFO] [stderr]    Compiling regex-automata v0.4.18
[INFO] [stderr]    Compiling proc-macro-crate v0.1.5
[INFO] [stderr]    Compiling fixed-hash v0.6.1
[INFO] [stderr]    Compiling parking_lot_core v0.7.3
[INFO] [stderr]    Compiling chrono v0.4.45
[INFO] [stderr]    Compiling wasmi-validation v0.3.0
[INFO] [stderr]    Compiling parity-scale-codec-derive v1.2.3
[INFO] [stderr]    Compiling serde_json v1.0.154
[INFO] [stderr]    Compiling ref-cast v1.0.27
[INFO] [stderr]    Compiling tracing-serde v0.1.3
[INFO] [stderr]    Compiling tracing v0.1.44
[INFO] [stderr]    Compiling tracing-log v0.1.4
[INFO] [stderr]    Compiling hmac v0.7.1
[INFO] [stderr]    Compiling regex v1.13.1
[INFO] [stderr]    Compiling crypto-mac v0.11.1
[INFO] [stderr]    Compiling futures-macro v0.3.34
[INFO] [stderr]    Compiling block-buffer v0.9.0
[INFO] [stderr]    Compiling addr2line v0.25.1
[INFO] [stderr]    Compiling thread_local v1.1.10
[INFO] [stderr]    Compiling arrayvec v0.4.12
[INFO] [stderr]    Compiling ansi_term v0.12.1
[INFO] [stderr]    Compiling parity-scale-codec v1.3.7
[INFO] [stderr]    Compiling hash-db v0.15.2
[INFO] [stderr]    Compiling parity-util-mem v0.7.0
[INFO] [stderr]    Compiling memory_units v0.3.0
[INFO] [stderr]    Compiling lazy_static v1.5.1
[INFO] [stderr]    Compiling ahash v0.3.8
[INFO] [stderr]    Compiling sha2 v0.9.9
[INFO] [stderr]    Compiling wasmi v0.6.2
[INFO] [stderr]    Compiling parking_lot v0.10.2
[INFO] [stderr]    Compiling futures-util v0.3.34
[INFO] [stderr]    Compiling parity-util-mem-derive v0.1.0
[INFO] [stderr]    Compiling tracing-subscriber v0.2.25
[INFO] [stderr]    Compiling sha2 v0.10.9
[INFO] [stderr]    Compiling rand_chacha v0.3.1
[INFO] [stderr]    Compiling getrandom_or_panic v0.0.3
[INFO] [stderr]    Compiling environmental v1.1.4
[INFO] [stderr]    Compiling tiny-keccak v2.0.2
[INFO] [stderr]    Compiling nodrop v0.1.14
[INFO] [stderr]    Compiling rand v0.8.8
[INFO] [stderr]    Compiling Inflector v0.11.4
[INFO] [stderr]    Compiling pbkdf2 v0.8.0
[INFO] [stderr]    Compiling hmac v0.11.0
[INFO] [stderr]    Compiling hmac-drbg v0.2.0
[INFO] [stderr]    Compiling pbkdf2 v0.3.0
[INFO] [stderr]    Compiling constant_time_eq v0.1.5
[INFO] [stderr]    Compiling blake2-rfc v0.2.18
[INFO] [stderr]    Compiling libsecp256k1 v0.3.5
[INFO] [stderr]    Compiling backtrace v0.3.76
[INFO] [stderr]    Compiling zeroize_derive v1.5.0
[INFO] [stderr]    Compiling curve25519-dalek-derive v0.1.1
[INFO] [stderr]    Compiling sp-runtime-interface-proc-macro v2.0.1
[INFO] [stderr]    Compiling dyn-clonable-impl v0.9.2
[INFO] [stderr]    Compiling twox-hash v1.6.3
[INFO] [stderr]    Compiling derive_more v0.99.20
[INFO] [stderr]    Compiling hash256-std-hasher v0.15.2
[INFO] [stderr]    Compiling failure v0.1.8
[INFO] [stderr]    Compiling dyn-clonable v0.9.2
[INFO] [stderr]    Compiling hex v0.4.3
[INFO] [stderr]    Compiling base58 v0.1.0
[INFO] [stderr]    Compiling tiny-bip39 v0.7.3
[INFO] [stderr]    Compiling zeroize v1.9.1
[INFO] [stderr]    Compiling ahash v0.7.8
[INFO] [stderr]    Compiling trie-root v0.16.0
[INFO] [stderr]    Compiling sp-panic-handler v2.0.1
[INFO] [stderr]    Compiling hashbrown v0.11.2
[INFO] [stderr]    Compiling merlin v3.0.0
[INFO] [stderr]    Compiling curve25519-dalek v2.1.3
[INFO] [stderr]    Compiling curve25519-dalek v3.2.0
[INFO] [stderr]    Compiling merlin v2.0.1
[INFO] [stderr]    Compiling secrecy v0.6.0
[INFO] [stderr]    Compiling paste-impl v0.1.18
[INFO] [stderr]    Compiling integer-sqrt v0.1.5
[INFO] [stderr]    Compiling trie-db v0.22.6
[INFO] [stderr]    Compiling frame-support-procedural-tools-derive v2.0.1
[INFO] [stderr]    Compiling frame-support-procedural-tools v2.0.1
[INFO] [stderr]    Compiling paste v0.1.18
[INFO] [stdout] error[E0603]: module `group` is private
[INFO] [stdout]    --> /opt/rustwide/cargo-home/registry/src/index.crates.io-1949cf8c6b5b557f/frame-support-procedural-tools-2.0.1/src/syn_ext.rs:47:53
[INFO] [stdout]     |
[INFO] [stdout]  36 | macro_rules! groups_impl {
[INFO] [stdout] ...
[INFO] [stdout]  47 |                 let syn::group::$name { token, content } = syn::group::$parse(input)?;
[INFO] [stdout]     |                                                                 ^^^^^ private module
[INFO] [stdout] ...
[INFO] [stdout]  71 | groups_impl!(Braces, Brace, Brace, parse_braces);
[INFO] [stdout]     | ------------------------------------------------
[INFO] [stdout]     | |                                  |
[INFO] [stdout]     | |                                  function `parse_braces` is not publicly re-exported
[INFO] [stdout]     | in this macro invocation
[INFO] [stdout]     |
[INFO] [stdout] note: the module `group` is defined here
[INFO] [stdout]    --> /opt/rustwide/cargo-home/registry/src/index.crates.io-1949cf8c6b5b557f/syn-1.0.109/src/lib.rs:308:1
[INFO] [stdout]     |
[INFO] [stdout] 308 | mod group;
[INFO] [stdout]     | ^^^^^^^^^
[INFO] [stdout] 
[INFO] [stdout] 
[INFO] [stdout] error[E0603]: module `group` is private
[INFO] [stdout]    --> /opt/rustwide/cargo-home/registry/src/index.crates.io-1949cf8c6b5b557f/frame-support-procedural-tools-2.0.1/src/syn_ext.rs:47:14
[INFO] [stdout]     |
[INFO] [stdout]  36 | macro_rules! groups_impl {
[INFO] [stdout] ...
[INFO] [stdout]  47 |                 let syn::group::$name { token, content } = syn::group::$parse(input)?;
[INFO] [stdout]     |                          ^^^^^ private module
[INFO] [stdout] ...
[INFO] [stdout]  71 | groups_impl!(Braces, Brace, Brace, parse_braces);
[INFO] [stdout]     | ------------------------------------------------
[INFO] [stdout]     | |            |
[INFO] [stdout]     | |            struct `Braces` is not publicly re-exported
[INFO] [stdout]     | in this macro invocation
[INFO] [stdout]     |
[INFO] [stdout] note: the module `group` is defined here
[INFO] [stdout]    --> /opt/rustwide/cargo-home/registry/src/index.crates.io-1949cf8c6b5b557f/syn-1.0.109/src/lib.rs:308:1
[INFO] [stdout]     |
[INFO] [stdout] 308 | mod group;
[INFO] [stdout]     | ^^^^^^^^^
[INFO] [stdout] 
[INFO] [stdout] 
[INFO] [stdout] error[E0603]: module `group` is private
[INFO] [stdout]    --> /opt/rustwide/cargo-home/registry/src/index.crates.io-1949cf8c6b5b557f/frame-support-procedural-tools-2.0.1/src/syn_ext.rs:47:53
[INFO] [stdout]     |
[INFO] [stdout]  36 | macro_rules! groups_impl {
[INFO] [stdout] ...
[INFO] [stdout]  47 |                 let syn::group::$name { token, content } = syn::group::$parse(input)?;
[INFO] [stdout]     |                                                                 ^^^^^ private module
[INFO] [stdout] ...
[INFO] [stdout]  72 | groups_impl!(Brackets, Bracket, Bracket, parse_brackets);
[INFO] [stdout]     | --------------------------------------------------------
[INFO] [stdout]     | |                                        |
[INFO] [stdout]     | |                                        function `parse_brackets` is not publicly re-exported
[INFO] [stdout]     | in this macro invocation
[INFO] [stdout]     |
[INFO] [stdout] note: the module `group` is defined here
[INFO] [stdout]    --> /opt/rustwide/cargo-home/registry/src/index.crates.io-1949cf8c6b5b557f/syn-1.0.109/src/lib.rs:308:1
[INFO] [stdout]     |
[INFO] [stdout] 308 | mod group;
[INFO] [stdout]     | ^^^^^^^^^
[INFO] [stdout] 
[INFO] [stdout] 
[INFO] [stdout] error[E0603]: module `group` is private
[INFO] [stdout]    --> /opt/rustwide/cargo-home/registry/src/index.crates.io-1949cf8c6b5b557f/frame-support-procedural-tools-2.0.1/src/syn_ext.rs:47:14
[INFO] [stdout]     |
[INFO] [stdout]  36 | macro_rules! groups_impl {
[INFO] [stdout] ...
[INFO] [stdout]  47 |                 let syn::group::$name { token, content } = syn::group::$parse(input)?;
[INFO] [stdout]     |                          ^^^^^ private module
[INFO] [stdout] ...
[INFO] [stdout]  72 | groups_impl!(Brackets, Bracket, Bracket, parse_brackets);
[INFO] [stdout]     | --------------------------------------------------------
[INFO] [stdout]     | |            |
[INFO] [stdout]     | |            struct `Brackets` is not publicly re-exported
[INFO] [stdout]     | in this macro invocation
[INFO] [stdout]     |
[INFO] [stdout] note: the module `group` is defined here
[INFO] [stdout]    --> /opt/rustwide/cargo-home/registry/src/index.crates.io-1949cf8c6b5b557f/syn-1.0.109/src/lib.rs:308:1
[INFO] [stdout]     |
[INFO] [stdout] 308 | mod group;
[INFO] [stdout]     | ^^^^^^^^^
[INFO] [stdout] 
[INFO] [stdout] 
[INFO] [stdout] error[E0603]: module `group` is private
[INFO] [stdout]    --> /opt/rustwide/cargo-home/registry/src/index.crates.io-1949cf8c6b5b557f/frame-support-procedural-tools-2.0.1/src/syn_ext.rs:47:53
[INFO] [stdout]     |
[INFO] [stdout]  36 | macro_rules! groups_impl {
[INFO] [stdout] ...
[INFO] [stdout]  47 |                 let syn::group::$name { token, content } = syn::group::$parse(input)?;
[INFO] [stdout]     |                                                                 ^^^^^ private module
[INFO] [stdout] ...
[INFO] [stdout]  73 | groups_impl!(Parens, Paren, Parenthesis, parse_parens);
[INFO] [stdout]     | ------------------------------------------------------
[INFO] [stdout]     | |                                        |
[INFO] [stdout]     | |                                        function `parse_parens` is not publicly re-exported
[INFO] [stdout]     | in this macro invocation
[INFO] [stdout]     |
[INFO] [stdout] note: the module `group` is defined here
[INFO] [stdout]    --> /opt/rustwide/cargo-home/registry/src/index.crates.io-1949cf8c6b5b557f/syn-1.0.109/src/lib.rs:308:1
[INFO] [stdout]     |
[INFO] [stdout] 308 | mod group;
[INFO] [stdout]     | ^^^^^^^^^
[INFO] [stdout] 
[INFO] [stdout] 
[INFO] [stdout] error[E0603]: module `group` is private
[INFO] [stdout]    --> /opt/rustwide/cargo-home/registry/src/index.crates.io-1949cf8c6b5b557f/frame-support-procedural-tools-2.0.1/src/syn_ext.rs:47:14
[INFO] [stdout]     |
[INFO] [stdout]  36 | macro_rules! groups_impl {
[INFO] [stdout] ...
[INFO] [stdout]  47 |                 let syn::group::$name { token, content } = syn::group::$parse(input)?;
[INFO] [stdout]     |                          ^^^^^ private module
[INFO] [stdout] ...
[INFO] [stdout]  73 | groups_impl!(Parens, Paren, Parenthesis, parse_parens);
[INFO] [stdout]     | ------------------------------------------------------
[INFO] [stdout]     | |            |
[INFO] [stdout]     | |            struct `Parens` is not publicly re-exported
[INFO] [stdout]     | in this macro invocation
[INFO] [stdout]     |
[INFO] [stdout] note: the module `group` is defined here
[INFO] [stdout]    --> /opt/rustwide/cargo-home/registry/src/index.crates.io-1949cf8c6b5b557f/syn-1.0.109/src/lib.rs:308:1
[INFO] [stdout]     |
[INFO] [stdout] 308 | mod group;
[INFO] [stdout]     | ^^^^^^^^^
[INFO] [stdout] 
[INFO] [stdout] 
[INFO] [stderr]    Compiling ed25519-dalek v1.0.1
[INFO] [stderr] error: could not compile `frame-support-procedural-tools` (lib) due to 6 previous errors
[INFO] [stdout] For more information about this error, try `rustc --explain E0603`.
[INFO] [stdout] 
[INFO] [stderr] warning: build failed, waiting for other jobs to finish...
[INFO] [stderr] error: could not compile `libsecp256k1` (lib)
[INFO] [stderr] 
[INFO] [stderr] Caused by:
[INFO] [stderr]   process didn't exit successfully: `/opt/rustwide/rustup-home/toolchains/1.100.0-beta.1-x86_64-unknown-linux-gnu/bin/rustc --crate-name secp256k1 --edition=2018 /opt/rustwide/cargo-home/registry/src/index.crates.io-1949cf8c6b5b557f/libsecp256k1-0.3.5/src/lib.rs --error-format=json --json=diagnostic-rendered-ansi,artifacts,future-incompat,unused-externs-silent --crate-type lib --emit=dep-info,metadata,link -C opt-level=3 -C embed-bitcode=no --cfg 'feature="default"' --cfg 'feature="hmac"' --cfg 'feature="hmac-drbg"' --cfg 'feature="sha2"' --cfg 'feature="std"' --cfg 'feature="typenum"' --check-cfg 'cfg(docsrs,test)' --check-cfg 'cfg(feature, values("default", "hmac", "hmac-drbg", "sha2", "std", "typenum"))' -C metadata=14522db9b945de9e -C extra-filename=-58057fe07d27e5be --out-dir /opt/rustwide/target/release/build/libsecp256k1/58057fe07d27e5be/out -C strip=debuginfo -L dependency=/opt/rustwide/target/release/build/block-buffer/dd4efd33962ba38e/out -L dependency=/opt/rustwide/target/release/build/block-padding/7ed850041da56e55/out -L dependency=/opt/rustwide/target/release/build/byte-tools/753ec86e6a5b7ad2/out -L dependency=/opt/rustwide/target/release/build/byteorder/cc831f92831e0937/out -L dependency=/opt/rustwide/target/release/build/cfg-if/aebc73b2fc35ea49/out -L dependency=/opt/rustwide/target/release/build/crypto-mac/0dff1ac5ff75afcd/out -L dependency=/opt/rustwide/target/release/build/digest/90568d00a3b1da02/out -L dependency=/opt/rustwide/target/release/build/fake-simd/1aec42bdafdb6b87/out -L dependency=/opt/rustwide/target/release/build/generic-array/00d1dc4e77a43715/out -L dependency=/opt/rustwide/target/release/build/getrandom/dc1ba08c96d40c20/out -L dependency=/opt/rustwide/target/release/build/hmac/b7be86439e34e525/out -L dependency=/opt/rustwide/target/release/build/libc/a0a6e54f1566fa83/out -L dependency=/opt/rustwide/target/release/build/opaque-debug/e67fb4a81224579f/out -L dependency=/opt/rustwide/target/release/build/ppv-lite86/cbc071a7b1ce8658/out -L dependency=/opt/rustwide/target/release/build/rand_chacha/a69cdcfb6d3acae4/out -L dependency=/opt/rustwide/target/release/build/rand_core/a3ae72a81173a152/out -L dependency=/opt/rustwide/target/release/build/rand_pcg/cdd420204e380e59/out -L dependency=/opt/rustwide/target/release/build/subtle/0ec14e123290ec81/out -L dependency=/opt/rustwide/target/release/build/typenum/1642bab676d94b56/out -L dependency=/opt/rustwide/target/release/build/zerocopy/2501ad56a7ef57f6/out --extern arrayref=/opt/rustwide/target/release/build/arrayref/b29b114356c49262/out/libarrayref-b29b114356c49262.rmeta --extern crunchy=/opt/rustwide/target/release/build/crunchy/d54cc3692e5ffedd/out/libcrunchy-d54cc3692e5ffedd.rmeta --extern digest=/opt/rustwide/target/release/build/digest/90568d00a3b1da02/out/libdigest-90568d00a3b1da02.rmeta --extern hmac_drbg=/opt/rustwide/target/release/build/hmac-drbg/0854c555e89fc406/out/libhmac_drbg-0854c555e89fc406.rmeta --extern rand=/opt/rustwide/target/release/build/rand/6fb0408be6ab9cee/out/librand-6fb0408be6ab9cee.rmeta --extern sha2=/opt/rustwide/target/release/build/sha2/cecc324613a248c1/out/libsha2-cecc324613a248c1.rmeta --extern subtle=/opt/rustwide/target/release/build/subtle/c470626a03903229/out/libsubtle-c470626a03903229.rmeta --extern typenum=/opt/rustwide/target/release/build/typenum/1642bab676d94b56/out/libtypenum-1642bab676d94b56.rmeta --cap-lints allow --cap-lints=warn --force-warn=unused_crate_dependencies` (signal: 9, SIGKILL: kill)
[INFO] [stderr] error: could not compile `parity-scale-codec` (lib)
[INFO] [stderr] 
[INFO] [stderr] Caused by:
[INFO] [stderr]   process didn't exit successfully: `/opt/rustwide/rustup-home/toolchains/1.100.0-beta.1-x86_64-unknown-linux-gnu/bin/rustc --crate-name parity_scale_codec --edition=2018 /opt/rustwide/cargo-home/registry/src/index.crates.io-1949cf8c6b5b557f/parity-scale-codec-1.3.7/src/lib.rs --error-format=json --json=diagnostic-rendered-ansi,artifacts,future-incompat,unused-externs-silent --crate-type lib --emit=dep-info,metadata,link -C opt-level=3 -C embed-bitcode=no --cfg 'feature="bitvec"' --cfg 'feature="derive"' --cfg 'feature="full"' --cfg 'feature="parity-scale-codec-derive"' --cfg 'feature="serde"' --cfg 'feature="std"' --check-cfg 'cfg(docsrs,test)' --check-cfg 'cfg(feature, values("bit-vec", "bitvec", "default", "derive", "full", "generic-array", "parity-scale-codec-derive", "serde", "std"))' -C metadata=8d2eb04f34d31c61 -C extra-filename=-6c9614613e8ac58a --out-dir /opt/rustwide/target/release/build/parity-scale-codec/6c9614613e8ac58a/out -C strip=debuginfo -L dependency=/opt/rustwide/target/release/build/either/67add6b6e74a086a/out -L dependency=/opt/rustwide/target/release/build/radium/79bcafbded0ed88a/out -L dependency=/opt/rustwide/target/release/build/serde_core/ade0fd06ac247b53/out -L dependency=/opt/rustwide/target/release/build/serde_derive/b05f688503395a5d/out --extern arrayvec=/opt/rustwide/target/release/build/arrayvec/311cfe3dc402609f/out/libarrayvec-311cfe3dc402609f.rmeta --extern bitvec=/opt/rustwide/target/release/build/bitvec/5773f38f8c8a19be/out/libbitvec-5773f38f8c8a19be.rmeta --extern byte_slice_cast=/opt/rustwide/target/release/build/byte-slice-cast/f7cf870749bc0131/out/libbyte_slice_cast-f7cf870749bc0131.rmeta --extern parity_scale_codec_derive=/opt/rustwide/target/release/build/parity-scale-codec-derive/cb45f8db3a4527ef/out/libparity_scale_codec_derive-cb45f8db3a4527ef.so --extern serde=/opt/rustwide/target/release/build/serde/6c0fc1206f4f9df5/out/libserde-6c0fc1206f4f9df5.rmeta --cap-lints allow --cap-lints=warn --force-warn=unused_crate_dependencies` (signal: 9, SIGKILL: kill)
[INFO] running `Command { std: "docker" "inspect" "60800c86eb6930a4129d966e513948ff3ec7ea6210399d174dccd6d7f5df3ac3", kill_on_drop: false }`
[INFO] running `Command { std: "docker" "rm" "-f" "60800c86eb6930a4129d966e513948ff3ec7ea6210399d174dccd6d7f5df3ac3", kill_on_drop: false }`
[INFO] [stdout] 60800c86eb6930a4129d966e513948ff3ec7ea6210399d174dccd6d7f5df3ac3
